812
CDUS41 KBTV 220538
CLIMVL


CLIMATE REPORT
NATIONAL WEATHER SERVICE BURLINGTON VT
137 AM EDT FRI MAY 22 2015


...................................

...THE MORRISVILLE VT CLIMATE SUMMARY FOR MAY 21 2015...

CLIMATE NORMAL PERIOD 1981 TO 2010
CLIMATE RECORD PERIOD 9999 TO 9999


WEATHER ITEM   OBSERVED TIME   NORMAL DEPARTURE LAST
                VALUE   (LST)  VALUE  FROM      YEAR
                                      NORMAL
......................................................
TEMPERATURE (F)
 YESTERDAY
  MAXIMUM         69    439 PM  68      1       75
  MINIMUM         35    356 AM  43     -8       37
  AVERAGE         52            56     -4       56

PRECIPITATION (IN)
  YESTERDAY        0.00          0.11  -0.11     0.00
  MONTH TO DATE    1.46          2.02  -0.56     2.17
  SINCE MAR 1      2.96          6.09  -3.13     7.62
  SINCE JAN 1      4.08         10.37  -6.29    12.22

DEGREE DAYS
 HEATING
  YESTERDAY       13            10      3        9
  MONTH TO DATE  137           268   -131      225
  SINCE MAR 1   2153          2088     65     2384
  SINCE JUL 1   7835          8048   -213     8438

 COOLING
  YESTERDAY        0             0      0        0
  MONTH TO DATE   18             0     18        5
  SINCE MAR 1     18             1     17        5
  SINCE JAN 1     18             1     17        5
......................................................


WIND (MPH)
  HIGHEST WIND SPEED    14   HIGHEST WIND DIRECTION     S (200)
  HIGHEST GUST SPEED    20   HIGHEST GUST DIRECTION     S (200)
  AVERAGE WIND SPEED     3.0


SKY COVER
  AVERAGE SKY COVER 0.5


WEATHER CONDITIONS
 THE FOLLOWING WEATHER WAS RECORDED YESTERDAY.
  NO SIGNIFICANT WEATHER WAS OBSERVED.


RELATIVE HUMIDITY (PERCENT)
 HIGHEST    82           400 AM
 LOWEST     22           100 PM
 AVERAGE    52

..........................................................


THE MORRISVILLE VT CLIMATE NORMALS FOR TODAY
                         NORMAL    RECORD    YEAR
 MAXIMUM TEMPERATURE (F)   69        82      2010
 MINIMUM TEMPERATURE (F)   43        28      2002


SUNRISE AND SUNSET
MAY 22 2015...........SUNRISE   516 AM EDT   SUNSET   819 PM EDT
MAY 23 2015...........SUNRISE   515 AM EDT   SUNSET   820 PM EDT


-  INDICATES NEGATIVE NUMBERS.
R  INDICATES RECORD WAS SET OR TIED.
MM INDICATES DATA IS MISSING.
T  INDICATES TRACE AMOUNT.




$$
