111
CDUS41 KBTV 230535
CLIMVL


CLIMATE REPORT
NATIONAL WEATHER SERVICE BURLINGTON VT
1234 AM EST TUE JAN 23 2018


...................................

...THE MORRISVILLE VT CLIMATE SUMMARY FOR JANUARY 22 2018...

CLIMATE NORMAL PERIOD 1981 TO 2010
CLIMATE RECORD PERIOD 9999 TO 9999


WEATHER ITEM   OBSERVED TIME   NORMAL DEPARTURE LAST
                VALUE   (LST)  VALUE  FROM      YEAR
                                      NORMAL
......................................................
TEMPERATURE (F)
 YESTERDAY
  MAXIMUM         31    752 PM  26      5       36
  MINIMUM         29   1148 AM   4     25       32
  AVERAGE         30            15     15       34

PRECIPITATION (IN)
  YESTERDAY        0.10          0.07   0.03      T
  MONTH TO DATE    2.70          1.87   0.83     0.77
  SINCE DEC 1      3.55          4.51  -0.96     3.98
  SINCE JAN 1      2.70          1.87   0.83     0.77

DEGREE DAYS
 HEATING
  YESTERDAY       35            50    -15       31
  MONTH TO DATE  976          1078   -102      903
  SINCE DEC 1   2459          2388     71     2173
  SINCE JUL 1   4100          4216   -116     3764

 COOLING
  YESTERDAY        0             0      0        0
  MONTH TO DATE    0             0      0        0
  SINCE DEC 1      0             0      0        0
  SINCE JAN 1      0             0      0        0
......................................................


WIND (MPH)
  HIGHEST WIND SPEED    15   HIGHEST WIND DIRECTION     S (200)
  HIGHEST GUST SPEED    22   HIGHEST GUST DIRECTION    SW (220)
  AVERAGE WIND SPEED     5.6


SKY COVER
  AVERAGE SKY COVER 1.0


WEATHER CONDITIONS
 THE FOLLOWING WEATHER WAS RECORDED YESTERDAY.
  FREEZING RAIN
  LT FREEZING RAIN
  LIGHT SNOW
  FOG


RELATIVE HUMIDITY (PERCENT)
 HIGHEST    92           600 PM
 LOWEST     78          1200 AM
 AVERAGE    85

..........................................................


THE MORRISVILLE VT CLIMATE NORMALS FOR TODAY
                         NORMAL    RECORD    YEAR
 MAXIMUM TEMPERATURE (F)   26        47      2002
 MINIMUM TEMPERATURE (F)    4       -21      2000


SUNRISE AND SUNSET
JANUARY 23 2018.......SUNRISE   718 AM EST   SUNSET   447 PM EST
JANUARY 24 2018.......SUNRISE   717 AM EST   SUNSET   448 PM EST


-  INDICATES NEGATIVE NUMBERS.
R  INDICATES RECORD WAS SET OR TIED.
MM INDICATES DATA IS MISSING.
T  INDICATES TRACE AMOUNT.




$$
