000
CDUS41 KBTV 180530
CLIMVL


CLIMATE REPORT
NATIONAL WEATHER SERVICE BURLINGTON VT
128 AM EDT FRI AUG 18 2017


...................................

...THE MORRISVILLE VT CLIMATE SUMMARY FOR AUGUST 17 2017...

CLIMATE NORMAL PERIOD 1981 TO 2010
CLIMATE RECORD PERIOD 9999 TO 9999


WEATHER ITEM   OBSERVED TIME   NORMAL DEPARTURE LAST
                VALUE   (LST)  VALUE  FROM      YEAR
                                      NORMAL
......................................................
TEMPERATURE (F)
 YESTERDAY
  MAXIMUM         75    257 PM  78     -3       76
  MINIMUM         43    344 AM  53    -10       57
  AVERAGE         59            66     -7       67

PRECIPITATION (IN)
  YESTERDAY        0.00          0.15  -0.15     0.18
  MONTH TO DATE    2.42          2.36   0.06     2.37
  SINCE JUN 1     13.31         10.47   2.84     7.95
  SINCE JAN 1     26.06         22.09   3.97    15.00

DEGREE DAYS
 HEATING
  YESTERDAY        6             2      4        0
  MONTH TO DATE   29            29      0        8
  SINCE JUN 1    234           182     52      172
  SINCE JUL 1     83            59     24       41

 COOLING
  YESTERDAY        0             2     -2        2
  MONTH TO DATE   23            50    -27       75
  SINCE JUN 1    122           210    -88      215
  SINCE JAN 1    131           218    -87      244
......................................................


WIND (MPH)
  HIGHEST WIND SPEED    12   HIGHEST WIND DIRECTION     N (340)
  HIGHEST GUST SPEED    17   HIGHEST GUST DIRECTION    NW (320)
  AVERAGE WIND SPEED     2.3


SKY COVER
  AVERAGE SKY COVER 0.2


WEATHER CONDITIONS
 THE FOLLOWING WEATHER WAS RECORDED YESTERDAY.
  NO SIGNIFICANT WEATHER WAS OBSERVED.


RELATIVE HUMIDITY (PERCENT)
 HIGHEST   100          1200 AM
 LOWEST     44           200 PM
 AVERAGE    72

..........................................................


THE MORRISVILLE VT CLIMATE NORMALS FOR TODAY
                         NORMAL    RECORD    YEAR
 MAXIMUM TEMPERATURE (F)   78        91      2009
 MINIMUM TEMPERATURE (F)   53        43      2005


SUNRISE AND SUNSET
AUGUST 18 2017........SUNRISE   557 AM EDT   SUNSET   751 PM EDT
AUGUST 19 2017........SUNRISE   558 AM EDT   SUNSET   749 PM EDT


-  INDICATES NEGATIVE NUMBERS.
R  INDICATES RECORD WAS SET OR TIED.
MM INDICATES DATA IS MISSING.
T  INDICATES TRACE AMOUNT.




$$
