000
CDUS41 KBTV 130552
CLIMVL


CLIMATE REPORT
NATIONAL WEATHER SERVICE BURLINGTON VT
1249 AM EST SAT FEB 13 2016


...................................

...THE MORRISVILLE VT CLIMATE SUMMARY FOR FEBRUARY 12 2016...

CLIMATE NORMAL PERIOD 1981 TO 2010
CLIMATE RECORD PERIOD 9999 TO 9999


WEATHER ITEM   OBSERVED TIME   NORMAL DEPARTURE LAST
                VALUE   (LST)  VALUE  FROM      YEAR
                                      NORMAL
......................................................
TEMPERATURE (F)
 YESTERDAY
  MAXIMUM         22    345 PM  30     -8       27
  MINIMUM         -4    732 AM   6    -10        4
  AVERAGE          9            18     -9       16

PRECIPITATION (IN)
  YESTERDAY        0.00          0.06  -0.06      T
  MONTH TO DATE    0.36          0.73  -0.37     0.22
  SINCE DEC 1      2.99          5.91  -2.92     1.85
  SINCE JAN 1      1.05          3.27  -2.22     1.06

DEGREE DAYS
 HEATING
  YESTERDAY       56            47      9       49
  MONTH TO DATE  413           581   -168      681
  SINCE DEC 1   2603          3415   -812     3337
  SINCE JUL 1   4018          5243  -1225     4680

 COOLING
  YESTERDAY        0             0      0        0
  MONTH TO DATE    0             0      0        0
  SINCE DEC 1      0             0      0        0
  SINCE JAN 1      0             0      0        0
......................................................


WIND (MPH)
  HIGHEST WIND SPEED    17   HIGHEST WIND DIRECTION     S (200)
  HIGHEST GUST SPEED    22   HIGHEST GUST DIRECTION     S (190)
  AVERAGE WIND SPEED     4.7


SKY COVER
  AVERAGE SKY COVER 0.5


WEATHER CONDITIONS
 THE FOLLOWING WEATHER WAS RECORDED YESTERDAY.
  HAZE


RELATIVE HUMIDITY (PERCENT)
 HIGHEST    79           600 AM
 LOWEST     41           200 PM
 AVERAGE    60

..........................................................


THE MORRISVILLE VT CLIMATE NORMALS FOR TODAY
                         NORMAL    RECORD    YEAR
 MAXIMUM TEMPERATURE (F)   30        40      2011
 MINIMUM TEMPERATURE (F)    6       -18      2003


SUNRISE AND SUNSET
FEBRUARY 13 2016......SUNRISE   654 AM EST   SUNSET   516 PM EST
FEBRUARY 14 2016......SUNRISE   653 AM EST   SUNSET   517 PM EST


-  INDICATES NEGATIVE NUMBERS.
R  INDICATES RECORD WAS SET OR TIED.
MM INDICATES DATA IS MISSING.
T  INDICATES TRACE AMOUNT.




$$
