998
CDUS41 KBTV 270527
CLIMVL


CLIMATE REPORT
NATIONAL WEATHER SERVICE BURLINGTON VT
126 AM EDT TUE SEP 27 2016


...................................

...THE MORRISVILLE VT CLIMATE SUMMARY FOR SEPTEMBER 26 2016...

CLIMATE NORMAL PERIOD 1981 TO 2010
CLIMATE RECORD PERIOD 9999 TO 9999


WEATHER ITEM   OBSERVED TIME   NORMAL DEPARTURE LAST
                VALUE   (LST)  VALUE  FROM      YEAR
                                      NORMAL
......................................................
TEMPERATURE (F)
 YESTERDAY
  MAXIMUM         65    218 PM  65      0       68
  MINIMUM         33    646 AM  42     -9       34
  AVERAGE         49            54     -5       51

PRECIPITATION (IN)
  YESTERDAY        0.00          0.12  -0.12     0.00
  MONTH TO DATE    0.89          2.91  -2.02     0.97
  SINCE SEP 1      0.89          2.91  -2.02     0.97
  SINCE JAN 1     16.53         26.67 -10.14    16.90

DEGREE DAYS
 HEATING
  YESTERDAY       16            12      4       14
  MONTH TO DATE  135           187    -52       70
  SINCE SEP 1    135           187    -52       70
  SINCE JUL 1    194           282    -88      100

 COOLING
  YESTERDAY        0             0      0        0
  MONTH TO DATE   34            13     21       88
  SINCE SEP 1     34            13     21       88
  SINCE JAN 1    322           260     62      501
......................................................


WIND (MPH)
  HIGHEST WIND SPEED    12   HIGHEST WIND DIRECTION     S (160)
  HIGHEST GUST SPEED    15   HIGHEST GUST DIRECTION    SE (150)
  AVERAGE WIND SPEED     2.6


SKY COVER
  AVERAGE SKY COVER 0.4


WEATHER CONDITIONS
 THE FOLLOWING WEATHER WAS RECORDED YESTERDAY.
  FOG
  FOG W/VISIBILITY <= 1/4 MILE


RELATIVE HUMIDITY (PERCENT)
 HIGHEST   100           400 AM
 LOWEST     39           100 PM
 AVERAGE    70

..........................................................


THE MORRISVILLE VT CLIMATE NORMALS FOR TODAY
                         NORMAL    RECORD    YEAR
 MAXIMUM TEMPERATURE (F)   65        80      2007
 MINIMUM TEMPERATURE (F)   41        28      1987


SUNRISE AND SUNSET
SEPTEMBER 27 2016.....SUNRISE   644 AM EDT   SUNSET   638 PM EDT
SEPTEMBER 28 2016.....SUNRISE   645 AM EDT   SUNSET   636 PM EDT


-  INDICATES NEGATIVE NUMBERS.
R  INDICATES RECORD WAS SET OR TIED.
MM INDICATES DATA IS MISSING.
T  INDICATES TRACE AMOUNT.




$$
