850
CDUS41 KBTV 290531
CLIMVL


CLIMATE REPORT
NATIONAL WEATHER SERVICE BURLINGTON VT
129 AM EDT SAT APR 29 2017


...................................

...THE MORRISVILLE VT CLIMATE SUMMARY FOR APRIL 28 2017...

CLIMATE NORMAL PERIOD 1981 TO 2010
CLIMATE RECORD PERIOD 9999 TO 9999


WEATHER ITEM   OBSERVED TIME   NORMAL DEPARTURE LAST
                VALUE   (LST)  VALUE  FROM      YEAR
                                      NORMAL
......................................................
TEMPERATURE (F)
 YESTERDAY
  MAXIMUM         77    250 PM  61     16       46
  MINIMUM         50   1055 PM  35     15       19
  AVERAGE         64            48     16       33

PRECIPITATION (IN)
  YESTERDAY        T             0.07  -0.07     0.00
  MONTH TO DATE    3.72          2.24   1.48     1.69
  SINCE MAR 1      4.72          3.91   0.81     2.82
  SINCE JAN 1      7.79          8.19  -0.40     5.97

DEGREE DAYS
 HEATING
  YESTERDAY        1            17    -16       32
  MONTH TO DATE  542           659   -117      773
  SINCE MAR 1   1850          1786     64     1729
  SINCE JUL 1   7073          7746   -673     6302

 COOLING
  YESTERDAY        0             0      0        0
  MONTH TO DATE    0             0      0        0
  SINCE MAR 1      0             0      0        0
  SINCE JAN 1      0             0      0        0
......................................................


WIND (MPH)
  HIGHEST WIND SPEED    15   HIGHEST WIND DIRECTION     S (200)
  HIGHEST GUST SPEED    21   HIGHEST GUST DIRECTION     S (200)
  AVERAGE WIND SPEED     5.2


SKY COVER
  AVERAGE SKY COVER 0.4


WEATHER CONDITIONS
 THE FOLLOWING WEATHER WAS RECORDED YESTERDAY.
  NO SIGNIFICANT WEATHER WAS OBSERVED.


RELATIVE HUMIDITY (PERCENT)
 HIGHEST    93           600 AM
 LOWEST     21           500 PM
 AVERAGE    57

..........................................................


THE MORRISVILLE VT CLIMATE NORMALS FOR TODAY
                         NORMAL    RECORD    YEAR
 MAXIMUM TEMPERATURE (F)   61        78      2004
 MINIMUM TEMPERATURE (F)   35        20      2016


SUNRISE AND SUNSET
APRIL 29 2017.........SUNRISE   544 AM EDT   SUNSET   753 PM EDT
APRIL 30 2017.........SUNRISE   542 AM EDT   SUNSET   754 PM EDT


-  INDICATES NEGATIVE NUMBERS.
R  INDICATES RECORD WAS SET OR TIED.
MM INDICATES DATA IS MISSING.
T  INDICATES TRACE AMOUNT.




$$
