000
CDUS41 KBTV 230522
CLIMVL


CLIMATE REPORT
NATIONAL WEATHER SERVICE BURLINGTON VT
118 AM EDT MON OCT 23 2017


...................................

...THE MORRISVILLE VT CLIMATE SUMMARY FOR OCTOBER 22 2017...

CLIMATE NORMAL PERIOD 1981 TO 2010
CLIMATE RECORD PERIOD 9999 TO 9999


WEATHER ITEM   OBSERVED TIME   NORMAL DEPARTURE LAST
                VALUE   (LST)  VALUE  FROM      YEAR
                                      NORMAL
......................................................
TEMPERATURE (F)
 YESTERDAY
  MAXIMUM         76        MM  54     22       48
  MINIMUM         35        MM  33      2       33
  AVERAGE         56            44     12       41

PRECIPITATION (IN)
  YESTERDAY        0.00          0.10  -0.10     0.35
  MONTH TO DATE    1.01          2.23  -1.22     0.63
  SINCE SEP 1      3.75          5.60  -1.85     1.52
  SINCE JAN 1     30.71         29.36   1.35    17.16

DEGREE DAYS
 HEATING
  YESTERDAY        9            21    -12       24
  MONTH TO DATE  253           391   -138      291
  SINCE SEP 1    426           628   -202      465
  SINCE JUL 1    588           723   -135      524

 COOLING
  YESTERDAY        0             0      0        0
  MONTH TO DATE    0             0      0        0
  SINCE SEP 1     47            18     29       34
  SINCE JAN 1    191           265    -74      322
......................................................


WIND (MPH)
  HIGHEST WIND SPEED     6   HIGHEST WIND DIRECTION    SW (220)
  HIGHEST GUST SPEED    MM   HIGHEST GUST DIRECTION    MM
  AVERAGE WIND SPEED     2.3


SKY COVER
  AVERAGE SKY COVER 0.2


WEATHER CONDITIONS
 THE FOLLOWING WEATHER WAS RECORDED YESTERDAY.
  FOG
  FOG W/VISIBILITY <= 1/4 MILE


RELATIVE HUMIDITY (PERCENT)
 HIGHEST   100          1200 AM
 LOWEST     31           400 PM
 AVERAGE    66

..........................................................


THE MORRISVILLE VT CLIMATE NORMALS FOR TODAY
                         NORMAL    RECORD    YEAR
 MAXIMUM TEMPERATURE (F)   54        66      2007
 MINIMUM TEMPERATURE (F)   33        21      2000


SUNRISE AND SUNSET
OCTOBER 23 2017.......SUNRISE   716 AM EDT   SUNSET   553 PM EDT
OCTOBER 24 2017.......SUNRISE   718 AM EDT   SUNSET   551 PM EDT


-  INDICATES NEGATIVE NUMBERS.
R  INDICATES RECORD WAS SET OR TIED.
MM INDICATES DATA IS MISSING.
T  INDICATES TRACE AMOUNT.




$$
