000
CDUS41 KBTV 250540
CLIMVL


CLIMATE REPORT
NATIONAL WEATHER SERVICE BURLINGTON VT
137 AM EDT MON JUL 25 2016


...................................

...THE MORRISVILLE VT CLIMATE SUMMARY FOR JULY 24 2016...

CLIMATE NORMAL PERIOD 1981 TO 2010
CLIMATE RECORD PERIOD 9999 TO 9999


WEATHER ITEM   OBSERVED TIME   NORMAL DEPARTURE LAST
                VALUE   (LST)  VALUE  FROM      YEAR
                                      NORMAL
......................................................
TEMPERATURE (F)
 YESTERDAY
  MAXIMUM         76    516 PM  80     -4       75
  MINIMUM         55    436 AM  56     -1       55
  AVERAGE         66            68     -2       65

PRECIPITATION (IN)
  YESTERDAY        0.00          0.12  -0.12      T
  MONTH TO DATE    3.14          3.30  -0.16     2.30
  SINCE JUN 1      5.03          7.28  -2.25     9.21
  SINCE JAN 1     12.08         18.90  -6.82    14.46

DEGREE DAYS
 HEATING
  YESTERDAY        0             1     -1        0
  MONTH TO DATE   31            25      6       23
  SINCE JUN 1    162           148     14      128
  SINCE JUL 1     31            25      6       23

 COOLING
  YESTERDAY        1             4     -3        0
  MONTH TO DATE   83            89     -6       95
  SINCE JUN 1    116           137    -21      135
  SINCE JAN 1    145           145      0      188
......................................................


WIND (MPH)
  HIGHEST WIND SPEED    17   HIGHEST WIND DIRECTION     N (20)
  HIGHEST GUST SPEED    22   HIGHEST GUST DIRECTION    NE (30)
  AVERAGE WIND SPEED     4.9


SKY COVER
  AVERAGE SKY COVER 0.1


WEATHER CONDITIONS
 THE FOLLOWING WEATHER WAS RECORDED YESTERDAY.
  FOG


RELATIVE HUMIDITY (PERCENT)
 HIGHEST   100           200 AM
 LOWEST     50           200 PM
 AVERAGE    75

..........................................................


THE MORRISVILLE VT CLIMATE NORMALS FOR TODAY
                         NORMAL    RECORD    YEAR
 MAXIMUM TEMPERATURE (F)   80        89      1989
 MINIMUM TEMPERATURE (F)   56        45      1997


SUNRISE AND SUNSET
JULY 25 2016..........SUNRISE   530 AM EDT   SUNSET   823 PM EDT
JULY 26 2016..........SUNRISE   531 AM EDT   SUNSET   822 PM EDT


-  INDICATES NEGATIVE NUMBERS.
R  INDICATES RECORD WAS SET OR TIED.
MM INDICATES DATA IS MISSING.
T  INDICATES TRACE AMOUNT.




$$
