000
CDUS45 KBOI 210930
CLIMYL


CLIMATE REPORT
NATIONAL WEATHER SERVICE BOISE ID
330 AM MDT THU AUG 21 2014


...................................

...THE MCCALL ID CLIMATE SUMMARY FOR AUGUST 20 2014...

CLIMATE NORMAL PERIOD 1981 TO 2010
CLIMATE RECORD PERIOD 1930 TO 2014


WEATHER ITEM   OBSERVED TIME   RECORD YEAR NORMAL DEPARTURE LAST
                VALUE   (LST)  VALUE       VALUE  FROM      YEAR
                                                  NORMAL
..................................................................
TEMPERATURE (F)
 YESTERDAY
  MAXIMUM         74    328 PM  94    1967  77     -3       87
  MINIMUM         49    619 AM  31    1948  41      8       48
  AVERAGE         62                        59      3       68

PRECIPITATION (IN)
  YESTERDAY        0.09          0.70 1968   0.03   0.06     0.00
  MONTH TO DATE    1.08                      0.42   0.66     0.04
  SINCE OCT 1     20.57                     18.96   1.61    24.78
  SINCE JAN 1     16.50                     12.78   3.72    11.29

DEGREE DAYS
 HEATING
  YESTERDAY        3                         6     -3        0
  MONTH TO DATE   17                        94    -77       22
  SINCE JUN 1    349                       611   -262      302
  SINCE JUL 1     35                       244   -209       39

 COOLING
  YESTERDAY        0                         0      0        3
  MONTH TO DATE   54                         7     47       46
  SINCE JUN 1    185                        23    162      169
  SINCE JAN 1    185                        23    162      169
..................................................................


WIND (MPH)
  HIGHEST WIND SPEED    20   HIGHEST WIND DIRECTION     N (20)
  HIGHEST GUST SPEED    29   HIGHEST GUST DIRECTION     S (190)
  AVERAGE WIND SPEED     5.9


SKY COVER
  AVERAGE SKY COVER 0.4


WEATHER CONDITIONS
 THE FOLLOWING WEATHER WAS RECORDED YESTERDAY.
  THUNDERSTORM
  HEAVY RAIN
  LIGHT RAIN


RELATIVE HUMIDITY (PERCENT)
 HIGHEST    74           600 AM
 LOWEST     31           100 PM
 AVERAGE    53

..........................................................


THE MCCALL ID CLIMATE NORMALS FOR TODAY
                         NORMAL    RECORD    YEAR
 MAXIMUM TEMPERATURE (F)   77        94      1967
 MINIMUM TEMPERATURE (F)   41        30      1974


SUNRISE AND SUNSET
AUGUST 21 2014........SUNRISE   654 AM MDT   SUNSET   841 PM MDT
AUGUST 22 2014........SUNRISE   655 AM MDT   SUNSET   839 PM MDT


-  INDICATES NEGATIVE NUMBERS.
R  INDICATES RECORD WAS SET OR TIED.
MM INDICATES DATA IS MISSING.
T  INDICATES TRACE AMOUNT.




$$
