000
CDUS45 KBOI 290932
CLIMYL


CLIMATE REPORT
NATIONAL WEATHER SERVICE BOISE ID
331 AM MDT SUN MAR 29 2015


...................................

...THE MCCALL ID CLIMATE SUMMARY FOR MARCH 28 2015...

CLIMATE NORMAL PERIOD 1981 TO 2010
CLIMATE RECORD PERIOD 1930 TO 2015


WEATHER ITEM   OBSERVED TIME   RECORD YEAR NORMAL DEPARTURE LAST
                VALUE   (LST)  VALUE       VALUE  FROM      YEAR
                                                  NORMAL
..................................................................
TEMPERATURE (F)
 YESTERDAY
  MAXIMUM         52    340 AM  64    1986  43      9       37
  MINIMUM         29   1119 PM  -9    1975  22      7       27
  AVERAGE         41                        32      9       32

PRECIPITATION (IN)
  YESTERDAY        0.11          1.31 1963   0.09   0.02     0.39
  MONTH TO DATE    1.78                      1.94  -0.16     4.92
  SINCE OCT 1     14.73                     11.59   3.14    13.80
  SINCE JAN 1      5.97                      5.41   0.56     9.73

DEGREE DAYS
 HEATING
  YESTERDAY       24                        33     -9       33
  MONTH TO DATE  754                      1017   -263      915
  SINCE MAR 1    754                      1017   -263      915
  SINCE JUL 1   6125                      7692  -1567     6909

 COOLING
  YESTERDAY        0                         0      0        0
  MONTH TO DATE    0                         0      0        0
  SINCE MAR 1      0                         0      0        0
  SINCE JAN 1      0                         0      0        0
..................................................................


WIND (MPH)
  HIGHEST WIND SPEED    26   HIGHEST WIND DIRECTION     W (260)
  HIGHEST GUST SPEED    38   HIGHEST GUST DIRECTION     W (250)
  AVERAGE WIND SPEED     7.9


SKY COVER
  AVERAGE SKY COVER 0.3


WEATHER CONDITIONS
 THE FOLLOWING WEATHER WAS RECORDED YESTERDAY.
  RAIN
  LIGHT RAIN


RELATIVE HUMIDITY (PERCENT)
 HIGHEST    92           300 AM
 LOWEST     37          1100 AM
 AVERAGE    65

..........................................................


THE MCCALL ID CLIMATE NORMALS FOR TODAY
                         NORMAL    RECORD    YEAR
 MAXIMUM TEMPERATURE (F)   43        64      1978
 MINIMUM TEMPERATURE (F)   22        -2      1950


SUNRISE AND SUNSET
MARCH 29 2015.........SUNRISE   731 AM MDT   SUNSET   808 PM MDT
MARCH 30 2015.........SUNRISE   729 AM MDT   SUNSET   809 PM MDT


-  INDICATES NEGATIVE NUMBERS.
R  INDICATES RECORD WAS SET OR TIED.
MM INDICATES DATA IS MISSING.
T  INDICATES TRACE AMOUNT.




$$
