000
CDUS45 KBOI 060932
CLIMYL


CLIMATE REPORT
NATIONAL WEATHER SERVICE BOISE ID
332 AM MDT FRI MAY 6 2016


...................................

...THE MCCALL ID CLIMATE SUMMARY FOR MAY 5 2016...

CLIMATE NORMAL PERIOD 1981 TO 2010
CLIMATE RECORD PERIOD 1930 TO 2016


WEATHER ITEM   OBSERVED TIME   RECORD YEAR NORMAL DEPARTURE LAST
                VALUE   (LST)  VALUE       VALUE  FROM      YEAR
                                                  NORMAL
..................................................................
TEMPERATURE (F)
 YESTERDAY
  MAXIMUM         72    349 PM  82    1966  56     16       59
  MINIMUM         46    512 AM  20    1999  30     16       41
  AVERAGE         59                        43     16       50

PRECIPITATION (IN)
  YESTERDAY        T             0.52 1964   0.06  -0.06      T
  MONTH TO DATE    T                         0.33  -0.33      T
  SINCE OCT 1     21.71                     14.10   7.61    15.79
  SINCE JAN 1     11.14                      7.92   3.22     7.03

DEGREE DAYS
 HEATING
  YESTERDAY        6                        22    -16       15
  MONTH TO DATE   60                       113    -53       73
  SINCE MAR 1   1654                      2073   -419     1627
  SINCE JUL 1   7523                      8748  -1225     6949

 COOLING
  YESTERDAY        0                         0      0        0
  MONTH TO DATE    0                         0      0        0
  SINCE MAR 1      0                         0      0        0
  SINCE JAN 1      0                         0      0        0
..................................................................


WIND (MPH)
  HIGHEST WIND SPEED    21   HIGHEST WIND DIRECTION    SE (130)
  HIGHEST GUST SPEED    31   HIGHEST GUST DIRECTION    SE (140)
  AVERAGE WIND SPEED     6.3


SKY COVER
  AVERAGE SKY COVER 0.3


WEATHER CONDITIONS
 THE FOLLOWING WEATHER WAS RECORDED YESTERDAY.
  THUNDERSTORM
  LIGHT RAIN


RELATIVE HUMIDITY (PERCENT)
 HIGHEST    82           600 AM
 LOWEST     28           600 PM
 AVERAGE    55

..........................................................


THE MCCALL ID CLIMATE NORMALS FOR TODAY
                         NORMAL    RECORD    YEAR
 MAXIMUM TEMPERATURE (F)   56        82      1992
 MINIMUM TEMPERATURE (F)   31        14      1950


SUNRISE AND SUNSET
MAY  6 2016...........SUNRISE   626 AM MDT   SUNSET   857 PM MDT
MAY  7 2016...........SUNRISE   625 AM MDT   SUNSET   858 PM MDT


-  INDICATES NEGATIVE NUMBERS.
R  INDICATES RECORD WAS SET OR TIED.
MM INDICATES DATA IS MISSING.
T  INDICATES TRACE AMOUNT.




$$
