000
CDUS45 KBOI 020931
CLIMYL


CLIMATE REPORT
NATIONAL WEATHER SERVICE BOISE ID
331 AM MDT THU JUL 2 2015


...................................

...THE MCCALL ID CLIMATE SUMMARY FOR JULY 1 2015...

CLIMATE NORMAL PERIOD 1981 TO 2010
CLIMATE RECORD PERIOD 1930 TO 2015


WEATHER ITEM   OBSERVED TIME   RECORD YEAR NORMAL DEPARTURE LAST
                VALUE   (LST)  VALUE       VALUE  FROM      YEAR
                                                  NORMAL
..................................................................
TEMPERATURE (F)
 YESTERDAY
  MAXIMUM         91    454 PM  95    2013  74     17       83
  MINIMUM         54    536 AM  28    1935  41     13       42
  AVERAGE         73                        57     16       63

PRECIPITATION (IN)
  YESTERDAY        0.00          1.16 1997   0.04  -0.04     0.00
  MONTH TO DATE    0.00                      0.04  -0.04     0.00
  SINCE OCT 1     18.34                     17.86   0.48    19.26
  SINCE JAN 1      9.58                     11.68  -2.10    15.19

DEGREE DAYS
 HEATING
  YESTERDAY        0                         8     -8        2
  MONTH TO DATE    0                         8     -8        2
  SINCE JUN 1    109                       375   -266      316
  SINCE JUL 1      0                         8     -8        2

 COOLING
  YESTERDAY        8                         0      8        0
  MONTH TO DATE    8                         0      8        0
  SINCE JUN 1     74                         1     73        0
  SINCE JAN 1     74                         1     73        0
..................................................................


WIND (MPH)
  HIGHEST WIND SPEED    14   HIGHEST WIND DIRECTION     W (280)
  HIGHEST GUST SPEED    19   HIGHEST GUST DIRECTION    NW (300)
  AVERAGE WIND SPEED     4.6


SKY COVER
  AVERAGE SKY COVER 0.0


WEATHER CONDITIONS
 THE FOLLOWING WEATHER WAS RECORDED YESTERDAY.
  NO SIGNIFICANT WEATHER WAS OBSERVED.


RELATIVE HUMIDITY (PERCENT)
 HIGHEST    77           500 AM
 LOWEST     14           400 PM
 AVERAGE    46

..........................................................


THE MCCALL ID CLIMATE NORMALS FOR TODAY
                         NORMAL    RECORD    YEAR
 MAXIMUM TEMPERATURE (F)   74        93      2013
 MINIMUM TEMPERATURE (F)   41        26      1955


SUNRISE AND SUNSET
JULY  2 2015..........SUNRISE   603 AM MDT   SUNSET   934 PM MDT
JULY  3 2015..........SUNRISE   603 AM MDT   SUNSET   934 PM MDT


-  INDICATES NEGATIVE NUMBERS.
R  INDICATES RECORD WAS SET OR TIED.
MM INDICATES DATA IS MISSING.
T  INDICATES TRACE AMOUNT.




$$
