000
CDUS45 KBOI 220932
CLIMYL


CLIMATE REPORT
NATIONAL WEATHER SERVICE BOISE ID
231 AM MST SUN JAN 22 2017


...................................

...THE MCCALL ID CLIMATE SUMMARY FOR JANUARY 21 2017...

CLIMATE NORMAL PERIOD 1981 TO 2010
CLIMATE RECORD PERIOD 1930 TO 2017


WEATHER ITEM   OBSERVED TIME   RECORD YEAR NORMAL DEPARTURE LAST
                VALUE   (LST)  VALUE       VALUE  FROM      YEAR
                                                  NORMAL
..................................................................
TEMPERATURE (F)
 YESTERDAY
  MAXIMUM         32   1133 AM  44    1968  29      3       33
  MINIMUM         23   1227 AM -33    1937  11     12       19
  AVERAGE         28                        20      8       26

PRECIPITATION (IN)
  YESTERDAY        0.07          1.30 1943   0.06   0.01     0.00
  MONTH TO DATE    2.93                      1.21   1.72     1.93
  SINCE OCT 1     11.42                      7.39   4.03    12.50
  SINCE JAN 1      2.93                      1.21   1.72     1.93

DEGREE DAYS
 HEATING
  YESTERDAY       37                        45     -8       39
  MONTH TO DATE 1079                       954    125      917
  SINCE DEC 1   2642                      2390    252     2258
  SINCE JUL 1   4679                      5028   -349     4359

 COOLING
  YESTERDAY        0                         0      0        0
  MONTH TO DATE    0                         0      0        0
  SINCE DEC 1      0                         0      0        0
  SINCE JAN 1      0                         0      0        0
..................................................................


WIND (MPH)
  HIGHEST WIND SPEED    15   HIGHEST WIND DIRECTION     S (180)
  HIGHEST GUST SPEED    18   HIGHEST GUST DIRECTION     S (170)
  AVERAGE WIND SPEED     4.0


SKY COVER
  AVERAGE SKY COVER 1.0


WEATHER CONDITIONS
 THE FOLLOWING WEATHER WAS RECORDED YESTERDAY.
  LIGHT SNOW
  FOG


RELATIVE HUMIDITY (PERCENT)
 HIGHEST    92           200 PM
 LOWEST     69           600 PM
 AVERAGE    81

..........................................................


THE MCCALL ID CLIMATE NORMALS FOR TODAY
                         NORMAL    RECORD    YEAR
 MAXIMUM TEMPERATURE (F)   29        47      1981
 MINIMUM TEMPERATURE (F)   11       -32      1930


SUNRISE AND SUNSET
JANUARY 22 2017.......SUNRISE   814 AM MST   SUNSET   539 PM MST
JANUARY 23 2017.......SUNRISE   813 AM MST   SUNSET   540 PM MST


-  INDICATES NEGATIVE NUMBERS.
R  INDICATES RECORD WAS SET OR TIED.
MM INDICATES DATA IS MISSING.
T  INDICATES TRACE AMOUNT.




$$
