000
CDUS45 KBOI 250934
CLIMYL


CLIMATE REPORT
NATIONAL WEATHER SERVICE BOISE ID
234 AM MST SUN JAN 25 2015


...................................

...THE MCCALL ID CLIMATE SUMMARY FOR JANUARY 24 2015...

CLIMATE NORMAL PERIOD 1981 TO 2010
CLIMATE RECORD PERIOD 1930 TO 2015


WEATHER ITEM   OBSERVED TIME   RECORD YEAR NORMAL DEPARTURE LAST
                VALUE   (LST)  VALUE       VALUE  FROM      YEAR
                                                  NORMAL
..................................................................
TEMPERATURE (F)
 YESTERDAY
  MAXIMUM         38    420 PM  47    1935  30      8       32
  MINIMUM         25    211 AM -27    1949  11     14        3
  AVERAGE         32                        20     12       18

PRECIPITATION (IN)
  YESTERDAY        0.01          1.32 1959   0.05  -0.04     0.00
  MONTH TO DATE    1.78                      1.36   0.42     1.04
  SINCE OCT 1     10.54                      7.54   3.00     5.11
  SINCE JAN 1      1.78                      1.36   0.42     1.04

DEGREE DAYS
 HEATING
  YESTERDAY       33                        45    -12       47
  MONTH TO DATE  994                      1089    -95     1035
  SINCE DEC 1   2162                      2525   -363     2491
  SINCE JUL 1   4226                      5163   -937     4581

 COOLING
  YESTERDAY        0                         0      0        0
  MONTH TO DATE    0                         0      0        0
  SINCE DEC 1      0                         0      0        0
  SINCE JAN 1      0                         0      0        0
..................................................................


WIND (MPH)
  HIGHEST WIND SPEED     5   HIGHEST WIND DIRECTION    NE (50)
  HIGHEST GUST SPEED     6   HIGHEST GUST DIRECTION    NE (60)
  AVERAGE WIND SPEED     1.0


SKY COVER
  AVERAGE SKY COVER 1.0


WEATHER CONDITIONS
 THE FOLLOWING WEATHER WAS RECORDED YESTERDAY.
  FOG


RELATIVE HUMIDITY (PERCENT)
 HIGHEST   100          1100 AM
 LOWEST     82           400 PM
 AVERAGE    91

..........................................................


THE MCCALL ID CLIMATE NORMALS FOR TODAY
                         NORMAL    RECORD    YEAR
 MAXIMUM TEMPERATURE (F)   30        47      1935
 MINIMUM TEMPERATURE (F)   11       -28      1949


SUNRISE AND SUNSET
JANUARY 25 2015.......SUNRISE   811 AM MST   SUNSET   543 PM MST
JANUARY 26 2015.......SUNRISE   810 AM MST   SUNSET   544 PM MST


-  INDICATES NEGATIVE NUMBERS.
R  INDICATES RECORD WAS SET OR TIED.
MM INDICATES DATA IS MISSING.
T  INDICATES TRACE AMOUNT.




$$
