000
CDUS45 KBOI 060934
CLIMYL


CLIMATE REPORT
NATIONAL WEATHER SERVICE BOISE ID
233 AM MST FRI MAR 6 2015


...................................

...THE MCCALL ID CLIMATE SUMMARY FOR MARCH 5 2015...

CLIMATE NORMAL PERIOD 1981 TO 2010
CLIMATE RECORD PERIOD 1930 TO 2015


WEATHER ITEM   OBSERVED TIME   RECORD YEAR NORMAL DEPARTURE LAST
                VALUE   (LST)  VALUE       VALUE  FROM      YEAR
                                                  NORMAL
..................................................................
TEMPERATURE (F)
 YESTERDAY
  MAXIMUM         48    422 PM  54    1987  38     10       40
  MINIMUM         14    731 AM -22    1955  15     -1       29
  AVERAGE         31                        26      5       35

PRECIPITATION (IN)
  YESTERDAY        0.00          0.69 1951   0.05  -0.05     0.39
  MONTH TO DATE    0.01                      0.26  -0.25     1.46
  SINCE OCT 1     12.96                      9.91   3.05    10.34
  SINCE JAN 1      4.20                      3.73   0.47     6.27

DEGREE DAYS
 HEATING
  YESTERDAY       34                        39     -5       30
  MONTH TO DATE  190                       197     -7      152
  SINCE MAR 1    190                       197     -7      152
  SINCE JUL 1   5561                      6872  -1311     6146

 COOLING
  YESTERDAY        0                         0      0        0
  MONTH TO DATE    0                         0      0        0
  SINCE MAR 1      0                         0      0        0
  SINCE JAN 1      0                         0      0        0
..................................................................


WIND (MPH)
  HIGHEST WIND SPEED     9   HIGHEST WIND DIRECTION     W (290)
  HIGHEST GUST SPEED    14   HIGHEST GUST DIRECTION     W (260)
  AVERAGE WIND SPEED     2.1


SKY COVER
  AVERAGE SKY COVER 0.0


WEATHER CONDITIONS
 THE FOLLOWING WEATHER WAS RECORDED YESTERDAY.
  NO SIGNIFICANT WEATHER WAS OBSERVED.


RELATIVE HUMIDITY (PERCENT)
 HIGHEST    80           400 AM
 LOWEST     26           300 PM
 AVERAGE    53

..........................................................


THE MCCALL ID CLIMATE NORMALS FOR TODAY
                         NORMAL    RECORD    YEAR
 MAXIMUM TEMPERATURE (F)   38        57      1992
 MINIMUM TEMPERATURE (F)   15       -12      1971


SUNRISE AND SUNSET
MARCH  6 2015.........SUNRISE   714 AM MST   SUNSET   638 PM MST
MARCH  7 2015.........SUNRISE   712 AM MST   SUNSET   640 PM MST


-  INDICATES NEGATIVE NUMBERS.
R  INDICATES RECORD WAS SET OR TIED.
MM INDICATES DATA IS MISSING.
T  INDICATES TRACE AMOUNT.




$$
