000
CDUS45 KBOI 020934
CLIMYL


CLIMATE REPORT
NATIONAL WEATHER SERVICE BOISE ID
332 AM MDT SUN AUG 2 2015


...................................

...THE MCCALL ID CLIMATE SUMMARY FOR AUGUST 1 2015...

CLIMATE NORMAL PERIOD 1981 TO 2010
CLIMATE RECORD PERIOD 1930 TO 2015


WEATHER ITEM   OBSERVED TIME   RECORD YEAR NORMAL DEPARTURE LAST
                VALUE   (LST)  VALUE       VALUE  FROM      YEAR
                                                  NORMAL
..................................................................
TEMPERATURE (F)
 YESTERDAY
  MAXIMUM         92    524 PM  96    2000  81     11       86
  MINIMUM         50    551 AM  31    1975  44      6       52
  AVERAGE         71                        62      9       69

PRECIPITATION (IN)
  YESTERDAY        0.00          0.66 1960   0.01  -0.01     0.00
  MONTH TO DATE    0.00                      0.01  -0.01     0.00
  SINCE OCT 1     20.59                     18.55   2.04    19.49
  SINCE JAN 1     11.83                     12.37  -0.54    15.42

DEGREE DAYS
 HEATING
  YESTERDAY        0                         4     -4        0
  MONTH TO DATE    0                         4     -4        0
  SINCE JUN 1    180                       521   -341      332
  SINCE JUL 1     71                       154    -83       18

 COOLING
  YESTERDAY        6                         1      5        4
  MONTH TO DATE    6                         1      5        4
  SINCE JUN 1    119                        17    102      135
  SINCE JAN 1    119                        17    102      135
..................................................................


WIND (MPH)
  HIGHEST WIND SPEED    18   HIGHEST WIND DIRECTION     S (200)
  HIGHEST GUST SPEED    24   HIGHEST GUST DIRECTION     S (200)
  AVERAGE WIND SPEED     4.0


SKY COVER
  AVERAGE SKY COVER 0.0


WEATHER CONDITIONS
 THE FOLLOWING WEATHER WAS RECORDED YESTERDAY.
  NO SIGNIFICANT WEATHER WAS OBSERVED.


RELATIVE HUMIDITY (PERCENT)
 HIGHEST    66           600 AM
 LOWEST     11           200 PM
 AVERAGE    39

..........................................................


THE MCCALL ID CLIMATE NORMALS FOR TODAY
                         NORMAL    RECORD    YEAR
 MAXIMUM TEMPERATURE (F)   81        94      1961
 MINIMUM TEMPERATURE (F)   44        30      1937


SUNRISE AND SUNSET
AUGUST  2 2015........SUNRISE   631 AM MDT   SUNSET   910 PM MDT
AUGUST  3 2015........SUNRISE   632 AM MDT   SUNSET   908 PM MDT


-  INDICATES NEGATIVE NUMBERS.
R  INDICATES RECORD WAS SET OR TIED.
MM INDICATES DATA IS MISSING.
T  INDICATES TRACE AMOUNT.




$$
