000
CDUS45 KBOI 080932
CLIMYL


CLIMATE REPORT
NATIONAL WEATHER SERVICE BOISE ID
232 AM MST THU DEC 8 2016


...................................

...THE MCCALL ID CLIMATE SUMMARY FOR DECEMBER 7 2016...

CLIMATE NORMAL PERIOD 1981 TO 2010
CLIMATE RECORD PERIOD 1930 TO 2016


WEATHER ITEM   OBSERVED TIME   RECORD YEAR NORMAL DEPARTURE LAST
                VALUE   (LST)  VALUE       VALUE  FROM      YEAR
                                                  NORMAL
..................................................................
TEMPERATURE (F)
 YESTERDAY
  MAXIMUM         18    334 PM  52    1939  28    -10       42
  MINIMUM         -4   1036 PM -19    2005  11    -15       32
  AVERAGE          7                        20    -13       37

PRECIPITATION (IN)
  YESTERDAY        T             1.53 2015   0.05  -0.05     1.53
  MONTH TO DATE    0.41                      0.40   0.01     2.26
  SINCE OCT 1      5.14                      4.52   0.62     6.06
  SINCE JAN 1     20.85                     18.44   2.41    20.26

DEGREE DAYS
 HEATING
  YESTERDAY       58                        45     13       28
  MONTH TO DATE  334                       311     23      268
  SINCE DEC 1    334                       311     23      268
  SINCE JUL 1   2371                      2949   -578     2369

 COOLING
  YESTERDAY        0                         0      0        0
  MONTH TO DATE    0                         0      0        0
  SINCE DEC 1      0                         0      0        0
  SINCE JAN 1    108                        25     83      169
..................................................................


WIND (MPH)
  HIGHEST WIND SPEED     7   HIGHEST WIND DIRECTION     S (170)
  HIGHEST GUST SPEED     7   HIGHEST GUST DIRECTION     S (170)
  AVERAGE WIND SPEED     1.6


SKY COVER
  AVERAGE SKY COVER 0.6


WEATHER CONDITIONS
 THE FOLLOWING WEATHER WAS RECORDED YESTERDAY.
  FOG
  HAZE


RELATIVE HUMIDITY (PERCENT)
 HIGHEST    92          1000 AM
 LOWEST     70           500 PM
 AVERAGE    81

..........................................................


THE MCCALL ID CLIMATE NORMALS FOR TODAY
                         NORMAL    RECORD    YEAR
 MAXIMUM TEMPERATURE (F)   28        52      1939
 MINIMUM TEMPERATURE (F)   11       -19      2005


SUNRISE AND SUNSET
DECEMBER  8 2016......SUNRISE   810 AM MST   SUNSET   503 PM MST
DECEMBER  9 2016......SUNRISE   811 AM MST   SUNSET   503 PM MST


-  INDICATES NEGATIVE NUMBERS.
R  INDICATES RECORD WAS SET OR TIED.
MM INDICATES DATA IS MISSING.
T  INDICATES TRACE AMOUNT.




$$
