000
CDUS44 KLIX 182231
CLINEW


CLIMATE REPORT
NATIONAL WEATHER SERVICE NEW ORLEANS
NATIONAL WEATHER SERVICE NEW ORL
430 PM CST MON DEC 18 2017


...................................

...THE NEW ORLEANS CLIMATE SUMMARY FOR DECEMBER 18 2017...
VALID TODAY AS OF 0400 PM LOCAL TIME.

CLIMATE NORMAL PERIOD 1981 TO 2010
CLIMATE RECORD PERIOD 1946 TO 2017


WEATHER ITEM   OBSERVED TIME   RECORD YEAR NORMAL DEPARTURE LAST
                VALUE   (LST)  VALUE       VALUE  FROM      YEAR
                                                  NORMAL
..................................................................
TEMPERATURE (F)
 TODAY
  MAXIMUM         71    254 PM  79    2008  64      7       72
  MINIMUM         63    927 AM  26    1979  46     17       39
  AVERAGE         67                        55     12       56

PRECIPITATION (IN)
  TODAY            0.21          2.26 1965   0.17   0.04     1.66
  MONTH TO DATE    4.71                      2.99   1.72     5.27
  SINCE DEC 1      4.71                      2.99   1.72     5.27
  SINCE JAN 1     71.97                     60.20  11.77    68.15

SNOWFALL (IN)
  TODAY            0.0
  MONTH TO DATE    T
  SINCE DEC 1      T
  SINCE JUL 1      T
  SNOW DEPTH       0

DEGREE DAYS
 HEATING
  TODAY            0                        11    -11        9
  MONTH TO DATE  187                       168     19      136
  SINCE DEC 1    187                       168     19      136
  SINCE JUL 1    319                       332    -13      207

 COOLING
  TODAY            2                         1      1        0
  MONTH TO DATE   10                        18     -8       21
  SINCE DEC 1     10                        18     -8       21
  SINCE JAN 1   3214                      2996    218     3856
..................................................................


WIND (MPH)
  HIGHEST WIND SPEED    14   HIGHEST WIND DIRECTION    SE (150)
  HIGHEST GUST SPEED    20   HIGHEST GUST DIRECTION    NE (30)
  AVERAGE WIND SPEED     5.9


SKY COVER
  POSSIBLE SUNSHINE  MM
  AVERAGE SKY COVER 0.9


WEATHER CONDITIONS
 THE FOLLOWING WEATHER WAS RECORDED TODAY.
  THUNDERSTORM
  RAIN
  LIGHT RAIN
  FOG
  FOG W/VISIBILITY <= 1/4 MILE


RELATIVE HUMIDITY (PERCENT)
 HIGHEST   100          1200 AM
 LOWEST     84           300 PM
 AVERAGE    92

..........................................................


THE NEW ORLEANS CLIMATE NORMALS FOR TOMORROW
                         NORMAL    RECORD    YEAR
 MAXIMUM TEMPERATURE (F)   64        82      1967
 MINIMUM TEMPERATURE (F)   46        26      1996


SUNRISE AND SUNSET
DECEMBER 18 2017......SUNRISE   651 AM CST   SUNSET   504 PM CST
DECEMBER 19 2017......SUNRISE   652 AM CST   SUNSET   505 PM CST


-  INDICATES NEGATIVE NUMBERS.
R  INDICATES RECORD WAS SET OR TIED.
MM INDICATES DATA IS MISSING.
T  INDICATES TRACE AMOUNT.




$$
