000
CDUS44 KLIX 242117
CLINEW


CLIMATE REPORT
NATIONAL WEATHER SERVICE NEW ORLEANS
417 PM CDT WED AUG 24 2016


...................................

...THE NEW ORLEANS CLIMATE SUMMARY FOR AUGUST 24 2016...
VALID TODAY AS OF 0400 PM LOCAL TIME.

CLIMATE NORMAL PERIOD 1981 TO 2010
CLIMATE RECORD PERIOD 1946 TO 2016


WEATHER ITEM   OBSERVED TIME   RECORD YEAR NORMAL DEPARTURE LAST
                VALUE   (LST)  VALUE       VALUE  FROM      YEAR
                                                  NORMAL
..................................................................
TEMPERATURE (F)
 TODAY
  MAXIMUM         95    258 PM  97    2011  91      4       96
  MINIMUM         81    507 AM  63    1965  75      6       79
  AVERAGE         88                        83      5       88

PRECIPITATION (IN)
  TODAY            0.00          2.09 1977   0.19  -0.19     0.00
  MONTH TO DATE    9.99                      4.66   5.33     3.28
  SINCE JUN 1     24.22                     18.65   5.57    11.20
  SINCE JAN 1     53.55                     42.89  10.66    46.37

SNOWFALL (IN)
  TODAY            0.0
  MONTH TO DATE    0.0
  SINCE JUN 1      0.0
  SINCE JUL 1      0.0
  SNOW DEPTH       0

DEGREE DAYS
 HEATING
  TODAY            0                         0      0        0
  MONTH TO DATE    0                         0      0        0
  SINCE JUN 1      0                         0      0        0
  SINCE JUL 1      0                         0      0        0

 COOLING
  TODAY           23                        18      5       23
  MONTH TO DATE  502                       432     70      506
  SINCE JUN 1   1768                      1493    275     1681
  SINCE JAN 1   2548                      2112    436     2510
..................................................................


WIND (MPH)
  HIGHEST WIND SPEED     9   HIGHEST WIND DIRECTION     S (170)
  HIGHEST GUST SPEED    12   HIGHEST GUST DIRECTION     N (20)
  AVERAGE WIND SPEED     3.7


SKY COVER
  POSSIBLE SUNSHINE  MM
  AVERAGE SKY COVER 0.6


WEATHER CONDITIONS
 THE FOLLOWING WEATHER WAS RECORDED TODAY.
  FOG
  HAZE


RELATIVE HUMIDITY (PERCENT)
 HIGHEST    88           600 AM
 LOWEST     56           200 PM
 AVERAGE    72

..........................................................


THE NEW ORLEANS CLIMATE NORMALS FOR TOMORROW
                         NORMAL    RECORD    YEAR
 MAXIMUM TEMPERATURE (F)   91        97      1990
                                             1986
                                             1980
 MINIMUM TEMPERATURE (F)   75        65      1966


SUNRISE AND SUNSET
AUGUST 24 2016........SUNRISE   634 AM CDT   SUNSET   732 PM CDT
AUGUST 25 2016........SUNRISE   634 AM CDT   SUNSET   731 PM CDT


-  INDICATES NEGATIVE NUMBERS.
R  INDICATES RECORD WAS SET OR TIED.
MM INDICATES DATA IS MISSING.
T  INDICATES TRACE AMOUNT.




$$
