000
CDUS44 KLIX 020802
CLINEW


CLIMATE REPORT
NATIONAL WEATHER SERVICE NEW ORLEANS
200 AM CST MON MAR 2 2015


...................................

...THE NEW ORLEANS CLIMATE SUMMARY FOR MARCH 1 2015...

CLIMATE NORMAL PERIOD 1981 TO 2010
CLIMATE RECORD PERIOD 1946 TO 2015


WEATHER ITEM   OBSERVED TIME   RECORD YEAR NORMAL DEPARTURE LAST
                VALUE   (LST)  VALUE       VALUE  FROM      YEAR
                                                  NORMAL
..................................................................
TEMPERATURE (F)
 YESTERDAY
  MAXIMUM         67    328 PM  83    2012  69     -2       77
  MINIMUM         56    814 AM  26    1968  51      5       58
  AVERAGE         62                        60      2       68

PRECIPITATION (IN)
  YESTERDAY        0.13          2.67 1994   0.16  -0.03     0.00
  MONTH TO DATE    0.13                      0.16  -0.03     0.00
  SINCE MAR 1      0.13                      0.16  -0.03     0.00
  SINCE JAN 1      7.83                     10.61  -2.78     9.03

SNOWFALL (IN)
  YESTERDAY        0.0
  MONTH TO DATE    0.0
  SINCE MAR 1      0.0
  SINCE JUL 1      0.0
  SNOW DEPTH       0

DEGREE DAYS
 HEATING
  YESTERDAY        3                         6     -3        0
  MONTH TO DATE    3                         6     -3        0
  SINCE MAR 1      3                         6     -3        0
  SINCE JUL 1   1207                      1115     92     1353

 COOLING
  YESTERDAY        0                         1     -1        3
  MONTH TO DATE    0                         1     -1        3
  SINCE MAR 1      0                         1     -1        3
  SINCE JAN 1     18                        38    -20       27
..................................................................


WIND (MPH)
  HIGHEST WIND SPEED    17   HIGHEST WIND DIRECTION     E (80)
  HIGHEST GUST SPEED    23   HIGHEST GUST DIRECTION     E (80)
  AVERAGE WIND SPEED     9.1


SKY COVER
  POSSIBLE SUNSHINE  MM
  AVERAGE SKY COVER 1.0


WEATHER CONDITIONS
 THE FOLLOWING WEATHER WAS RECORDED YESTERDAY.
  LIGHT RAIN
  FOG
  FOG W/VISIBILITY <= 1/4 MILE
  HAZE


RELATIVE HUMIDITY (PERCENT)
 HIGHEST   100           700 AM
 LOWEST     81           300 PM
 AVERAGE    91

..........................................................


THE NEW ORLEANS CLIMATE NORMALS FOR TODAY
                         NORMAL    RECORD    YEAR
 MAXIMUM TEMPERATURE (F)   69        83      2012
                                             1971
                                             1953
 MINIMUM TEMPERATURE (F)   51        25      1980


SUNRISE AND SUNSET
MARCH  2 2015.........SUNRISE   626 AM CST   SUNSET   601 PM CST
MARCH  3 2015.........SUNRISE   625 AM CST   SUNSET   601 PM CST


-  INDICATES NEGATIVE NUMBERS.
R  INDICATES RECORD WAS SET OR TIED.
MM INDICATES DATA IS MISSING.
T  INDICATES TRACE AMOUNT.




$$
