000
CDUS44 KLIX 040701
CLINEW


CLIMATE REPORT
NATIONAL WEATHER SERVICE NEW ORLEANS
200 AM CDT FRI SEP 4 2015


...................................

...THE NEW ORLEANS CLIMATE SUMMARY FOR SEPTEMBER 3 2015...

CLIMATE NORMAL PERIOD 1981 TO 2010
CLIMATE RECORD PERIOD 1946 TO 2015


WEATHER ITEM   OBSERVED TIME   RECORD YEAR NORMAL DEPARTURE LAST
                VALUE   (LST)  VALUE       VALUE  FROM      YEAR
                                                  NORMAL
..................................................................
TEMPERATURE (F)
 YESTERDAY
  MAXIMUM         86    208 PM  97    1947  90     -4       91
  MINIMUM         76    327 AM  67    1987  75      1       75
                                      1954
  AVERAGE         81                        82     -1       83

PRECIPITATION (IN)
  YESTERDAY        0.02          6.25 2011   0.19  -0.17      T
  MONTH TO DATE    0.13                      0.59  -0.46     0.09
  SINCE SEP 1      0.13                      0.59  -0.46     0.09
  SINCE JAN 1     46.50                     44.80   1.70    43.05

SNOWFALL (IN)
  YESTERDAY        0.0
  MONTH TO DATE    0.0
  SINCE SEP 1      0.0
  SINCE JUL 1      0.0
  SNOW DEPTH       0

DEGREE DAYS
 HEATING
  YESTERDAY        0                         0      0        0
  MONTH TO DATE    0                         0      0        0
  SINCE SEP 1      0                         0      0        0
  SINCE JUL 1      0                         0      0        0

 COOLING
  YESTERDAY       16                        17     -1       18
  MONTH TO DATE   51                        51      0       58
  SINCE SEP 1     51                        51      0       58
  SINCE JAN 1   2680                      2297    383     2242
..................................................................


WIND (MPH)
  HIGHEST WIND SPEED    15   HIGHEST WIND DIRECTION     E (90)
  HIGHEST GUST SPEED    18   HIGHEST GUST DIRECTION    SE (150)
  AVERAGE WIND SPEED     5.0


SKY COVER
  POSSIBLE SUNSHINE  MM
  AVERAGE SKY COVER 0.8


WEATHER CONDITIONS
 THE FOLLOWING WEATHER WAS RECORDED YESTERDAY.
  THUNDERSTORM
  LIGHT RAIN


RELATIVE HUMIDITY (PERCENT)
 HIGHEST    85          1000 PM
 LOWEST     70           200 PM
 AVERAGE    78

..........................................................


THE NEW ORLEANS CLIMATE NORMALS FOR TODAY
                         NORMAL    RECORD    YEAR
 MAXIMUM TEMPERATURE (F)   90        99      2000
 MINIMUM TEMPERATURE (F)   75        62      1952


SUNRISE AND SUNSET
SEPTEMBER  4 2015.....SUNRISE   640 AM CDT   SUNSET   720 PM CDT
SEPTEMBER  5 2015.....SUNRISE   640 AM CDT   SUNSET   719 PM CDT


-  INDICATES NEGATIVE NUMBERS.
R  INDICATES RECORD WAS SET OR TIED.
MM INDICATES DATA IS MISSING.
T  INDICATES TRACE AMOUNT.




$$
