000
CDUS44 KLIX 032126
CLINEW


CLIMATE REPORT
NATIONAL WEATHER SERVICE NEW ORLEANS
425 PM CDT MON AUG 3 2015


...................................

...THE NEW ORLEANS CLIMATE SUMMARY FOR AUGUST 3 2015...
VALID TODAY AS OF 0400 PM LOCAL TIME.

CLIMATE NORMAL PERIOD 1981 TO 2010
CLIMATE RECORD PERIOD 1946 TO 2015


WEATHER ITEM   OBSERVED TIME   RECORD YEAR NORMAL DEPARTURE LAST
                VALUE   (LST)  VALUE       VALUE  FROM      YEAR
                                                  NORMAL
..................................................................
TEMPERATURE (F)
 TODAY
  MAXIMUM         95   1232 PM  97    2011  92      3       95
                                      1978
  MINIMUM         78    505 AM  69    1974  75      3       76
                                      1965
                                      1950
  AVERAGE         87                        83      4       86

PRECIPITATION (IN)
  TODAY            0.00          3.33 1984   0.20  -0.20      T
  MONTH TO DATE    0.00                      0.59  -0.59     0.03
  SINCE JUN 1      7.92                     14.58  -6.66    12.55
  SINCE JAN 1     43.09                     38.82   4.27    37.49

SNOWFALL (IN)
  TODAY            0.0
  MONTH TO DATE    0.0
  SINCE JUN 1      0.0
  SINCE JUL 1      0.0
  SNOW DEPTH       0

DEGREE DAYS
 HEATING
  TODAY            0                         0      0        0
  MONTH TO DATE    0                         0      0        0
  SINCE JUN 1      0                         0      0        0
  SINCE JUL 1      0                         0      0        0

 COOLING
  TODAY           22                        18      4       21
  MONTH TO DATE   64                        54     10       59
  SINCE JUN 1   1239                      1115    124     1113
  SINCE JAN 1   2068                      1734    334     1636
..................................................................


WIND (MPH)
  HIGHEST WIND SPEED    26   HIGHEST WIND DIRECTION     S (180)
  HIGHEST GUST SPEED    31   HIGHEST GUST DIRECTION     S (180)
  AVERAGE WIND SPEED     7.6


SKY COVER
  POSSIBLE SUNSHINE  MM
  AVERAGE SKY COVER 0.5


WEATHER CONDITIONS
 THE FOLLOWING WEATHER WAS RECORDED TODAY.
  NO SIGNIFICANT WEATHER WAS OBSERVED.


RELATIVE HUMIDITY (PERCENT)
 HIGHEST    85           100 AM
 LOWEST     41          1200 PM
 AVERAGE    63

..........................................................


THE NEW ORLEANS CLIMATE NORMALS FOR TOMORROW
                         NORMAL    RECORD    YEAR
 MAXIMUM TEMPERATURE (F)   92        98      1951
 MINIMUM TEMPERATURE (F)   75        67      1974


SUNRISE AND SUNSET
AUGUST  3 2015........SUNRISE   621 AM CDT   SUNSET   753 PM CDT
AUGUST  4 2015........SUNRISE   622 AM CDT   SUNSET   752 PM CDT


-  INDICATES NEGATIVE NUMBERS.
R  INDICATES RECORD WAS SET OR TIED.
MM INDICATES DATA IS MISSING.
T  INDICATES TRACE AMOUNT.




$$
