000
CDUS44 KLIX 252121
CLINEW


CLIMATE REPORT
NATIONAL WEATHER SERVICE NEW ORLEANS
420 PM CDT WED MAY 25 2016


...................................

...THE NEW ORLEANS CLIMATE SUMMARY FOR MAY 25 2016...
VALID TODAY AS OF 0400 PM LOCAL TIME.

CLIMATE NORMAL PERIOD 1981 TO 2010
CLIMATE RECORD PERIOD 1946 TO 2016


WEATHER ITEM   OBSERVED TIME   RECORD YEAR NORMAL DEPARTURE LAST
                VALUE   (LST)  VALUE       VALUE  FROM      YEAR
                                                  NORMAL
..................................................................
TEMPERATURE (F)
 TODAY
  MAXIMUM         90    215 PM  94    2010  87      3       87
                                      1953
  MINIMUM         67   1049 AM  58    1985  70     -3       72
                                      1967
  AVERAGE         79                        79      0       80

PRECIPITATION (IN)
  TODAY            0.00          1.74 2015   0.16  -0.16     1.74
  MONTH TO DATE    4.10                      3.55   0.55     7.29
  SINCE MAR 1     20.35                     12.71   7.64    25.62
  SINCE JAN 1     28.48                     23.16   5.32    33.32

SNOWFALL (IN)
  TODAY            0.0
  MONTH TO DATE    0.0
  SINCE MAR 1      0.0
  SINCE JUL 1      0.0
  SNOW DEPTH       0

DEGREE DAYS
 HEATING
  TODAY            0                         0      0        0
  MONTH TO DATE    0                         0      0        0
  SINCE MAR 1     41                       170   -129       70
  SINCE JUL 1    755                      1279   -524     1274

 COOLING
  TODAY           14                        14      0       15
  MONTH TO DATE  293                       275     18      337
  SINCE MAR 1    641                       495    146      729
  SINCE JAN 1    677                       532    145      747
..................................................................


WIND (MPH)
  HIGHEST WIND SPEED    17   HIGHEST WIND DIRECTION    SE (150)
  HIGHEST GUST SPEED    24   HIGHEST GUST DIRECTION    SE (130)
  AVERAGE WIND SPEED     9.5


SKY COVER
  POSSIBLE SUNSHINE  MM
  AVERAGE SKY COVER 0.5


WEATHER CONDITIONS
 THE FOLLOWING WEATHER WAS RECORDED TODAY.
  HAZE


RELATIVE HUMIDITY (PERCENT)
 HIGHEST    88           600 AM
 LOWEST     56          1200 PM
 AVERAGE    72

..........................................................


THE NEW ORLEANS CLIMATE NORMALS FOR TOMORROW
                         NORMAL    RECORD    YEAR
 MAXIMUM TEMPERATURE (F)   87        93      2012
                                             1980
 MINIMUM TEMPERATURE (F)   70        48      1979


SUNRISE AND SUNSET
MAY 25 2016...........SUNRISE   602 AM CDT   SUNSET   754 PM CDT
MAY 26 2016...........SUNRISE   602 AM CDT   SUNSET   754 PM CDT


-  INDICATES NEGATIVE NUMBERS.
R  INDICATES RECORD WAS SET OR TIED.
MM INDICATES DATA IS MISSING.
T  INDICATES TRACE AMOUNT.




$$
