000
CDUS44 KLIX 190809
CLINEW


CLIMATE REPORT
NATIONAL WEATHER SERVICE NEW ORLEANS
208 AM CST FRI DEC 19 2014


...................................

...THE NEW ORLEANS CLIMATE SUMMARY FOR DECEMBER 18 2014...

CLIMATE NORMAL PERIOD 1981 TO 2010
CLIMATE RECORD PERIOD 1946 TO 2014


WEATHER ITEM   OBSERVED TIME   RECORD YEAR NORMAL DEPARTURE LAST
                VALUE   (LST)  VALUE       VALUE  FROM      YEAR
                                                  NORMAL
..................................................................
TEMPERATURE (F)
 YESTERDAY
  MAXIMUM         69   1132 AM  79    2008  64      5       66
  MINIMUM         48    135 AM  26    1979  46      2       40
  AVERAGE         59                        55      4       53

PRECIPITATION (IN)
  YESTERDAY        0.03          2.26 1965   0.17  -0.14     0.00
  MONTH TO DATE    0.03                      2.99  -2.96     0.67
  SINCE DEC 1      0.03                      2.99  -2.96     0.67
  SINCE JAN 1     50.81                     60.20  -9.39    63.84

SNOWFALL (IN)
  YESTERDAY       MM
  MONTH TO DATE    0.0
  SINCE DEC 1      0.0
  SINCE JUL 1      0.0
  SNOW DEPTH       0

DEGREE DAYS
 HEATING
  YESTERDAY        6                        11     -5       12
  MONTH TO DATE  100                       168    -68      189
  SINCE DEC 1    100                       168    -68      189
  SINCE JUL 1    330                       332     -2      389

 COOLING
  YESTERDAY        0                         1     -1        0
  MONTH TO DATE   24                        18      6       26
  SINCE DEC 1     24                        18      6       26
  SINCE JAN 1   2990                      2996     -6     2985
..................................................................


WIND (MPH)
  HIGHEST WIND SPEED    16   HIGHEST WIND DIRECTION    NE (50)
  HIGHEST GUST SPEED    20   HIGHEST GUST DIRECTION    NE (50)
  AVERAGE WIND SPEED     6.8


SKY COVER
  POSSIBLE SUNSHINE  MM
  AVERAGE SKY COVER 0.9


WEATHER CONDITIONS
 THE FOLLOWING WEATHER WAS RECORDED YESTERDAY.
  LIGHT RAIN
  FOG


RELATIVE HUMIDITY (PERCENT)
 HIGHEST    86          1000 PM
 LOWEST     58          1100 AM
 AVERAGE    72

..........................................................


THE NEW ORLEANS CLIMATE NORMALS FOR TODAY
                         NORMAL    RECORD    YEAR
 MAXIMUM TEMPERATURE (F)   64        82      1967
 MINIMUM TEMPERATURE (F)   46        26      1996


SUNRISE AND SUNSET
DECEMBER 19 2014......SUNRISE   652 AM CST   SUNSET   505 PM CST
DECEMBER 20 2014......SUNRISE   652 AM CST   SUNSET   505 PM CST


-  INDICATES NEGATIVE NUMBERS.
R  INDICATES RECORD WAS SET OR TIED.
MM INDICATES DATA IS MISSING.
T  INDICATES TRACE AMOUNT.




$$
