000
CDUS46 KMTR 190826
CLINUQ


CLIMATE REPORT
NATIONAL WEATHER SERVICE SAN FRANCISCO BAY AREA
1225 AM PST THU JAN 19 2017


...................................

...THE MOFFETT FIELD CLIMATE SUMMARY FOR JANUARY 18 2017...

CLIMATE NORMAL PERIOD 1981 TO 2010
CLIMATE RECORD PERIOD 1945 TO 2017


WEATHER ITEM   OBSERVED TIME   RECORD YEAR NORMAL DEPARTURE LAST
                VALUE   (LST)  VALUE       VALUE  FROM      YEAR
                                                  NORMAL
..................................................................
TEMPERATURE (F)
 YESTERDAY
  MAXIMUM         54   1159 PM  71    2014  59     -5       65
                                      1981
  MINIMUM         46    236 AM  27    1947  43      3       52
  AVERAGE         50                        51     -1       59

PRECIPITATION (IN)
  YESTERDAY        0.57          0.81 1969   0.08   0.49     0.65
  MONTH TO DATE    3.54                      1.71   1.83     2.60
  SINCE OCT 1      8.11                      6.55   1.56     7.00
  SINCE JAN 1      3.54                      1.71   1.83     2.60

DEGREE DAYS
 HEATING
  YESTERDAY       15                                         6
  MONTH TO DATE  274                                       228
  SINCE DEC 1    733                                       700
  SINCE JUL 1   1020                                      1043

 COOLING
  YESTERDAY        0                                         0
  MONTH TO DATE    0                                         0
  SINCE DEC 1      0                                         0
  SINCE JAN 1      0                                         0
..................................................................


WIND (MPH)
  RESULTANT WIND SPEED   9   RESULTANT WIND DIRECTION  SE (150)
  HIGHEST WIND SPEED    28   HIGHEST WIND DIRECTION    SE (140)
  HIGHEST GUST SPEED    40   HIGHEST GUST DIRECTION    SE (130)
  AVERAGE WIND SPEED    11.0


SKY COVER
  POSSIBLE SUNSHINE  MM
  AVERAGE SKY COVER 0.8


WEATHER CONDITIONS
 THE FOLLOWING WEATHER WAS RECORDED YESTERDAY.
  HEAVY RAIN
  RAIN
  LIGHT RAIN
  FOG
  HAZE


RELATIVE HUMIDITY (PERCENT)
 HIGHEST    89           700 PM
 LOWEST     66           900 AM
 AVERAGE    78

..........................................................


THE MOFFETT FIELD CLIMATE NORMALS FOR TODAY
                         NORMAL    RECORD    YEAR
 MAXIMUM TEMPERATURE (F)   59        71      2009
 MINIMUM TEMPERATURE (F)   43        31      1948


SUNRISE AND SUNSET
JANUARY 19 2017.......SUNRISE   720 AM PST   SUNSET   519 PM PST
JANUARY 20 2017.......SUNRISE   719 AM PST   SUNSET   520 PM PST


-  INDICATES NEGATIVE NUMBERS.
R  INDICATES RECORD WAS SET OR TIED.
MM INDICATES DATA IS MISSING.
T  INDICATES TRACE AMOUNT.




$$
