039
CDUS46 KMTR 260031
CLINUQ


CLIMATE REPORT
NATIONAL WEATHER SERVICE SAN FRANCISCO BAY AREA
431 PM PST SUN FEB 25 2018


...................................

...THE MOFFETT FIELD CLIMATE SUMMARY FOR FEBRUARY 25 2018...
VALID TODAY AS OF 0400 PM LOCAL TIME.

CLIMATE NORMAL PERIOD 1981 TO 2010
CLIMATE RECORD PERIOD 1945 TO 2018


WEATHER ITEM   OBSERVED TIME   RECORD YEAR NORMAL DEPARTURE LAST
                VALUE   (LST)  VALUE       VALUE  FROM      YEAR
                                                  NORMAL
..................................................................
TEMPERATURE (F)
 TODAY
  MAXIMUM         61    216 PM  78    1992  63     -2       57
  MINIMUM         38    719 AM  34    1953  46     -8       36
  AVERAGE         50                        55     -5       47

PRECIPITATION (IN)
  TODAY            0.00          1.73 2004   0.11  -0.11     0.00
  MONTH TO DATE    0.02                      2.74  -2.72     5.19
  SINCE OCT 1      4.72                     10.33  -5.61    15.16
  SINCE JAN 1      2.77                      5.49  -2.72    10.59

DEGREE DAYS
 HEATING
  TODAY           15                                        18
  MONTH TO DATE  263                                       254
  SINCE DEC 1   1079                                      1191
  SINCE JUL 1   1361                                      1478

 COOLING
  TODAY            0                                         0
  MONTH TO DATE    0                                         0
  SINCE DEC 1      0                                         0
  SINCE JAN 1      0                                         0
..................................................................


WIND (MPH)
  RESULTANT WIND SPEED   2   RESULTANT WIND DIRECTION   N (0)
  HIGHEST WIND SPEED    17   HIGHEST WIND DIRECTION     N (340)
  HIGHEST GUST SPEED    20   HIGHEST GUST DIRECTION     N (350)
  AVERAGE WIND SPEED     3.2


SKY COVER
  POSSIBLE SUNSHINE  MM
  AVERAGE SKY COVER 0.0


WEATHER CONDITIONS
 THE FOLLOWING WEATHER WAS RECORDED TODAY.
  NO SIGNIFICANT WEATHER WAS OBSERVED.


RELATIVE HUMIDITY (PERCENT)
 HIGHEST    92           500 AM
 LOWEST     32           200 PM
 AVERAGE    62

..........................................................


THE MOFFETT FIELD CLIMATE NORMALS FOR TOMORROW
                         NORMAL    RECORD    YEAR
 MAXIMUM TEMPERATURE (F)   63        82      1986
 MINIMUM TEMPERATURE (F)   46        34      2011
                                             1962


SUNRISE AND SUNSET
FEBRUARY 25 2018......SUNRISE   645 AM PST   SUNSET   558 PM PST
FEBRUARY 26 2018......SUNRISE   643 AM PST   SUNSET   559 PM PST


-  INDICATES NEGATIVE NUMBERS.
R  INDICATES RECORD WAS SET OR TIED.
MM INDICATES DATA IS MISSING.
T  INDICATES TRACE AMOUNT.




$$
