000
CDUS46 KMTR 100838
CLINUQ


CLIMATE REPORT
NATIONAL WEATHER SERVICE SAN FRANCISCO BAY AREA
1235 AM PST WED FEB 10 2016


...................................

...THE MOFFETT FIELD CLIMATE SUMMARY FOR FEBRUARY 9 2016...

CLIMATE NORMAL PERIOD 1981 TO 2010
CLIMATE RECORD PERIOD 1945 TO 2016


WEATHER ITEM   OBSERVED TIME   RECORD YEAR NORMAL DEPARTURE LAST
                VALUE   (LST)  VALUE       VALUE  FROM      YEAR
                                                  NORMAL
..................................................................
TEMPERATURE (F)
 YESTERDAY
  MAXIMUM         73    214 PM  74    2006  61     12       67
  MINIMUM         45    645 AM  32    1946  45      0       52
  AVERAGE         59                        53      6       60

PRECIPITATION (IN)
  YESTERDAY        0.00          1.52 1962   0.11  -0.11      T
  MONTH TO DATE    0.06                      0.93  -0.87     2.39
  SINCE OCT 1      8.04                      8.52  -0.48    12.38
  SINCE JAN 1      3.64                      3.68  -0.04     2.39

DEGREE DAYS
 HEATING
  YESTERDAY        6                                         5
  MONTH TO DATE   97                                        54
  SINCE DEC 1    925                                       734
  SINCE JUL 1   1268                                       961

 COOLING
  YESTERDAY        0                                         0
  MONTH TO DATE    0                                         0
  SINCE DEC 1      0                                         0
  SINCE JAN 1      0                                         0
..................................................................


WIND (MPH)
  RESULTANT WIND SPEED   1   RESULTANT WIND DIRECTION   N (350)
  HIGHEST WIND SPEED    10   HIGHEST WIND DIRECTION     N (360)
  HIGHEST GUST SPEED    12   HIGHEST GUST DIRECTION    NW (330)
  AVERAGE WIND SPEED     2.5


SKY COVER
  POSSIBLE SUNSHINE  MM
  AVERAGE SKY COVER 0.0


WEATHER CONDITIONS
 THE FOLLOWING WEATHER WAS RECORDED YESTERDAY.
  NO SIGNIFICANT WEATHER WAS OBSERVED.


RELATIVE HUMIDITY (PERCENT)
 HIGHEST    80           500 AM
 LOWEST     41           200 PM
 AVERAGE    61

..........................................................


THE MOFFETT FIELD CLIMATE NORMALS FOR TODAY
                         NORMAL    RECORD    YEAR
 MAXIMUM TEMPERATURE (F)   61        75      1988
 MINIMUM TEMPERATURE (F)   45        33      1946


SUNRISE AND SUNSET
FEBRUARY 10 2016......SUNRISE   703 AM PST   SUNSET   542 PM PST
FEBRUARY 11 2016......SUNRISE   702 AM PST   SUNSET   543 PM PST


-  INDICATES NEGATIVE NUMBERS.
R  INDICATES RECORD WAS SET OR TIED.
MM INDICATES DATA IS MISSING.
T  INDICATES TRACE AMOUNT.




$$
