000
CDUS41 KOKX 290658
CLINYC


CLIMATE REPORT
NATIONAL WEATHER SERVICE NEW YORK NY
257 AM EDT SAT APR 29 2017


...................................

...THE CENTRAL PARK NY CLIMATE SUMMARY FOR APRIL 28 2017...

CLIMATE NORMAL PERIOD 1981 TO 2010
CLIMATE RECORD PERIOD 1869 TO 2017


WEATHER ITEM   OBSERVED TIME   RECORD YEAR NORMAL DEPARTURE LAST
                VALUE   (LST)  VALUE       VALUE  FROM      YEAR
                                                  NORMAL
..................................................................
TEMPERATURE (F)
 YESTERDAY
  MAXIMUM         85    212 PM  90    2009  66     19       59
                                      1990
  MINIMUM         58    552 AM  34    1934  49      9       48
                                      1874
  AVERAGE         72                        57     15       54

PRECIPITATION (IN)
  YESTERDAY        T             2.74 1980   0.15  -0.15     0.00
  MONTH TO DATE    3.78                      4.23  -0.45     1.56
  SINCE MAR 1      9.03                      8.59   0.44     2.73
  SINCE JAN 1     16.34                     15.33   1.01    11.54

SNOWFALL (IN)
  YESTERDAY        0.0           T    1931   0.0    0.0      0.0
  MONTH TO DATE    0.0                       0.6   -0.6       T
  SINCE OCT 1     30.2                      25.8    4.4     32.8
  SINCE JUL 1     30.2                      25.8    4.4     32.8
  SNOW DEPTH       0

DEGREE DAYS
 HEATING
  YESTERDAY        0                         8     -8       11
  MONTH TO DATE  256                       354    -98      333
  SINCE MAR 1   1049                      1054     -5      831
  SINCE JUL 1   4032                      4576   -544     3578

 COOLING
  YESTERDAY        7                         1      6        0
  MONTH TO DATE   24                         7     17       13
  SINCE MAR 1     24                         8     16       19
  SINCE JAN 1     24                         8     16       19
..................................................................


WIND (MPH)
  HIGHEST WIND SPEED    12   HIGHEST WIND DIRECTION    SW (210)
  HIGHEST GUST SPEED    19   HIGHEST GUST DIRECTION     S (190)
  AVERAGE WIND SPEED     3.1


SKY COVER
  AVERAGE SKY COVER 0.4


WEATHER CONDITIONS
 THE FOLLOWING WEATHER WAS RECORDED YESTERDAY.
  LIGHT RAIN
  FOG
  HAZE


RELATIVE HUMIDITY (PERCENT)
 HIGHEST   100           100 AM
 LOWEST     26           300 PM
 AVERAGE    63

..........................................................


THE CENTRAL PARK NY CLIMATE NORMALS FOR TODAY
                         NORMAL    RECORD    YEAR
 MAXIMUM TEMPERATURE (F)   66        89      1974
 MINIMUM TEMPERATURE (F)   49        32      1874


SUNRISE AND SUNSET
APRIL 29 2017.........SUNRISE   557 AM EDT   SUNSET   750 PM EDT
APRIL 30 2017.........SUNRISE   555 AM EDT   SUNSET   751 PM EDT


-  INDICATES NEGATIVE NUMBERS.
R  INDICATES RECORD WAS SET OR TIED.
MM INDICATES DATA IS MISSING.
T  INDICATES TRACE AMOUNT.




$$
