000
CDUS41 KOKX 240619
CLINYC


CLIMATE REPORT
NATIONAL WEATHER SERVICE NEW YORK NY
219 AM EDT TUE MAY 24 2016


...................................

...THE CENTRAL PARK NY CLIMATE SUMMARY FOR MAY 23 2016...

CLIMATE NORMAL PERIOD 1981 TO 2010
CLIMATE RECORD PERIOD 1869 TO 2016


WEATHER ITEM   OBSERVED TIME   RECORD YEAR NORMAL DEPARTURE LAST
                VALUE   (LST)  VALUE       VALUE  FROM      YEAR
                                                  NORMAL
..................................................................
TEMPERATURE (F)
 YESTERDAY
  MAXIMUM         78    106 PM  94    1964  73      5       70
  MINIMUM         56    521 AM  43    1963  56      0       49
  AVERAGE         67                        64      3       60

PRECIPITATION (IN)
  YESTERDAY        0.02          2.70 1979   0.15  -0.13     0.00
  MONTH TO DATE    1.92                      3.00  -1.08     0.32
  SINCE MAR 1      4.70                     11.86  -7.16     7.12
  SINCE JAN 1     13.51                     18.60  -5.09    14.39

SNOWFALL (IN)
  YESTERDAY        0.0           0.0  2002   0.0    0.0      0.0
                                      2001
  MONTH TO DATE    0.0                       0.0    0.0      0.0
  SINCE OCT 1     32.8                      25.8    7.0     50.3
  SINCE JUL 1     32.8                      25.8    7.0     50.3
  SNOW DEPTH       0

DEGREE DAYS
 HEATING
  YESTERDAY        0                         3     -3        5
  MONTH TO DATE  161                       118     43       37
  SINCE MAR 1   1014                      1189   -175     1182
  SINCE JUL 1   3761                      4711   -950     4941

 COOLING
  YESTERDAY        2                         2      0        0
  MONTH TO DATE    5                        32    -27       73
  SINCE MAR 1     24                        44    -20       78
  SINCE JAN 1     24                        44    -20       78
..................................................................


WIND (MPH)
  HIGHEST WIND SPEED     9   HIGHEST WIND DIRECTION     S (180)
  HIGHEST GUST SPEED    16   HIGHEST GUST DIRECTION     S (170)
  AVERAGE WIND SPEED     2.5


SKY COVER
  AVERAGE SKY COVER 0.2


WEATHER CONDITIONS
 THE FOLLOWING WEATHER WAS RECORDED YESTERDAY.
  LIGHT RAIN
  HAZE


RELATIVE HUMIDITY (PERCENT)
 HIGHEST    86           500 AM
 LOWEST     39           100 PM
 AVERAGE    63

..........................................................


THE CENTRAL PARK NY CLIMATE NORMALS FOR TODAY
                         NORMAL    RECORD    YEAR
 MAXIMUM TEMPERATURE (F)   73        93      1975
 MINIMUM TEMPERATURE (F)   56        39      1963


SUNRISE AND SUNSET
MAY 24 2016...........SUNRISE   531 AM EDT   SUNSET   815 PM EDT
MAY 25 2016...........SUNRISE   530 AM EDT   SUNSET   816 PM EDT


-  INDICATES NEGATIVE NUMBERS.
R  INDICATES RECORD WAS SET OR TIED.
MM INDICATES DATA IS MISSING.
T  INDICATES TRACE AMOUNT.




$$
