000
CDUS45 KPSR 260811
CLINYL

CLIMATE REPORT
NATIONAL WEATHER SERVICE PHOENIX AZ
110 AM MST MON SEP 26 2016


...................................

...THE YUMA AZ CLIMATE SUMMARY FOR SEPTEMBER 25 2016...

CLIMATE NORMAL PERIOD 1981 TO 2010
CLIMATE RECORD PERIOD 1876 TO 2016


WEATHER ITEM   OBSERVED TIME   RECORD YEAR NORMAL DEPARTURE LAST
                VALUE   (LST)  VALUE       VALUE  FROM      YEAR
                                                  NORMAL
..................................................................
TEMPERATURE (F)
 YESTERDAY
  MAXIMUM         98    456 PM 112    1963  98      0      110
  MINIMUM         73    138 AM  53    1901  74     -1       83
  AVERAGE         86                        86      0       97

PRECIPITATION (IN)
  YESTERDAY        0.00          3.98 1997   0.02  -0.02     0.00
  MONTH TO DATE    0.12                      0.46  -0.34     0.95
  SINCE OCT 1      2.01                      3.49  -1.48     2.63
  SINCE JAN 1      1.87                      2.55  -0.68     2.19

DEGREE DAYS
 HEATING
  YESTERDAY        0                         0      0        0
  MONTH TO DATE    0                         0      0        0
  SINCE SEP 1      0                         0      0        0
  SINCE JUL 1      0                         0      0        0

 COOLING
  YESTERDAY       21                        21      0       32
  MONTH TO DATE  558                       624    -66      654
  SINCE SEP 1    558                       624    -66      654
  SINCE JAN 1   4305                      4077    228     4441
..................................................................


WIND (MPH)
  HIGHEST WIND SPEED    22   HIGHEST WIND DIRECTION     N (20)
  HIGHEST GUST SPEED    27   HIGHEST GUST DIRECTION    NE (40)
  AVERAGE WIND SPEED     9.5


SKY COVER
  AVERAGE SKY COVER 0.0


WEATHER CONDITIONS
 THE FOLLOWING WEATHER WAS RECORDED YESTERDAY.
  NO SIGNIFICANT WEATHER WAS OBSERVED.


RELATIVE HUMIDITY (PERCENT)
 HIGHEST    21
 LOWEST     10
 AVERAGE    16

..........................................................


THE YUMA AZ CLIMATE NORMALS FOR TODAY
                         NORMAL    RECORD    YEAR
 MAXIMUM TEMPERATURE (F)   98       111      2010
 MINIMUM TEMPERATURE (F)   73        52      1901


SUNRISE AND SUNSET
SEPTEMBER 26 2016.....SUNRISE   630 AM MST   SUNSET   629 PM MST
SEPTEMBER 27 2016.....SUNRISE   630 AM MST   SUNSET   628 PM MST


-  INDICATES NEGATIVE NUMBERS.
R  INDICATES RECORD WAS SET OR TIED.
MM INDICATES DATA IS MISSING.
T  INDICATES TRACE AMOUNT.

$$
