000
CDUS45 KPSR 230813
CLINYL

CLIMATE REPORT
NATIONAL WEATHER SERVICE PHOENIX AZ
113 AM MST MON JAN 23 2017

...................................

...THE YUMA AZ CLIMATE SUMMARY FOR JANUARY 22 2017...

CLIMATE NORMAL PERIOD 1981 TO 2010
CLIMATE RECORD PERIOD 1876 TO 2017


WEATHER ITEM   OBSERVED TIME   RECORD YEAR NORMAL DEPARTURE LAST
                VALUE   (LST)  VALUE       VALUE  FROM      YEAR
                                                  NORMAL
..................................................................
TEMPERATURE (F)
 YESTERDAY
  MAXIMUM         68    416 PM  82    2014  70     -2       MM
  MINIMUM         47    123 AM  25    1937  48     -1       MM
  AVERAGE         58                        59     -1       MM

PRECIPITATION (IN)
  YESTERDAY        T             0.50 1915   0.01  -0.01     0.00
  MONTH TO DATE    0.31                      0.28   0.03     0.49
  SINCE OCT 1      1.26                      1.22   0.04     0.63
  SINCE JAN 1      0.31                      0.28   0.03     0.49

DEGREE DAYS
 HEATING
  YESTERDAY        7                         6      1       MM
  MONTH TO DATE  144                       152     -8      164
  SINCE DEC 1    329                       388    -59      421
  SINCE JUL 1    375                       456    -81      491

 COOLING
  YESTERDAY        0                         0      0       MM
  MONTH TO DATE    0                         0      0        0
  SINCE DEC 1      9                         2      7        2
  SINCE JAN 1      0                         0      0        0
..................................................................


WIND (MPH)
  HIGHEST WIND SPEED    25   HIGHEST WIND DIRECTION     S (160)
  HIGHEST GUST SPEED    30   HIGHEST GUST DIRECTION    SE (150)
  AVERAGE WIND SPEED    13.2


SKY COVER
  AVERAGE SKY COVER 0.5


WEATHER CONDITIONS
 THE FOLLOWING WEATHER WAS RECORDED YESTERDAY.
  HAZE


RELATIVE HUMIDITY (PERCENT)
 HIGHEST    80
 LOWEST     42
 AVERAGE    61

..........................................................


THE YUMA AZ CLIMATE NORMALS FOR TODAY
                         NORMAL    RECORD    YEAR
 MAXIMUM TEMPERATURE (F)   70        83      1950
 MINIMUM TEMPERATURE (F)   48        25      1937


SUNRISE AND SUNSET
JANUARY 23 2017.......SUNRISE   738 AM MST   SUNSET   603 PM MST
JANUARY 24 2017.......SUNRISE   737 AM MST   SUNSET   604 PM MST


-  INDICATES NEGATIVE NUMBERS.
R  INDICATES RECORD WAS SET OR TIED.
MM INDICATES DATA IS MISSING.
T  INDICATES TRACE AMOUNT.

$$
