000
CDUS45 KPSR 020838
CLINYL

CDUS45 KPSR DDHHMM
CLINYL

CLIMATE REPORT
NATIONAL WEATHER SERVICE PHOENIX AZ
131 AM MST THU JUL 2 2015


...................................

...THE YUMA AZ CLIMATE SUMMARY FOR JULY 1 2015...

CLIMATE NORMAL PERIOD 1981 TO 2010
CLIMATE RECORD PERIOD 1876 TO 2015


WEATHER ITEM   OBSERVED TIME   RECORD YEAR NORMAL DEPARTURE LAST
                VALUE   (LST)  VALUE       VALUE  FROM      YEAR
                                                  NORMAL
..................................................................
TEMPERATURE (F)
 YESTERDAY
  MAXIMUM         96   1255 PM 116    1985 106    -10      110
  MINIMUM         81    737 AM  63    1888  79      2       83
  AVERAGE         89                        93     -4       97

PRECIPITATION (IN)
  YESTERDAY        0.06R         0.05 1925   0.00   0.06     0.00
  MONTH TO DATE    0.06                      0.00   0.06     0.00
  SINCE OCT 1      1.65                      2.27  -0.62     1.18
  SINCE JAN 1      1.21                      1.33  -0.12     0.07

DEGREE DAYS
 HEATING
  YESTERDAY        0                         0      0        0
  MONTH TO DATE    0                         0      0        0
  SINCE JUN 1      0                         0      0        0
  SINCE JUL 1      0                         0      0        0

 COOLING
  YESTERDAY       24                        28     -4       32
  MONTH TO DATE   24                        28     -4       32
  SINCE JUN 1    814                       749     65      841
  SINCE JAN 1   1893                      1661    232     2003
..................................................................


WIND (MPH)
  HIGHEST WIND SPEED    29   HIGHEST WIND DIRECTION     S (180)
  HIGHEST GUST SPEED    34   HIGHEST GUST DIRECTION     S (170)
  AVERAGE WIND SPEED     8.7


SKY COVER
  AVERAGE SKY COVER 0.7


WEATHER CONDITIONS
 THE FOLLOWING WEATHER WAS RECORDED YESTERDAY.
  THUNDERSTORM
  RAIN
  LIGHT RAIN
  HAZE


RELATIVE HUMIDITY (PERCENT)
 HIGHEST    79
 LOWEST     36
 AVERAGE    58

..........................................................


THE YUMA AZ CLIMATE NORMALS FOR TODAY
                         NORMAL    RECORD    YEAR
 MAXIMUM TEMPERATURE (F)  106       117      2011
                                             1937
 MINIMUM TEMPERATURE (F)   80        61      1879


SUNRISE AND SUNSET
JULY  2 2015..........SUNRISE   535 AM MST   SUNSET   750 PM MST
JULY  3 2015..........SUNRISE   535 AM MST   SUNSET   750 PM MST


-  INDICATES NEGATIVE NUMBERS.
R  INDICATES RECORD WAS SET OR TIED.
MM INDICATES DATA IS MISSING.
T  INDICATES TRACE AMOUNT.

$$
