000
CDUS45 KPSR 060815 RRA
CLINYL

CLIMATE REPORT
NATIONAL WEATHER SERVICE PHOENIX AZ
114 AM MST FRI MAY 6 2016


...................................

...THE YUMA AZ CLIMATE SUMMARY FOR MAY 5 2016...

CLIMATE NORMAL PERIOD 1981 TO 2010
CLIMATE RECORD PERIOD 1876 TO 2016


WEATHER ITEM   OBSERVED TIME   RECORD YEAR NORMAL DEPARTURE LAST
                VALUE   (LST)  VALUE       VALUE  FROM      YEAR
                                                  NORMAL
..................................................................
TEMPERATURE (F)
 YESTERDAY
  MAXIMUM         89    410 PM 109    1947  92     -3       91
  MINIMUM         66   1159 PM  47    1964  65      1       65
  AVERAGE         78                        78      0       78

PRECIPITATION (IN)
  YESTERDAY        0.00          0.23 1992   0.00   0.00     0.00
  MONTH TO DATE    0.00                      0.01  -0.01     0.00
  SINCE OCT 1      0.94                      2.19  -1.25     0.95
  SINCE JAN 1      0.80                      1.25  -0.45     0.51

DEGREE DAYS
 HEATING
  YESTERDAY        0                         0      0        0
  MONTH TO DATE    0                         0      0        0
  SINCE MAR 1     22                        63    -41       23
  SINCE JUL 1    598                       686    -88       83

 COOLING
  YESTERDAY       13                        13      0       13
  MONTH TO DATE   69                        64      5       86
  SINCE MAR 1    521                       434     87      665
  SINCE JAN 1    657                       470    187      776
..................................................................


WIND (MPH)
  HIGHEST WIND SPEED    25   HIGHEST WIND DIRECTION    SE (150)
  HIGHEST GUST SPEED    32   HIGHEST GUST DIRECTION     S (160)
  AVERAGE WIND SPEED    15.4


SKY COVER
  AVERAGE SKY COVER 0.3


WEATHER CONDITIONS
 THE FOLLOWING WEATHER WAS RECORDED YESTERDAY.
  HAZE
  SANDSTORM


RELATIVE HUMIDITY (PERCENT)
 HIGHEST    45
 LOWEST     15
 AVERAGE    30

..........................................................


THE YUMA AZ CLIMATE NORMALS FOR TODAY
                         NORMAL    RECORD    YEAR
 MAXIMUM TEMPERATURE (F)   92       107      1963
 MINIMUM TEMPERATURE (F)   65        49      1975
                                             1930


SUNRISE AND SUNSET
MAY  6 2016...........SUNRISE   546 AM MST   SUNSET   724 PM MST
MAY  7 2016...........SUNRISE   546 AM MST   SUNSET   725 PM MST


-  INDICATES NEGATIVE NUMBERS.
R  INDICATES RECORD WAS SET OR TIED.
MM INDICATES DATA IS MISSING.
T  INDICATES TRACE AMOUNT.

$$
