000
CDUS45 KPSR 212318
CLINYL

CLIMATE REPORT
NATIONAL WEATHER SERVICE PHOENIX AZ
416 PM MST FRI JUL 21 2017


...................................

...THE YUMA AZ CLIMATE SUMMARY FOR JULY 21 2017...
VALID TODAY AS OF 0400 PM LOCAL TIME.

CLIMATE NORMAL PERIOD 1981 TO 2010
CLIMATE RECORD PERIOD 1876 TO 2017


WEATHER ITEM   OBSERVED TIME   RECORD YEAR NORMAL DEPARTURE LAST
                VALUE   (LST)  VALUE       VALUE  FROM      YEAR
                                                  NORMAL
..................................................................
TEMPERATURE (F)
 TODAY
  MAXIMUM        107    322 PM 118    2006 107      0      115
  MINIMUM         85    559 AM  68    1924  83      2       88
  AVERAGE         96                        95      1      102

PRECIPITATION (IN)
  TODAY            0.00          1.41 1984   0.02  -0.02     0.00
  MONTH TO DATE    T                         0.14  -0.14     0.00
  SINCE OCT 1      2.65                      2.41   0.24     1.12
  SINCE JAN 1      1.70                      1.47   0.23     0.98

DEGREE DAYS
 HEATING
  TODAY            0                         0      0        0
  MONTH TO DATE    0                         0      0        0
  SINCE JUN 1      0                         0      0        0
  SINCE JUL 1      0                         0      0        0

 COOLING
  TODAY           31                        30      1       37
  MONTH TO DATE  668                       614     54      654
  SINCE JUN 1   1423                      1335     88     1487
  SINCE JAN 1   2491                      2247    244     2488
..................................................................


WIND (MPH)
  HIGHEST WIND SPEED    18   HIGHEST WIND DIRECTION     S (160)
  HIGHEST GUST SPEED    23   HIGHEST GUST DIRECTION    SE (150)
  AVERAGE WIND SPEED    11.8


SKY COVER
  AVERAGE SKY COVER 0.1


WEATHER CONDITIONS
 THE FOLLOWING WEATHER WAS RECORDED TODAY.
  NO SIGNIFICANT WEATHER WAS OBSERVED.


RELATIVE HUMIDITY (PERCENT)
 HIGHEST    61
 LOWEST     23
 AVERAGE    42

..........................................................


THE YUMA AZ CLIMATE NORMALS FOR TOMORROW
                         NORMAL    RECORD    YEAR
 MAXIMUM TEMPERATURE (F)  107       116      2006
 MINIMUM TEMPERATURE (F)   83        67      1924


SUNRISE AND SUNSET
JULY 21 2017..........SUNRISE   546 AM MST   SUNSET   744 PM MST
JULY 22 2017..........SUNRISE   546 AM MST   SUNSET   743 PM MST


-  INDICATES NEGATIVE NUMBERS.
R  INDICATES RECORD WAS SET OR TIED.
MM INDICATES DATA IS MISSING.
T  INDICATES TRACE AMOUNT.

$$
