000
CDUS45 KPSR 180817
CLINYL

CLIMATE REPORT
NATIONAL WEATHER SERVICE PHOENIX AZ
115 AM MST SAT NOV 18 2017


...................................

...THE YUMA AZ CLIMATE SUMMARY FOR NOVEMBER 17 2017...

CLIMATE NORMAL PERIOD 1981 TO 2010
CLIMATE RECORD PERIOD 1876 TO 2017


WEATHER ITEM   OBSERVED TIME   RECORD YEAR NORMAL DEPARTURE LAST
                VALUE   (LST)  VALUE       VALUE  FROM      YEAR
                                                  NORMAL
..................................................................
TEMPERATURE (F)
 YESTERDAY
  MAXIMUM         85    206 PM  88    1995  77      8       73
                                      1949
  MINIMUM         63    635 AM  30    1958  53     10       59
  AVERAGE         74                        65      9       66

PRECIPITATION (IN)
  YESTERDAY        0.00          0.23 1982   0.01  -0.01     0.00
  MONTH TO DATE    0.07                      0.10  -0.03     0.00
  SINCE OCT 1      0.07                      0.31  -0.24      T
  SINCE JAN 1      2.31                      2.93  -0.62     1.87

DEGREE DAYS
 HEATING
  YESTERDAY        0                         2     -2        0
  MONTH TO DATE    0                        17    -17        0
  SINCE SEP 1      0                        19    -19        0
  SINCE JUL 1      0                        19    -19        0

 COOLING
  YESTERDAY        9                         2      7        1
  MONTH TO DATE  123                        73     50      169
  SINCE SEP 1   1222                      1182     40     1324
  SINCE JAN 1   4990                      4635    355     5071
..................................................................


WIND (MPH)
  HIGHEST WIND SPEED    15   HIGHEST WIND DIRECTION     W (270)
  HIGHEST GUST SPEED    18   HIGHEST GUST DIRECTION     W (270)
  AVERAGE WIND SPEED     5.2


SKY COVER
  AVERAGE SKY COVER 0.2


WEATHER CONDITIONS
 THE FOLLOWING WEATHER WAS RECORDED YESTERDAY.
  NO SIGNIFICANT WEATHER WAS OBSERVED.


RELATIVE HUMIDITY (PERCENT)
 HIGHEST    52
 LOWEST     22
 AVERAGE    37

..........................................................


THE YUMA AZ CLIMATE NORMALS FOR TODAY
                         NORMAL    RECORD    YEAR
 MAXIMUM TEMPERATURE (F)   76        88      2008
                                             1995
                                             1949
 MINIMUM TEMPERATURE (F)   53        35      1886


SUNRISE AND SUNSET
NOVEMBER 18 2017......SUNRISE   711 AM MST   SUNSET   536 PM MST
NOVEMBER 19 2017......SUNRISE   712 AM MST   SUNSET   535 PM MST


-  INDICATES NEGATIVE NUMBERS.
R  INDICATES RECORD WAS SET OR TIED.
MM INDICATES DATA IS MISSING.
T  INDICATES TRACE AMOUNT.

$$
