000
CDUS45 KPSR 070013
CLINYL

CDUS45 KPSR DDHHMM
CLINYL

CLIMATE REPORT
NATIONAL WEATHER SERVICE PHOENIX AZ
511 PM MST FRI MAR 6 2015


...................................

...THE YUMA AZ CLIMATE SUMMARY FOR MARCH 6 2015...
VALID TODAY AS OF 0500 PM LOCAL TIME.

CLIMATE NORMAL PERIOD 1981 TO 2010
CLIMATE RECORD PERIOD 1876 TO 2015


WEATHER ITEM   OBSERVED TIME   RECORD YEAR NORMAL DEPARTURE LAST
                VALUE   (LST)  VALUE       VALUE  FROM      YEAR
                                                  NORMAL
..................................................................
TEMPERATURE (F)
 TODAY
  MAXIMUM         85    413 PM  94    1972  78      7       88
                                      1934
  MINIMUM         57    700 AM  37    1896  53      4       60
  AVERAGE         71                        66      5       74

PRECIPITATION (IN)
  TODAY            0.00          1.42 2001   0.01  -0.01     0.00
  MONTH TO DATE    0.31                      0.07   0.24     0.07
  SINCE OCT 1      0.94                      1.77  -0.83     1.18
  SINCE JAN 1      0.50                      0.83  -0.33     0.07

DEGREE DAYS
 HEATING
  TODAY            0                         2     -2        0
  MONTH TO DATE   23                        13     10        4
  SINCE MAR 1     23                        13     10        4
  SINCE JUL 1     83                       636   -553      365

 COOLING
  TODAY            6                         3      3        9
  MONTH TO DATE    6                        14     -8       23
  SINCE MAR 1      6                        14     -8       23
  SINCE JAN 1    117                        50     67      137
..................................................................


WIND (MPH)
  RESULTANT WIND SPEED  13   RESULTANT WIND DIRECTION   N (20)
  HIGHEST WIND SPEED    26   HIGHEST WIND DIRECTION    NE (30)
  HIGHEST GUST SPEED    32   HIGHEST GUST DIRECTION    NE (40)
  AVERAGE WIND SPEED    13.8


SKY COVER
  AVERAGE SKY COVER 0.0


WEATHER CONDITIONS
 THE FOLLOWING WEATHER WAS RECORDED TODAY.
  NO SIGNIFICANT WEATHER WAS OBSERVED.


RELATIVE HUMIDITY (PERCENT)
 HIGHEST    30
 LOWEST      7
 AVERAGE    19

..........................................................


THE YUMA AZ CLIMATE NORMALS FOR TOMORROW
                         NORMAL    RECORD    YEAR
 MAXIMUM TEMPERATURE (F)   78        93      1957
                                             1934
 MINIMUM TEMPERATURE (F)   53        36      1931


SUNRISE AND SUNSET
MARCH  6 2015.........SUNRISE   700 AM MST   SUNSET   640 PM MST
MARCH  7 2015.........SUNRISE   659 AM MST   SUNSET   640 PM MST


-  INDICATES NEGATIVE NUMBERS.
R  INDICATES RECORD WAS SET OR TIED.
MM INDICATES DATA IS MISSING.
T  INDICATES TRACE AMOUNT.

$$
