307
CDUS45 KPSR 142319
CLINYL

CLIMATE REPORT
NATIONAL WEATHER SERVICE PHOENIX AZ
415 PM MST SUN FEB 14 2016


...................................

...THE YUMA AZ CLIMATE SUMMARY FOR FEBRUARY 14 2016...
VALID TODAY AS OF 0400 PM LOCAL TIME.

CLIMATE NORMAL PERIOD 1981 TO 2010
CLIMATE RECORD PERIOD 1876 TO 2016


WEATHER ITEM   OBSERVED TIME   RECORD YEAR NORMAL DEPARTURE LAST
                VALUE   (LST)  VALUE       VALUE  FROM      YEAR
                                                  NORMAL
..................................................................
TEMPERATURE (F)
 TODAY
  MAXIMUM         89    354 PM  94    1957  74     15       88
  MINIMUM         54    431 AM  28    1908  50      4       56
  AVERAGE         72                        62     10       72

PRECIPITATION (IN)
  TODAY            0.00          0.48 1931   0.01  -0.01     0.00
  MONTH TO DATE    0.00                      0.18  -0.18     0.00
  SINCE OCT 1      0.63                      1.49  -0.86     0.63
  SINCE JAN 1      0.49                      0.55  -0.06     0.19

DEGREE DAYS
 HEATING
  TODAY            0                         4     -4        0
  MONTH TO DATE   54                        66    -12        0
  SINCE DEC 1    506                       506      0       39
  SINCE JUL 1    576                       574      2       54

 COOLING
  TODAY            7                         1      6        7
  MONTH TO DATE   44                        13     31       70
  SINCE DEC 1     48                        21     27       72
  SINCE JAN 1     46                        19     27       72
..................................................................


WIND (MPH)
  RESULTANT WIND SPEED   7   RESULTANT WIND DIRECTION   N (360)
  HIGHEST WIND SPEED    18   HIGHEST WIND DIRECTION     N (350)
  HIGHEST GUST SPEED    25   HIGHEST GUST DIRECTION     N (360)
  AVERAGE WIND SPEED     7.6


SKY COVER
  AVERAGE SKY COVER 0.0


WEATHER CONDITIONS
 THE FOLLOWING WEATHER WAS RECORDED TODAY.
  NO SIGNIFICANT WEATHER WAS OBSERVED.


RELATIVE HUMIDITY (PERCENT)
 HIGHEST    47
 LOWEST      5
 AVERAGE    26

..........................................................


THE YUMA AZ CLIMATE NORMALS FOR TOMORROW
                         NORMAL    RECORD    YEAR
 MAXIMUM TEMPERATURE (F)   74        89      2014
 MINIMUM TEMPERATURE (F)   50        30      1990
                                             1949


SUNRISE AND SUNSET
FEBRUARY 14 2016......SUNRISE   723 AM MST   SUNSET   623 PM MST
FEBRUARY 15 2016......SUNRISE   722 AM MST   SUNSET   624 PM MST


-  INDICATES NEGATIVE NUMBERS.
R  INDICATES RECORD WAS SET OR TIED.
MM INDICATES DATA IS MISSING.
T  INDICATES TRACE AMOUNT.

$$
