000
CDUS45 KPSR 310824
CLINYL

CLIMATE REPORT
NATIONAL WEATHER SERVICE PHOENIX AZ
123 AM MST THU JUL 31 2014


...................................

...THE YUMA AZ CLIMATE SUMMARY FOR JULY 30 2014...

CLIMATE NORMAL PERIOD 1981 TO 2010
CLIMATE RECORD PERIOD 1876 TO 2014


WEATHER ITEM   OBSERVED TIME   RECORD YEAR NORMAL DEPARTURE LAST
                VALUE   (LST)  VALUE       VALUE  FROM      YEAR
                                                  NORMAL
..................................................................
TEMPERATURE (F)
 YESTERDAY
  MAXIMUM        114    417 PM 117    1957 107      7      107
                                      1878
  MINIMUM         87    542 AM  66    1913  83      4       87
  AVERAGE        101                        95      6       97

PRECIPITATION (IN)
  YESTERDAY        0.00          1.06 1958   0.01  -0.01     0.00
  MONTH TO DATE    0.28                      0.27   0.01     0.47
  SINCE OCT 1      1.46                      2.54  -1.08     2.21
  SINCE JAN 1      0.35                      1.60  -1.25     1.58

DEGREE DAYS
 HEATING
  YESTERDAY        0                         0      0        0
  MONTH TO DATE    0                         0      0        0
  SINCE JUN 1      0                         0      0        0
  SINCE JUL 1      0                         0      0        0

 COOLING
  YESTERDAY       36                        30      6       32
  MONTH TO DATE  944                       884     60      913
  SINCE JUN 1   1753                      1605    148     1718
  SINCE JAN 1   2915                      2517    398     2779
..................................................................


WIND (MPH)
  HIGHEST WIND SPEED    16   HIGHEST WIND DIRECTION    SW (210)
  HIGHEST GUST SPEED    19   HIGHEST GUST DIRECTION    SW (210)
  AVERAGE WIND SPEED     6.4


SKY COVER
  AVERAGE SKY COVER 0.2


WEATHER CONDITIONS
 THE FOLLOWING WEATHER WAS RECORDED YESTERDAY.
  HAZE


RELATIVE HUMIDITY (PERCENT)
 HIGHEST    34
 LOWEST     11
 AVERAGE    23

..........................................................


THE YUMA AZ CLIMATE NORMALS FOR TODAY
                         NORMAL    RECORD    YEAR
 MAXIMUM TEMPERATURE (F)  107       119      1957
 MINIMUM TEMPERATURE (F)   83        69      1944


SUNRISE AND SUNSET
JULY 31 2014..........SUNRISE   552 AM MST   SUNSET   737 PM MST
AUGUST  1 2014........SUNRISE   553 AM MST   SUNSET   737 PM MST


-  INDICATES NEGATIVE NUMBERS.
R  INDICATES RECORD WAS SET OR TIED.
MM INDICATES DATA IS MISSING.
T  INDICATES TRACE AMOUNT.

$$
