000
CDUS45 KPSR 270806 RRA
CLINYL

CLIMATE REPORT
NATIONAL WEATHER SERVICE PHOENIX AZ
106 AM MST SAT AUG 27 2016


...................................

...THE YUMA AZ CLIMATE SUMMARY FOR AUGUST 26 2016...

CLIMATE NORMAL PERIOD 1981 TO 2010
CLIMATE RECORD PERIOD 1876 TO 2016


WEATHER ITEM   OBSERVED TIME   RECORD YEAR NORMAL DEPARTURE LAST
                VALUE   (LST)  VALUE       VALUE  FROM      YEAR
                                                  NORMAL
..................................................................
TEMPERATURE (F)
 YESTERDAY
  MAXIMUM        102    352 PM 113    2011 106     -4      108
                                      1944
                                      1910
  MINIMUM         82    703 AM  65    1940  82      0       87
  AVERAGE         92                        94     -2       98

PRECIPITATION (IN)
  YESTERDAY        0.00          1.14 1970   0.02  -0.02     0.00
  MONTH TO DATE    0.08                      0.40  -0.32      T
  SINCE OCT 1      1.89                      2.96  -1.07     1.68
  SINCE JAN 1      1.75                      2.02  -0.27     1.24

DEGREE DAYS
 HEATING
  YESTERDAY        0                         0      0        0
  MONTH TO DATE    0                         0      0        0
  SINCE JUN 1      0                         0      0        0
  SINCE JUL 1      0                         0      0        0

 COOLING
  YESTERDAY       27                        29     -2       33
  MONTH TO DATE  797                       766     31      853
  SINCE JUN 1   2601                      2400    201     2538
  SINCE JAN 1   3602                      3312    290     3617
..................................................................


WIND (MPH)
  HIGHEST WIND SPEED    22   HIGHEST WIND DIRECTION    SE (150)
  HIGHEST GUST SPEED    27   HIGHEST GUST DIRECTION     S (160)
  AVERAGE WIND SPEED    12.0


SKY COVER
  AVERAGE SKY COVER 0.4


WEATHER CONDITIONS
 THE FOLLOWING WEATHER WAS RECORDED YESTERDAY.
  NO SIGNIFICANT WEATHER WAS OBSERVED.


RELATIVE HUMIDITY (PERCENT)
 HIGHEST    80
 LOWEST     20
 AVERAGE    50

..........................................................


THE YUMA AZ CLIMATE NORMALS FOR TODAY
                         NORMAL    RECORD    YEAR
 MAXIMUM TEMPERATURE (F)  106       120      1981
 MINIMUM TEMPERATURE (F)   82        62      1920


SUNRISE AND SUNSET
AUGUST 27 2016........SUNRISE   610 AM MST   SUNSET   709 PM MST
AUGUST 28 2016........SUNRISE   611 AM MST   SUNSET   707 PM MST


-  INDICATES NEGATIVE NUMBERS.
R  INDICATES RECORD WAS SET OR TIED.
MM INDICATES DATA IS MISSING.
T  INDICATES TRACE AMOUNT.

$$
