000
CDUS45 KPSR 290833 RRA
CLINYL

CLIMATE REPORT
NATIONAL WEATHER SERVICE PHOENIX AZ
132 AM MST FRI JUL 29 2016


...................................

...THE YUMA AZ CLIMATE SUMMARY FOR JULY 28 2016...

CLIMATE NORMAL PERIOD 1981 TO 2010
CLIMATE RECORD PERIOD 1876 TO 2016


WEATHER ITEM   OBSERVED TIME   RECORD YEAR NORMAL DEPARTURE LAST
                VALUE   (LST)  VALUE       VALUE  FROM      YEAR
                                                  NORMAL
..................................................................
TEMPERATURE (F)
 YESTERDAY
  MAXIMUM        110    200 PM 124    1995 107      3      107
  MINIMUM         88    616 AM  66    1909  83      5       81
  AVERAGE         99                        95      4       94

PRECIPITATION (IN)
  YESTERDAY        0.00          0.52 1951   0.02  -0.02     0.00
  MONTH TO DATE    0.38                      0.24   0.14     0.09
  SINCE OCT 1      1.50                      2.51  -1.01     1.68
  SINCE JAN 1      1.36                      1.57  -0.21     1.24

DEGREE DAYS
 HEATING
  YESTERDAY        0                         0      0        0
  MONTH TO DATE    0                         0      0        0
  SINCE JUN 1      0                         0      0        0
  SINCE JUL 1      0                         0      0        0

 COOLING
  YESTERDAY       34                        30      4       29
  MONTH TO DATE  888                       824     64      795
  SINCE JUN 1   1721                      1545    176     1585
  SINCE JAN 1   2722                      2457    265     2664
..................................................................


WIND (MPH)
  HIGHEST WIND SPEED    29   HIGHEST WIND DIRECTION    SE (150)
  HIGHEST GUST SPEED    34   HIGHEST GUST DIRECTION    SE (150)
  AVERAGE WIND SPEED    12.6


SKY COVER
  AVERAGE SKY COVER 0.4


WEATHER CONDITIONS
 THE FOLLOWING WEATHER WAS RECORDED YESTERDAY.
  HAZE


RELATIVE HUMIDITY (PERCENT)
 HIGHEST    41
 LOWEST     21
 AVERAGE    31

..........................................................


THE YUMA AZ CLIMATE NORMALS FOR TODAY
                         NORMAL    RECORD    YEAR
 MAXIMUM TEMPERATURE (F)  107       118      1878
 MINIMUM TEMPERATURE (F)   83        66      1913
                                             1892


SUNRISE AND SUNSET
JULY 29 2016..........SUNRISE   551 AM MST   SUNSET   738 PM MST
JULY 30 2016..........SUNRISE   552 AM MST   SUNSET   738 PM MST


-  INDICATES NEGATIVE NUMBERS.
R  INDICATES RECORD WAS SET OR TIED.
MM INDICATES DATA IS MISSING.
T  INDICATES TRACE AMOUNT.

$$
