760
CDUS45 KPSR 190818 RRA
CLINYL

CDUS45 KPSR DDHHMM
CLINYL

CLIMATE REPORT
NATIONAL WEATHER SERVICE PHOENIX AZ
116 AM MST FRI JAN 19 2018


...................................

...THE YUMA AZ CLIMATE SUMMARY FOR JANUARY 18 2018...

CLIMATE NORMAL PERIOD 1981 TO 2010
CLIMATE RECORD PERIOD 1876 TO 2018


WEATHER ITEM   OBSERVED TIME   RECORD YEAR NORMAL DEPARTURE LAST
                VALUE   (LST)  VALUE       VALUE  FROM      YEAR
                                                  NORMAL
..................................................................
TEMPERATURE (F)
 YESTERDAY
  MAXIMUM         79    320 PM  86    1959  70      9       69
  MINIMUM         52    730 AM  29    1987  48      4       44
  AVERAGE         66                        59      7       57

PRECIPITATION (IN)
  YESTERDAY        0.00          0.45 1884   0.01  -0.01     0.00
  MONTH TO DATE    0.17                      0.24  -0.07     0.16
  SINCE OCT 1      0.24                      1.18  -0.94     1.11
  SINCE JAN 1      0.17                      0.24  -0.07     0.16

DEGREE DAYS
 HEATING
  YESTERDAY        0                         6     -6        8
  MONTH TO DATE   27                       128   -101      117
  SINCE DEC 1    165                       364   -199      302
  SINCE JUL 1    166                       432   -266      348

 COOLING
  YESTERDAY        1                         0      1        0
  MONTH TO DATE   15                         0     15        0
  SINCE DEC 1     28                         2     26        9
  SINCE JAN 1     15                         0     15        0
..................................................................


WIND (MPH)
  HIGHEST WIND SPEED    15   HIGHEST WIND DIRECTION    NE (30)
  HIGHEST GUST SPEED    17   HIGHEST GUST DIRECTION    NE (30)
  AVERAGE WIND SPEED     7.1


SKY COVER
  AVERAGE SKY COVER 0.1


WEATHER CONDITIONS
 THE FOLLOWING WEATHER WAS RECORDED YESTERDAY.
  NO SIGNIFICANT WEATHER WAS OBSERVED.


RELATIVE HUMIDITY (PERCENT)
 HIGHEST    47
 LOWEST     13
 AVERAGE    30

..........................................................


THE YUMA AZ CLIMATE NORMALS FOR TODAY
                         NORMAL    RECORD    YEAR
 MAXIMUM TEMPERATURE (F)   70        88      1971
 MINIMUM TEMPERATURE (F)   48        31      1949


SUNRISE AND SUNSET
JANUARY 19 2018.......SUNRISE   740 AM MST   SUNSET   559 PM MST
JANUARY 20 2018.......SUNRISE   739 AM MST   SUNSET   600 PM MST


-  INDICATES NEGATIVE NUMBERS.
R  INDICATES RECORD WAS SET OR TIED.
MM INDICATES DATA IS MISSING.
T  INDICATES TRACE AMOUNT.

$$
