000
CDUS46 KMTR 300828
CLIOAK


CLIMATE REPORT
NATIONAL WEATHER SERVICE SAN FRANCISCO BAY AREA
127 AM PDT SAT MAY 30 2015


...................................

...THE OAKLAND AIRPORT CLIMATE SUMMARY FOR MAY 29 2015...

CLIMATE NORMAL PERIOD 1981 TO 2010
CLIMATE RECORD PERIOD 1948 TO 2015


WEATHER ITEM   OBSERVED TIME   RECORD YEAR NORMAL DEPARTURE LAST
                VALUE   (LST)  VALUE       VALUE  FROM      YEAR
                                                  NORMAL
..................................................................
TEMPERATURE (F)
 YESTERDAY
  MAXIMUM         62    305 PM  98    1975  68     -6       77
  MINIMUM         52    707 AM  47    2000  52      0       51
  AVERAGE         57                        60     -3       64

PRECIPITATION (IN)
  YESTERDAY        T   R         0.00 2007   0.01  -0.01     0.00
  MONTH TO DATE    T                         0.65  -0.65      T
  SINCE OCT 1     14.39                     20.32  -5.93     9.44
  SINCE JAN 1      3.17                     13.01  -9.84     7.98

SNOWFALL (IN)
  YESTERDAY        0.0                                       0.0
  MONTH TO DATE    0.0                                       0.0
  SINCE MAR 1      0.0                                       0.0
  SINCE JUL 1      0.0                                       0.0

DEGREE DAYS
 HEATING
  YESTERDAY        8                         5      3        1
  MONTH TO DATE  199                       172     27       72
  SINCE MAR 1    611                       736   -125      438
  SINCE JUL 1   1920                      2758   -838     2259

 COOLING
  YESTERDAY        0                         0      0        0
  MONTH TO DATE    0                         0      0       31
  SINCE MAR 1      4                         6     -2       44
  SINCE JAN 1      4                         6     -2       44
..................................................................


WIND (MPH)
  RESULTANT WIND SPEED  10   RESULTANT WIND DIRECTION   W (270)
  HIGHEST WIND SPEED    18   HIGHEST WIND DIRECTION     W (280)
  HIGHEST GUST SPEED    22   HIGHEST GUST DIRECTION     W (280)
  AVERAGE WIND SPEED     9.7


SKY COVER
  POSSIBLE SUNSHINE  MM
  AVERAGE SKY COVER 0.9


WEATHER CONDITIONS
 THE FOLLOWING WEATHER WAS RECORDED YESTERDAY.
  LIGHT RAIN


RELATIVE HUMIDITY (PERCENT)
 HIGHEST    89           100 AM
 LOWEST     69           200 PM
 AVERAGE    79

..........................................................


THE OAKLAND AIRPORT CLIMATE NORMALS FOR TODAY
                         NORMAL    RECORD    YEAR
 MAXIMUM TEMPERATURE (F)   69        94      2001
 MINIMUM TEMPERATURE (F)   52        46      2000


SUNRISE AND SUNSET
MAY 30 2015...........SUNRISE   550 AM PDT   SUNSET   824 PM PDT
MAY 31 2015...........SUNRISE   549 AM PDT   SUNSET   824 PM PDT


-  INDICATES NEGATIVE NUMBERS.
R  INDICATES RECORD WAS SET OR TIED.
MM INDICATES DATA IS MISSING.
T  INDICATES TRACE AMOUNT.




$$
