000
CDUS46 KMTR 220827
CLIOAK


CLIMATE REPORT
NATIONAL WEATHER SERVICE SAN FRANCISCO BAY AREA
1227 AM PST SAT NOV 22 2014


...................................

...THE OAKLAND AIRPORT CLIMATE SUMMARY FOR NOVEMBER 21 2014...

CLIMATE NORMAL PERIOD 1981 TO 2010
CLIMATE RECORD PERIOD 1948 TO 2014


WEATHER ITEM   OBSERVED TIME   RECORD YEAR NORMAL DEPARTURE LAST
                VALUE   (LST)  VALUE       VALUE  FROM      YEAR
                                                  NORMAL
..................................................................
TEMPERATURE (F)
 YESTERDAY
  MAXIMUM         61    332 PM  70    1962  62     -1       64
  MINIMUM         51   1232 AM  38    2009  44      7       52
                                      1975
  AVERAGE         56                        53      3       58

PRECIPITATION (IN)
  YESTERDAY        0.00          1.48 1977   0.10  -0.10     0.02
  MONTH TO DATE    1.13                      1.71  -0.58     1.17
  SINCE JUL 1      2.15                      3.19  -1.04     1.79
  SINCE JAN 1     10.13                     16.41  -6.28     4.61

SNOWFALL (IN)
  YESTERDAY        0.0                                       0.0
  MONTH TO DATE    0.0                                       0.0
  SINCE SEP 1      0.0                                       0.0
  SINCE JUL 1      0.0                                       0.0

DEGREE DAYS
 HEATING
  YESTERDAY        9                        12     -3        7
  MONTH TO DATE  154                       203    -49      184
  SINCE SEP 1    222                       415   -193      369
  SINCE JUL 1    247                       555   -308      456

 COOLING
  YESTERDAY        0                         0      0        0
  MONTH TO DATE    0                         0      0        0
  SINCE SEP 1    109                        57     52       68
  SINCE JAN 1    305                       137    168      212
..................................................................


WIND (MPH)
  RESULTANT WIND SPEED   2   RESULTANT WIND DIRECTION   E (80)
  HIGHEST WIND SPEED     9   HIGHEST WIND DIRECTION    SE (150)
  HIGHEST GUST SPEED    31   HIGHEST GUST DIRECTION    NW (330)
  AVERAGE WIND SPEED     3.7


SKY COVER
  POSSIBLE SUNSHINE  MM
  AVERAGE SKY COVER 0.9


WEATHER CONDITIONS
 THE FOLLOWING WEATHER WAS RECORDED YESTERDAY.
  FOG


RELATIVE HUMIDITY (PERCENT)
 HIGHEST    96           100 AM
 LOWEST     69           200 PM
 AVERAGE    83

..........................................................


THE OAKLAND AIRPORT CLIMATE NORMALS FOR TODAY
                         NORMAL    RECORD    YEAR
 MAXIMUM TEMPERATURE (F)   61        77      1959
 MINIMUM TEMPERATURE (F)   44        37      2004


SUNRISE AND SUNSET
NOVEMBER 22 2014......SUNRISE   656 AM PST   SUNSET   453 PM PST
NOVEMBER 23 2014......SUNRISE   657 AM PST   SUNSET   453 PM PST


-  INDICATES NEGATIVE NUMBERS.
R  INDICATES RECORD WAS SET OR TIED.
MM INDICATES DATA IS MISSING.
T  INDICATES TRACE AMOUNT.




$$
