109
CDUS46 KMTR 240838
CLIOAK


CLIMATE REPORT
NATIONAL WEATHER SERVICE SAN FRANCISCO BAY AREA
138 AM PDT MON APR 24 2017


...................................

...THE OAKLAND AIRPORT CLIMATE SUMMARY FOR APRIL 23 2017...

CLIMATE NORMAL PERIOD 1981 TO 2010
CLIMATE RECORD PERIOD 1948 TO 2017


WEATHER ITEM   OBSERVED TIME   RECORD YEAR NORMAL DEPARTURE LAST
                VALUE   (LST)  VALUE       VALUE  FROM      YEAR
                                                  NORMAL
..................................................................
TEMPERATURE (F)
 YESTERDAY
  MAXIMUM         67    111 PM  88    1966  67      0       67
  MINIMUM         54   1245 AM  42    1955  49      5       50
  AVERAGE         61                        58      3       59

PRECIPITATION (IN)
  YESTERDAY        0.00          0.42 1974   0.04  -0.04     0.00
  MONTH TO DATE    2.46                      1.09   1.37     0.97
  SINCE OCT 1     28.45                     19.42   9.03    16.51
  SINCE JAN 1     20.02                     12.11   7.91    11.29

SNOWFALL (IN)
  YESTERDAY        0.0                                       0.0
  MONTH TO DATE    0.0                                       0.0
  SINCE MAR 1      0.0                                       0.0
  SINCE JUL 1      0.0                                       0.0

DEGREE DAYS
 HEATING
  YESTERDAY        4                         7     -3        6
  MONTH TO DATE  132                       185    -53       82
  SINCE MAR 1    342                       516   -174      299
  SINCE JUL 1   1871                      2538   -667     1774

 COOLING
  YESTERDAY        0                         0      0        0
  MONTH TO DATE    0                         0      0       14
  SINCE MAR 1      1                         1      0       14
  SINCE JAN 1      1                         1      0       15
..................................................................


WIND (MPH)
  RESULTANT WIND SPEED  17   RESULTANT WIND DIRECTION   W (280)
  HIGHEST WIND SPEED    28   HIGHEST WIND DIRECTION     W (280)
  HIGHEST GUST SPEED    33   HIGHEST GUST DIRECTION     W (280)
  AVERAGE WIND SPEED    18.0


SKY COVER
  POSSIBLE SUNSHINE  MM
  AVERAGE SKY COVER 0.6


WEATHER CONDITIONS
 THE FOLLOWING WEATHER WAS RECORDED YESTERDAY.
  NO SIGNIFICANT WEATHER WAS OBSERVED.


RELATIVE HUMIDITY (PERCENT)
 HIGHEST    83           900 PM
 LOWEST     56           900 AM
 AVERAGE    70

..........................................................


THE OAKLAND AIRPORT CLIMATE NORMALS FOR TODAY
                         NORMAL    RECORD    YEAR
 MAXIMUM TEMPERATURE (F)   67        82      2004
 MINIMUM TEMPERATURE (F)   49        39      1964


SUNRISE AND SUNSET
APRIL 24 2017.........SUNRISE   621 AM PDT   SUNSET   753 PM PDT
APRIL 25 2017.........SUNRISE   620 AM PDT   SUNSET   754 PM PDT


-  INDICATES NEGATIVE NUMBERS.
R  INDICATES RECORD WAS SET OR TIED.
MM INDICATES DATA IS MISSING.
T  INDICATES TRACE AMOUNT.




$$
