000
CDUS43 KOAX 050631
CLIOAX


CLIMATE REPORT
NATIONAL WEATHER SERVICE OMAHA NEBRASKA
130 AM CDT THU MAY 5 2016


...................................

...THE VALLEY  NWS, NEBRASKA CLIMATE SUMMARY FOR MAY 4 2016...

CLIMATE NORMAL PERIOD 1981 TO 2010
CLIMATE RECORD PERIOD 1997 TO 2016


WEATHER ITEM   OBSERVED TIME   NORMAL DEPARTURE LAST
                VALUE   (LST)  VALUE  FROM      YEAR
                                      NORMAL
......................................................
TEMPERATURE (F)
 YESTERDAY
  MAXIMUM         70    505 PM  68      2       64
  MINIMUM         47    544 AM  47      0       55
  AVERAGE         59            58      1       60

PRECIPITATION (IN)
  YESTERDAY        0.00          0.14  -0.14     0.28
  MONTH TO DATE    0.02          0.57  -0.55     1.32
  SINCE MAR 1      7.81          5.60   2.21     5.50
  SINCE JAN 1      9.55          7.31   2.24     7.07

SNOWFALL (IN)
  YESTERDAY        0.0                           0.0
  MONTH TO DATE    0.0                           0.0
  SINCE JUL 1     28.7                          19.3
  SNOW DEPTH       0

DEGREE DAYS
 HEATING
  YESTERDAY        6             8     -2        5
  MONTH TO DATE   43            34      9        6
  SINCE MAR 1    925          1301   -376      994
  SINCE JUL 1   4913          6132  -1219     5723

 COOLING
  YESTERDAY        0             1     -1        0
  MONTH TO DATE    0             4     -4        6
  SINCE MAR 1      0            11    -11       10
  SINCE JAN 1      0            11    -11       10
......................................................


WIND (MPH)
  HIGHEST WIND SPEED    MM   HIGHEST WIND DIRECTION    MM
  HIGHEST GUST SPEED    26   HIGHEST GUST DIRECTION    MM


SKY COVER
  POSSIBLE SUNSHINE  MM


WEATHER CONDITIONS
 THE FOLLOWING WEATHER WAS RECORDED YESTERDAY.
  NO SIGNIFICANT WEATHER WAS OBSERVED.


..........................................................


THE VALLEY  NWS, NEBRASKA CLIMATE NORMALS FOR TODAY
                         NORMAL
 MAXIMUM TEMPERATURE (F)   68
 MINIMUM TEMPERATURE (F)   48


SUNRISE AND SUNSET
MAY  5 2016...........SUNRISE   617 AM CDT   SUNSET   828 PM CDT
MAY  6 2016...........SUNRISE   616 AM CDT   SUNSET   829 PM CDT


-  INDICATES NEGATIVE NUMBERS.
R  INDICATES RECORD WAS SET OR TIED.
MM INDICATES DATA IS MISSING.
T  INDICATES TRACE AMOUNT.




$$
