000
CDUS43 KOAX 190713
CLIOAX


CLIMATE REPORT
NATIONAL WEATHER SERVICE OMAHA NEBRASKA
112 AM CST THU JAN 19 2017


...................................

...THE VALLEY  NWS, NEBRASKA CLIMATE SUMMARY FOR JANUARY 18 2017...

CLIMATE NORMAL PERIOD 1981 TO 2010
CLIMATE RECORD PERIOD 1997 TO 2017


WEATHER ITEM   OBSERVED TIME   NORMAL DEPARTURE LAST
                VALUE   (LST)  VALUE  FROM      YEAR
                                      NORMAL
......................................................
TEMPERATURE (F)
 YESTERDAY
  MAXIMUM         52    258 PM  32     20       19
  MINIMUM         27    238 AM  14     13       -1
  AVERAGE         40            23     17        9

PRECIPITATION (IN)
  YESTERDAY        0.00          0.02  -0.02     0.00
  MONTH TO DATE    0.79          0.41   0.38     0.49
  SINCE DEC 1      2.10          1.52   0.58     5.60
  SINCE JAN 1      0.79          0.41   0.38     0.49

SNOWFALL (IN)
  YESTERDAY        0.0                           0.0
  MONTH TO DATE    0.5                           1.8
  SINCE JUL 1      3.1                          14.2
  SNOW DEPTH       0

DEGREE DAYS
 HEATING
  YESTERDAY       25            42    -17       56
  MONTH TO DATE  758           756      2      770
  SINCE DEC 1   1936          1966    -30     1734
  SINCE JUL 1   2725          3236   -511     2619

 COOLING
  YESTERDAY        0             0      0        0
  MONTH TO DATE    0             0      0        0
  SINCE DEC 1      0             0      0        0
  SINCE JAN 1      0             0      0        0
......................................................


WIND (MPH)
  HIGHEST WIND SPEED    MM   HIGHEST WIND DIRECTION    MM
  HIGHEST GUST SPEED    23   HIGHEST GUST DIRECTION    MM


SKY COVER
  POSSIBLE SUNSHINE  MM


WEATHER CONDITIONS
 THE FOLLOWING WEATHER WAS RECORDED YESTERDAY.
  NO SIGNIFICANT WEATHER WAS OBSERVED.


..........................................................


THE VALLEY  NWS, NEBRASKA CLIMATE NORMALS FOR TODAY
                         NORMAL
 MAXIMUM TEMPERATURE (F)   32
 MINIMUM TEMPERATURE (F)   14


SUNRISE AND SUNSET
JANUARY 19 2017.......SUNRISE   747 AM CST   SUNSET   526 PM CST
JANUARY 20 2017.......SUNRISE   746 AM CST   SUNSET   527 PM CST


-  INDICATES NEGATIVE NUMBERS.
R  INDICATES RECORD WAS SET OR TIED.
MM INDICATES DATA IS MISSING.
T  INDICATES TRACE AMOUNT.




$$
