000
CDUS43 KOAX 142159
CLIOAX


CLIMATE REPORT
NATIONAL WEATHER SERVICE OMAHA NEBRASKA
458 PM CDT SUN SEP 14 2014


...................................

...THE VALLEY  NWS, NEBRASKA CLIMATE SUMMARY FOR SEPTEMBER 14 2014...
VALID TODAY AS OF 0400 PM LOCAL TIME.

CLIMATE NORMAL PERIOD 1981 TO 2010
CLIMATE RECORD PERIOD 1997 TO 2014


WEATHER ITEM   OBSERVED TIME   NORMAL DEPARTURE LAST
                VALUE   (LST)  VALUE  FROM      YEAR
                                      NORMAL
......................................................
TEMPERATURE (F)
 TODAY
  MAXIMUM         71    344 PM  78     -7       76
  MINIMUM         51    610 AM  55     -4       58
  AVERAGE         61            66     -5       67

PRECIPITATION (IN)
  TODAY            0.00          0.10  -0.10      T
  MONTH TO DATE    2.91          1.46   1.45     0.39
  SINCE SEP 1      2.91          1.46   1.45     0.39
  SINCE JAN 1     32.96         26.38   6.58    21.43

SNOWFALL (IN)
  TODAY            0.0                           0.0
  MONTH TO DATE    0.0                           0.0
  SINCE JUL 1      0.0                           0.0
  SNOW DEPTH       0

DEGREE DAYS
 HEATING
  TODAY            4             2      2        0
  MONTH TO DATE   58            20     38        1
  SINCE SEP 1     58            20     38        1
  SINCE JUL 1     59            26     33        6

 COOLING
  TODAY            0             4     -4        2
  MONTH TO DATE   49            70    -21      148
  SINCE SEP 1     49            70    -21      148
  SINCE JAN 1    974          1021    -47     1160
......................................................


WIND (MPH)
  HIGHEST WIND SPEED    MM   HIGHEST WIND DIRECTION    MM
  HIGHEST GUST SPEED    16   HIGHEST GUST DIRECTION    MM



WEATHER CONDITIONS
 THE FOLLOWING WEATHER WAS RECORDED TODAY.
  NO SIGNIFICANT WEATHER WAS OBSERVED.


..........................................................


THE VALLEY  NWS, NEBRASKA CLIMATE NORMALS FOR TOMORROW
                         NORMAL
 MAXIMUM TEMPERATURE (F)   77
 MINIMUM TEMPERATURE (F)   55


SUNRISE AND SUNSET
SEPTEMBER 14 2014.....SUNRISE   705 AM CDT   SUNSET   736 PM CDT
SEPTEMBER 15 2014.....SUNRISE   706 AM CDT   SUNSET   735 PM CDT


-  INDICATES NEGATIVE NUMBERS.
R  INDICATES RECORD WAS SET OR TIED.
MM INDICATES DATA IS MISSING.
T  INDICATES TRACE AMOUNT.




$$
