000
CDUS43 KOAX 170743
CLIOAX


CLIMATE REPORT
NATIONAL WEATHER SERVICE OMAHA NEBRASKA
141 AM CST SUN DEC 17 2017


...................................

...THE VALLEY  NWS, NEBRASKA CLIMATE SUMMARY FOR DECEMBER 16 2017...

CLIMATE NORMAL PERIOD 1981 TO 2010
CLIMATE RECORD PERIOD 1997 TO 2017


WEATHER ITEM   OBSERVED TIME   NORMAL DEPARTURE LAST
                VALUE   (LST)  VALUE  FROM      YEAR
                                      NORMAL
......................................................
TEMPERATURE (F)
 YESTERDAY
  MAXIMUM         54    223 PM  34     20       24
  MINIMUM         29    805 AM  17     12       19
  AVERAGE         42            25     17       22

PRECIPITATION (IN)
  YESTERDAY        0.00          0.04  -0.04     0.02
  MONTH TO DATE    T             0.65  -0.65     0.31
  SINCE DEC 1      T             0.65  -0.65     0.31
  SINCE JAN 1     36.14         32.18   3.96    43.06

SNOWFALL (IN)
  YESTERDAY        0.0                           0.1
  MONTH TO DATE    T                             1.3
  SINCE JUL 1      T                             1.3
  SNOW DEPTH       0

DEGREE DAYS
 HEATING
  YESTERDAY       23            40    -17       43
  MONTH TO DATE  444           593   -149      643
  SINCE DEC 1    444           593   -149      643
  SINCE JUL 1   1519          1863   -344     1432

 COOLING
  YESTERDAY        0             0      0        0
  MONTH TO DATE    0             0      0        0
  SINCE DEC 1      0             0      0        0
  SINCE JAN 1   1205          1075    130     1284
......................................................


WIND (MPH)
  HIGHEST WIND SPEED    MM   HIGHEST WIND DIRECTION    MM
  HIGHEST GUST SPEED    21   HIGHEST GUST DIRECTION    MM


SKY COVER
  POSSIBLE SUNSHINE  MM


WEATHER CONDITIONS
 THE FOLLOWING WEATHER WAS RECORDED YESTERDAY.
  NO SIGNIFICANT WEATHER WAS OBSERVED.


..........................................................


THE VALLEY  NWS, NEBRASKA CLIMATE NORMALS FOR TODAY
                         NORMAL
 MAXIMUM TEMPERATURE (F)   34
 MINIMUM TEMPERATURE (F)   17


SUNRISE AND SUNSET
DECEMBER 17 2017......SUNRISE   746 AM CST   SUNSET   458 PM CST
DECEMBER 18 2017......SUNRISE   746 AM CST   SUNSET   458 PM CST


-  INDICATES NEGATIVE NUMBERS.
R  INDICATES RECORD WAS SET OR TIED.
MM INDICATES DATA IS MISSING.
T  INDICATES TRACE AMOUNT.




$$
