393
CDUS43 KOAX 301028 CCA
CLIOAX

CLIMATE REPORT...CORRECTION
NATIONAL WEATHER SERVICE OMAHA NEBRASKA
150 AM CDT TUE AUG 30 2016

...ADDED HEAVY RAIN TO WEATHER CONDITIONS...


...................................

...THE VALLEY  NWS, NEBRASKA CLIMATE SUMMARY FOR AUGUST 29 2016...

CLIMATE NORMAL PERIOD 1981 TO 2010
CLIMATE RECORD PERIOD 1997 TO 2016


WEATHER ITEM   OBSERVED TIME   NORMAL DEPARTURE LAST
                VALUE   (LST)  VALUE  FROM      YEAR
                                      NORMAL
......................................................
TEMPERATURE (F)
 YESTERDAY
  MAXIMUM         85    245 PM  82      3       71
  MINIMUM         69    517 AM  61      8       60
  AVERAGE         77            72      5       66

PRECIPITATION (IN)
  YESTERDAY        0.61          0.12   0.49      T
  MONTH TO DATE    7.72          3.81   3.91     5.73
  SINCE JUN 1     20.92         13.35   7.57    13.80
  SINCE JAN 1     37.42         24.67  12.75    25.65

SNOWFALL (IN)
  YESTERDAY        0.0                           0.0
  MONTH TO DATE    0.0                           0.0
  SINCE JUL 1      0.0                           0.0
  SNOW DEPTH       0

DEGREE DAYS
 HEATING
  YESTERDAY        0             0      0        0
  MONTH TO DATE    2             0      2        7
  SINCE JUN 1      2            17    -15        8
  SINCE JUL 1      2             1      1        7

 COOLING
  YESTERDAY       12             7      5        1
  MONTH TO DATE  285           272     13      220
  SINCE JUN 1   1029           865    164      797
  SINCE JAN 1   1082           937    145      828
......................................................


WIND (MPH)
  HIGHEST WIND SPEED    MM   HIGHEST WIND DIRECTION    MM
  HIGHEST GUST SPEED    24   HIGHEST GUST DIRECTION    MM


SKY COVER
  POSSIBLE SUNSHINE  MM


WEATHER CONDITIONS
 THE FOLLOWING WEATHER WAS RECORDED YESTERDAY.
  THUNDERSTORM
  HEAVY RAIN
  RAIN
  LIGHT RAIN


..........................................................


THE VALLEY  NWS, NEBRASKA CLIMATE NORMALS FOR TODAY
                         NORMAL
 MAXIMUM TEMPERATURE (F)   82
 MINIMUM TEMPERATURE (F)   61


SUNRISE AND SUNSET
AUGUST 30 2016........SUNRISE   650 AM CDT   SUNSET   801 PM CDT
AUGUST 31 2016........SUNRISE   651 AM CDT   SUNSET   759 PM CDT


-  INDICATES NEGATIVE NUMBERS.
R  INDICATES RECORD WAS SET OR TIED.
MM INDICATES DATA IS MISSING.
T  INDICATES TRACE AMOUNT.




$$

COR BY KLISH
