239
CDUS43 KOAX 070625
CLIOAX


CLIMATE REPORT
NATIONAL WEATHER SERVICE OMAHA NEBRASKA
1221 AM CST WED DEC 7 2016


...................................

...THE VALLEY  NWS, NEBRASKA CLIMATE SUMMARY FOR DECEMBER 6 2016...

CLIMATE NORMAL PERIOD 1981 TO 2010
CLIMATE RECORD PERIOD 1997 TO 2016


WEATHER ITEM   OBSERVED TIME   NORMAL DEPARTURE LAST
                VALUE   (LST)  VALUE  FROM      YEAR
                                      NORMAL
......................................................
TEMPERATURE (F)
 YESTERDAY
  MAXIMUM         34    158 PM  38     -4       51
  MINIMUM         22    744 AM  20      2       34
  AVERAGE         28            29     -1       43

PRECIPITATION (IN)
  YESTERDAY        0.00          0.04  -0.04      T
  MONTH TO DATE    0.28          0.26   0.02      T
  SINCE DEC 1      0.28          0.26   0.02      T
  SINCE JAN 1     43.03         31.79  11.24    34.83

SNOWFALL (IN)
  YESTERDAY        0.0                           0.0
  MONTH TO DATE    1.1                           0.1
  SINCE JUL 1      1.1                           3.5
  SNOW DEPTH       0

DEGREE DAYS
 HEATING
  YESTERDAY       37            36      1       22
  MONTH TO DATE  186           211    -25      165
  SINCE DEC 1    186           211    -25      165
  SINCE JUL 1    975          1481   -506     1050

 COOLING
  YESTERDAY        0             0      0        0
  MONTH TO DATE    0             0      0        0
  SINCE DEC 1      0             0      0        0
  SINCE JAN 1   1284          1075    209     1079
......................................................


WIND (MPH)
  HIGHEST WIND SPEED    MM   HIGHEST WIND DIRECTION    MM
  HIGHEST GUST SPEED    33   HIGHEST GUST DIRECTION    MM


SKY COVER
  POSSIBLE SUNSHINE  MM


WEATHER CONDITIONS
 THE FOLLOWING WEATHER WAS RECORDED YESTERDAY.
  NO SIGNIFICANT WEATHER WAS OBSERVED.


..........................................................


THE VALLEY  NWS, NEBRASKA CLIMATE NORMALS FOR TODAY
                         NORMAL
 MAXIMUM TEMPERATURE (F)   37
 MINIMUM TEMPERATURE (F)   19


SUNRISE AND SUNSET
DECEMBER  7 2016......SUNRISE   738 AM CST   SUNSET   456 PM CST
DECEMBER  8 2016......SUNRISE   739 AM CST   SUNSET   456 PM CST


-  INDICATES NEGATIVE NUMBERS.
R  INDICATES RECORD WAS SET OR TIED.
MM INDICATES DATA IS MISSING.
T  INDICATES TRACE AMOUNT.


$$

BCM
