000
CDUS43 KOAX 010635
CLIOAX


CLIMATE REPORT
NATIONAL WEATHER SERVICE OMAHA NEBRASKA
134 AM CDT WED OCT 1 2014


...................................

...THE VALLEY  NWS, NEBRASKA CLIMATE SUMMARY FOR SEPTEMBER 30 2014...

CLIMATE NORMAL PERIOD 1981 TO 2010
CLIMATE RECORD PERIOD 1997 TO 2014


WEATHER ITEM   OBSERVED TIME   NORMAL DEPARTURE LAST
                VALUE   (LST)  VALUE  FROM      YEAR
                                      NORMAL
......................................................
TEMPERATURE (F)
 YESTERDAY
  MAXIMUM         68    954 AM  72     -4       82
  MINIMUM         63    801 PM  48     15       54
  AVERAGE         66            60      6       68

PRECIPITATION (IN)
  YESTERDAY        1.17          0.09   1.08     0.00
  MONTH TO DATE    4.60          2.85   1.75     1.54
  SINCE SEP 1      4.60          2.85   1.75     1.54
  SINCE JAN 1     34.65         27.77   6.88    22.58

SNOWFALL (IN)
  YESTERDAY        0.0                           0.0
  MONTH TO DATE    0.0                           0.0
  SINCE JUL 1      0.0                           0.0
  SNOW DEPTH       0

DEGREE DAYS
 HEATING
  YESTERDAY        0             7     -7        0
  MONTH TO DATE   82            91     -9       15
  SINCE SEP 1     82            90     -8       15
  SINCE JUL 1     83            96    -13       20

 COOLING
  YESTERDAY        1             1      0        3
  MONTH TO DATE  108           108      0      204
  SINCE SEP 1    108           108      0      204
  SINCE JAN 1   1033          1059    -26     1216
......................................................


WIND (MPH)
  HIGHEST WIND SPEED    MM   HIGHEST WIND DIRECTION    MM
  HIGHEST GUST SPEED    24   HIGHEST GUST DIRECTION    MM


SKY COVER
  POSSIBLE SUNSHINE  MM


WEATHER CONDITIONS
 THE FOLLOWING WEATHER WAS RECORDED YESTERDAY.
  THUNDERSTORM
  HEAVY RAIN
  RAIN
  LIGHT RAIN
  FOG


..........................................................


THE VALLEY  NWS, NEBRASKA CLIMATE NORMALS FOR TODAY
                         NORMAL
 MAXIMUM TEMPERATURE (F)   71
 MINIMUM TEMPERATURE (F)   48


SUNRISE AND SUNSET
OCTOBER  1 2014.......SUNRISE   722 AM CDT   SUNSET   707 PM CDT
OCTOBER  2 2014.......SUNRISE   723 AM CDT   SUNSET   706 PM CDT


-  INDICATES NEGATIVE NUMBERS.
R  INDICATES RECORD WAS SET OR TIED.
MM INDICATES DATA IS MISSING.
T  INDICATES TRACE AMOUNT.




$$
