000
CDUS43 KGID 182333
CLIODX


CLIMATE REPORT
NATIONAL WEATHER SERVICE HASTINGS NE
531 PM CST SAT NOV 18 2017


...................................

...THE ORD NE CLIMATE SUMMARY FOR NOVEMBER 18 2017...
VALID TODAY AS OF 0500 PM LOCAL TIME.

CLIMATE NORMAL PERIOD 1981 TO 2010
CLIMATE RECORD PERIOD 1895 TO 2017


WEATHER ITEM   OBSERVED TIME   NORMAL DEPARTURE LAST
                VALUE   (LST)  VALUE  FROM      YEAR
                                      NORMAL
......................................................
TEMPERATURE (F)
 TODAY
  MAXIMUM         48    232 PM  47      1       33
  MINIMUM         37    823 AM  23     14       20
  AVERAGE         43            35      8       27

PRECIPITATION (IN)
  TODAY            0.02          0.04  -0.02     0.28
  MONTH TO DATE    0.21          0.72  -0.51     0.77
  SINCE SEP 1      8.47          5.09   3.38     2.56
  SINCE JAN 1     28.64         24.00   4.64    29.72

DEGREE DAYS
 HEATING
  TODAY           22            30     -8       38
  MONTH TO DATE  489           463     26      309
  SINCE SEP 1   1049          1069    -20      740
  SINCE JUL 1   1057          1083    -26      754

 COOLING
  TODAY            0             0      0        0
  MONTH TO DATE    0             0      0        0
  SINCE SEP 1     96            88      8       81
  SINCE JAN 1    840           845     -5      887
......................................................


WIND (MPH)
  HIGHEST WIND SPEED    30   HIGHEST WIND DIRECTION    NW (310)
  HIGHEST GUST SPEED    39   HIGHEST GUST DIRECTION    NW (310)
  AVERAGE WIND SPEED    20.0


SKY COVER
  AVERAGE SKY COVER 0.5


WEATHER CONDITIONS
 THE FOLLOWING WEATHER WAS RECORDED TODAY.
  LIGHT RAIN


RELATIVE HUMIDITY (PERCENT)
 HIGHEST    92          1200 AM
 LOWEST     45           200 PM
 AVERAGE    69

..........................................................


THE ORD NE CLIMATE NORMALS FOR TOMORROW
                         NORMAL
 MAXIMUM TEMPERATURE (F)   47
 MINIMUM TEMPERATURE (F)   22


SUNRISE AND SUNSET
NOVEMBER 18 2017......SUNRISE   729 AM CST   SUNSET   513 PM CST
NOVEMBER 19 2017......SUNRISE   730 AM CST   SUNSET   512 PM CST


-  INDICATES NEGATIVE NUMBERS.
R  INDICATES RECORD WAS SET OR TIED.
MM INDICATES DATA IS MISSING.
T  INDICATES TRACE AMOUNT.




$$

Thies
