000
CDUS43 KGID 180713
CLIODX


CLIMATE REPORT
NATIONAL WEATHER SERVICE HASTINGS NE
213 AM CDT FRI APR 18 2014


...................................

...THE ORD NE CLIMATE SUMMARY FOR APRIL 17 2014...

CLIMATE NORMAL PERIOD 1981 TO 2010
CLIMATE RECORD PERIOD 1895 TO 2014


WEATHER ITEM   OBSERVED TIME   NORMAL DEPARTURE LAST
                VALUE   (LST)  VALUE  FROM      YEAR
                                      NORMAL
......................................................
TEMPERATURE (F)
 YESTERDAY
  MAXIMUM         52    607 PM  62    -10       37
  MINIMUM         28    637 AM  36     -8       28
  AVERAGE         40            49     -9       33

PRECIPITATION (IN)
  YESTERDAY        0.00          0.09  -0.09      T
  MONTH TO DATE    0.63          1.26  -0.63     2.04
  SINCE MAR 1      0.83          2.71  -1.88     2.65
  SINCE JAN 1      1.08          3.52  -2.44     4.27

DEGREE DAYS
 HEATING
  YESTERDAY       25                            32
  MONTH TO DATE  350                           415

 COOLING
  YESTERDAY        0                             0
  MONTH TO DATE    0                             0
  SINCE MAR 1      0                             0
  SINCE JAN 1      0                             0
......................................................


WIND (MPH)
  HIGHEST WIND SPEED    20   HIGHEST WIND DIRECTION     N (350)
  HIGHEST GUST SPEED    25   HIGHEST GUST DIRECTION     N (340)
  AVERAGE WIND SPEED     8.3


SKY COVER
  AVERAGE SKY COVER 0.4


WEATHER CONDITIONS
 THE FOLLOWING WEATHER WAS RECORDED YESTERDAY.
  NO SIGNIFICANT WEATHER WAS OBSERVED.


RELATIVE HUMIDITY (PERCENT)
 HIGHEST    75           600 AM
 LOWEST     35           400 PM
 AVERAGE    55

..........................................................


THE ORD NE CLIMATE NORMALS FOR TODAY
                         NORMAL
 MAXIMUM TEMPERATURE (F)   62
 MINIMUM TEMPERATURE (F)   37


SUNRISE AND SUNSET
APRIL 18 2014.........SUNRISE   651 AM CDT   SUNSET   820 PM CDT
APRIL 19 2014.........SUNRISE   650 AM CDT   SUNSET   821 PM CDT


-  INDICATES NEGATIVE NUMBERS.
R  INDICATES RECORD WAS SET OR TIED.
MM INDICATES DATA IS MISSING.
T  INDICATES TRACE AMOUNT.




$$
