000
CDUS43 KGID 210640
CLIODX


CLIMATE REPORT
NATIONAL WEATHER SERVICE HASTINGS NE
138 AM CDT THU AUG 21 2014


...................................

...THE ORD NE CLIMATE SUMMARY FOR AUGUST 20 2014...

CLIMATE NORMAL PERIOD 1981 TO 2010
CLIMATE RECORD PERIOD 1895 TO 2014


WEATHER ITEM   OBSERVED TIME   NORMAL DEPARTURE LAST
                VALUE   (LST)  VALUE  FROM      YEAR
                                      NORMAL
......................................................
TEMPERATURE (F)
 YESTERDAY
  MAXIMUM         90    428 PM  85      5       89
  MINIMUM         70    655 AM  60     10       62
  AVERAGE         80            73      7       76

PRECIPITATION (IN)
  YESTERDAY        T             0.11  -0.11     0.00
  MONTH TO DATE    3.00          2.11   0.89     2.78
  SINCE JUN 1     13.15          9.20   3.95     8.30
  SINCE JAN 1     15.37         17.86  -2.49    18.44

DEGREE DAYS
 HEATING
  YESTERDAY        0             0      0        0
  MONTH TO DATE    0             0      0        0
  SINCE JUN 1     51            42      9       54
  SINCE JUL 1     19             5     14        7

 COOLING
  YESTERDAY       15             8      7       11
  MONTH TO DATE  160           183    -23      115
  SINCE JUN 1    491           642   -151      556
  SINCE JAN 1    560           683   -123      603
......................................................


WIND (MPH)
  HIGHEST WIND SPEED    20   HIGHEST WIND DIRECTION     S (170)
  HIGHEST GUST SPEED    27   HIGHEST GUST DIRECTION     S (180)
  AVERAGE WIND SPEED     9.3


SKY COVER
  AVERAGE SKY COVER 0.1


WEATHER CONDITIONS
 THE FOLLOWING WEATHER WAS RECORDED YESTERDAY.
  THUNDERSTORM
  LIGHT RAIN


RELATIVE HUMIDITY (PERCENT)
 HIGHEST    97           600 AM
 LOWEST     56           400 PM
 AVERAGE    77

..........................................................


THE ORD NE CLIMATE NORMALS FOR TODAY
                         NORMAL
 MAXIMUM TEMPERATURE (F)   85
 MINIMUM TEMPERATURE (F)   60


SUNRISE AND SUNSET
AUGUST 21 2014........SUNRISE   651 AM CDT   SUNSET   826 PM CDT
AUGUST 22 2014........SUNRISE   652 AM CDT   SUNSET   825 PM CDT


-  INDICATES NEGATIVE NUMBERS.
R  INDICATES RECORD WAS SET OR TIED.
MM INDICATES DATA IS MISSING.
T  INDICATES TRACE AMOUNT.




$$
