000
CDUS43 KGID 160705
CLIODX


CLIMATE REPORT
NATIONAL WEATHER SERVICE HASTINGS NE
204 AM CDT TUE SEP 16 2014


...................................

...THE ORD NE CLIMATE SUMMARY FOR SEPTEMBER 15 2014...

CLIMATE NORMAL PERIOD 1981 TO 2010
CLIMATE RECORD PERIOD 1895 TO 2014


WEATHER ITEM   OBSERVED TIME   NORMAL DEPARTURE LAST
                VALUE   (LST)  VALUE  FROM      YEAR
                                      NORMAL
......................................................
TEMPERATURE (F)
 YESTERDAY
  MAXIMUM         65    457 PM  79    -14       70
  MINIMUM         42   1159 PM  49     -7       58
  AVERAGE         54            64    -10       64

PRECIPITATION (IN)
  YESTERDAY        0.00          0.08  -0.08     0.09
  MONTH TO DATE    1.13          1.32  -0.19     0.20
  SINCE SEP 1      1.13          1.32  -0.19     0.20
  SINCE JAN 1     18.77         20.23  -1.46    19.63

DEGREE DAYS
 HEATING
  YESTERDAY       11             3      8        1
  MONTH TO DATE  107            29     78        6
  SINCE SEP 1    107            29     78        6
  SINCE JUL 1    126            43     83       13

 COOLING
  YESTERDAY        0             2     -2        0
  MONTH TO DATE   21            61    -40      121
  SINCE SEP 1     21            61    -40      121
  SINCE JAN 1    656           818   -162      881
......................................................


WIND (MPH)
  HIGHEST WIND SPEED    18   HIGHEST WIND DIRECTION     N (350)
  HIGHEST GUST SPEED    24   HIGHEST GUST DIRECTION     N (360)
  AVERAGE WIND SPEED     7.0


SKY COVER
  AVERAGE SKY COVER 0.2


WEATHER CONDITIONS
 THE FOLLOWING WEATHER WAS RECORDED YESTERDAY.
  NO SIGNIFICANT WEATHER WAS OBSERVED.


RELATIVE HUMIDITY (PERCENT)
 HIGHEST    96           100 AM
 LOWEST     37           400 PM
 AVERAGE    67

..........................................................


THE ORD NE CLIMATE NORMALS FOR TODAY
                         NORMAL
 MAXIMUM TEMPERATURE (F)   78
 MINIMUM TEMPERATURE (F)   49


SUNRISE AND SUNSET
SEPTEMBER 16 2014.....SUNRISE   717 AM CDT   SUNSET   743 PM CDT
SEPTEMBER 17 2014.....SUNRISE   718 AM CDT   SUNSET   742 PM CDT


-  INDICATES NEGATIVE NUMBERS.
R  INDICATES RECORD WAS SET OR TIED.
MM INDICATES DATA IS MISSING.
T  INDICATES TRACE AMOUNT.




$$
