000
CDUS43 KGID 230635
CLIODX


CLIMATE REPORT
NATIONAL WEATHER SERVICE HASTINGS NE
1229 AM CST TUE JAN 23 2018


...................................

...THE ORD NE CLIMATE SUMMARY FOR JANUARY 22 2018...

CLIMATE NORMAL PERIOD 1981 TO 2010
CLIMATE RECORD PERIOD 1895 TO 2018


WEATHER ITEM   OBSERVED TIME   NORMAL DEPARTURE LAST
                VALUE   (LST)  VALUE  FROM      YEAR
                                      NORMAL
......................................................
TEMPERATURE (F)
 YESTERDAY
  MAXIMUM         33    114 AM  38     -5       49
  MINIMUM         21   1100 PM  13      8       23
  AVERAGE         27            25      2       36

PRECIPITATION (IN)
  YESTERDAY       MM             0.02  MM        0.00
  MONTH TO DATE    0.18          0.24  -0.06     0.67
  SINCE DEC 1      0.61          0.83  -0.22     1.08
  SINCE JAN 1      0.18          0.24  -0.06     0.67

DEGREE DAYS
 HEATING
  YESTERDAY       38            40     -2       29
  MONTH TO DATE  971           893     78      948
  SINCE DEC 1   2193          2136     57     2228
  SINCE JUL 1   3538          3617    -79     3344

 COOLING
  YESTERDAY        0             0      0        0
  MONTH TO DATE    0             0      0        0
  SINCE DEC 1      0             0      0        0
  SINCE JAN 1      0             0      0        0
......................................................


WIND (MPH)
  HIGHEST WIND SPEED    38   HIGHEST WIND DIRECTION     N (20)
  HIGHEST GUST SPEED    53   HIGHEST GUST DIRECTION    NE (30)
  AVERAGE WIND SPEED    23.5


SKY COVER
  AVERAGE SKY COVER 0.6


WEATHER CONDITIONS
 THE FOLLOWING WEATHER WAS RECORDED YESTERDAY.
  LT FREEZING RAIN
  HEAVY SNOW
  SNOW
  LIGHT SNOW
  FOG
  FOG W/VISIBILITY <= 1/4 MILE
  HAZE


RELATIVE HUMIDITY (PERCENT)
 HIGHEST   100           300 AM
 LOWEST     69           400 PM
 AVERAGE    85

..........................................................


THE ORD NE CLIMATE NORMALS FOR TODAY
                         NORMAL
 MAXIMUM TEMPERATURE (F)   38
 MINIMUM TEMPERATURE (F)   13


SUNRISE AND SUNSET
JANUARY 23 2018.......SUNRISE   755 AM CST   SUNSET   540 PM CST
JANUARY 24 2018.......SUNRISE   755 AM CST   SUNSET   542 PM CST


-  INDICATES NEGATIVE NUMBERS.
R  INDICATES RECORD WAS SET OR TIED.
MM INDICATES DATA IS MISSING.
T  INDICATES TRACE AMOUNT.




$$
