000
CDUS43 KGID 280722
CLIODX


CLIMATE REPORT
NATIONAL WEATHER SERVICE HASTINGS NE
217 AM CDT THU JUL 28 2016


...................................

...THE ORD NE CLIMATE SUMMARY FOR JULY 27 2016...

CLIMATE NORMAL PERIOD 1981 TO 2010
CLIMATE RECORD PERIOD 1895 TO 2016


WEATHER ITEM   OBSERVED TIME   NORMAL DEPARTURE LAST
                VALUE   (LST)  VALUE  FROM      YEAR
                                      NORMAL
......................................................
TEMPERATURE (F)
 YESTERDAY
  MAXIMUM         86    506 PM  88     -2       90
  MINIMUM         61    549 AM  62     -1       70
  AVERAGE         74            75     -1       80

PRECIPITATION (IN)
  YESTERDAY        0.28          0.12   0.16     0.00
  MONTH TO DATE    3.90          2.32   1.58     2.16
  SINCE JUN 1      7.42          6.44   0.98     5.43
  SINCE JAN 1     23.96         15.10   8.86    11.89

DEGREE DAYS
 HEATING
  YESTERDAY        0             0      0        0
  MONTH TO DATE    8             0      8        5
  SINCE JUN 1     10            37    -27       11
  SINCE JUL 1      8             0      8        5

 COOLING
  YESTERDAY        9            10     -1       15
  MONTH TO DATE  260           257      3      270
  SINCE JUN 1    525           419    106      430
  SINCE JAN 1    547           460     87      439
......................................................


WIND (MPH)
  HIGHEST WIND SPEED    33   HIGHEST WIND DIRECTION    NW (330)
  HIGHEST GUST SPEED    43   HIGHEST GUST DIRECTION    NW (330)
  AVERAGE WIND SPEED     6.6


SKY COVER
  AVERAGE SKY COVER 0.1


WEATHER CONDITIONS
 THE FOLLOWING WEATHER WAS RECORDED YESTERDAY.
  THUNDERSTORM
  HEAVY RAIN
  RAIN
  LIGHT RAIN
  FOG
  HAZE


RELATIVE HUMIDITY (PERCENT)
 HIGHEST    93           300 AM
 LOWEST     44           400 PM
 AVERAGE    69

..........................................................


THE ORD NE CLIMATE NORMALS FOR TODAY
                         NORMAL
 MAXIMUM TEMPERATURE (F)   88
 MINIMUM TEMPERATURE (F)   62


SUNRISE AND SUNSET
JULY 28 2016..........SUNRISE   627 AM CDT   SUNSET   857 PM CDT
JULY 29 2016..........SUNRISE   628 AM CDT   SUNSET   856 PM CDT


-  INDICATES NEGATIVE NUMBERS.
R  INDICATES RECORD WAS SET OR TIED.
MM INDICATES DATA IS MISSING.
T  INDICATES TRACE AMOUNT.




$$
