747
CDUS43 KOAX 240624
CLIOFK


CLIMATE REPORT
NATIONAL WEATHER SERVICE OMAHA NEBRASKA
123 AM CDT SUN JUL 24 2016


...................................

...THE NORFOLK, NEBRASKA CLIMATE SUMMARY FOR JULY 23 2016...

CLIMATE NORMAL PERIOD 1981 TO 2010
CLIMATE RECORD PERIOD 1888 TO 2016


WEATHER ITEM   OBSERVED TIME   RECORD YEAR NORMAL DEPARTURE LAST
                VALUE   (LST)  VALUE       VALUE  FROM      YEAR
                                                  NORMAL
..................................................................
TEMPERATURE (F)
 YESTERDAY
  MAXIMUM         92    252 PM 104    2012  87      5       89
                                      1936
                                      1901
  MINIMUM         73    707 AM  48    1909  64      9       64
                                      1906
                                      1904
  AVERAGE         83                        75      8       77

PRECIPITATION (IN)
  YESTERDAY        0.01          1.33 1896   0.10  -0.09     0.00
  MONTH TO DATE    2.69                      2.50   0.19     5.08
  SINCE JUN 1      5.90                      6.76  -0.86     9.68
  SINCE JAN 1     22.35                     16.46   5.89    16.64

SNOWFALL (IN)
  YESTERDAY        0.0                       0.0    0.0      0.0
  MONTH TO DATE    0.0                       0.0    0.0      0.0
  SINCE JUL 1      0.0                       0.0    0.0      0.0
  SNOW DEPTH       0

DEGREE DAYS
 HEATING
  YESTERDAY        0                         0      0        0
  MONTH TO DATE    7                         0      7        4
  SINCE JUN 1     10                        30    -20        7
  SINCE JUL 1      7                         0      7        4

 COOLING
  YESTERDAY       18                        10      8       12
  MONTH TO DATE  231                       228      3      211
  SINCE JUN 1    507                       414     93      397
  SINCE JAN 1    545                       475     70      430
..................................................................


WIND (MPH)
  HIGHEST WIND SPEED    21   HIGHEST WIND DIRECTION     W (260)
  HIGHEST GUST SPEED    26   HIGHEST GUST DIRECTION     W (260)
  AVERAGE WIND SPEED     8.0


SKY COVER
  POSSIBLE SUNSHINE  MM
  AVERAGE SKY COVER 0.0


WEATHER CONDITIONS
 THE FOLLOWING WEATHER WAS RECORDED YESTERDAY.
  THUNDERSTORM
  LIGHT RAIN
  FOG


RELATIVE HUMIDITY (PERCENT)
 HIGHEST    97           100 AM
 LOWEST     56           100 PM
 AVERAGE    77

..........................................................


THE NORFOLK, NEBRASKA CLIMATE NORMALS FOR TODAY
                         NORMAL    RECORD    YEAR
 MAXIMUM TEMPERATURE (F)   86       113      1936
 MINIMUM TEMPERATURE (F)   64        45      1905


SUNRISE AND SUNSET
JULY 24 2016..........SUNRISE   616 AM CDT   SUNSET   856 PM CDT
JULY 25 2016..........SUNRISE   617 AM CDT   SUNSET   855 PM CDT


-  INDICATES NEGATIVE NUMBERS.
R  INDICATES RECORD WAS SET OR TIED.
MM INDICATES DATA IS MISSING.
T  INDICATES TRACE AMOUNT.




$$
