000
CDUS43 KOAX 200623
CLIOFK


CLIMATE REPORT
NATIONAL WEATHER SERVICE OMAHA NEBRASKA
122 AM CDT SAT SEP 20 2014


...................................

...THE NORFOLK, NEBRASKA CLIMATE SUMMARY FOR SEPTEMBER 19 2014...

CLIMATE NORMAL PERIOD 1981 TO 2010
CLIMATE RECORD PERIOD 1888 TO 2014


WEATHER ITEM   OBSERVED TIME   RECORD YEAR NORMAL DEPARTURE LAST
                VALUE   (LST)  VALUE       VALUE  FROM      YEAR
                                                  NORMAL
..................................................................
TEMPERATURE (F)
 YESTERDAY
  MAXIMUM         90    348 PM 104    1895  75     15       78
  MINIMUM         61   1242 AM  26    1991  49     12       51
  AVERAGE         76                        62     14       65

PRECIPITATION (IN)
  YESTERDAY        0.08          2.42 1926   0.08   0.00     0.06
  MONTH TO DATE    1.04                      1.70  -0.66     0.20
  SINCE SEP 1      1.04                      1.70  -0.66     0.20
  SINCE JAN 1     26.26                     22.23   4.03    18.61

SNOWFALL (IN)
  YESTERDAY        0.0                       0.0    0.0      0.0
  MONTH TO DATE    0.0                       0.0    0.0      0.0
  SINCE JUL 1      0.0                       0.0    0.0      0.0
  SNOW DEPTH       0

DEGREE DAYS
 HEATING
  YESTERDAY        0                         5     -5        0
  MONTH TO DATE  102                        53     49        7
  SINCE SEP 1    102                        53     49        7
  SINCE JUL 1    114                        69     45       23

 COOLING
  YESTERDAY       11                         2      9        0
  MONTH TO DATE   43                        76    -33      136
  SINCE SEP 1     43                        76    -33      136
  SINCE JAN 1    770                       892   -122      960
..................................................................


WIND (MPH)
  HIGHEST WIND SPEED    31   HIGHEST WIND DIRECTION     S (200)
  HIGHEST GUST SPEED    37   HIGHEST GUST DIRECTION    SW (210)
  AVERAGE WIND SPEED    15.6


SKY COVER
  POSSIBLE SUNSHINE  MM
  AVERAGE SKY COVER 0.5


WEATHER CONDITIONS
 THE FOLLOWING WEATHER WAS RECORDED YESTERDAY.
  THUNDERSTORM
  HEAVY RAIN
  LIGHT RAIN
  FOG


RELATIVE HUMIDITY (PERCENT)
 HIGHEST    93           100 AM
 LOWEST     41           400 PM
 AVERAGE    67

..........................................................


THE NORFOLK, NEBRASKA CLIMATE NORMALS FOR TODAY
                         NORMAL    RECORD    YEAR
 MAXIMUM TEMPERATURE (F)   75       100      1895
 MINIMUM TEMPERATURE (F)   49        24      1918


SUNRISE AND SUNSET
SEPTEMBER 20 2014.....SUNRISE   715 AM CDT   SUNSET   730 PM CDT
SEPTEMBER 21 2014.....SUNRISE   716 AM CDT   SUNSET   729 PM CDT


-  INDICATES NEGATIVE NUMBERS.
R  INDICATES RECORD WAS SET OR TIED.
MM INDICATES DATA IS MISSING.
T  INDICATES TRACE AMOUNT.




$$
