000
CDUS43 KOAX 280625
CLIOFK


CLIMATE REPORT
NATIONAL WEATHER SERVICE OMAHA NEBRASKA
125 AM CDT TUE MAR 28 2017


...................................

...THE NORFOLK, NEBRASKA CLIMATE SUMMARY FOR MARCH 27 2017...

CLIMATE NORMAL PERIOD 1981 TO 2010
CLIMATE RECORD PERIOD 1888 TO 2017


WEATHER ITEM   OBSERVED TIME   RECORD YEAR NORMAL DEPARTURE LAST
                VALUE   (LST)  VALUE       VALUE  FROM      YEAR
                                                  NORMAL
..................................................................
TEMPERATURE (F)
 YESTERDAY
  MAXIMUM         59    440 PM  84    1989  54      5       42
  MINIMUM         37   1159 PM   0    1913  30      7       14
  AVERAGE         48                        42      6       28

PRECIPITATION (IN)
  YESTERDAY        0.00          1.06 1998   0.07  -0.07     0.00
  MONTH TO DATE    0.86                      1.46  -0.60     2.03
  SINCE MAR 1      0.86                      1.46  -0.60     2.03
  SINCE JAN 1      3.10                      2.81   0.29     4.18

SNOWFALL (IN)
  YESTERDAY        0.0                       0.2   -0.2      0.0
  MONTH TO DATE    2.1                       4.5   -2.4     12.0
  SINCE JUL 1     30.2                      27.3    2.9     53.0
  SNOW DEPTH       0

DEGREE DAYS
 HEATING
  YESTERDAY       17                        23     -6       37
  MONTH TO DATE  680                       767    -87      592
  SINCE MAR 1    680                       767    -87      592
  SINCE JUL 1   5135                      5860   -725     4893

 COOLING
  YESTERDAY        0                         0      0        0
  MONTH TO DATE    0                         0      0        0
  SINCE MAR 1      0                         0      0        0
  SINCE JAN 1      0                         0      0        0
..................................................................


WIND (MPH)
  HIGHEST WIND SPEED    10   HIGHEST WIND DIRECTION    SE (120)
  HIGHEST GUST SPEED    12   HIGHEST GUST DIRECTION     E (110)
  AVERAGE WIND SPEED     3.0


SKY COVER
  POSSIBLE SUNSHINE  MM
  AVERAGE SKY COVER 0.5


WEATHER CONDITIONS
 THE FOLLOWING WEATHER WAS RECORDED YESTERDAY.
  FOG


RELATIVE HUMIDITY (PERCENT)
 HIGHEST    89          1200 AM
 LOWEST     47           300 PM
 AVERAGE    68

..........................................................


THE NORFOLK, NEBRASKA CLIMATE NORMALS FOR TODAY
                         NORMAL    RECORD    YEAR
 MAXIMUM TEMPERATURE (F)   54        87      1986
 MINIMUM TEMPERATURE (F)   30         6      1926


SUNRISE AND SUNSET
MARCH 28 2017.........SUNRISE   719 AM CDT   SUNSET   751 PM CDT
MARCH 29 2017.........SUNRISE   717 AM CDT   SUNSET   752 PM CDT


-  INDICATES NEGATIVE NUMBERS.
R  INDICATES RECORD WAS SET OR TIED.
MM INDICATES DATA IS MISSING.
T  INDICATES TRACE AMOUNT.




$$
