000
CDUS43 KOAX 300627
CLIOFK


CLIMATE REPORT
NATIONAL WEATHER SERVICE OMAHA NEBRASKA
125 AM CDT SAT APR 30 2016


...................................

...THE NORFOLK, NEBRASKA CLIMATE SUMMARY FOR APRIL 29 2016...

CLIMATE NORMAL PERIOD 1981 TO 2010
CLIMATE RECORD PERIOD 1888 TO 2016


WEATHER ITEM   OBSERVED TIME   RECORD YEAR NORMAL DEPARTURE LAST
                VALUE   (LST)  VALUE       VALUE  FROM      YEAR
                                                  NORMAL
..................................................................
TEMPERATURE (F)
 YESTERDAY
  MAXIMUM         45    504 PM  93    1926  67    -22       72
  MINIMUM         41    554 AM  25    1958  43     -2       35
  AVERAGE         43                        55    -12       54

PRECIPITATION (IN)
  YESTERDAY        T             1.80 1895   0.10  -0.10     0.00
  MONTH TO DATE    4.09                      2.55   1.54     1.94
  SINCE MAR 1      6.50                      4.32   2.18     2.76
  SINCE JAN 1      8.65                      5.67   2.98     3.64

SNOWFALL (IN)
  YESTERDAY        0.0                       0.1   -0.1      0.0
  MONTH TO DATE    T                         2.6   -2.6      0.2
  SINCE JUL 1     53.0                      30.5   22.5     20.7
  SNOW DEPTH       0

DEGREE DAYS
 HEATING
  YESTERDAY       22                        11     11       11
  MONTH TO DATE  398                       462    -64      362
  SINCE MAR 1   1061                      1318   -257     1045
  SINCE JUL 1   5362                      6411  -1049     6091

 COOLING
  YESTERDAY        0                         1     -1        0
  MONTH TO DATE    0                        11    -11        5
  SINCE MAR 1      0                        11    -11        5
  SINCE JAN 1      0                        11    -11        5
..................................................................


WIND (MPH)
  HIGHEST WIND SPEED    20   HIGHEST WIND DIRECTION    NE (50)
  HIGHEST GUST SPEED    26   HIGHEST GUST DIRECTION    NE (60)
  AVERAGE WIND SPEED    10.1


SKY COVER
  POSSIBLE SUNSHINE  MM
  AVERAGE SKY COVER 1.0


WEATHER CONDITIONS
 THE FOLLOWING WEATHER WAS RECORDED YESTERDAY.
  FOG
  HAZE


RELATIVE HUMIDITY (PERCENT)
 HIGHEST    89           600 AM
 LOWEST     76           800 AM
 AVERAGE    83

..........................................................


THE NORFOLK, NEBRASKA CLIMATE NORMALS FOR TODAY
                         NORMAL    RECORD    YEAR
 MAXIMUM TEMPERATURE (F)   67        96      1926
 MINIMUM TEMPERATURE (F)   43        15      1907


SUNRISE AND SUNSET
APRIL 30 2016.........SUNRISE   626 AM CDT   SUNSET   828 PM CDT
MAY  1 2016...........SUNRISE   625 AM CDT   SUNSET   829 PM CDT


-  INDICATES NEGATIVE NUMBERS.
R  INDICATES RECORD WAS SET OR TIED.
MM INDICATES DATA IS MISSING.
T  INDICATES TRACE AMOUNT.




$$
