093
CDUS42 KCAE 160521
CLIOGB


CLIMATE REPORT
NATIONAL WEATHER SERVICE COLUMBIA SC
1221 AM EST TUE JAN 16 2018


...................................

...THE ORANGEBURG AIRPORT SC CLIMATE SUMMARY FOR JANUARY 15 2018...

CLIMATE NORMAL PERIOD 1981 TO 2010
CLIMATE RECORD PERIOD 9999 TO 9999


WEATHER ITEM   OBSERVED TIME   NORMAL DEPARTURE LAST
                VALUE   (LST)  VALUE  FROM      YEAR
                                      NORMAL
......................................................
TEMPERATURE (F)
 YESTERDAY
  MAXIMUM         46    351 PM  56    -10       76
  MINIMUM         26    820 AM  35     -9       47
  AVERAGE         36            46    -10       62

PRECIPITATION (IN)
  YESTERDAY        0.00          0.11  -0.11     0.00
  MONTH TO DATE    0.52          1.80  -1.28     2.38
  SINCE DEC 1      2.26          5.12  -2.86     6.78
  SINCE JAN 1      0.52          1.80  -1.28     2.38

DEGREE DAYS
 HEATING
  YESTERDAY       29            19     10        3
  MONTH TO DATE  369           297     72      197
  SINCE DEC 1    853           832     21      644
  SINCE JUL 1   1217          1201     16      949

 COOLING
  YESTERDAY        0             0      0        0
  MONTH TO DATE    1             0      1        2
  SINCE DEC 1      1             4     -3        6
  SINCE JAN 1      1             0      1        2
......................................................


WIND (MPH)
  HIGHEST WIND SPEED    13   HIGHEST WIND DIRECTION     N (360)
  HIGHEST GUST SPEED    16   HIGHEST GUST DIRECTION    NE (40)
  AVERAGE WIND SPEED     4.9


SKY COVER
  AVERAGE SKY COVER 0.0


WEATHER CONDITIONS
 THE FOLLOWING WEATHER WAS RECORDED YESTERDAY.
  NO SIGNIFICANT WEATHER WAS OBSERVED.


RELATIVE HUMIDITY (PERCENT)
 HIGHEST    75          1100 PM
 LOWEST     28           300 PM

..........................................................


THE ORANGEBURG AIRPORT SC CLIMATE NORMALS FOR TODAY
                         NORMAL    RECORD    YEAR
 MAXIMUM TEMPERATURE (F)   56        MM        MM
 MINIMUM TEMPERATURE (F)   35        MM        MM


SUNRISE AND SUNSET
JANUARY 16 2018.......SUNRISE   727 AM EST   SUNSET   540 PM EST
JANUARY 17 2018.......SUNRISE   727 AM EST   SUNSET   540 PM EST


-  INDICATES NEGATIVE NUMBERS.
R  INDICATES RECORD WAS SET OR TIED.
MM INDICATES DATA IS MISSING.
T  INDICATES TRACE AMOUNT.




$$
