000
CDUS42 KCAE 260545
CLIOGB


CLIMATE REPORT
NATIONAL WEATHER SERVICE COLUMBIA SC
145 AM EDT FRI MAY 26 2017


...................................

...THE ORANGEBURG AIRPORT SC CLIMATE SUMMARY FOR MAY 25 2017...

CLIMATE NORMAL PERIOD 1981 TO 2010
CLIMATE RECORD PERIOD 9999 TO 9999


WEATHER ITEM   OBSERVED TIME   NORMAL DEPARTURE LAST
                VALUE   (LST)  VALUE  FROM      YEAR
                                      NORMAL
......................................................
TEMPERATURE (F)
 YESTERDAY
  MAXIMUM         76    444 PM  85     -9       89
  MINIMUM         60   1159 PM  63     -3       61
  AVERAGE         68            74     -6       75

PRECIPITATION (IN)
  YESTERDAY        0.08          0.13  -0.05     0.00
  MONTH TO DATE    2.59          2.31   0.28     1.35
  SINCE MAR 1      9.85          9.14   0.71     6.28
  SINCE JAN 1     16.50         16.71  -0.21    13.45

DEGREE DAYS
 HEATING
  YESTERDAY        0             0      0        0
  MONTH TO DATE   12            10      2        8
  SINCE MAR 1    321           395    -74      228
  SINCE JUL 1   1630          2327   -697     1629

 COOLING
  YESTERDAY        3             9     -6       10
  MONTH TO DATE  188           159     29      171
  SINCE MAR 1    373           241    132      332
  SINCE JAN 1    399           244    155      338
......................................................


WIND (MPH)
  HIGHEST WIND SPEED    24   HIGHEST WIND DIRECTION     W (270)
  HIGHEST GUST SPEED    32   HIGHEST GUST DIRECTION     W (290)
  AVERAGE WIND SPEED    11.5


SKY COVER
  AVERAGE SKY COVER 0.4


WEATHER CONDITIONS
 THE FOLLOWING WEATHER WAS RECORDED YESTERDAY.
  THUNDERSTORM
  RAIN
  LIGHT RAIN
  HAZE


RELATIVE HUMIDITY (PERCENT)
 HIGHEST    93          1200 AM
 LOWEST     43           400 PM

..........................................................


THE ORANGEBURG AIRPORT SC CLIMATE NORMALS FOR TODAY
                         NORMAL    RECORD    YEAR
 MAXIMUM TEMPERATURE (F)   86        MM        MM
 MINIMUM TEMPERATURE (F)   63        MM        MM


SUNRISE AND SUNSET
MAY 26 2017...........SUNRISE   617 AM EDT   SUNSET   825 PM EDT
MAY 27 2017...........SUNRISE   616 AM EDT   SUNSET   825 PM EDT


-  INDICATES NEGATIVE NUMBERS.
R  INDICATES RECORD WAS SET OR TIED.
MM INDICATES DATA IS MISSING.
T  INDICATES TRACE AMOUNT.




$$
