000
CDUS42 KCAE 200540
CLIOGB


CLIMATE REPORT
NATIONAL WEATHER SERVICE COLUMBIA SC
1240 AM EST MON NOV 20 2017


...................................

...THE ORANGEBURG AIRPORT SC CLIMATE SUMMARY FOR NOVEMBER 19 2017...

CLIMATE NORMAL PERIOD 1981 TO 2010
CLIMATE RECORD PERIOD 9999 TO 9999


WEATHER ITEM   OBSERVED TIME   NORMAL DEPARTURE LAST
                VALUE   (LST)  VALUE  FROM      YEAR
                                      NORMAL
......................................................
TEMPERATURE (F)
 YESTERDAY
  MAXIMUM         65    311 PM  67     -2       76
  MINIMUM         41   1123 PM  43     -2       37
  AVERAGE         53            55     -2       57

PRECIPITATION (IN)
  YESTERDAY        0.02          0.09  -0.07     0.00
  MONTH TO DATE    1.27          1.79  -0.52     0.13
  SINCE SEP 1      8.05          8.97  -0.92    16.65
  SINCE JAN 1     36.24         42.28  -6.04    41.17

DEGREE DAYS
 HEATING
  YESTERDAY       12            10      2        8
  MONTH TO DATE  140           149     -9      157
  SINCE SEP 1    221           239    -18      190
  SINCE JUL 1    221           239    -18      190

 COOLING
  YESTERDAY        0             0      0        0
  MONTH TO DATE   18            12      6        7
  SINCE SEP 1    523           406    117      501
  SINCE JAN 1   2410          2099    311     2545
......................................................


WIND (MPH)
  HIGHEST WIND SPEED    21   HIGHEST WIND DIRECTION    SW (220)
  HIGHEST GUST SPEED    28   HIGHEST GUST DIRECTION    SW (210)
  AVERAGE WIND SPEED     9.1


SKY COVER
  AVERAGE SKY COVER 0.1


WEATHER CONDITIONS
 THE FOLLOWING WEATHER WAS RECORDED YESTERDAY.
  LIGHT RAIN
  FOG


RELATIVE HUMIDITY (PERCENT)
 HIGHEST    87           600 AM
 LOWEST     26           200 PM

..........................................................


THE ORANGEBURG AIRPORT SC CLIMATE NORMALS FOR TODAY
                         NORMAL    RECORD    YEAR
 MAXIMUM TEMPERATURE (F)   67        MM        MM
 MINIMUM TEMPERATURE (F)   43        MM        MM


SUNRISE AND SUNSET
NOVEMBER 20 2017......SUNRISE   700 AM EST   SUNSET   518 PM EST
NOVEMBER 21 2017......SUNRISE   701 AM EST   SUNSET   518 PM EST


-  INDICATES NEGATIVE NUMBERS.
R  INDICATES RECORD WAS SET OR TIED.
MM INDICATES DATA IS MISSING.
T  INDICATES TRACE AMOUNT.




$$
