000
CDHW42 PHFO 280235
CLIOGG


CLIMATE REPORT
NATIONAL WEATHER SERVICE HONOLULU HI
425 PM HST SUN JUL 27 2014


...................................

...THE KAHULUI HI CLIMATE SUMMARY FOR JULY 27 2014...
VALID TODAY AS OF 0400 PM LOCAL TIME.

CLIMATE NORMAL PERIOD 1981 TO 2010
CLIMATE RECORD PERIOD 1946 TO 2014


WEATHER ITEM   OBSERVED TIME   RECORD YEAR NORMAL DEPARTURE LAST
                VALUE   (LST)  VALUE       VALUE  FROM      YEAR
                                                  NORMAL
..................................................................
TEMPERATURE (F)
 TODAY
  MAXIMUM         94   1244 PM  96    1951  88      6       88
  MINIMUM         70    615 AM  59    1971  72     -2       74
  AVERAGE         82                        80      2       81

PRECIPITATION (IN)
  TODAY            0.02          0.28 1977   0.02   0.00     0.00
  MONTH TO DATE    0.89                      0.42   0.47     0.07
  SINCE JUN 1      1.18                      0.62   0.56     0.34
  SINCE JAN 1     15.14                     10.12   5.02     7.33

SNOWFALL (IN)
  TODAY            0.0
  MONTH TO DATE    0.0
  SINCE JUN 1      0.0
  SINCE JUL 1      0.0
  SNOW DEPTH       0

DEGREE DAYS
 HEATING
  TODAY            0                         0      0        0
  MONTH TO DATE    0                         0      0        0
  SINCE JUN 1      0                         0      0        0
  SINCE JUL 1      0                         0      0        0

 COOLING
  TODAY           17                        15      2       16
  MONTH TO DATE  424                       379     45      408
  SINCE JUN 1    843                       767     76      850
  SINCE JAN 1   2339                      2026    313     2234
..................................................................


WIND (MPH)
  HIGHEST WIND SPEED    23   HIGHEST WIND DIRECTION     E (80)
  HIGHEST GUST SPEED    30   HIGHEST GUST DIRECTION     E (70)
  AVERAGE WIND SPEED     8.1


SKY COVER
  POSSIBLE SUNSHINE  MM
  AVERAGE SKY COVER 0.3


WEATHER CONDITIONS
 THE FOLLOWING WEATHER WAS RECORDED TODAY.
  NO SIGNIFICANT WEATHER WAS OBSERVED.


RELATIVE HUMIDITY (PERCENT)
 HIGHEST    90           500 AM
 LOWEST     46          1100 AM
 AVERAGE    68

..........................................................


THE KAHULUI HI CLIMATE NORMALS FOR TOMORROW
                         NORMAL    RECORD    YEAR
 MAXIMUM TEMPERATURE (F)   88        95      1949
 MINIMUM TEMPERATURE (F)   72        61      1952


SUNRISE AND SUNSET
JULY 27 2014..........SUNRISE   558 AM HST   SUNSET   706 PM HST
JULY 28 2014..........SUNRISE   558 AM HST   SUNSET   706 PM HST


-  INDICATES NEGATIVE NUMBERS.
R  INDICATES RECORD WAS SET OR TIED.
MM INDICATES DATA IS MISSING.
T  INDICATES TRACE AMOUNT.




$$
