000
CDHW42 PHFO 191245
CLIOGG


CLIMATE REPORT
NATIONAL WEATHER SERVICE HONOLULU HI
245 AM HST TUE SEP 19 2017


...................................

...THE KAHULUI HI CLIMATE SUMMARY FOR SEPTEMBER 18 2017...

CLIMATE NORMAL PERIOD 1981 TO 2010
CLIMATE RECORD PERIOD 1946 TO 2017


WEATHER ITEM   OBSERVED TIME   RECORD YEAR NORMAL DEPARTURE LAST
                VALUE   (LST)  VALUE       VALUE  FROM      YEAR
                                                  NORMAL
..................................................................
TEMPERATURE (F)
 YESTERDAY
  MAXIMUM         90    234 PM  94    1953  88      2       90
  MINIMUM         74    639 AM  61    1952  70      4       75
  AVERAGE         82                        79      3       83

PRECIPITATION (IN)
  YESTERDAY        0.01          0.81 1994   0.01   0.00      T
  MONTH TO DATE    0.05                      0.21  -0.16     0.88
  SINCE SEP 1      0.05                      0.21  -0.16     0.88
  SINCE JAN 1     15.15                     10.91   4.24    10.69

SNOWFALL (IN)
  YESTERDAY        0.0
  MONTH TO DATE    0.0
  SINCE SEP 1      0.0
  SINCE JUL 1      0.0
  SNOW DEPTH      MM

DEGREE DAYS
 HEATING
  YESTERDAY        0                         0      0        0
  MONTH TO DATE    0                         0      0        0
  SINCE SEP 1      0                         0      0        0
  SINCE JUL 1      0                         0      0        0

 COOLING
  YESTERDAY       17                        14      3       18
  MONTH TO DATE  276                       254     22      291
  SINCE SEP 1    276                       254     22      291
  SINCE JAN 1   3040                      2796    244     3192
..................................................................


WIND (MPH)
  HIGHEST WIND SPEED    30   HIGHEST WIND DIRECTION    NE (50)
  HIGHEST GUST SPEED    40   HIGHEST GUST DIRECTION     E (80)
  AVERAGE WIND SPEED    17.2


SKY COVER
  POSSIBLE SUNSHINE  MM
  AVERAGE SKY COVER  MM


WEATHER CONDITIONS
 THE FOLLOWING WEATHER WAS RECORDED YESTERDAY.
  FOG


RELATIVE HUMIDITY (PERCENT)
 HIGHEST    MM
 LOWEST     MM
 AVERAGE    MM

..........................................................


THE KAHULUI HI CLIMATE NORMALS FOR TODAY
                         NORMAL    RECORD    YEAR
 MAXIMUM TEMPERATURE (F)   88        96      1995
 MINIMUM TEMPERATURE (F)   70        60      1952


SUNRISE AND SUNSET
SEPTEMBER 19 2017.....SUNRISE   614 AM HST   SUNSET   624 PM HST
SEPTEMBER 20 2017.....SUNRISE   614 AM HST   SUNSET   623 PM HST


-  INDICATES NEGATIVE NUMBERS.
R  INDICATES RECORD WAS SET OR TIED.
MM INDICATES DATA IS MISSING.
T  INDICATES TRACE AMOUNT.




$$
