000
CDHW42 PHFO 190242
CLIOGG


CLIMATE REPORT
NATIONAL WEATHER SERVICE HONOLULU HI
441 PM HST SAT NOV 18 2017


...................................

...THE KAHULUI HI CLIMATE SUMMARY FOR NOVEMBER 18 2017...
VALID TODAY AS OF 0400 PM LOCAL TIME.

CLIMATE NORMAL PERIOD 1981 TO 2010
CLIMATE RECORD PERIOD 1946 TO 2017


WEATHER ITEM   OBSERVED TIME   RECORD YEAR NORMAL DEPARTURE LAST
                VALUE   (LST)  VALUE       VALUE  FROM      YEAR
                                                  NORMAL
..................................................................
TEMPERATURE (F)
 TODAY
  MAXIMUM         83    224 PM  90    1995  84     -1       85
  MINIMUM         61    504 AM  58    1952  68     -7       73
  AVERAGE         72                        76     -4       79

PRECIPITATION (IN)
  TODAY            0.00          1.75 1985   0.07  -0.07     0.02
  MONTH TO DATE    0.12                      1.15  -1.03     0.11
  SINCE SEP 1      2.11                      2.73  -0.62     2.00
  SINCE JAN 1     17.21                     13.43   3.78    11.81

SNOWFALL (IN)
  TODAY            0.0
  MONTH TO DATE    0.0
  SINCE SEP 1      0.0
  SINCE JUL 1      0.0
  SNOW DEPTH      MM

DEGREE DAYS
 HEATING
  TODAY            0                         0      0        0
  MONTH TO DATE    0                         0      0        0
  SINCE SEP 1      0                         0      0        0
  SINCE JUL 1      0                         0      0        0

 COOLING
  TODAY            7                        11     -4       14
  MONTH TO DATE  169                       208    -39      219
  SINCE SEP 1   1015                      1042    -27     1160
  SINCE JAN 1   3779                      3584    195     4061
..................................................................


WIND (MPH)
  HIGHEST WIND SPEED    14   HIGHEST WIND DIRECTION     N (360)
  HIGHEST GUST SPEED    19   HIGHEST GUST DIRECTION     N (10)
  AVERAGE WIND SPEED    MM


SKY COVER
  POSSIBLE SUNSHINE  MM
  AVERAGE SKY COVER  MM


WEATHER CONDITIONS
 THE FOLLOWING WEATHER WAS RECORDED TODAY.
  NO SIGNIFICANT WEATHER WAS OBSERVED.


RELATIVE HUMIDITY (PERCENT)
 HIGHEST    MM
 LOWEST     MM
 AVERAGE    MM

..........................................................


THE KAHULUI HI CLIMATE NORMALS FOR TOMORROW
                         NORMAL    RECORD    YEAR
 MAXIMUM TEMPERATURE (F)   84        91      1992
 MINIMUM TEMPERATURE (F)   68        58      2004


SUNRISE AND SUNSET
NOVEMBER 18 2017......SUNRISE   638 AM HST   SUNSET   544 PM HST
NOVEMBER 19 2017......SUNRISE   639 AM HST   SUNSET   544 PM HST


-  INDICATES NEGATIVE NUMBERS.
R  INDICATES RECORD WAS SET OR TIED.
MM INDICATES DATA IS MISSING.
T  INDICATES TRACE AMOUNT.




$$
