000
CDHW42 PHFO 221245
CLIOGG


CLIMATE REPORT
NATIONAL WEATHER SERVICE HONOLULU HI
245 AM HST WED OCT 22 2014


...................................

...THE KAHULUI HI CLIMATE SUMMARY FOR OCTOBER 21 2014...

CLIMATE NORMAL PERIOD 1981 TO 2010
CLIMATE RECORD PERIOD 1946 TO 2014


WEATHER ITEM   OBSERVED TIME   RECORD YEAR NORMAL DEPARTURE LAST
                VALUE   (LST)  VALUE       VALUE  FROM      YEAR
                                                  NORMAL
..................................................................
TEMPERATURE (F)
 YESTERDAY
  MAXIMUM         91    153 PM  92    2009  87      4       86
  MINIMUM         69    643 AM  58    1953  69      0       66
  AVERAGE         80                        78      2       76

PRECIPITATION (IN)
  YESTERDAY        0.00          0.30 1965   0.05  -0.05     0.00
  MONTH TO DATE    0.47                      0.71  -0.24     0.03
  SINCE SEP 1      1.18                      1.09   0.09     0.28
  SINCE JAN 1     16.83                     11.79   5.04     8.94

SNOWFALL (IN)
  YESTERDAY        0.0
  MONTH TO DATE    0.0
  SINCE SEP 1      0.0
  SINCE JUL 1      0.0
  SNOW DEPTH       0

DEGREE DAYS
 HEATING
  YESTERDAY        0                         0      0        0
  MONTH TO DATE    0                         0      0        0
  SINCE SEP 1      0                         0      0        0
  SINCE JUL 1      0                         0      0        0

 COOLING
  YESTERDAY       15                        13      2       11
  MONTH TO DATE  326                       282     44      274
  SINCE SEP 1    803                       708     95      735
  SINCE JAN 1   3691                      3250    441     3522
..................................................................


WIND (MPH)
  HIGHEST WIND SPEED    21   HIGHEST WIND DIRECTION    NE (40)
  HIGHEST GUST SPEED    25   HIGHEST GUST DIRECTION     E (70)
  AVERAGE WIND SPEED     8.1


SKY COVER
  POSSIBLE SUNSHINE  MM
  AVERAGE SKY COVER 0.3


WEATHER CONDITIONS
 THE FOLLOWING WEATHER WAS RECORDED YESTERDAY.
  NO SIGNIFICANT WEATHER WAS OBSERVED.


RELATIVE HUMIDITY (PERCENT)
 HIGHEST    97           300 AM
 LOWEST     52           100 PM
 AVERAGE    75

..........................................................


THE KAHULUI HI CLIMATE NORMALS FOR TODAY
                         NORMAL    RECORD    YEAR
 MAXIMUM TEMPERATURE (F)   87        95      1953
 MINIMUM TEMPERATURE (F)   69        62      1998


SUNRISE AND SUNSET
OCTOBER 22 2014.......SUNRISE   624 AM HST   SUNSET   556 PM HST
OCTOBER 23 2014.......SUNRISE   624 AM HST   SUNSET   555 PM HST


-  INDICATES NEGATIVE NUMBERS.
R  INDICATES RECORD WAS SET OR TIED.
MM INDICATES DATA IS MISSING.
T  INDICATES TRACE AMOUNT.




$$
