000
CDHW42 PHFO 041249
CLIOGG


CLIMATE REPORT
NATIONAL WEATHER SERVICE
1245 PM UTC TUE AUG 4 2015


...................................

...THE KAHULUI HI CLIMATE SUMMARY FOR AUGUST 3 2015...

CLIMATE NORMAL PERIOD 1981 TO 2010
CLIMATE RECORD PERIOD 1946 TO 2015


WEATHER ITEM   OBSERVED TIME   RECORD YEAR NORMAL DEPARTURE LAST
                VALUE   (LST)  VALUE       VALUE  FROM      YEAR
                                                  NORMAL
..................................................................
TEMPERATURE (F)
 YESTERDAY
  MAXIMUM         90    203 PM  94    1952  88      2       91
  MINIMUM         75    422 AM  64    2008  72      3       69
  AVERAGE         83                        80      3       80

PRECIPITATION (IN)
  YESTERDAY        T             0.09 1986   0.02  -0.02     0.00
                                      1968
                                      1957
  MONTH TO DATE    0.01                      0.06  -0.05     0.00
  SINCE JUN 1      0.86                      0.76   0.10     1.22
  SINCE JAN 1     17.82                     10.26   7.56    15.18

SNOWFALL (IN)
  YESTERDAY        0.0
  MONTH TO DATE    0.0
  SINCE JUN 1      0.0
  SINCE JUL 1      0.0
  SNOW DEPTH      MM

DEGREE DAYS
 HEATING
  YESTERDAY        0                         0      0        0
  MONTH TO DATE    0                         0      0        0
  SINCE JUN 1      0                         0      0        0
  SINCE JUL 1      0                         0      0        0

 COOLING
  YESTERDAY       18                        15      3       15
  MONTH TO DATE   55                        45     10       49
  SINCE JUN 1    449                       872   -423      947
  SINCE JAN 1   1595                      2131   -536     2443
..................................................................


WIND (MPH)
  HIGHEST WIND SPEED    20   HIGHEST WIND DIRECTION    NE (40)
  HIGHEST GUST SPEED    24   HIGHEST GUST DIRECTION    NE (40)
  AVERAGE WIND SPEED     9.6


SKY COVER
  POSSIBLE SUNSHINE  MM
  AVERAGE SKY COVER  MM


WEATHER CONDITIONS
 THE FOLLOWING WEATHER WAS RECORDED YESTERDAY.
  NO SIGNIFICANT WEATHER WAS OBSERVED.


RELATIVE HUMIDITY (PERCENT)
 HIGHEST    MM
 LOWEST     MM
 AVERAGE    MM

..........................................................


THE KAHULUI HI CLIMATE NORMALS FOR TODAY
                         NORMAL    RECORD    YEAR
 MAXIMUM TEMPERATURE (F)   88        93      1978
                                             1952
 MINIMUM TEMPERATURE (F)   72        63      1972
                                             1952


SUNRISE AND SUNSET
AUGUST  4 2015........SUNRISE   601 AM HST   SUNSET   702 PM HST
AUGUST  5 2015........SUNRISE   601 AM HST   SUNSET   702 PM HST


-  INDICATES NEGATIVE NUMBERS.
R  INDICATES RECORD WAS SET OR TIED.
MM INDICATES DATA IS MISSING.
T  INDICATES TRACE AMOUNT.




$$
