000
CDUS43 KEAX 010641
CLIOJC


CLIMATE REPORT
NATIONAL WEATHER SERVICE KANSAS CITY/PLEASANT HILL MO
1239 AM CST SUN MAR 1 2015


...................................

...THE JOHNSON COUNTY EXECUTIVE KS CLIMATE SUMMARY FOR FEBRUARY 28 2015...

CLIMATE NORMAL PERIOD 1981 TO 2010
CLIMATE RECORD PERIOD 9999 TO 9999


WEATHER ITEM   OBSERVED TIME   NORMAL DEPARTURE LAST
                VALUE   (LST)  VALUE  FROM      YEAR
                                      NORMAL
......................................................
TEMPERATURE (F)
 YESTERDAY
  MAXIMUM         23    414 PM  49    -26       48
  MINIMUM         16    432 AM  29    -13       20
  AVERAGE         20            39    -19       34

PRECIPITATION (IN)
  YESTERDAY        0.10          0.06   0.04     0.00
  MONTH TO DATE    0.82          1.57  -0.75     0.46
  SINCE DEC 1      3.70          4.33  -0.63     0.84
  SINCE JAN 1      1.59          2.69  -1.10     0.49

DEGREE DAYS
 HEATING
  YESTERDAY       45            26     19       31
  MONTH TO DATE 1062           845    217     1094
  SINCE DEC 1   2977          2938     39     3421
  SINCE JUL 1   4035          3893    142     4481

 COOLING
  YESTERDAY        0             0      0        0
  MONTH TO DATE    0             0      0        0
  SINCE DEC 1      0             0      0        0
  SINCE JAN 1      0             0      0        0
......................................................


WIND (MPH)
  HIGHEST WIND SPEED    12   HIGHEST WIND DIRECTION    SE (120)
  HIGHEST GUST SPEED    16   HIGHEST GUST DIRECTION    SE (120)
  AVERAGE WIND SPEED     5.7


SKY COVER
  AVERAGE SKY COVER 1.0


WEATHER CONDITIONS
 THE FOLLOWING WEATHER WAS RECORDED YESTERDAY.
  SNOW
  LIGHT SNOW
  FOG


RELATIVE HUMIDITY (PERCENT)
 HIGHEST   100           800 PM
 LOWEST     56          1200 AM
 AVERAGE    78

..........................................................


THE JOHNSON COUNTY EXECUTIVE KS CLIMATE NORMALS FOR TODAY
                         NORMAL
 MAXIMUM TEMPERATURE (F)   50
 MINIMUM TEMPERATURE (F)   29


SUNRISE AND SUNSET
MARCH  1 2015.........SUNRISE   652 AM CST   SUNSET   611 PM CST
MARCH  2 2015.........SUNRISE   650 AM CST   SUNSET   613 PM CST


-  INDICATES NEGATIVE NUMBERS.
R  INDICATES RECORD WAS SET OR TIED.
MM INDICATES DATA IS MISSING.
T  INDICATES TRACE AMOUNT.




$$
