000
CDUS43 KEAX 250034
CLIOJC


CLIMATE REPORT
NATIONAL WEATHER SERVICE KANSAS CITY/PLEASANT HILL MO
633 PM CST WED DEC 24 2014


...................................

...THE JOHNSON COUNTY EXECUTIVE KS CLIMATE SUMMARY FOR DECEMBER 24 2014...
VALID TODAY AS OF 0600 PM LOCAL TIME.

CLIMATE NORMAL PERIOD 1981 TO 2010
CLIMATE RECORD PERIOD 9999 TO 9999


WEATHER ITEM   OBSERVED TIME   NORMAL DEPARTURE LAST
                VALUE   (LST)  VALUE  FROM      YEAR
                                      NORMAL
......................................................
TEMPERATURE (F)
 TODAY
  MAXIMUM         36    247 PM  39     -3       30
  MINIMUM         33    700 AM  22     11        1
  AVERAGE         35            30      5       16

PRECIPITATION (IN)
  TODAY            0.04          0.06  -0.02     0.00
  MONTH TO DATE    2.11          1.26   0.85     0.35
  SINCE DEC 1      2.11          1.26   0.85     0.35
  SINCE JAN 1     32.31         39.66  -7.35    36.54

DEGREE DAYS
 HEATING
  TODAY           30            34     -4       49
  MONTH TO DATE  662           766   -104      873
  SINCE DEC 1    662           766   -104      873
  SINCE JUL 1   1720          1721     -1     1933

 COOLING
  TODAY            0             0      0        0
  MONTH TO DATE    0             0      0        0
  SINCE DEC 1      0             0      0        0
  SINCE JAN 1   1237          1349   -112     1360
......................................................


WIND (MPH)
  HIGHEST WIND SPEED    18   HIGHEST WIND DIRECTION     N (340)
  HIGHEST GUST SPEED    25   HIGHEST GUST DIRECTION     N (340)
  AVERAGE WIND SPEED    11.4


SKY COVER
  AVERAGE SKY COVER 1.0


WEATHER CONDITIONS
 THE FOLLOWING WEATHER WAS RECORDED TODAY.
  LIGHT SNOW
  FOG


RELATIVE HUMIDITY (PERCENT)
 HIGHEST   100           400 AM
 LOWEST     75           400 PM
 AVERAGE    88

..........................................................


THE JOHNSON COUNTY EXECUTIVE KS CLIMATE NORMALS FOR TOMORROW
                         NORMAL
 MAXIMUM TEMPERATURE (F)   39
 MINIMUM TEMPERATURE (F)   22


SUNRISE AND SUNSET
DECEMBER 24 2014......SUNRISE   735 AM CST   SUNSET   502 PM CST
DECEMBER 25 2014......SUNRISE   736 AM CST   SUNSET   503 PM CST


-  INDICATES NEGATIVE NUMBERS.
R  INDICATES RECORD WAS SET OR TIED.
MM INDICATES DATA IS MISSING.
T  INDICATES TRACE AMOUNT.




$$
