000
CDUS46 KSGX 110117
CLIOKB


CLIMATE REPORT
NATIONAL WEATHER SERVICE SAN DIEGO, CA
517 PM PST SAT DEC 10 2016


...................................

...THE OCEANSIDE AIRPORT CA CLIMATE SUMMARY FOR DECEMBER 10 2016...
VALID TODAY AS OF 0500 PM LOCAL TIME.

CLIMATE NORMAL PERIOD 1981 TO 2010
CLIMATE RECORD PERIOD 1999 TO 2016


WEATHER ITEM   OBSERVED TIME   RECORD YEAR NORMAL DEPARTURE LAST
                VALUE   (LST)  VALUE       VALUE  FROM      YEAR
                                                  NORMAL
..................................................................
TEMPERATURE (F)
 TODAY
  MAXIMUM         66    149 PM  73    2005  66      0       65
  MINIMUM         54    655 AM  31    2011  40     14       41
  AVERAGE         60                        53      7       53

PRECIPITATION (IN)
  TODAY            0.00          0.10 2006   0.04  -0.04     0.04
                                      1999
  MONTH TO DATE    0.00                      0.39  -0.39     0.04
  SINCE OCT 1      1.34                      2.12  -0.78     1.34
  SINCE JAN 1      6.53                     11.90  -5.37     6.25

DEGREE DAYS
 HEATING
  TODAY            5                        12     -7       12
  MONTH TO DATE  104                       117    -13       94
  SINCE DEC 1    104                       117    -13       94
  SINCE JUL 1    290                       467   -177      325

 COOLING
  TODAY            0                         0      0        0
  MONTH TO DATE    0                         0      0        0
  SINCE DEC 1      0                         0      0        0
  SINCE JAN 1    657                       419    238     1069
..................................................................


WIND (MPH)
  RESULTANT WIND SPEED   1   RESULTANT WIND DIRECTION  NE (30)
  HIGHEST WIND SPEED    12   HIGHEST WIND DIRECTION    SW (240)
  HIGHEST GUST SPEED    13   HIGHEST GUST DIRECTION    SW (240)
  AVERAGE WIND SPEED     4.4


SKY COVER
  POSSIBLE SUNSHINE  MM
  AVERAGE SKY COVER 0.9


WEATHER CONDITIONS
 THE FOLLOWING WEATHER WAS RECORDED TODAY.
  FOG
  HAZE


RELATIVE HUMIDITY (PERCENT)
 HIGHEST   100           600 AM
 LOWEST     72          1100 AM
 AVERAGE    86

..........................................................


THE OCEANSIDE AIRPORT CA CLIMATE NORMALS FOR TOMORROW
                         NORMAL    RECORD    YEAR
 MAXIMUM TEMPERATURE (F)   65        79      2004
 MINIMUM TEMPERATURE (F)   40        31      1999


SUNRISE AND SUNSET
DECEMBER 10 2016......SUNRISE   642 AM PST   SUNSET   443 PM PST
DECEMBER 11 2016......SUNRISE   643 AM PST   SUNSET   443 PM PST


-  INDICATES NEGATIVE NUMBERS.
R  INDICATES RECORD WAS SET OR TIED.
MM INDICATES DATA IS MISSING.
T  INDICATES TRACE AMOUNT.




$$
