000
CDUS46 KSGX 230021
CLIOKB


CLIMATE REPORT
NATIONAL WEATHER SERVICE SAN DIEGO, CA
421 PM PST MON DEC 22 2014


...................................

...THE OCEANSIDE AIRPORT CA CLIMATE SUMMARY FOR DECEMBER 22 2014...
VALID TODAY AS OF 0400 PM LOCAL TIME.

CLIMATE NORMAL PERIOD 1981 TO 2010
CLIMATE RECORD PERIOD 1999 TO 2014


WEATHER ITEM   OBSERVED TIME   RECORD YEAR NORMAL DEPARTURE LAST
                VALUE   (LST)  VALUE       VALUE  FROM      YEAR
                                                  NORMAL
..................................................................
TEMPERATURE (F)
 TODAY
  MAXIMUM         72   1242 PM  80    2005  65      7       66
  MINIMUM         43    618 AM  32    2012  40      3       37
                                      2011
  AVERAGE         58                        52      6       52

PRECIPITATION (IN)
  TODAY            0.00          1.30 2010   0.08  -0.08     0.00
  MONTH TO DATE    2.80                      1.15   1.65     0.36
  SINCE JUL 1      3.65                      3.39   0.26     1.60
  SINCE JAN 1      6.25                     12.66  -6.41     3.92

SNOWFALL (IN)
  TODAY            0.0
  MONTH TO DATE    0.0
  SINCE JAN 1      0.0
  SINCE JUL 1      0.0
  SNOW DEPTH       0

DEGREE DAYS
 HEATING
  TODAY            7                        13     -6       13
  MONTH TO DATE  147                       270   -123      267
  SINCE DEC 1    147                       270   -123      267
  SINCE JUL 1    281                       620   -339      566

 COOLING
  TODAY            0                         0      0        0
  MONTH TO DATE    0                         0      0        0
  SINCE DEC 1      0                         0      0        0
  SINCE JAN 1    855                       419    436      535
..................................................................


WIND (MPH)
  RESULTANT WIND SPEED   1   RESULTANT WIND DIRECTION   W (280)
  HIGHEST WIND SPEED    10   HIGHEST WIND DIRECTION     W (250)
  HIGHEST GUST SPEED    14   HIGHEST GUST DIRECTION     W (250)
  AVERAGE WIND SPEED     2.5


SKY COVER
  POSSIBLE SUNSHINE  MM
  AVERAGE SKY COVER 0.1


WEATHER CONDITIONS
 THE FOLLOWING WEATHER WAS RECORDED TODAY.
  FOG
  FOG W/VISIBILITY <= 1/4 MILE
  HAZE


RELATIVE HUMIDITY (PERCENT)
 HIGHEST   100           200 AM
 LOWEST     49           100 PM
 AVERAGE    75

..........................................................


THE OCEANSIDE AIRPORT CA CLIMATE NORMALS FOR TOMORROW
                         NORMAL    RECORD    YEAR
 MAXIMUM TEMPERATURE (F)   65        76      1999
 MINIMUM TEMPERATURE (F)   40        25      2011


SUNRISE AND SUNSET
DECEMBER 22 2014......SUNRISE   649 AM PST   SUNSET   447 PM PST
DECEMBER 23 2014......SUNRISE   650 AM PST   SUNSET   447 PM PST


-  INDICATES NEGATIVE NUMBERS.
R  INDICATES RECORD WAS SET OR TIED.
MM INDICATES DATA IS MISSING.
T  INDICATES TRACE AMOUNT.




$$
