188
CDUS46 KSGX 010022
CLIOKB


CLIMATE REPORT
NATIONAL WEATHER SERVICE SAN DIEGO, CA
522 PM PDT SUN APR 30 2017


...................................

...THE OCEANSIDE AIRPORT CA CLIMATE SUMMARY FOR APRIL 30 2017...
VALID TODAY AS OF 0500 PM LOCAL TIME.

CLIMATE NORMAL PERIOD 1981 TO 2010
CLIMATE RECORD PERIOD 1999 TO 2017


WEATHER ITEM   OBSERVED TIME   RECORD YEAR NORMAL DEPARTURE LAST
                VALUE   (LST)  VALUE       VALUE  FROM      YEAR
                                                  NORMAL
..................................................................
TEMPERATURE (F)
 TODAY
  MAXIMUM         81    907 AM  96    2014  69     12       68
  MINIMUM         44    513 AM  43    2010  51     -7       52
  AVERAGE         63                        60      3       60

PRECIPITATION (IN)
  TODAY            0.00          T    2008   0.02  -0.02      T
                                      2008
                                      2016
  MONTH TO DATE    0.02                      0.97  -0.95     0.46
  SINCE OCT 1     13.65                     12.78   0.87     6.58
  SINCE JAN 1      8.50                      8.90  -0.40     4.41

DEGREE DAYS
 HEATING
  TODAY            2                         5     -3        5
  MONTH TO DATE  108                       196    -88      142
  SINCE MAR 1    321                       486   -165      363
  SINCE JUL 1   1336                      1894   -558     1531

 COOLING
  TODAY            0                         0      0        0
  MONTH TO DATE    6                         2      4        4
  SINCE MAR 1      6                         3      3        4
  SINCE JAN 1      6                         3      3       10
..................................................................


WIND (MPH)
  RESULTANT WIND SPEED   4   RESULTANT WIND DIRECTION   W (270)
  HIGHEST WIND SPEED    16   HIGHEST WIND DIRECTION    NW (300)
  HIGHEST GUST SPEED    22   HIGHEST GUST DIRECTION     W (260)
  AVERAGE WIND SPEED     6.1


SKY COVER
  POSSIBLE SUNSHINE  MM
  AVERAGE SKY COVER 0.0


WEATHER CONDITIONS
 THE FOLLOWING WEATHER WAS RECORDED TODAY.
  NO SIGNIFICANT WEATHER WAS OBSERVED.


RELATIVE HUMIDITY (PERCENT)
 HIGHEST    77           100 AM
 LOWEST     19           900 AM
 AVERAGE    48

..........................................................


THE OCEANSIDE AIRPORT CA CLIMATE NORMALS FOR TOMORROW
                         NORMAL    RECORD    YEAR
 MAXIMUM TEMPERATURE (F)   69        96      2014
 MINIMUM TEMPERATURE (F)   51        38      2011


SUNRISE AND SUNSET
APRIL 30 2017.........SUNRISE   602 AM PDT   SUNSET   731 PM PDT
MAY  1 2017...........SUNRISE   601 AM PDT   SUNSET   732 PM PDT


-  INDICATES NEGATIVE NUMBERS.
R  INDICATES RECORD WAS SET OR TIED.
MM INDICATES DATA IS MISSING.
T  INDICATES TRACE AMOUNT.




$$
