000
CDUS46 KSGX 271134
CLIOKB


CLIMATE REPORT
NATIONAL WEATHER SERVICE SAN DIEGO, CA
434 AM PDT TUE JUN 27 2017


...................................

...THE OCEANSIDE AIRPORT CA CLIMATE SUMMARY FOR JUNE 26 2017...

CLIMATE NORMAL PERIOD 1981 TO 2010
CLIMATE RECORD PERIOD 1999 TO 2017


WEATHER ITEM   OBSERVED TIME   RECORD YEAR NORMAL DEPARTURE LAST
                VALUE   (LST)  VALUE       VALUE  FROM      YEAR
                                                  NORMAL
..................................................................
TEMPERATURE (F)
 YESTERDAY
  MAXIMUM         80    305 PM  84    2006  74      6       77
  MINIMUM         56    443 AM  49    2012  60     -4       57
  AVERAGE         68                        67      1       67

PRECIPITATION (IN)
  YESTERDAY        0.00          0.00 2006   0.00   0.00     0.00
                                      2005
                                      2004
  MONTH TO DATE    0.05                      0.09  -0.04     0.00
  SINCE OCT 1     14.97                     13.13   1.84     7.12
  SINCE JAN 1      9.82                      9.25   0.57     4.95

DEGREE DAYS
 HEATING
  YESTERDAY        0                         0      0        0
  MONTH TO DATE   14                        27    -13        2
  SINCE JUN 1     14                        27    -13        2
  SINCE JUL 1   1426                      2028   -602     1602

 COOLING
  YESTERDAY        3                         2      1        2
  MONTH TO DATE   38                        29      9       59
  SINCE JUN 1     38                        29      9       59
  SINCE JAN 1     55                        39     16       79
..................................................................


WIND (MPH)
  RESULTANT WIND SPEED   4   RESULTANT WIND DIRECTION  SW (240)
  HIGHEST WIND SPEED    13   HIGHEST WIND DIRECTION     W (250)
  HIGHEST GUST SPEED    25   HIGHEST GUST DIRECTION     W (250)
  AVERAGE WIND SPEED     4.2


SKY COVER
  POSSIBLE SUNSHINE  MM
  AVERAGE SKY COVER 0.0


WEATHER CONDITIONS
 THE FOLLOWING WEATHER WAS RECORDED YESTERDAY.
  FOG


RELATIVE HUMIDITY (PERCENT)
 HIGHEST   100           200 AM
 LOWEST     54           100 PM
 AVERAGE    77

..........................................................


THE OCEANSIDE AIRPORT CA CLIMATE NORMALS FOR TODAY
                         NORMAL    RECORD    YEAR
 MAXIMUM TEMPERATURE (F)   74        88      2006
 MINIMUM TEMPERATURE (F)   60        49      2012


SUNRISE AND SUNSET
JUNE 27 2017..........SUNRISE   542 AM PDT   SUNSET   803 PM PDT
JUNE 28 2017..........SUNRISE   543 AM PDT   SUNSET   803 PM PDT


-  INDICATES NEGATIVE NUMBERS.
R  INDICATES RECORD WAS SET OR TIED.
MM INDICATES DATA IS MISSING.
T  INDICATES TRACE AMOUNT.




$$
