000
CDUS44 KOUN 280637
CLIOKC

CLIMATE REPORT
NATIONAL WEATHER SERVICE NORMAN OK
136 AM CDT SUN MAY 28 2017


...................................

...THE OKLAHOMA CITY CLIMATE SUMMARY FOR MAY 27 2017...

CLIMATE NORMAL PERIOD 1981 TO 2010
CLIMATE RECORD PERIOD 1890 TO 2017


WEATHER ITEM   OBSERVED TIME   RECORD YEAR NORMAL DEPARTURE LAST
                VALUE   (LST)  VALUE       VALUE  FROM      YEAR
                                                  NORMAL
..................................................................
TEMPERATURE (F)
 YESTERDAY
  MAXIMUM         95    509 PM  96    1927  83     12       82
  MINIMUM         69    401 AM  42    1907  63      6       63
  AVERAGE         82                        73      9       73

PRECIPITATION (IN)
  YESTERDAY        T             5.38 1987   0.16  -0.16     0.01
  MONTH TO DATE    1.10                      3.99  -2.89     1.99
  SINCE MAR 1      9.97                     10.12  -0.15    10.32
  SINCE JAN 1     14.66                     13.09   1.57    11.78

SNOWFALL (IN)
  YESTERDAY        0.0           0.0  2002   0.0    0.0      0.0
  MONTH TO DATE    0.0                       0.0    0.0      0.0
  SINCE MAR 1      T                         0.9   -0.9       T
  SINCE JUL 1      2.1                       7.6   -5.5      1.2
  SNOW DEPTH       0

DEGREE DAYS
 HEATING
  YESTERDAY        0                         0      0        0
  MONTH TO DATE   49                        31     18       60
  SINCE MAR 1    481                       613   -132      460
  SINCE JUL 1   2701                      3363   -662     2817

 COOLING
  YESTERDAY       17                         8      9        8
  MONTH TO DATE   97                       148    -51      106
  SINCE MAR 1    188                       213    -25      144
  SINCE JAN 1    197                       214    -17      148
..................................................................


WIND (MPH)
  HIGHEST WIND SPEED    28   HIGHEST WIND DIRECTION     N (10)
  HIGHEST GUST SPEED    37   HIGHEST GUST DIRECTION     N (10)
  AVERAGE WIND SPEED    14.6


SKY COVER
  AVERAGE SKY COVER 0.4


WEATHER CONDITIONS
 THE FOLLOWING WEATHER WAS RECORDED YESTERDAY.
  THUNDERSTORM
  FOG


RELATIVE HUMIDITY (PERCENT)
 HIGHEST    97           300 AM
 LOWEST     28           600 PM
 AVERAGE    63

..........................................................


THE OKLAHOMA CITY CLIMATE NORMALS FOR TODAY
                         NORMAL    RECORD    YEAR
 MAXIMUM TEMPERATURE (F)   83        93      1895
 MINIMUM TEMPERATURE (F)   63        43      1947


SUNRISE AND SUNSET
MAY 28 2017...........SUNRISE   618 AM CDT   SUNSET   838 PM CDT
MAY 29 2017...........SUNRISE   618 AM CDT   SUNSET   838 PM CDT


-  INDICATES NEGATIVE NUMBERS.
R  INDICATES RECORD WAS SET OR TIED.
MM INDICATES DATA IS MISSING.
T  INDICATES TRACE AMOUNT.




$$
