026
CDUS44 KOUN 290638
CLIOKC

CLIMATE REPORT
NATIONAL WEATHER SERVICE NORMAN OK
134 AM CDT SAT JUL 29 2017


...................................

...THE OKLAHOMA CITY CLIMATE SUMMARY FOR JULY 28 2017...

CLIMATE NORMAL PERIOD 1981 TO 2010
CLIMATE RECORD PERIOD 1890 TO 2017


WEATHER ITEM   OBSERVED TIME   RECORD YEAR NORMAL DEPARTURE LAST
                VALUE   (LST)  VALUE       VALUE  FROM      YEAR
                                                  NORMAL
..................................................................
TEMPERATURE (F)
 YESTERDAY
  MAXIMUM         95    532 PM 108    1986  95      0       94
  MINIMUM         77    719 AM  58    1994  73      4       72
  AVERAGE         86                        84      2       83

PRECIPITATION (IN)
  YESTERDAY        T             1.80 1963   0.09  -0.09     0.00
  MONTH TO DATE    1.31                      2.66  -1.35     3.18
  SINCE JUN 1      1.42                      7.59  -6.17     6.48
  SINCE JAN 1     16.08                     21.34  -5.26    18.89

SNOWFALL (IN)
  YESTERDAY        0.0

DEGREE DAYS
 HEATING
  YESTERDAY        0                         0      0        0
  MONTH TO DATE    0                         0      0        0
  SINCE JUN 1      0                         1     -1        0
  SINCE JUL 1      0                         0      0        0

 COOLING
  YESTERDAY       21                        19      2       18
  MONTH TO DATE  516                       505     11      525
  SINCE JUN 1    906                       895     11      961
  SINCE JAN 1   1131                      1145    -14     1147
..................................................................


WIND (MPH)
  HIGHEST WIND SPEED    16   HIGHEST WIND DIRECTION     E (70)
  HIGHEST GUST SPEED    21   HIGHEST GUST DIRECTION     E (80)
  AVERAGE WIND SPEED     8.6


SKY COVER
  AVERAGE SKY COVER 0.7


WEATHER CONDITIONS
 THE FOLLOWING WEATHER WAS RECORDED YESTERDAY.
  LIGHT RAIN


RELATIVE HUMIDITY (PERCENT)
 HIGHEST    91           200 AM
 LOWEST     46           300 PM
 AVERAGE    69

..........................................................


THE OKLAHOMA CITY CLIMATE NORMALS FOR TODAY
                         NORMAL    RECORD    YEAR
 MAXIMUM TEMPERATURE (F)   95       109      1986
 MINIMUM TEMPERATURE (F)   73        58      2005


SUNRISE AND SUNSET
JULY 29 2017..........SUNRISE   637 AM CDT   SUNSET   836 PM CDT
JULY 30 2017..........SUNRISE   638 AM CDT   SUNSET   835 PM CDT


-  INDICATES NEGATIVE NUMBERS.
R  INDICATES RECORD WAS SET OR TIED.
MM INDICATES DATA IS MISSING.
T  INDICATES TRACE AMOUNT.

$$
