000
CDUS44 KOUN 180717
CLIOKC

CLIMATE REPORT
NATIONAL WEATHER SERVICE NORMAN OK
115 AM CST THU DEC 18 2014


...................................

...THE OKLAHOMA CITY CLIMATE SUMMARY FOR DECEMBER 17 2014...

CLIMATE NORMAL PERIOD 1981 TO 2010
CLIMATE RECORD PERIOD 1890 TO 2014


WEATHER ITEM   OBSERVED TIME   RECORD YEAR NORMAL DEPARTURE LAST
                VALUE   (LST)  VALUE       VALUE  FROM      YEAR
                                                  NORMAL
..................................................................
TEMPERATURE (F)
 YESTERDAY
  MAXIMUM         39   1159 PM  75    1939  50    -11       65
  MINIMUM         37    212 PM   2    1979  30      7       37
  AVERAGE         38                        40     -2       51

PRECIPITATION (IN)
  YESTERDAY        0.27          1.68 1959   0.07   0.20     0.00
  MONTH TO DATE    0.51                      1.10  -0.59     0.23
  SINCE JAN 1     28.19                     35.74  -7.55    51.75

SNOWFALL (IN)
  YESTERDAY        0.0           0.4  1909   0.1   -0.1      0.0
  MONTH TO DATE    0.0                       1.0   -1.0      3.5
  SINCE JUL 1      2.5                       1.4    1.1      4.1
  SNOW DEPTH       0

DEGREE DAYS
 HEATING
  YESTERDAY       27                        25      2       14
  MONTH TO DATE  315                       396    -81      493
  SINCE JUL 1    942                       995    -53     1153
..................................................................


WIND (MPH)
  HIGHEST WIND SPEED    17   HIGHEST WIND DIRECTION    SE (130)
  HIGHEST GUST SPEED    22   HIGHEST GUST DIRECTION    SE (120)
  AVERAGE WIND SPEED     8.7


SKY COVER
  AVERAGE SKY COVER 1.0


WEATHER CONDITIONS
 THE FOLLOWING WEATHER WAS RECORDED YESTERDAY.
  RAIN
  LIGHT RAIN
  FOG


RELATIVE HUMIDITY (PERCENT)
 HIGHEST    92           500 PM
 LOWEST     59          1200 AM
 AVERAGE    76

..........................................................


THE OKLAHOMA CITY CLIMATE NORMALS FOR TODAY
                         NORMAL    RECORD    YEAR
 MAXIMUM TEMPERATURE (F)   50        69      2013
                                             1982
 MINIMUM TEMPERATURE (F)   30         4      1924


SUNRISE AND SUNSET
DECEMBER 18 2014......SUNRISE   734 AM CST   SUNSET   520 PM CST
DECEMBER 19 2014......SUNRISE   734 AM CST   SUNSET   521 PM CST


-  INDICATES NEGATIVE NUMBERS.
R  INDICATES RECORD WAS SET OR TIED.
MM INDICATES DATA IS MISSING.
T  INDICATES TRACE AMOUNT.




$$
