000
CDUS44 KOUN 300653
CLIOKC

CLIMATE REPORT
NATIONAL WEATHER SERVICE NORMAN OK
150 AM CDT MON MAY 30 2016


...................................

...THE OKLAHOMA CITY CLIMATE SUMMARY FOR MAY 29 2016...

CLIMATE NORMAL PERIOD 1981 TO 2010
CLIMATE RECORD PERIOD 1890 TO 2016


WEATHER ITEM   OBSERVED TIME   RECORD YEAR NORMAL DEPARTURE LAST
                VALUE   (LST)  VALUE       VALUE  FROM      YEAR
                                                  NORMAL
..................................................................
TEMPERATURE (F)
 YESTERDAY
  MAXIMUM         89    319 PM  94    2006  83      6       79
                                      1985
                                      1926
  MINIMUM         66    538 AM  39    1947  63      3       64
  AVERAGE         78                        73      5       72

PRECIPITATION (IN)
  YESTERDAY        0.33          5.63 1970   0.16   0.17     0.01
  MONTH TO DATE    2.32                      4.31  -1.99    19.48
  SINCE JAN 1     12.11                     13.41  -1.30    28.66

DEGREE DAYS
 COOLING
  YESTERDAY       13                         9      4        7
  MONTH TO DATE  126                       165    -39      113
  SINCE JAN 1    168                       231    -63      175
..................................................................


WIND (MPH)
  HIGHEST WIND SPEED    24   HIGHEST WIND DIRECTION    SW (210)
  HIGHEST GUST SPEED    41   HIGHEST GUST DIRECTION    SW (210)
  AVERAGE WIND SPEED     6.9


SKY COVER
  AVERAGE SKY COVER 0.6


WEATHER CONDITIONS
 THE FOLLOWING WEATHER WAS RECORDED YESTERDAY.
  THUNDERSTORM
  HEAVY RAIN
  LIGHT RAIN
  FOG


RELATIVE HUMIDITY (PERCENT)
 HIGHEST   100           200 AM
 LOWEST     31           300 PM
 AVERAGE    66

..........................................................


THE OKLAHOMA CITY CLIMATE NORMALS FOR TODAY
                         NORMAL    RECORD    YEAR
 MAXIMUM TEMPERATURE (F)   84       104      1985
 MINIMUM TEMPERATURE (F)   64        45      1947


SUNRISE AND SUNSET
MAY 30 2016...........SUNRISE   617 AM CDT   SUNSET   839 PM CDT
MAY 31 2016...........SUNRISE   617 AM CDT   SUNSET   840 PM CDT


-  INDICATES NEGATIVE NUMBERS.
R  INDICATES RECORD WAS SET OR TIED.
MM INDICATES DATA IS MISSING.
T  INDICATES TRACE AMOUNT.

$$
