000
CDUS44 KOUN 060648
CLIOKC

CLIMATE REPORT
NATIONAL WEATHER SERVICE NORMAN OK
1246 AM CST SAT FEB 6 2016


...................................

...THE OKLAHOMA CITY CLIMATE SUMMARY FOR FEBRUARY 5 2016...

CLIMATE NORMAL PERIOD 1981 TO 2010
CLIMATE RECORD PERIOD 1890 TO 2016


WEATHER ITEM   OBSERVED TIME   RECORD YEAR NORMAL DEPARTURE LAST
                VALUE   (LST)  VALUE       VALUE  FROM      YEAR
                                                  NORMAL
..................................................................
TEMPERATURE (F)
 YESTERDAY
  MAXIMUM         55    142 PM  77    1942  52      3       43
  MINIMUM         29    350 AM   3    1989  30     -1       19
  AVERAGE         42                        41      1       31

PRECIPITATION (IN)
  YESTERDAY        T             1.05 1987   0.05  -0.05     0.00
  MONTH TO DATE    0.26                      0.24   0.02     0.04
  SINCE JAN 1      0.37                      1.63  -1.26     1.84

SNOWFALL (IN)
  YESTERDAY        0.0           2.3  2002   0.1   -0.1      0.0
  MONTH TO DATE    0.0                       0.4   -0.4      0.0
  SINCE JUL 1      1.2                       5.7   -4.5      6.0
  SNOW DEPTH       0

DEGREE DAYS
 HEATING
  YESTERDAY       23                        24     -1       34
  MONTH TO DATE  116                       120     -4      151
  SINCE JUL 1   2004                      2273   -269     2210
..................................................................


WIND (MPH)
  HIGHEST WIND SPEED    24   HIGHEST WIND DIRECTION     S (180)
  HIGHEST GUST SPEED    30   HIGHEST GUST DIRECTION     S (190)
  AVERAGE WIND SPEED    10.8


SKY COVER
  AVERAGE SKY COVER 0.7


WEATHER CONDITIONS
 THE FOLLOWING WEATHER WAS RECORDED YESTERDAY.
  NO SIGNIFICANT WEATHER WAS OBSERVED.


RELATIVE HUMIDITY (PERCENT)
 HIGHEST    72           500 AM
 LOWEST     32           100 PM
 AVERAGE    52

..........................................................


THE OKLAHOMA CITY CLIMATE NORMALS FOR TODAY
                         NORMAL    RECORD    YEAR
 MAXIMUM TEMPERATURE (F)   52        73      2009
                                             1904
 MINIMUM TEMPERATURE (F)   31         3      1895


SUNRISE AND SUNSET
FEBRUARY  6 2016......SUNRISE   726 AM CST   SUNSET   603 PM CST
FEBRUARY  7 2016......SUNRISE   725 AM CST   SUNSET   604 PM CST


-  INDICATES NEGATIVE NUMBERS.
R  INDICATES RECORD WAS SET OR TIED.
MM INDICATES DATA IS MISSING.
T  INDICATES TRACE AMOUNT.

$$
