000
CDUS44 KOUN 242315
CLIOKC

CLIMATE REPORT
NATIONAL WEATHER SERVICE NORMAN OK
514 PM CST MON NOV 24 2014


...................................

...THE OKLAHOMA CITY CLIMATE SUMMARY FOR NOVEMBER 24 2014...
VALID TODAY AS OF 0500 PM LOCAL TIME.

CLIMATE NORMAL PERIOD 1981 TO 2010
CLIMATE RECORD PERIOD 1890 TO 2014


WEATHER ITEM   OBSERVED TIME   RECORD YEAR NORMAL DEPARTURE LAST
                VALUE   (LST)  VALUE       VALUE  FROM      YEAR
                                                  NORMAL
..................................................................
TEMPERATURE (F)
 TODAY
  MAXIMUM         59    339 PM  79    2010  58      1       30
  MINIMUM         36    703 AM  15    1950  36      0       25
  AVERAGE         48                        47      1       28

PRECIPITATION (IN)
  TODAY            0.00          1.14 1973   0.05  -0.05     0.24
  MONTH TO DATE    2.38                      1.64   0.74     0.92
  SINCE JAN 1     27.68                     34.30  -6.62    51.48

SNOWFALL (IN)
  TODAY            0.0           0.6  2013   0.0    0.0      0.6
  MONTH TO DATE    2.5                       0.2    2.3      0.6
  SINCE JUL 1      2.5                       0.2    2.3      0.6
  SNOW DEPTH       0

DEGREE DAYS
 HEATING
  TODAY           17                        18     -1       37
  MONTH TO DATE  449                       317    132      348
  SINCE JUL 1    535                       481     54      512

 COOLING
  TODAY            0                         0      0        0
  MONTH TO DATE    0                         7     -7        3
  SINCE JAN 1   2126                      2099     27     2072
..................................................................


WIND (MPH)
  HIGHEST WIND SPEED    24   HIGHEST WIND DIRECTION    NW (320)
  HIGHEST GUST SPEED    30   HIGHEST GUST DIRECTION    NW (310)
  AVERAGE WIND SPEED    11.6


SKY COVER
  AVERAGE SKY COVER 0.2


WEATHER CONDITIONS
 THE FOLLOWING WEATHER WAS RECORDED TODAY.
  NO SIGNIFICANT WEATHER WAS OBSERVED.


RELATIVE HUMIDITY (PERCENT)
 HIGHEST    76           100 AM
 LOWEST     18           200 PM
 AVERAGE    47

..........................................................


THE OKLAHOMA CITY CLIMATE NORMALS FOR TOMORROW
                         NORMAL    RECORD    YEAR
 MAXIMUM TEMPERATURE (F)   57        84      1965
 MINIMUM TEMPERATURE (F)   36        15      1993


SUNRISE AND SUNSET
NOVEMBER 24 2014......SUNRISE   714 AM CST   SUNSET   520 PM CST
NOVEMBER 25 2014......SUNRISE   715 AM CST   SUNSET   519 PM CST


-  INDICATES NEGATIVE NUMBERS.
R  INDICATES RECORD WAS SET OR TIED.
MM INDICATES DATA IS MISSING.
T  INDICATES TRACE AMOUNT.




$$
