000
CDUS44 KOUN 222327
CLIOKC

CLIMATE REPORT
NATIONAL WEATHER SERVICE NORMAN OK
527 PM CST SAT NOV 22 2014


...................................

...THE OKLAHOMA CITY CLIMATE SUMMARY FOR NOVEMBER 22 2014...
VALID TODAY AS OF 0500 PM LOCAL TIME.

CLIMATE NORMAL PERIOD 1981 TO 2010
CLIMATE RECORD PERIOD 1890 TO 2014


WEATHER ITEM   OBSERVED TIME   RECORD YEAR NORMAL DEPARTURE LAST
                VALUE   (LST)  VALUE       VALUE  FROM      YEAR
                                                  NORMAL
..................................................................
TEMPERATURE (F)
 TODAY
  MAXIMUM         62    400 AM  78    1982  59      3       32
                                      1966
                                      1900
  MINIMUM         55    349 PM  15    1898  37     18       29
  AVERAGE         59                        48     11       31

PRECIPITATION (IN)
  TODAY            0.89          1.54 1931   0.05   0.84     0.06
  MONTH TO DATE    2.35                      1.53   0.82     0.68
  SINCE JAN 1     27.65                     34.19  -6.54    51.24

SNOWFALL (IN)
  TODAY            0.0           T    2013   0.0    0.0       T
                                      1971
  MONTH TO DATE    2.5                       0.2    2.3       T
  SINCE JUL 1      2.5                       0.2    2.3       T
  SNOW DEPTH       0

DEGREE DAYS
 HEATING
  TODAY            6                        17    -11       34
  MONTH TO DATE  420                       281    139      283
  SINCE JUL 1    506                       445     61      447

 COOLING
  TODAY            0                         0      0        0
  MONTH TO DATE    0                         7     -7        3
  SINCE JAN 1   2126                      2099     27     2072
..................................................................


WIND (MPH)
  HIGHEST WIND SPEED    30   HIGHEST WIND DIRECTION    SE (150)
  HIGHEST GUST SPEED    37   HIGHEST GUST DIRECTION     S (160)
  AVERAGE WIND SPEED    16.3


SKY COVER
  AVERAGE SKY COVER 1.0


WEATHER CONDITIONS
 THE FOLLOWING WEATHER WAS RECORDED TODAY.
  THUNDERSTORM
  RAIN
  LIGHT RAIN
  FOG


RELATIVE HUMIDITY (PERCENT)
 HIGHEST    93           300 AM
 LOWEST     86          1200 PM
 AVERAGE    90

..........................................................


THE OKLAHOMA CITY CLIMATE NORMALS FOR TOMORROW
                         NORMAL    RECORD    YEAR
 MAXIMUM TEMPERATURE (F)   58        79      2005
                                             1973
 MINIMUM TEMPERATURE (F)   37        19      1950


SUNRISE AND SUNSET
NOVEMBER 22 2014......SUNRISE   713 AM CST   SUNSET   520 PM CST
NOVEMBER 23 2014......SUNRISE   713 AM CST   SUNSET   520 PM CST


-  INDICATES NEGATIVE NUMBERS.
R  INDICATES RECORD WAS SET OR TIED.
MM INDICATES DATA IS MISSING.
T  INDICATES TRACE AMOUNT.

$$
