000
CDUS44 KOUN 182308
CLIOKC

CLIMATE REPORT
NATIONAL WEATHER SERVICE NORMAN OK
507 PM CST THU JAN 18 2018


...................................

...THE OKLAHOMA CITY CLIMATE SUMMARY FOR JANUARY 18 2018...
VALID TODAY AS OF 0500 PM LOCAL TIME.

CLIMATE NORMAL PERIOD 1981 TO 2010
CLIMATE RECORD PERIOD 1890 TO 2018


WEATHER ITEM   OBSERVED TIME   RECORD YEAR NORMAL DEPARTURE LAST
                VALUE   (LST)  VALUE       VALUE  FROM      YEAR
                                                  NORMAL
..................................................................
TEMPERATURE (F)
 TODAY
  MAXIMUM         50    258 PM  74    1951  50      0       56
  MINIMUM         12    652 AM  -9    1930  29    -17       38
  AVERAGE         31                        39     -8       47

PRECIPITATION (IN)
  TODAY            0.00          1.07 1968   0.05  -0.05     0.00
  MONTH TO DATE    0.19                      0.74  -0.55     1.55
  SINCE DEC 1      0.87                      2.62  -1.75     2.34
  SINCE JAN 1      0.19                      0.74  -0.55     1.55

SNOWFALL (IN)
  TODAY            0.0           8.3  1987   0.1   -0.1      0.0
  MONTH TO DATE    0.0                       1.6   -1.6      1.7
  SINCE DEC 1      0.1                       3.7   -3.6      2.1
  SINCE JUL 1      0.1                       4.1   -4.0      2.1

DEGREE DAYS
 HEATING
  TODAY           34                        26      8       18
  MONTH TO DATE  615                       468    147      493
  SINCE DEC 1   1388                      1224    164     1276
  SINCE JUL 1   1938                      1823    115     1599

 COOLING
  TODAY            0                         0      0        0
  MONTH TO DATE    0                         0      0        0
  SINCE DEC 1      0                         0      0        0
  SINCE JAN 1      0                         0      0        0
..................................................................


WIND (MPH)
  HIGHEST WIND SPEED    25   HIGHEST WIND DIRECTION    SW (210)
  HIGHEST GUST SPEED    30   HIGHEST GUST DIRECTION    SW (210)
  AVERAGE WIND SPEED    13.0


SKY COVER
  AVERAGE SKY COVER 0.0


WEATHER CONDITIONS
 THE FOLLOWING WEATHER WAS RECORDED TODAY.
  NO SIGNIFICANT WEATHER WAS OBSERVED.


RELATIVE HUMIDITY (PERCENT)
 HIGHEST    76           700 AM
 LOWEST     15           200 PM
 AVERAGE    46

..........................................................


THE OKLAHOMA CITY CLIMATE NORMALS FOR TOMORROW
                         NORMAL    RECORD    YEAR
 MAXIMUM TEMPERATURE (F)   50        75      1914
 MINIMUM TEMPERATURE (F)   29       -11      1892


SUNRISE AND SUNSET
JANUARY 18 2018.......SUNRISE   738 AM CST   SUNSET   544 PM CST
JANUARY 19 2018.......SUNRISE   737 AM CST   SUNSET   545 PM CST


-  INDICATES NEGATIVE NUMBERS.
R  INDICATES RECORD WAS SET OR TIED.
MM INDICATES DATA IS MISSING.
T  INDICATES TRACE AMOUNT.

$$
