000
CDUS44 KOUN 010631
CLIOKC

CLIMATE REPORT
NATIONAL WEATHER SERVICE NORMAN OK
131 AM CDT WED JUL 1 2015


...................................

...THE OKLAHOMA CITY CLIMATE SUMMARY FOR JUNE 30 2015...

CLIMATE NORMAL PERIOD 1981 TO 2010
CLIMATE RECORD PERIOD 1890 TO 2015


WEATHER ITEM   OBSERVED TIME   RECORD YEAR NORMAL DEPARTURE LAST
                VALUE   (LST)  VALUE       VALUE  FROM      YEAR
                                                  NORMAL
..................................................................
TEMPERATURE (F)
 YESTERDAY
  MAXIMUM         94    458 PM 102    2011  92      2       92
                                      1925
  MINIMUM         65    514 AM  58    1923  71     -6       77
  AVERAGE         80                        81     -1       85

PRECIPITATION (IN)
  YESTERDAY        0.00          2.33 1981   0.12  -0.12     0.00
  MONTH TO DATE    5.77                      4.93   0.84     8.60
  SINCE JAN 1     34.43                     18.68  15.75    15.73

DEGREE DAYS
 COOLING
  YESTERDAY       15                        16     -1       20
  MONTH TO DATE  427                       390     37      400
  SINCE JAN 1    604                       640    -36      690
..................................................................


WIND (MPH)
  HIGHEST WIND SPEED    13   HIGHEST WIND DIRECTION     S (190)
  HIGHEST GUST SPEED    16   HIGHEST GUST DIRECTION    SW (240)
  AVERAGE WIND SPEED     6.8


SKY COVER
  AVERAGE SKY COVER 0.4


WEATHER CONDITIONS
 THE FOLLOWING WEATHER WAS RECORDED YESTERDAY.
  NO SIGNIFICANT WEATHER WAS OBSERVED.


RELATIVE HUMIDITY (PERCENT)
 HIGHEST    90           100 AM
 LOWEST     39           300 PM
 AVERAGE    65

..........................................................


THE OKLAHOMA CITY CLIMATE NORMALS FOR TODAY
                         NORMAL    RECORD    YEAR
 MAXIMUM TEMPERATURE (F)   92       103      1917
 MINIMUM TEMPERATURE (F)   71        57      1951


SUNRISE AND SUNSET
JULY  1 2015..........SUNRISE   619 AM CDT   SUNSET   849 PM CDT
JULY  2 2015..........SUNRISE   619 AM CDT   SUNSET   849 PM CDT


-  INDICATES NEGATIVE NUMBERS.
R  INDICATES RECORD WAS SET OR TIED.
MM INDICATES DATA IS MISSING.
T  INDICATES TRACE AMOUNT.




$$
