000
CDUS44 KOUN 170637
CLIOKC

CLIMATE REPORT
NATIONAL WEATHER SERVICE NORMAN OK
1236 AM CST TUE JAN 17 2017


...................................

...THE OKLAHOMA CITY CLIMATE SUMMARY FOR JANUARY 16 2017...

CLIMATE NORMAL PERIOD 1981 TO 2010
CLIMATE RECORD PERIOD 1890 TO 2017


WEATHER ITEM   OBSERVED TIME   RECORD YEAR NORMAL DEPARTURE LAST
                VALUE   (LST)  VALUE       VALUE  FROM      YEAR
                                                  NORMAL
..................................................................
TEMPERATURE (F)
 YESTERDAY
  MAXIMUM         50    314 PM  76    1894  50      0       42
  MINIMUM         36   1033 PM   0    1930  29      7       23
  AVERAGE         43                        39      4       33

PRECIPITATION (IN)
  YESTERDAY        0.04          0.70 1990   0.05  -0.01     0.00
  MONTH TO DATE    1.55                      0.64   0.91     0.11
  SINCE JAN 1      1.55                      0.64   0.91     0.11

SNOWFALL (IN)
  YESTERDAY        0.0           2.2  1960   0.1   -0.1      0.0
  MONTH TO DATE    1.7                       1.4    0.3      0.6
  SINCE JUL 1      2.1                       3.9   -1.8      1.2
  SNOW DEPTH       0

DEGREE DAYS
 HEATING
  YESTERDAY       22                        26     -4       32
  MONTH TO DATE  454                       416     38      436
  SINCE JUL 1   1560                      1771   -211     1526
..................................................................


WIND (MPH)
  HIGHEST WIND SPEED    24   HIGHEST WIND DIRECTION    SW (230)
  HIGHEST GUST SPEED    30   HIGHEST GUST DIRECTION    SW (230)
  AVERAGE WIND SPEED    12.6


SKY COVER
  AVERAGE SKY COVER 0.8


WEATHER CONDITIONS
 THE FOLLOWING WEATHER WAS RECORDED YESTERDAY.
  RAIN
  LIGHT RAIN
  FOG


RELATIVE HUMIDITY (PERCENT)
 HIGHEST   100           600 AM
 LOWEST     56           500 PM
 AVERAGE    78

..........................................................


THE OKLAHOMA CITY CLIMATE NORMALS FOR TODAY
                         NORMAL    RECORD    YEAR
 MAXIMUM TEMPERATURE (F)   50        73      1894
 MINIMUM TEMPERATURE (F)   29        -9      1930


SUNRISE AND SUNSET
JANUARY 17 2017.......SUNRISE   738 AM CST   SUNSET   543 PM CST
JANUARY 18 2017.......SUNRISE   738 AM CST   SUNSET   544 PM CST


-  INDICATES NEGATIVE NUMBERS.
R  INDICATES RECORD WAS SET OR TIED.
MM INDICATES DATA IS MISSING.
T  INDICATES TRACE AMOUNT.




$$
