000
CDUS44 KOUN 280642
CLIOKC

CLIMATE REPORT
NATIONAL WEATHER SERVICE NORMAN OK
142 AM CDT THU AUG 28 2014


...................................

...THE OKLAHOMA CITY CLIMATE SUMMARY FOR AUGUST 27 2014...

CLIMATE NORMAL PERIOD 1981 TO 2010
CLIMATE RECORD PERIOD 1890 TO 2014


WEATHER ITEM   OBSERVED TIME   RECORD YEAR NORMAL DEPARTURE LAST
                VALUE   (LST)  VALUE       VALUE  FROM      YEAR
                                                  NORMAL
..................................................................
TEMPERATURE (F)
 YESTERDAY
  MAXIMUM         96    330 PM 105    2011  92      4       88
  MINIMUM         69    448 AM  52    1906  70     -1       68
  AVERAGE         83                        81      2       78

PRECIPITATION (IN)
  YESTERDAY        0.00          1.53 1941   0.10  -0.10     0.00
  MONTH TO DATE    0.65                      2.83  -2.18     3.50
  SINCE JAN 1     20.56                     24.44  -3.88    45.19

DEGREE DAYS
 COOLING
  YESTERDAY       18                        16      2       13
  MONTH TO DATE  470                       478     -8      438
  SINCE JAN 1   1609                      1677    -68     1543
..................................................................


WIND (MPH)
  HIGHEST WIND SPEED    17   HIGHEST WIND DIRECTION    SE (130)
  HIGHEST GUST SPEED    28   HIGHEST GUST DIRECTION     E (110)
  AVERAGE WIND SPEED     7.7


SKY COVER
  AVERAGE SKY COVER 0.5


WEATHER CONDITIONS
 THE FOLLOWING WEATHER WAS RECORDED YESTERDAY.
  NO SIGNIFICANT WEATHER WAS OBSERVED.


RELATIVE HUMIDITY (PERCENT)
 HIGHEST    90           500 AM
 LOWEST     36           400 PM
 AVERAGE    63

..........................................................


THE OKLAHOMA CITY CLIMATE NORMALS FOR TODAY
                         NORMAL    RECORD    YEAR
 MAXIMUM TEMPERATURE (F)   91       108      2011
 MINIMUM TEMPERATURE (F)   70        56      1906
                                             1893


SUNRISE AND SUNSET
AUGUST 28 2014........SUNRISE   700 AM CDT   SUNSET   803 PM CDT
AUGUST 29 2014........SUNRISE   700 AM CDT   SUNSET   801 PM CDT


-  INDICATES NEGATIVE NUMBERS.
R  INDICATES RECORD WAS SET OR TIED.
MM INDICATES DATA IS MISSING.
T  INDICATES TRACE AMOUNT.




$$
