000
CDUS45 KGGW 231230
CLIOLF


CLIMATE REPORT
NATIONAL WEATHER SERVICE GLASGOW MT
630 AM MDT TUE SEP 23 2014


...................................

...THE WOLF POINT MT CLIMATE SUMMARY FOR SEPTEMBER 23 2014...
VALID AS OF 0600 AM LOCAL TIME.

CLIMATE NORMAL PERIOD 1981 TO 2010
CLIMATE RECORD PERIOD 9999 TO 9999


WEATHER ITEM   OBSERVED RECORD YEAR NORMAL DEPARTURE
                VALUE   VALUE       VALUE  FROM
                                           NORMAL
........................................................
TEMPERATURE (F)
 TODAY
  MAXIMUM         55     MM      MM  70
  MINIMUM         45     MM      MM  37
  AVERAGE         50

PRECIPITATION (IN)
  TODAY            0.00  MM      MM   0.03  -0.03
  MONTH TO DATE    0.14               0.79  -0.65
  SINCE OCT 1     13.13              11.96   1.17
  SINCE JAN 1     12.57              10.46   2.11

SNOWFALL (IN)
  TODAY            0.0   MM      MM  MM
  MONTH TO DATE    0.0               MM
  SINCE SEP 1      0.0               MM
  SINCE JUL 1      0.0               MM

DEGREE DAYS
 HEATING
  TODAY           15

 COOLING
  TODAY            0
........................................................







THE WOLF POINT MT CLIMATE NORMALS FOR TOMORROW
                         NORMAL    RECORD    YEAR
 MAXIMUM TEMPERATURE (F)   70        MM        MM
 MINIMUM TEMPERATURE (F)   37        MM        MM


SUNRISE AND SUNSET
SEPTEMBER 23 2014.....SUNRISE   650 AM MDT   SUNSET   658 PM MDT
SEPTEMBER 24 2014.....SUNRISE   652 AM MDT   SUNSET   656 PM MDT


-  INDICATES NEGATIVE NUMBERS.
R  INDICATES RECORD WAS SET OR TIED.
MM INDICATES DATA IS MISSING.
T  INDICATES TRACE AMOUNT.




$$
