717
CDUS45 KGGW 240016
CLIOLF


CLIMATE REPORT
NATIONAL WEATHER SERVICE GLASGOW MT
615 PM MDT TUE AUG 23 2016


...................................

...THE WOLF POINT MT CLIMATE SUMMARY FOR AUGUST 23 2016...
VALID TODAY AS OF 0500 PM LOCAL TIME.

CLIMATE NORMAL PERIOD 1981 TO 2010
CLIMATE RECORD PERIOD 9999 TO 9999


WEATHER ITEM   OBSERVED RECORD YEAR NORMAL DEPARTURE
                VALUE   VALUE       VALUE  FROM
                                           NORMAL
........................................................
TEMPERATURE (F)
 TODAY
  MAXIMUM         78     MM      MM  84
  MINIMUM         55     MM      MM  51
  AVERAGE         67

PRECIPITATION (IN)
  TODAY            0.00  MM      MM   0.02  -0.02
  MONTH TO DATE    0.71               1.07  -0.36
  SINCE OCT 1     13.26              10.96   2.30
  SINCE JAN 1     11.59               9.46   2.13

SNOWFALL (IN)
  TODAY            0.0   MM      MM  MM
  MONTH TO DATE    0.0               MM
  SINCE JUN 1      0.0               MM
  SINCE JUL 1      0.0               MM

DEGREE DAYS
 HEATING
  TODAY            0

 COOLING
  TODAY            2
........................................................







THE WOLF POINT MT CLIMATE NORMALS FOR TOMORROW
                         NORMAL    RECORD    YEAR
 MAXIMUM TEMPERATURE (F)   84        MM        MM
 MINIMUM TEMPERATURE (F)   51        MM        MM


SUNRISE AND SUNSET
AUGUST 23 2016........SUNRISE   609 AM MDT   SUNSET   800 PM MDT
AUGUST 24 2016........SUNRISE   610 AM MDT   SUNSET   758 PM MDT


-  INDICATES NEGATIVE NUMBERS.
R  INDICATES RECORD WAS SET OR TIED.
MM INDICATES DATA IS MISSING.
T  INDICATES TRACE AMOUNT.




$$
