000
CDUS46 KSEW 280121
CLIOLM


CLIMATE REPORT
NATIONAL WEATHER SERVICE SEATTLE WA
521 PM PST MON FEB 27 2017


...................................

...THE OLYMPIA WA AIRPORT CLIMATE SUMMARY FOR FEBRUARY 27 2017...
VALID TODAY AS OF 0500 PM LOCAL TIME.

CLIMATE NORMAL PERIOD 1981 TO 2010
CLIMATE RECORD PERIOD 1948 TO 2017


WEATHER ITEM   OBSERVED TIME   RECORD YEAR NORMAL DEPARTURE LAST
                VALUE   (LST)  VALUE       VALUE  FROM      YEAR
                                                  NORMAL
..................................................................
TEMPERATURE (F)
 TODAY
  MAXIMUM         42    222 PM  73    1986  51     -9       57
  MINIMUM         34    200 AM  12    1962  33      1       40
  AVERAGE         38                        42     -4       49

PRECIPITATION (IN)
  TODAY            0.13          2.24 1972   0.18  -0.05     0.11
  MONTH TO DATE    9.12                      5.09   4.03     5.97
  SINCE OCT 1     41.04                     33.62   7.42    47.44
  SINCE JAN 1     12.94                     12.93   0.01    14.44

DEGREE DAYS
 HEATING
  TODAY           27                        23      4       16
  MONTH TO DATE  678                       644     34      537
  SINCE DEC 1   2506                      2250    256     2043
  SINCE JUL 1   3703                      3695      8     3319

 COOLING
  TODAY            0                         0      0        0
  MONTH TO DATE    0                         0      0        0
  SINCE DEC 1      0                         0      0        0
  SINCE JAN 1      0                         0      0        0
..................................................................


WIND (MPH)
  RESULTANT WIND SPEED   6   RESULTANT WIND DIRECTION   S (200)
  HIGHEST WIND SPEED    18   HIGHEST WIND DIRECTION    SW (230)
  HIGHEST GUST SPEED    25   HIGHEST GUST DIRECTION    SW (230)
  AVERAGE WIND SPEED     6.4


SKY COVER
  AVERAGE SKY COVER 0.9


WEATHER CONDITIONS
 THE FOLLOWING WEATHER WAS RECORDED TODAY.
  LIGHT RAIN
  FOG


RELATIVE HUMIDITY (PERCENT)
 HIGHEST   100          1200 AM
 LOWEST     86           300 PM
 AVERAGE    93

..........................................................


THE OLYMPIA WA AIRPORT CLIMATE NORMALS FOR TOMORROW
                         NORMAL    RECORD    YEAR
 MAXIMUM TEMPERATURE (F)   51        69      1992
 MINIMUM TEMPERATURE (F)   33        14      1960


SUNRISE AND SUNSET
FEBRUARY 27 2017......SUNRISE   654 AM PST   SUNSET   555 PM PST
FEBRUARY 28 2017......SUNRISE   653 AM PST   SUNSET   556 PM PST


-  INDICATES NEGATIVE NUMBERS.
R  INDICATES RECORD WAS SET OR TIED.
MM INDICATES DATA IS MISSING.
T  INDICATES TRACE AMOUNT.




$$
