000
CDUS46 KSEW 200830
CLIOLM


CLIMATE REPORT
NATIONAL WEATHER SERVICE SEATTLE WA
130 AM PDT WED AUG 20 2014


...................................

...THE OLYMPIA WA AIRPORT CLIMATE SUMMARY FOR AUGUST 19 2014...

CLIMATE NORMAL PERIOD 1981 TO 2010
CLIMATE RECORD PERIOD 1948 TO 2014


WEATHER ITEM   OBSERVED TIME   RECORD YEAR NORMAL DEPARTURE LAST
                VALUE   (LST)  VALUE       VALUE  FROM      YEAR
                                                  NORMAL
..................................................................
TEMPERATURE (F)
 YESTERDAY
  MAXIMUM         80    217 PM  94    1961  78      2       77
  MINIMUM         57   1159 PM  35    1973  50      7       52
  AVERAGE         69                        64      5       65

PRECIPITATION (IN)
  YESTERDAY        0.00          0.84 1965   0.04  -0.04     0.00
  MONTH TO DATE    0.85                      0.44   0.41     0.28
  SINCE OCT 1     40.65                     47.79  -7.14    48.66
  SINCE JAN 1     31.81                     27.10   4.71    21.70

DEGREE DAYS
 HEATING
  YESTERDAY        0                         2     -2        0
  MONTH TO DATE    4                        38    -34       10
  SINCE JUN 1    192                       306   -114      203
  SINCE JUL 1     37                       118    -81       67

 COOLING
  YESTERDAY        4                         1      3        0
  MONTH TO DATE   67                        35     32       34
  SINCE JUN 1    164                        89     75       96
  SINCE JAN 1    165                        92     73       98
..................................................................


WIND (MPH)
  RESULTANT WIND SPEED   7   RESULTANT WIND DIRECTION  SW (210)
  HIGHEST WIND SPEED    17   HIGHEST WIND DIRECTION    SW (210)
  HIGHEST GUST SPEED    23   HIGHEST GUST DIRECTION     S (180)
  AVERAGE WIND SPEED     7.8


SKY COVER
  AVERAGE SKY COVER 0.1


WEATHER CONDITIONS
 THE FOLLOWING WEATHER WAS RECORDED YESTERDAY.
  NO SIGNIFICANT WEATHER WAS OBSERVED.


RELATIVE HUMIDITY (PERCENT)
 HIGHEST    97           400 AM
 LOWEST     48           300 PM
 AVERAGE    73

..........................................................


THE OLYMPIA WA AIRPORT CLIMATE NORMALS FOR TODAY
                         NORMAL    RECORD    YEAR
 MAXIMUM TEMPERATURE (F)   78        92      1982
                                             1950
 MINIMUM TEMPERATURE (F)   50        39      1952


SUNRISE AND SUNSET
AUGUST 20 2014........SUNRISE   616 AM PDT   SUNSET   813 PM PDT
AUGUST 21 2014........SUNRISE   617 AM PDT   SUNSET   812 PM PDT


-  INDICATES NEGATIVE NUMBERS.
R  INDICATES RECORD WAS SET OR TIED.
MM INDICATES DATA IS MISSING.
T  INDICATES TRACE AMOUNT.




$$
