000
CDUS46 KSEW 290828
CLIOLM


CLIMATE REPORT
NATIONAL WEATHER SERVICE SEATTLE WA
1227 AM PST MON DEC 29 2014


...................................

...THE OLYMPIA WA AIRPORT CLIMATE SUMMARY FOR DECEMBER 28 2014...

CLIMATE NORMAL PERIOD 1981 TO 2010
CLIMATE RECORD PERIOD 1948 TO 2014


WEATHER ITEM   OBSERVED TIME   RECORD YEAR NORMAL DEPARTURE LAST
                VALUE   (LST)  VALUE       VALUE  FROM      YEAR
                                                  NORMAL
..................................................................
TEMPERATURE (F)
 YESTERDAY
  MAXIMUM         47    231 PM  56    1980  44      3       47
  MINIMUM         33    807 PM  10    1990  33      0       34
  AVERAGE         40                        38      2       41

PRECIPITATION (IN)
  YESTERDAY        0.09          1.20 2011   0.23  -0.14     0.00
  MONTH TO DATE    5.78                      6.79  -1.01     1.99
  SINCE OCT 1     18.81                     20.02  -1.21     8.81
  SINCE JAN 1     54.29                     49.33   4.96    41.43

DEGREE DAYS
 HEATING
  YESTERDAY       25                        27     -2       24
  MONTH TO DATE  625                       745   -120      817
  SINCE DEC 1    625                       745   -120      817
  SINCE JUL 1   1724                      2190   -466     2213

 COOLING
  YESTERDAY        0                         0      0        0
  MONTH TO DATE    0                         0      0        0
  SINCE DEC 1      0                         0      0        0
  SINCE JAN 1    187                       106     81      147
..................................................................


WIND (MPH)
  RESULTANT WIND SPEED   4   RESULTANT WIND DIRECTION  SW (210)
  HIGHEST WIND SPEED    15   HIGHEST WIND DIRECTION     S (200)
  HIGHEST GUST SPEED    20   HIGHEST GUST DIRECTION     S (200)
  AVERAGE WIND SPEED     3.8


SKY COVER
  AVERAGE SKY COVER 0.7


WEATHER CONDITIONS
 THE FOLLOWING WEATHER WAS RECORDED YESTERDAY.
  LIGHT RAIN
  FOG


RELATIVE HUMIDITY (PERCENT)
 HIGHEST   100           800 PM
 LOWEST     70           500 AM
 AVERAGE    85

..........................................................


THE OLYMPIA WA AIRPORT CLIMATE NORMALS FOR TODAY
                         NORMAL    RECORD    YEAR
 MAXIMUM TEMPERATURE (F)   44        55      1975
 MINIMUM TEMPERATURE (F)   33         4      1990


SUNRISE AND SUNSET
DECEMBER 29 2014......SUNRISE   757 AM PST   SUNSET   431 PM PST
DECEMBER 30 2014......SUNRISE   757 AM PST   SUNSET   431 PM PST


-  INDICATES NEGATIVE NUMBERS.
R  INDICATES RECORD WAS SET OR TIED.
MM INDICATES DATA IS MISSING.
T  INDICATES TRACE AMOUNT.




$$
