000
CDUS46 KSEW 010832
CLIOLM


CLIMATE REPORT
NATIONAL WEATHER SERVICE SEATTLE WA
132 AM PDT SUN MAY 1 2016


...................................

...THE OLYMPIA WA AIRPORT CLIMATE SUMMARY FOR APRIL 30 2016...

CLIMATE NORMAL PERIOD 1981 TO 2010
CLIMATE RECORD PERIOD 1948 TO 2016


WEATHER ITEM   OBSERVED TIME   RECORD YEAR NORMAL DEPARTURE LAST
                VALUE   (LST)  VALUE       VALUE  FROM      YEAR
                                                  NORMAL
..................................................................
TEMPERATURE (F)
 YESTERDAY
  MAXIMUM         69    444 PM  84    1998  62      7       66
  MINIMUM         35    437 AM  26    1964  40     -5       40
  AVERAGE         52                        51      1       53

PRECIPITATION (IN)
  YESTERDAY        0.00          0.81 2001   0.09  -0.09     0.00
  MONTH TO DATE    1.58                      3.54  -1.96     1.92
  SINCE OCT 1     58.23                     42.63  15.60    38.85
  SINCE JAN 1     25.23                     21.94   3.29    19.82

DEGREE DAYS
 HEATING
  YESTERDAY       13                        14     -1       12
  MONTH TO DATE  348                       500   -152      487
  SINCE MAR 1    927                      1137   -210     1012
  SINCE JUL 1   4285                      4859   -574     4047

 COOLING
  YESTERDAY        0                         0      0        0
  MONTH TO DATE    1                         0      1        0
  SINCE MAR 1      1                         0      1        0
  SINCE JAN 1      1                         0      1        0
..................................................................


WIND (MPH)
  RESULTANT WIND SPEED   2   RESULTANT WIND DIRECTION  NE (40)
  HIGHEST WIND SPEED    14   HIGHEST WIND DIRECTION     N (350)
  HIGHEST GUST SPEED    17   HIGHEST GUST DIRECTION    NE (30)
  AVERAGE WIND SPEED     3.5


SKY COVER
  AVERAGE SKY COVER 0.1


WEATHER CONDITIONS
 THE FOLLOWING WEATHER WAS RECORDED YESTERDAY.
  FOG


RELATIVE HUMIDITY (PERCENT)
 HIGHEST    93           200 AM
 LOWEST     39           400 PM
 AVERAGE    66

..........................................................


THE OLYMPIA WA AIRPORT CLIMATE NORMALS FOR TODAY
                         NORMAL    RECORD    YEAR
 MAXIMUM TEMPERATURE (F)   62        88      2014
 MINIMUM TEMPERATURE (F)   40        25      1954


SUNRISE AND SUNSET
MAY  1 2016...........SUNRISE   555 AM PDT   SUNSET   823 PM PDT
MAY  2 2016...........SUNRISE   554 AM PDT   SUNSET   824 PM PDT


-  INDICATES NEGATIVE NUMBERS.
R  INDICATES RECORD WAS SET OR TIED.
MM INDICATES DATA IS MISSING.
T  INDICATES TRACE AMOUNT.




$$
