000
CDUS46 KSEW 010830
CLIOLM


CLIMATE REPORT
NATIONAL WEATHER SERVICE SEATTLE WA
130 AM PDT MON SEP 1 2014


...................................

...THE OLYMPIA WA AIRPORT CLIMATE SUMMARY FOR AUGUST 31 2014...

CLIMATE NORMAL PERIOD 1981 TO 2010
CLIMATE RECORD PERIOD 1948 TO 2014


WEATHER ITEM   OBSERVED TIME   RECORD YEAR NORMAL DEPARTURE LAST
                VALUE   (LST)  VALUE       VALUE  FROM      YEAR
                                                  NORMAL
..................................................................
TEMPERATURE (F)
 YESTERDAY
  MAXIMUM         72    410 PM  94    1987  76     -4       82
  MINIMUM         52   1159 PM  38    1973  49      3       49
                                      1964
  AVERAGE         62                        62      0       66

PRECIPITATION (IN)
  YESTERDAY        0.00          0.71 1961   0.05  -0.05     0.00
  MONTH TO DATE    1.45                      0.94   0.51     1.84
  SINCE OCT 1     41.25                     48.29  -7.04    50.22
  SINCE JAN 1     32.41                     27.60   4.81    23.26

DEGREE DAYS
 HEATING
  YESTERDAY        3                         3      0        0
  MONTH TO DATE   20                        69    -49       20
  SINCE JUN 1    208                       338   -130      213
  SINCE JUL 1     53                       150    -97       77

 COOLING
  YESTERDAY        0                         1     -1        1
  MONTH TO DATE   83                        42     41       57
  SINCE JUN 1    180                        96     84      119
  SINCE JAN 1    181                        99     82      121
..................................................................


WIND (MPH)
  RESULTANT WIND SPEED   7   RESULTANT WIND DIRECTION   S (200)
  HIGHEST WIND SPEED    12   HIGHEST WIND DIRECTION     W (270)
  HIGHEST GUST SPEED    15   HIGHEST GUST DIRECTION    SW (220)
  AVERAGE WIND SPEED     5.0


SKY COVER
  AVERAGE SKY COVER 0.5


WEATHER CONDITIONS
 THE FOLLOWING WEATHER WAS RECORDED YESTERDAY.
  NO SIGNIFICANT WEATHER WAS OBSERVED.


RELATIVE HUMIDITY (PERCENT)
 HIGHEST    93           100 AM
 LOWEST     86          1200 AM
 AVERAGE    90

..........................................................


THE OLYMPIA WA AIRPORT CLIMATE NORMALS FOR TODAY
                         NORMAL    RECORD    YEAR
 MAXIMUM TEMPERATURE (F)   76        92      1987
 MINIMUM TEMPERATURE (F)   49        32      1973


SUNRISE AND SUNSET
SEPTEMBER  1 2014.....SUNRISE   631 AM PDT   SUNSET   751 PM PDT
SEPTEMBER  2 2014.....SUNRISE   632 AM PDT   SUNSET   749 PM PDT


-  INDICATES NEGATIVE NUMBERS.
R  INDICATES RECORD WAS SET OR TIED.
MM INDICATES DATA IS MISSING.
T  INDICATES TRACE AMOUNT.




$$
