326
CDUS46 KSEW 250122
CLIOLM


CLIMATE REPORT
NATIONAL WEATHER SERVICE SEATTLE WA
621 PM PDT SAT JUN 24 2017


...................................

...THE OLYMPIA WA AIRPORT CLIMATE SUMMARY FOR JUNE 24 2017...
VALID TODAY AS OF 0600 PM LOCAL TIME.

CLIMATE NORMAL PERIOD 1981 TO 2010
CLIMATE RECORD PERIOD 1948 TO 2017


WEATHER ITEM   OBSERVED TIME   RECORD YEAR NORMAL DEPARTURE LAST
                VALUE   (LST)  VALUE       VALUE  FROM      YEAR
                                                  NORMAL
..................................................................
TEMPERATURE (F)
 TODAY
  MAXIMUM         92    410 PM  95    1992  72     20       67
  MINIMUM         47    425 AM  39    2003  49     -2       50
                                      1997
                                      1988
  AVERAGE         70                        60     10       59

PRECIPITATION (IN)
  TODAY            0.00          1.19 1971   0.04  -0.04     0.06
  MONTH TO DATE    1.33                      1.51  -0.18     1.24
  SINCE OCT 1     62.37                     46.47  15.90    59.62
  SINCE JAN 1     34.27                     25.78   8.49    26.62

DEGREE DAYS
 HEATING
  TODAY            0                         5     -5        6
  MONTH TO DATE  138                       159    -21      155
  SINCE JUN 1    138                       159    -21      155
  SINCE JUL 1   5299                      5355    -56     4675

 COOLING
  TODAY            5                         1      4        0
  MONTH TO DATE    8                         3      5       31
  SINCE JUN 1      8                         3      5       31
  SINCE JAN 1     18                         6     12       32
..................................................................


WIND (MPH)
  RESULTANT WIND SPEED   6   RESULTANT WIND DIRECTION  NE (30)
  HIGHEST WIND SPEED    17   HIGHEST WIND DIRECTION     N (20)
  HIGHEST GUST SPEED    23   HIGHEST GUST DIRECTION    NE (40)
  AVERAGE WIND SPEED     5.9


SKY COVER
  AVERAGE SKY COVER 0.0


WEATHER CONDITIONS
 THE FOLLOWING WEATHER WAS RECORDED TODAY.
  NO SIGNIFICANT WEATHER WAS OBSERVED.


RELATIVE HUMIDITY (PERCENT)
 HIGHEST    93           300 AM
 LOWEST     24           500 PM
 AVERAGE    59

..........................................................


THE OLYMPIA WA AIRPORT CLIMATE NORMALS FOR TOMORROW
                         NORMAL    RECORD    YEAR
 MAXIMUM TEMPERATURE (F)   72        90      2015
                                             2006
 MINIMUM TEMPERATURE (F)   49        36      1966


SUNRISE AND SUNSET
JUNE 24 2017..........SUNRISE   518 AM PDT   SUNSET   911 PM PDT
JUNE 25 2017..........SUNRISE   518 AM PDT   SUNSET   911 PM PDT


-  INDICATES NEGATIVE NUMBERS.
R  INDICATES RECORD WAS SET OR TIED.
MM INDICATES DATA IS MISSING.
T  INDICATES TRACE AMOUNT.




$$
