000
CDUS46 KSEW 160830
CLIOLM


CLIMATE REPORT
NATIONAL WEATHER SERVICE SEATTLE WA
130 AM PDT WED APR 16 2014


...................................

...THE OLYMPIA WA AIRPORT CLIMATE SUMMARY FOR APRIL 15 2014...

CLIMATE NORMAL PERIOD 1981 TO 2010
CLIMATE RECORD PERIOD 1948 TO 2014


WEATHER ITEM   OBSERVED TIME   RECORD YEAR NORMAL DEPARTURE LAST
                VALUE   (LST)  VALUE       VALUE  FROM      YEAR
                                                  NORMAL
..................................................................
TEMPERATURE (F)
 YESTERDAY
  MAXIMUM         59    202 PM  76    1951  59      0       56
  MINIMUM         44    548 AM  26    1967  37      7       31
  AVERAGE         52                        48      4       44

PRECIPITATION (IN)
  YESTERDAY        0.01          0.73 1996   0.12  -0.11     0.06
  MONTH TO DATE    0.82                      1.97  -1.15     4.12
  SINCE OCT 1     31.87                     41.06  -9.19    42.91
  SINCE JAN 1     23.03                     20.37   2.66    15.95

DEGREE DAYS
 HEATING
  YESTERDAY       13                        17     -4       21
  MONTH TO DATE  226                       266    -40      268
  SINCE MAR 1    803                       902    -99      877
  SINCE JUL 1   4586                      4624    -38     4564

 COOLING
  YESTERDAY        0                         0      0        0
  MONTH TO DATE    0                         0      0        0
  SINCE MAR 1      0                         0      0        0
  SINCE JAN 1      0                         0      0        0
..................................................................


WIND (MPH)
  RESULTANT WIND SPEED   8   RESULTANT WIND DIRECTION  SW (240)
  HIGHEST WIND SPEED    20   HIGHEST WIND DIRECTION     W (270)
  HIGHEST GUST SPEED    24   HIGHEST GUST DIRECTION     W (260)
  AVERAGE WIND SPEED     8.6


SKY COVER
  AVERAGE SKY COVER 0.7


WEATHER CONDITIONS
 THE FOLLOWING WEATHER WAS RECORDED YESTERDAY.
  LIGHT RAIN


RELATIVE HUMIDITY (PERCENT)
 HIGHEST    76           400 AM
 LOWEST     47          1000 AM
 AVERAGE    62

..........................................................


THE OLYMPIA WA AIRPORT CLIMATE NORMALS FOR TODAY
                         NORMAL    RECORD    YEAR
 MAXIMUM TEMPERATURE (F)   59        81      1999
 MINIMUM TEMPERATURE (F)   38        27      1976


SUNRISE AND SUNSET
APRIL 16 2014.........SUNRISE   622 AM PDT   SUNSET   802 PM PDT
APRIL 17 2014.........SUNRISE   620 AM PDT   SUNSET   803 PM PDT


-  INDICATES NEGATIVE NUMBERS.
R  INDICATES RECORD WAS SET OR TIED.
MM INDICATES DATA IS MISSING.
T  INDICATES TRACE AMOUNT.




$$
