000
CDUS46 KSEW 240828
CLIOLM


CLIMATE REPORT
NATIONAL WEATHER SERVICE SEATTLE WA
127 AM PDT SUN MAY 24 2015


...................................

...THE OLYMPIA WA AIRPORT CLIMATE SUMMARY FOR MAY 23 2015...

CLIMATE NORMAL PERIOD 1981 TO 2010
CLIMATE RECORD PERIOD 1948 TO 2015


WEATHER ITEM   OBSERVED TIME   RECORD YEAR NORMAL DEPARTURE LAST
                VALUE   (LST)  VALUE       VALUE  FROM      YEAR
                                                  NORMAL
..................................................................
TEMPERATURE (F)
 YESTERDAY
  MAXIMUM         63    316 PM  89    1969  67     -4       67
  MINIMUM         52   1159 PM  32    1964  45      7       49
                                      1950
  AVERAGE         58                        56      2       58

PRECIPITATION (IN)
  YESTERDAY        T             1.29 1973   0.08  -0.08     0.19
  MONTH TO DATE    0.67                      1.75  -1.08     2.94
  SINCE OCT 1     39.52                     44.38  -4.86    38.25
  SINCE JAN 1     20.49                     23.69  -3.20    29.41

DEGREE DAYS
 HEATING
  YESTERDAY        7                         9     -2        7
  MONTH TO DATE  219                       268    -49      194
  SINCE MAR 1   1231                      1405   -174     1226
  SINCE JUL 1   4266                      5127   -861     5009

 COOLING
  YESTERDAY        0                         0      0        0
  MONTH TO DATE    0                         0      0        1
  SINCE MAR 1      0                         0      0        1
  SINCE JAN 1      0                         0      0        1
..................................................................


WIND (MPH)
  RESULTANT WIND SPEED   5   RESULTANT WIND DIRECTION  SW (220)
  HIGHEST WIND SPEED    12   HIGHEST WIND DIRECTION    SW (220)
  HIGHEST GUST SPEED    16   HIGHEST GUST DIRECTION    SW (240)
  AVERAGE WIND SPEED     6.6


SKY COVER
  AVERAGE SKY COVER 1.0


WEATHER CONDITIONS
 THE FOLLOWING WEATHER WAS RECORDED YESTERDAY.
  LIGHT RAIN


RELATIVE HUMIDITY (PERCENT)
 HIGHEST    89          1200 AM
 LOWEST     69           500 PM
 AVERAGE    79

..........................................................


THE OLYMPIA WA AIRPORT CLIMATE NORMALS FOR TODAY
                         NORMAL    RECORD    YEAR
 MAXIMUM TEMPERATURE (F)   67        89      1992
 MINIMUM TEMPERATURE (F)   45        33      1980
                                             1964
                                             1950


SUNRISE AND SUNSET
MAY 24 2015...........SUNRISE   527 AM PDT   SUNSET   851 PM PDT
MAY 25 2015...........SUNRISE   526 AM PDT   SUNSET   852 PM PDT


-  INDICATES NEGATIVE NUMBERS.
R  INDICATES RECORD WAS SET OR TIED.
MM INDICATES DATA IS MISSING.
T  INDICATES TRACE AMOUNT.




$$
