496
CDUS46 KSEW 180837
CLIOLM


CLIMATE REPORT
NATIONAL WEATHER SERVICE SEATTLE WA
1237 AM PST WED JAN 18 2017


...................................

...THE OLYMPIA WA AIRPORT CLIMATE SUMMARY FOR JANUARY 17 2017...

CLIMATE NORMAL PERIOD 1981 TO 2010
CLIMATE RECORD PERIOD 1948 TO 2017


WEATHER ITEM   OBSERVED TIME   RECORD YEAR NORMAL DEPARTURE LAST
                VALUE   (LST)  VALUE       VALUE  FROM      YEAR
                                                  NORMAL
..................................................................
TEMPERATURE (F)
 YESTERDAY
  MAXIMUM         48   1159 PM  58    1977  46      2       50
  MINIMUM         38    217 AM   8    1950  34      4       38
  AVERAGE         43                        40      3       44

PRECIPITATION (IN)
  YESTERDAY        1.14          2.21 2005   0.27   0.87     0.39
  MONTH TO DATE    2.27                      4.43  -2.16     2.58
  SINCE OCT 1     30.37                     25.12   5.25    35.58
  SINCE JAN 1      2.27                      4.43  -2.16     2.58

DEGREE DAYS
 HEATING
  YESTERDAY       22                        25     -3       21
  MONTH TO DATE  567                       435    132      477
  SINCE DEC 1   1479                      1260    219     1226
  SINCE JUL 1   2676                      2705    -29     2502

 COOLING
  YESTERDAY        0                         0      0        0
  MONTH TO DATE    0                         0      0        0
  SINCE DEC 1      0                         0      0        0
  SINCE JAN 1      0                         0      0        0
..................................................................


WIND (MPH)
  RESULTANT WIND SPEED  12   RESULTANT WIND DIRECTION  SW (210)
  HIGHEST WIND SPEED    26   HIGHEST WIND DIRECTION     S (180)
  HIGHEST GUST SPEED    42   HIGHEST GUST DIRECTION     S (180)
  AVERAGE WIND SPEED    12.3


SKY COVER
  AVERAGE SKY COVER 1.0


WEATHER CONDITIONS
 THE FOLLOWING WEATHER WAS RECORDED YESTERDAY.
  HEAVY RAIN
  RAIN
  LIGHT RAIN
  FOG


RELATIVE HUMIDITY (PERCENT)
 HIGHEST   100           300 PM
 LOWEST     57           400 AM
 AVERAGE    79

..........................................................


THE OLYMPIA WA AIRPORT CLIMATE NORMALS FOR TODAY
                         NORMAL    RECORD    YEAR
 MAXIMUM TEMPERATURE (F)   46        60      2005
 MINIMUM TEMPERATURE (F)   34        13      1984
                                             1950


SUNRISE AND SUNSET
JANUARY 18 2017.......SUNRISE   750 AM PST   SUNSET   454 PM PST
JANUARY 19 2017.......SUNRISE   750 AM PST   SUNSET   456 PM PST


-  INDICATES NEGATIVE NUMBERS.
R  INDICATES RECORD WAS SET OR TIED.
MM INDICATES DATA IS MISSING.
T  INDICATES TRACE AMOUNT.




$$
