000
CDUS46 KSEW 260827
CLIOLM


CLIMATE REPORT
NATIONAL WEATHER SERVICE SEATTLE WA
1226 AM PST MON JAN 26 2015


...................................

...THE OLYMPIA WA AIRPORT CLIMATE SUMMARY FOR JANUARY 25 2015...

CLIMATE NORMAL PERIOD 1981 TO 2010
CLIMATE RECORD PERIOD 1948 TO 2015


WEATHER ITEM   OBSERVED TIME   RECORD YEAR NORMAL DEPARTURE LAST
                VALUE   (LST)  VALUE       VALUE  FROM      YEAR
                                                  NORMAL
..................................................................
TEMPERATURE (F)
 YESTERDAY
  MAXIMUM         56    428 PM  57    2003  47      9       55
  MINIMUM         44   1159 PM   2    1950  34     10       23
  AVERAGE         50                        40     10       39

PRECIPITATION (IN)
  YESTERDAY        0.00          2.11 1971   0.23  -0.23     0.00
  MONTH TO DATE    6.68                      6.44   0.24     3.60
  SINCE OCT 1     25.71                     27.13  -1.42    12.44
  SINCE JAN 1      6.68                      6.44   0.24     3.60

DEGREE DAYS
 HEATING
  YESTERDAY       15                        25    -10       26
  MONTH TO DATE  555                       635    -80      611
  SINCE DEC 1   1278                      1460   -182     1503
  SINCE JUL 1   2377                      2905   -528     2899

 COOLING
  YESTERDAY        0                         0      0        0
  MONTH TO DATE    0                         0      0        0
  SINCE DEC 1      0                         0      0        0
  SINCE JAN 1      0                         0      0        0
..................................................................


WIND (MPH)
  RESULTANT WIND SPEED   0   RESULTANT WIND DIRECTION   S (200)
  HIGHEST WIND SPEED     9   HIGHEST WIND DIRECTION    SW (210)
  HIGHEST GUST SPEED    18   HIGHEST GUST DIRECTION     W (280)
  AVERAGE WIND SPEED     2.7


SKY COVER
  AVERAGE SKY COVER 0.8


WEATHER CONDITIONS
 THE FOLLOWING WEATHER WAS RECORDED YESTERDAY.
  FOG
  FOG W/VISIBILITY <= 1/4 MILE


RELATIVE HUMIDITY (PERCENT)
 HIGHEST   100           100 AM
 LOWEST     77           400 PM
 AVERAGE    89

..........................................................


THE OLYMPIA WA AIRPORT CLIMATE NORMALS FOR TODAY
                         NORMAL    RECORD    YEAR
 MAXIMUM TEMPERATURE (F)   47        58      2011
                                             2003
 MINIMUM TEMPERATURE (F)   34         0      1957


SUNRISE AND SUNSET
JANUARY 26 2015.......SUNRISE   744 AM PST   SUNSET   505 PM PST
JANUARY 27 2015.......SUNRISE   742 AM PST   SUNSET   507 PM PST


-  INDICATES NEGATIVE NUMBERS.
R  INDICATES RECORD WAS SET OR TIED.
MM INDICATES DATA IS MISSING.
T  INDICATES TRACE AMOUNT.




$$
