000
CDUS43 KOAX 240637
CLIOMA


CLIMATE REPORT
NATIONAL WEATHER SERVICE OMAHA NEBRASKA
1236 AM CST TUE JAN 24 2017


...................................

...THE OMAHA EPPLEY, NEBRASKA CLIMATE SUMMARY FOR JANUARY 23 2017...

CLIMATE NORMAL PERIOD 1981 TO 2010
CLIMATE RECORD PERIOD 1871 TO 2017


WEATHER ITEM   OBSERVED TIME   RECORD YEAR NORMAL DEPARTURE LAST
                VALUE   (LST)  VALUE       VALUE  FROM      YEAR
                                                  NORMAL
..................................................................
TEMPERATURE (F)
 YESTERDAY
  MAXIMUM         36    414 PM  63    1994  34      2       30
                                      1947
  MINIMUM         31   1159 PM -17    1963  14     17       18
                                      1948
  AVERAGE         34                        24     10       24

PRECIPITATION (IN)
  YESTERDAY        0.00          0.60 1949   0.03  -0.03      T
  MONTH TO DATE    0.74                      0.52   0.22     1.09
  SINCE DEC 1      2.21                      1.56   0.65     6.35
  SINCE JAN 1      0.74                      0.52   0.22     1.09

SNOWFALL (IN)
  YESTERDAY        0.0                       0.2   -0.2       T
  MONTH TO DATE    0.6                       4.4   -3.8      6.6
  SINCE JUL 1      3.8                      13.4   -9.6     20.8
  SNOW DEPTH       0

DEGREE DAYS
 HEATING
  YESTERDAY       31                        41    -10       41
  MONTH TO DATE  889                       964    -75      996
  SINCE DEC 1   2062                      2173   -111     1943
  SINCE JUL 1   2813                      3443   -630     2821

 COOLING
  YESTERDAY        0                         0      0        0
  MONTH TO DATE    0                         0      0        0
  SINCE DEC 1      0                         0      0        0
  SINCE JAN 1      0                         0      0        0
..................................................................


WIND (MPH)
  HIGHEST WIND SPEED    17   HIGHEST WIND DIRECTION    NW (330)
  HIGHEST GUST SPEED    23   HIGHEST GUST DIRECTION     N (340)
  AVERAGE WIND SPEED     7.6


SKY COVER
  POSSIBLE SUNSHINE  MM
  AVERAGE SKY COVER 1.0


WEATHER CONDITIONS
 THE FOLLOWING WEATHER WAS RECORDED YESTERDAY.
  FOG
  HAZE


RELATIVE HUMIDITY (PERCENT)
 HIGHEST    85          1200 AM
 LOWEST     75           900 AM
 AVERAGE    80

..........................................................


THE OMAHA EPPLEY, NEBRASKA CLIMATE NORMALS FOR TODAY
                         NORMAL    RECORD    YEAR
 MAXIMUM TEMPERATURE (F)   34        66      1981
 MINIMUM TEMPERATURE (F)   14       -22      1894


SUNRISE AND SUNSET
JANUARY 24 2017.......SUNRISE   742 AM CST   SUNSET   530 PM CST
JANUARY 25 2017.......SUNRISE   741 AM CST   SUNSET   532 PM CST


-  INDICATES NEGATIVE NUMBERS.
R  INDICATES RECORD WAS SET OR TIED.
MM INDICATES DATA IS MISSING.
T  INDICATES TRACE AMOUNT.




$$
