000
CDUS43 KOAX 302154
CLIOMA


CLIMATE REPORT
NATIONAL WEATHER SERVICE OMAHA NEBRASKA
450 PM CDT SAT JUL 30 2016


...................................

...THE OMAHA EPPLEY, NEBRASKA CLIMATE SUMMARY FOR JULY 30 2016...
VALID TODAY AS OF 400 PM LOCAL TIME.

CLIMATE NORMAL PERIOD 1981 TO 2010
CLIMATE RECORD PERIOD 1871 TO 2016


WEATHER ITEM   OBSERVED TIME   RECORD YEAR NORMAL DEPARTURE LAST
                VALUE   (LST)  VALUE       VALUE  FROM      YEAR
                                                  NORMAL
..................................................................
TEMPERATURE (F)
 TODAY
  MAXIMUM         82    257 PM 104    1955  87     -5       91
  MINIMUM         60    552 AM  45    1971  66     -6       64
  AVERAGE         71                        76     -5       78

PRECIPITATION (IN)
  TODAY            0.00          1.71 1958   0.12  -0.12     0.00
  MONTH TO DATE    6.60                      3.70   2.90     2.33
  SINCE JUN 1      7.54                      7.88  -0.34     6.94
  SINCE JAN 1     20.53                     19.16   1.37    17.63

SNOWFALL (IN)
  TODAY            0.0                       0.0    0.0      0.0
  MONTH TO DATE    T                         0.0    0.0      0.0
  SINCE JUL 1      T                         0.0    0.0      0.0
  SNOW DEPTH       0

DEGREE DAYS
 HEATING
  TODAY            0                         0      0        0
  MONTH TO DATE    0                         0      0        1
  SINCE JUN 1      0                        17    -17        1
  SINCE JUL 1      0                         0      0        1

 COOLING
  TODAY            6                        12     -6       13
  MONTH TO DATE  388                       356     32      364
  SINCE JUN 1    806                       586    220      626
  SINCE JAN 1    889                       668    221      672
..................................................................


WIND (MPH)
  HIGHEST WIND SPEED    13   HIGHEST WIND DIRECTION    SE (120)
  HIGHEST GUST SPEED    19   HIGHEST GUST DIRECTION    SE (140)
  AVERAGE WIND SPEED     2.9


SKY COVER
  POSSIBLE SUNSHINE  MM
  AVERAGE SKY COVER 0.6


WEATHER CONDITIONS
 THE FOLLOWING WEATHER WAS RECORDED TODAY.
  NO SIGNIFICANT WEATHER WAS OBSERVED.


RELATIVE HUMIDITY (PERCENT)
 HIGHEST    93           300 AM
 LOWEST     54           300 PM
 AVERAGE    74

..........................................................


THE OMAHA EPPLEY, NEBRASKA CLIMATE NORMALS FOR TOMORROW
                         NORMAL    RECORD    YEAR
 MAXIMUM TEMPERATURE (F)   87       107      1955
 MINIMUM TEMPERATURE (F)   66        51      1992
                                             1971


SUNRISE AND SUNSET
JULY 30 2016..........SUNRISE   617 AM CDT   SUNSET   842 PM CDT
JULY 31 2016..........SUNRISE   618 AM CDT   SUNSET   841 PM CDT


-  INDICATES NEGATIVE NUMBERS.
R  INDICATES RECORD WAS SET OR TIED.
MM INDICATES DATA IS MISSING.
T  INDICATES TRACE AMOUNT.




$$

KLISH
