000
CDUS43 KOAX 260637
CLIOMA


CLIMATE REPORT
NATIONAL WEATHER SERVICE OMAHA NEBRASKA
1234 AM CST MON JAN 26 2015


...................................

...THE OMAHA EPPLEY, NEBRASKA CLIMATE SUMMARY FOR JANUARY 25 2015...

CLIMATE NORMAL PERIOD 1981 TO 2010
CLIMATE RECORD PERIOD 1871 TO 2015


WEATHER ITEM   OBSERVED TIME   RECORD YEAR NORMAL DEPARTURE LAST
                VALUE   (LST)  VALUE       VALUE  FROM      YEAR
                                                  NORMAL
..................................................................
TEMPERATURE (F)
 YESTERDAY
  MAXIMUM         45   1204 AM  69    1944  34     11       44
  MINIMUM         29   1159 PM -18    1936  14     15       27
                                      1905
  AVERAGE         37                        24     13       36

PRECIPITATION (IN)
  YESTERDAY        0.01          0.52 1941   0.02  -0.01      T
  MONTH TO DATE    0.07                      0.56  -0.49     0.11
  SINCE DEC 1      1.75                      1.60   0.15     0.31
  SINCE JAN 1      0.07                      0.56  -0.49     0.11

SNOWFALL (IN)
  YESTERDAY        0.0                       0.2   -0.2       T
  MONTH TO DATE    1.3                       4.8   -3.5      1.5
  SINCE JUL 1      4.4                      13.8   -9.4      5.0
  SNOW DEPTH       0

DEGREE DAYS
 HEATING
  YESTERDAY       28                        41    -13       29
  MONTH TO DATE  982                      1046    -64     1085
  SINCE DEC 1   2012                      2255   -243     2403
  SINCE JUL 1   3313                      3525   -212     3629

 COOLING
  YESTERDAY        0                         0      0        0
  MONTH TO DATE    0                         0      0        0
  SINCE DEC 1      0                         0      0        0
  SINCE JAN 1      0                         0      0        0
..................................................................


WIND (MPH)
  HIGHEST WIND SPEED    32   HIGHEST WIND DIRECTION     N (340)
  HIGHEST GUST SPEED    42   HIGHEST GUST DIRECTION    NW (330)
  AVERAGE WIND SPEED    15.3


SKY COVER
  POSSIBLE SUNSHINE  MM
  AVERAGE SKY COVER 0.9


WEATHER CONDITIONS
 THE FOLLOWING WEATHER WAS RECORDED YESTERDAY.
  LIGHT RAIN
  FOG


RELATIVE HUMIDITY (PERCENT)
 HIGHEST    92           800 AM
 LOWEST     67           300 PM
 AVERAGE    80

..........................................................


THE OMAHA EPPLEY, NEBRASKA CLIMATE NORMALS FOR TODAY
                         NORMAL    RECORD    YEAR
 MAXIMUM TEMPERATURE (F)   34        68      2002
 MINIMUM TEMPERATURE (F)   14       -17      1936


SUNRISE AND SUNSET
JANUARY 26 2015.......SUNRISE   740 AM CST   SUNSET   532 PM CST
JANUARY 27 2015.......SUNRISE   740 AM CST   SUNSET   534 PM CST


-  INDICATES NEGATIVE NUMBERS.
R  INDICATES RECORD WAS SET OR TIED.
MM INDICATES DATA IS MISSING.
T  INDICATES TRACE AMOUNT.




$$
