000
CDUS43 KOAX 252202
CLIOMA


CLIMATE REPORT
NATIONAL WEATHER SERVICE OMAHA NEBRASKA
455 PM CDT MON SEP 25 2017


...................................

...THE OMAHA EPPLEY, NEBRASKA CLIMATE SUMMARY FOR SEPTEMBER 25 2017...
VALID TODAY AS OF 400 PM LOCAL TIME.

CLIMATE NORMAL PERIOD 1981 TO 2010
CLIMATE RECORD PERIOD 1871 TO 2017


WEATHER ITEM   OBSERVED TIME   RECORD YEAR NORMAL DEPARTURE LAST
                VALUE   (LST)  VALUE       VALUE  FROM      YEAR
                                                  NORMAL
..................................................................
TEMPERATURE (F)
 TODAY
  MAXIMUM         69    139 PM  93    1998  74     -5       73
  MINIMUM         59    724 AM  33    1926  50      9       52
  AVERAGE         64                        62      2       63

PRECIPITATION (IN)
  TODAY            0.62          3.53 1973   0.08   0.54     0.10
  MONTH TO DATE    2.13                      2.27  -0.14     4.42
  SINCE SEP 1      2.13                      2.27  -0.14     4.42
  SINCE JAN 1     21.10                     25.38  -4.28    30.74

SNOWFALL (IN)
  TODAY            0.0                       0.0    0.0      0.0
  MONTH TO DATE    0.0                       0.0    0.0      0.0
  SINCE JUL 1      0.0                       0.0    0.0       T
  SNOW DEPTH       0

DEGREE DAYS
 HEATING
  TODAY            1                         5     -4        2
  MONTH TO DATE   15                        63    -48        8
  SINCE SEP 1     15                        63    -48        8
  SINCE JUL 1     15                        71    -56        8

 COOLING
  TODAY            0                         2     -2        0
  MONTH TO DATE  199                       108     91      207
  SINCE SEP 1    199                       108     91      207
  SINCE JAN 1   1328                      1088    240     1454
..................................................................


WIND (MPH)
  HIGHEST WIND SPEED    21   HIGHEST WIND DIRECTION     W (280)
  HIGHEST GUST SPEED    28   HIGHEST GUST DIRECTION     W (280)
  AVERAGE WIND SPEED     8.1


SKY COVER
  POSSIBLE SUNSHINE  MM
  AVERAGE SKY COVER 0.9


WEATHER CONDITIONS
 THE FOLLOWING WEATHER WAS RECORDED TODAY.
  THUNDERSTORM
  HEAVY RAIN
  RAIN
  LIGHT RAIN
  FOG


RELATIVE HUMIDITY (PERCENT)
 HIGHEST    90           600 AM
 LOWEST     84          1200 AM
 AVERAGE    87

..........................................................


THE OMAHA EPPLEY, NEBRASKA CLIMATE NORMALS FOR TOMORROW
                         NORMAL    RECORD    YEAR
 MAXIMUM TEMPERATURE (F)   73        95      1897
 MINIMUM TEMPERATURE (F)   49        33      1942


SUNRISE AND SUNSET
SEPTEMBER 25 2017.....SUNRISE   714 AM CDT   SUNSET   715 PM CDT
SEPTEMBER 26 2017.....SUNRISE   715 AM CDT   SUNSET   713 PM CDT


-  INDICATES NEGATIVE NUMBERS.
R  INDICATES RECORD WAS SET OR TIED.
MM INDICATES DATA IS MISSING.
T  INDICATES TRACE AMOUNT.




$$

Klish
