000
CDUS43 KOAX 231008
CLIOMA

CLIMATE REPORT
NATIONAL WEATHER SERVICE OMAHA NEBRASKA
407 AM CST SUN NOV 23 2014


...................................

...THE OMAHA EPPLEY, NEBRASKA CLIMATE SUMMARY FOR NOVEMBER 22 2014...

CLIMATE NORMAL PERIOD 1981 TO 2010
CLIMATE RECORD PERIOD 1871 TO 2014


WEATHER ITEM   OBSERVED TIME   RECORD YEAR NORMAL DEPARTURE LAST
                VALUE   (LST)  VALUE       VALUE  FROM      YEAR
                                                  NORMAL
..................................................................
TEMPERATURE (F)
 YESTERDAY
  MAXIMUM         58    343 PM  70    1966  45     13       29
  MINIMUM         36    451 AM  -4    1871  26     10       14
  AVERAGE         47                        35     12       22

PRECIPITATION (IN)
  YESTERDAY        T             0.80 1999   0.05  -0.05      T
  MONTH TO DATE    0.20                      1.26  -1.06     1.06
  SINCE SEP 1      8.79                      6.09   2.70     7.56
  SINCE JAN 1     37.44                     29.20   8.24    28.80

SNOWFALL (IN)
  YESTERDAY        0.0                       0.1   -0.1       T
  MONTH TO DATE    2.4                       1.3    1.0      0.4
  SINCE JUL 1      2.4                       1.6    0.7      0.4
  SNOW DEPTH       0

DEGREE DAYS
 HEATING
  YESTERDAY       18                        30    -12       43
  MONTH TO DATE  670                       529    141      521
  SINCE SEP 1   1044                      1006     38      923
  SINCE JUL 1   1048                      1014     34      928

 COOLING
  YESTERDAY        0                         0      0        0
  MONTH TO DATE    0                         0      0        0
  SINCE SEP 1    126                       132     -6      228
  SINCE JAN 1   1149                      1112     37     1294
..................................................................


WIND (MPH)
  HIGHEST WIND SPEED    22   HIGHEST WIND DIRECTION     S (170)
  HIGHEST GUST SPEED    26   HIGHEST GUST DIRECTION     S (170)
  AVERAGE WIND SPEED    12.0


SKY COVER
  POSSIBLE SUNSHINE  MM
  AVERAGE SKY COVER 0.8


WEATHER CONDITIONS
 THE FOLLOWING WEATHER WAS RECORDED YESTERDAY.
  LIGHT RAIN
  FOG
  HAZE


RELATIVE HUMIDITY (PERCENT)
 HIGHEST   100           300 AM
 LOWEST     61           300 PM
 AVERAGE    81

..........................................................


THE OMAHA EPPLEY, NEBRASKA CLIMATE NORMALS FOR TODAY
                         NORMAL    RECORD    YEAR
 MAXIMUM TEMPERATURE (F)   44        64      2006
 MINIMUM TEMPERATURE (F)   25         1      1898


SUNRISE AND SUNSET
NOVEMBER 23 2014......SUNRISE   721 AM CST   SUNSET   459 PM CST
NOVEMBER 24 2014......SUNRISE   722 AM CST   SUNSET   458 PM CST


-  INDICATES NEGATIVE NUMBERS.
R  INDICATES RECORD WAS SET OR TIED.
MM INDICATES DATA IS MISSING.
T  INDICATES TRACE AMOUNT.




$$
