000
CDUS43 KOAX 260634
CLIOMA


CLIMATE REPORT
NATIONAL WEATHER SERVICE OMAHA NEBRASKA
1225 AM CST FRI DEC 26 2014


...................................

...THE OMAHA EPPLEY, NEBRASKA CLIMATE SUMMARY FOR DECEMBER 25 2014...

CLIMATE NORMAL PERIOD 1981 TO 2010
CLIMATE RECORD PERIOD 1871 TO 2014


WEATHER ITEM   OBSERVED TIME   RECORD YEAR NORMAL DEPARTURE LAST
                VALUE   (LST)  VALUE       VALUE  FROM      YEAR
                                                  NORMAL
..................................................................
TEMPERATURE (F)
 YESTERDAY
  MAXIMUM         49    418 PM  57    1946  33     16       43
                                      1936
  MINIMUM         29    342 AM -17    1983  15     14       19
  AVERAGE         39                        24     15       31

PRECIPITATION (IN)
  YESTERDAY        0.00          1.12 1941   0.03  -0.03     0.00
  MONTH TO DATE    1.63                      0.88   0.75     0.20
  SINCE DEC 1      1.63                      0.88   0.75     0.20
  SINCE JAN 1     39.09                     30.46   8.63    29.00

SNOWFALL (IN)
  YESTERDAY        0.0                       0.2   -0.2      0.0
  MONTH TO DATE    0.3                       5.0   -4.7      3.1
  SINCE JUL 1      2.7                       7.8   -5.1      3.5
  SNOW DEPTH       0

DEGREE DAYS
 HEATING
  YESTERDAY       26                        41    -15       34
  MONTH TO DATE  751                       962   -211     1089
  SINCE DEC 1    751                       962   -211     1089
  SINCE JUL 1   2052                      2232   -180     2315

 COOLING
  YESTERDAY        0                         0      0        0
  MONTH TO DATE    0                         0      0        0
  SINCE DEC 1      0                         0      0        0
  SINCE JAN 1   1149                      1113     36     1294
..................................................................


WIND (MPH)
  HIGHEST WIND SPEED    25   HIGHEST WIND DIRECTION     S (160)
  HIGHEST GUST SPEED    29   HIGHEST GUST DIRECTION     S (160)
  AVERAGE WIND SPEED    11.1


SKY COVER
  POSSIBLE SUNSHINE  MM
  AVERAGE SKY COVER 0.5


WEATHER CONDITIONS
 THE FOLLOWING WEATHER WAS RECORDED YESTERDAY.
  NO SIGNIFICANT WEATHER WAS OBSERVED.


RELATIVE HUMIDITY (PERCENT)
 HIGHEST    92          1200 AM
 LOWEST     50           200 PM
 AVERAGE    71

..........................................................


THE OMAHA EPPLEY, NEBRASKA CLIMATE NORMALS FOR TODAY
                         NORMAL    RECORD    YEAR
 MAXIMUM TEMPERATURE (F)   33        62      1936
 MINIMUM TEMPERATURE (F)   14       -14      1892


SUNRISE AND SUNSET
DECEMBER 26 2014......SUNRISE   748 AM CST   SUNSET   500 PM CST
DECEMBER 27 2014......SUNRISE   748 AM CST   SUNSET   501 PM CST


-  INDICATES NEGATIVE NUMBERS.
R  INDICATES RECORD WAS SET OR TIED.
MM INDICATES DATA IS MISSING.
T  INDICATES TRACE AMOUNT.




$$
