000
CDUS43 KOAX 060637
CLIOMA


CLIMATE REPORT
NATIONAL WEATHER SERVICE OMAHA NEBRASKA
136 AM CDT FRI MAY 6 2016


...................................

...THE OMAHA EPPLEY, NEBRASKA CLIMATE SUMMARY FOR MAY 5 2016...

CLIMATE NORMAL PERIOD 1981 TO 2010
CLIMATE RECORD PERIOD 1871 TO 2016


WEATHER ITEM   OBSERVED TIME   RECORD YEAR NORMAL DEPARTURE LAST
                VALUE   (LST)  VALUE       VALUE  FROM      YEAR
                                                  NORMAL
..................................................................
TEMPERATURE (F)
 YESTERDAY
  MAXIMUM         79    354 PM  95    1909  70      9       77
  MINIMUM         42    551 AM  29    1944  47     -5       57
  AVERAGE         61                        59      2       67

PRECIPITATION (IN)
  YESTERDAY        0.00          3.39 2007   0.14  -0.14      T
  MONTH TO DATE    0.07                      0.66  -0.59     0.97
  SINCE MAR 1      6.50                      5.61   0.89     5.18
  SINCE JAN 1      8.22                      7.18   1.04     6.32

SNOWFALL (IN)
  YESTERDAY        0.0                       0.0    0.0      0.0
  MONTH TO DATE    0.0                       0.1   -0.1      0.0
  SINCE JUL 1     27.4                      26.5    0.9     13.8
  SNOW DEPTH       0

DEGREE DAYS
 HEATING
  YESTERDAY        4                         7     -3        0
  MONTH TO DATE   44                        38      6        9
  SINCE MAR 1    884                      1242   -358      980
  SINCE JUL 1   4850                      6040  -1190     5691

 COOLING
  YESTERDAY        0                         1     -1        2
  MONTH TO DATE    0                         5     -5        8
  SINCE MAR 1     13                        21     -8       13
  SINCE JAN 1     13                        21     -8       13
..................................................................


WIND (MPH)
  HIGHEST WIND SPEED     9   HIGHEST WIND DIRECTION    SE (140)
  HIGHEST GUST SPEED    11   HIGHEST GUST DIRECTION    SE (150)
  AVERAGE WIND SPEED     3.9


SKY COVER
  POSSIBLE SUNSHINE  MM
  AVERAGE SKY COVER 0.3


WEATHER CONDITIONS
 THE FOLLOWING WEATHER WAS RECORDED YESTERDAY.
  NO SIGNIFICANT WEATHER WAS OBSERVED.


RELATIVE HUMIDITY (PERCENT)
 HIGHEST    92           400 AM
 LOWEST     23           400 PM
 AVERAGE    58

..........................................................


THE OMAHA EPPLEY, NEBRASKA CLIMATE NORMALS FOR TODAY
                         NORMAL    RECORD    YEAR
 MAXIMUM TEMPERATURE (F)   71        96      1934
 MINIMUM TEMPERATURE (F)   48        30      1944


SUNRISE AND SUNSET
MAY  6 2016...........SUNRISE   614 AM CDT   SUNSET   827 PM CDT
MAY  7 2016...........SUNRISE   613 AM CDT   SUNSET   828 PM CDT


-  INDICATES NEGATIVE NUMBERS.
R  INDICATES RECORD WAS SET OR TIED.
MM INDICATES DATA IS MISSING.
T  INDICATES TRACE AMOUNT.




$$
