000
CDUS43 KOAX 290650
CLIOMA


CLIMATE REPORT
NATIONAL WEATHER SERVICE OMAHA NEBRASKA
150 AM CDT FRI MAY 29 2015


...................................

...THE OMAHA EPPLEY, NEBRASKA CLIMATE SUMMARY FOR MAY 28 2015...

CLIMATE NORMAL PERIOD 1981 TO 2010
CLIMATE RECORD PERIOD 1871 TO 2015


WEATHER ITEM   OBSERVED TIME   RECORD YEAR NORMAL DEPARTURE LAST
                VALUE   (LST)  VALUE       VALUE  FROM      YEAR
                                                  NORMAL
..................................................................
TEMPERATURE (F)
 YESTERDAY
  MAXIMUM         73    549 PM  97    1895  78     -5       86
  MINIMUM         62    553 AM  35    1947  55      7       62
  AVERAGE         68                        66      2       74

PRECIPITATION (IN)
  YESTERDAY        0.11          2.49 1962   0.16  -0.05     0.00
  MONTH TO DATE    5.33                      4.26   1.07     2.93
  SINCE MAR 1      9.54                      9.21   0.33     5.76
  SINCE JAN 1     10.68                     10.78  -0.10     6.62

SNOWFALL (IN)
  YESTERDAY        0.0                       0.0    0.0      0.0
  MONTH TO DATE    0.0                       0.1   -0.1      0.0
  SINCE JUL 1     13.8                      26.5  -12.7     17.8
  SNOW DEPTH       0

DEGREE DAYS
 HEATING
  YESTERDAY        0                         2     -2        0
  MONTH TO DATE  127                       141    -14      143
  SINCE MAR 1   1098                      1345   -247     1425
  SINCE JUL 1   5809                      6143   -334     6530

 COOLING
  YESTERDAY        3                         3      0        9
  MONTH TO DATE   39                        53    -14       92
  SINCE MAR 1     44                        69    -25      107
  SINCE JAN 1     44                        69    -25      107
..................................................................


WIND (MPH)
  HIGHEST WIND SPEED    21   HIGHEST WIND DIRECTION     S (170)
  HIGHEST GUST SPEED    23   HIGHEST GUST DIRECTION     S (160)
  AVERAGE WIND SPEED    10.2


SKY COVER
  POSSIBLE SUNSHINE  MM
  AVERAGE SKY COVER 1.0


WEATHER CONDITIONS
 THE FOLLOWING WEATHER WAS RECORDED YESTERDAY.
  LIGHT RAIN
  FOG


RELATIVE HUMIDITY (PERCENT)
 HIGHEST    87          1000 PM
 LOWEST     67          1200 AM
 AVERAGE    77

..........................................................


THE OMAHA EPPLEY, NEBRASKA CLIMATE NORMALS FOR TODAY
                         NORMAL    RECORD    YEAR
 MAXIMUM TEMPERATURE (F)   78       102      1934
 MINIMUM TEMPERATURE (F)   55        33      1947


SUNRISE AND SUNSET
MAY 29 2015...........SUNRISE   554 AM CDT   SUNSET   848 PM CDT
MAY 30 2015...........SUNRISE   554 AM CDT   SUNSET   849 PM CDT


-  INDICATES NEGATIVE NUMBERS.
R  INDICATES RECORD WAS SET OR TIED.
MM INDICATES DATA IS MISSING.
T  INDICATES TRACE AMOUNT.




$$
