616
CDUS43 KOAX 120650
CLIOMA


CLIMATE REPORT
NATIONAL WEATHER SERVICE OMAHA NEBRASKA
1249 AM CST FRI FEB 12 2016


...................................

...THE OMAHA EPPLEY, NEBRASKA CLIMATE SUMMARY FOR FEBRUARY 11 2016...

CLIMATE NORMAL PERIOD 1981 TO 2010
CLIMATE RECORD PERIOD 1871 TO 2016


WEATHER ITEM   OBSERVED TIME   RECORD YEAR NORMAL DEPARTURE LAST
                VALUE   (LST)  VALUE       VALUE  FROM      YEAR
                                                  NORMAL
..................................................................
TEMPERATURE (F)
 YESTERDAY
  MAXIMUM         28    531 PM  68    1951  37     -9       39
  MINIMUM         14    654 AM -26    1899  17     -3       14
  AVERAGE         21                        27     -6       27

PRECIPITATION (IN)
  YESTERDAY        T             1.47 1965   0.03  -0.03      T
  MONTH TO DATE    0.49                      0.30   0.19     0.39
  SINCE DEC 1      6.86                      2.06   4.80     2.76
  SINCE JAN 1      1.60                      1.02   0.58     1.08

SNOWFALL (IN)
  YESTERDAY        T                         0.3   -0.3       T
  MONTH TO DATE    6.1                       2.6    3.5      5.9
  SINCE JUL 1     27.2                      17.7    9.5     13.1
  SNOW DEPTH       0

DEGREE DAYS
 HEATING
  YESTERDAY       44                        38      6       38
  MONTH TO DATE  418                       433    -15      448
  SINCE DEC 1   2620                      2928   -308     2626
  SINCE JUL 1   3498                      4198   -700     3927

 COOLING
  YESTERDAY        0                         0      0        0
  MONTH TO DATE    0                         0      0        0
  SINCE DEC 1      0                         0      0        0
  SINCE JAN 1      0                         0      0        0
..................................................................


WIND (MPH)
  HIGHEST WIND SPEED    14   HIGHEST WIND DIRECTION    NE (040)
  HIGHEST GUST SPEED    17   HIGHEST GUST DIRECTION    NE (040)
  AVERAGE WIND SPEED     5.5


SKY COVER
  POSSIBLE SUNSHINE  MM
  AVERAGE SKY COVER 0.8


WEATHER CONDITIONS
 THE FOLLOWING WEATHER WAS RECORDED YESTERDAY.
  LIGHT SNOW


RELATIVE HUMIDITY (PERCENT)
 HIGHEST    84          1200 AM
 LOWEST     56          1200 PM
 AVERAGE    70

..........................................................


THE OMAHA EPPLEY, NEBRASKA CLIMATE NORMALS FOR TODAY
                         NORMAL    RECORD    YEAR
 MAXIMUM TEMPERATURE (F)   37        71      1990
 MINIMUM TEMPERATURE (F)   17       -22      1899


SUNRISE AND SUNSET
FEBRUARY 12 2016......SUNRISE   723 AM CST   SUNSET   553 PM CST
FEBRUARY 13 2016......SUNRISE   722 AM CST   SUNSET   555 PM CST


-  INDICATES NEGATIVE NUMBERS.
R  INDICATES RECORD WAS SET OR TIED.
MM INDICATES DATA IS MISSING.
T  INDICATES TRACE AMOUNT.




$$
