228
CDUS43 KOAX 242125
CLIOMA


CLIMATE REPORT
NATIONAL WEATHER SERVICE OMAHA NEBRASKA
424 PM CDT WED AUG 24 2016


...................................

...THE OMAHA EPPLEY, NEBRASKA CLIMATE SUMMARY FOR AUGUST 24 2016...
VALID TODAY AS OF 0400 PM LOCAL TIME.

CLIMATE NORMAL PERIOD 1981 TO 2010
CLIMATE RECORD PERIOD 1871 TO 2016


WEATHER ITEM   OBSERVED TIME   RECORD YEAR NORMAL DEPARTURE LAST
                VALUE   (LST)  VALUE       VALUE  FROM      YEAR
                                                  NORMAL
..................................................................
TEMPERATURE (F)
 TODAY
  MAXIMUM         84    100 PM 105    1936  84      0       79
  MINIMUM         67    446 AM  47    1934  63      4       51
  AVERAGE         76                        74      2       65

PRECIPITATION (IN)
  TODAY            0.00          1.13 2010   0.12  -0.12     0.00
  MONTH TO DATE    4.63                      3.04   1.59     8.03
  SINCE JUN 1     12.18                     11.05   1.13    15.04
  SINCE JAN 1     25.17                     22.33   2.84    25.73

SNOWFALL (IN)
  TODAY            0.0                       0.0    0.0      0.0
  MONTH TO DATE    0.0                       0.0    0.0      0.0
  SINCE JUL 1      T                         0.0    0.0      0.0
  SNOW DEPTH       0

DEGREE DAYS
 HEATING
  TODAY            0                         0      0        0
  MONTH TO DATE    0                         0      0        2
  SINCE JUN 1      0                        18    -18        3
  SINCE JUL 1      0                         1     -1        3

 COOLING
  TODAY           11                         9      2        0
  MONTH TO DATE  289                       246     43      231
  SINCE JUN 1   1108                       841    267      873
  SINCE JAN 1   1191                       923    268      919
..................................................................


WIND (MPH)
  HIGHEST WIND SPEED    18   HIGHEST WIND DIRECTION     N (350)
  HIGHEST GUST SPEED    23   HIGHEST GUST DIRECTION     N (350)
  AVERAGE WIND SPEED     8.0


SKY COVER
  POSSIBLE SUNSHINE  MM
  AVERAGE SKY COVER 0.9


WEATHER CONDITIONS
 THE FOLLOWING WEATHER WAS RECORDED TODAY.
  THUNDERSTORM
  HAZE


RELATIVE HUMIDITY (PERCENT)
 HIGHEST    87           500 AM
 LOWEST     48           100 PM
 AVERAGE    68

..........................................................


THE OMAHA EPPLEY, NEBRASKA CLIMATE NORMALS FOR TOMORROW
                         NORMAL    RECORD    YEAR
 MAXIMUM TEMPERATURE (F)   84       104      1936
 MINIMUM TEMPERATURE (F)   62        47      1964


SUNRISE AND SUNSET
AUGUST 24 2016........SUNRISE   642 AM CDT   SUNSET   808 PM CDT
AUGUST 25 2016........SUNRISE   643 AM CDT   SUNSET   807 PM CDT


-  INDICATES NEGATIVE NUMBERS.
R  INDICATES RECORD WAS SET OR TIED.
MM INDICATES DATA IS MISSING.
T  INDICATES TRACE AMOUNT.




$$
