000
CDUS43 KOAX 240655
CLIOMA


CLIMATE REPORT
NATIONAL WEATHER SERVICE OMAHA NEBRASKA
1254 AM CST FRI FEB 24 2017


...................................

...THE OMAHA EPPLEY, NEBRASKA CLIMATE SUMMARY FOR FEBRUARY 23 2017...

CLIMATE NORMAL PERIOD 1981 TO 2010
CLIMATE RECORD PERIOD 1871 TO 2017


WEATHER ITEM   OBSERVED TIME   RECORD YEAR NORMAL DEPARTURE LAST
                VALUE   (LST)  VALUE       VALUE  FROM      YEAR
                                                  NORMAL
..................................................................
TEMPERATURE (F)
 YESTERDAY
  MAXIMUM         45   1244 AM  68    2002  41      4       49
                                      1871
  MINIMUM         33   1159 PM -10    1889  21     12       30
  AVERAGE         39                        31      8       40

PRECIPITATION (IN)
  YESTERDAY        0.50          0.59 1942   0.03   0.47      T
  MONTH TO DATE    0.88                      0.66   0.22     0.60
  SINCE DEC 1      3.21                      2.42   0.79     6.97
  SINCE JAN 1      1.74                      1.38   0.36     1.71

SNOWFALL (IN)
  YESTERDAY        0.4                       0.2    0.2      0.0
  MONTH TO DATE    3.2                       5.2   -2.0      6.3
  SINCE JUL 1      9.1                      20.3  -11.2     27.4
  SNOW DEPTH       0

DEGREE DAYS
 HEATING
  YESTERDAY       26                        34     -8       25
  MONTH TO DATE  602                       867   -265      748
  SINCE DEC 1   2922                      3362   -440     2950
  SINCE JUL 1   3673                      4632   -959     3828

 COOLING
  YESTERDAY        0                         0      0        0
  MONTH TO DATE    0                         0      0        0
  SINCE DEC 1      0                         0      0        0
  SINCE JAN 1      0                         0      0        0
..................................................................


WIND (MPH)
  HIGHEST WIND SPEED    24   HIGHEST WIND DIRECTION    NE (040)
  HIGHEST GUST SPEED    32   HIGHEST GUST DIRECTION     N (350)
  AVERAGE WIND SPEED    15.4


SKY COVER
  POSSIBLE SUNSHINE  MM
  AVERAGE SKY COVER 0.8


WEATHER CONDITIONS
 THE FOLLOWING WEATHER WAS RECORDED YESTERDAY.
  THUNDERSTORM
  RAIN
  LIGHT RAIN
  HAIL
  LIGHT SNOW
  SLEET
  FOG


RELATIVE HUMIDITY (PERCENT)
 HIGHEST    89           900 PM
 LOWEST     70           100 PM
 AVERAGE    80

..........................................................


THE OMAHA EPPLEY, NEBRASKA CLIMATE NORMALS FOR TODAY
                         NORMAL    RECORD    YEAR
 MAXIMUM TEMPERATURE (F)   41        70      1996
                                             1930
 MINIMUM TEMPERATURE (F)   21        -6      2010
                                             1965
                                             1874


SUNRISE AND SUNSET
FEBRUARY 24 2017......SUNRISE   705 AM CST   SUNSET   609 PM CST
FEBRUARY 25 2017......SUNRISE   704 AM CST   SUNSET   610 PM CST


-  INDICATES NEGATIVE NUMBERS.
R  INDICATES RECORD WAS SET OR TIED.
MM INDICATES DATA IS MISSING.
T  INDICATES TRACE AMOUNT.




$$
