622
CDAK49 PAOM 270904
CLIOME

CLIMATE REPORT
NATIONAL WEATHER SERVICE NOME, AK
104 AM AKDT WED JUL 27 2016

...................................
...THE NOME WSO AP CLIMATE SUMMARY FOR JULY 26 2016...

CLIMATE NORMAL PERIOD  1981 TO  2010
CLIMATE RECORD PERIOD  1906 TO  2016

WEATHER ITEM   OBSERVED TIME    RECORD YEAR NORMAL DEPARTURE LAST
               VALUE    (LST)   VALUE       VALUE  FROM      YEAR
                                                   NORMAL
...................................................................
TEMPERATURE
YESTERDAY
 MAXIMUM            58  0225 PM    78  1926     58       0     65
 MINIMUM            47  0504 AM    35  1929     46       1     48
 AVERAGE            53                          52       1     57

PRECIPITATION
(INCHES)
 YESTERDAY        0.00           1.34  1956   0.08   -0.08   0.00
 MONTH TO DATE    2.22                        1.64    0.58   1.44
 SINCE JUN 1      2.56                        2.62   -0.06   2.10
 SINCE JAN 1      5.65                        6.76   -1.11   6.54

SNOWFALL
(INCHES)
 YESTERDAY         0.0            0.0  2016    0.0     0.0    0.0
 MONTH TO DATE     0.0                         0.0     0.0    0.0
 SINCE JUN 1       0.0                         0.3    -0.3    0.0
 SINCE JUL 1       0.0                         0.0     0.0    0.0
 SNOW DEPTH (IN)     0                                          0

DEGREE DAYS
 HEATING
  YESTERDAY         12                          13      -1      8
  MONTH TO DATE    326                         335      -9    246
  SINCE JUN 1      790                         851     -61    771
  SINCE JUL 1      326                         335      -9    246

 COOLING
  YESTERDAY          0                           0       0      0
  MONTH TO DATE      0                           0       0      0
  SINCE JUN 1        0                           0       0      5
  SINCE JAN 1        0                           0       0      5
...................................................................

WIND (MPH)
 HIGHEST WIND SPEED    21     HIGHEST WIND DIRECTION    250
 HIGHEST GUST SPEED    23     HIGHEST GUST DIRECTION    250
 AVERAGE WIND SPEED   8.4

SKY COVER
  POSSIBLE SUNSHINE    MM          AVERAGE SKY COVER     MM

WEATHER CONDITIONS
 THE FOLLOWING WEATHER WAS RECORDED YESTERDAY.
  NO SIGNIFICANT WEATHER WAS OBSERVED.

RELATIVE HUMIDITY
 HIGHEST RH     MM PERCENT       MM
 LOWEST  RH     MM PERCENT       MM
 AVERAGE RH     MM PERCENT       MM
...................................................................

THE NOME CLIMATE NORMALS FOR TODAY
                           NORMAL    RECORD   YEAR
 MAXIMUM TEMPERATURE (F)     58        80     1968
 MINIMUM TEMPERATURE (F)     46        32     2008

SUNRISE AND SUNSET
 JUL 27 2016..........SUNRISE  5:51 AM      SUNSET 12:24 AM
 JUL 28 2016..........SUNRISE  5:54 AM      SUNSET 12:20 AM

-  INDICATES NEGATIVE NUMBERS.
R  INDICATES RECORD HAS BEEN SET OR TIED.
MM INDICATES DATA IS MISSING.
T  INDICATES TRACE OF PRECIPITATION.

&&
-------------------------------------------------------------------

AMOUNT OF DAYLIGHT TODAY  (HOUR:MIN)........18 HOURS 33 MINUTES
GAIN/LOSS SINCE YESTERDAY (HOUR:MIN:SEC)....-0:06:40

TIDE INFORMATION FOR WEDNESDAY JULY 27 2016
 4:45 AM LOW  0.1 FT
11:28 AM HIGH 1.4 FT
 5:57 PM LOW  0.2 FT

$$
RWM JUL 16
