000
CDAK49 PAOM 122331
CLIOME

CLIMATE REPORT
NATIONAL WEATHER SERVICE NOME, AK
231 PM AKST FRI FEB 12 2016

...................................
...THE NOME WSO AP CLIMATE SUMMARY FOR FEBRUARY 12 2016...
VALID TODAY AS OF 2:00 PM LOCAL TIME

CLIMATE NORMAL PERIOD  1981 TO  2010
CLIMATE RECORD PERIOD  1906 TO  2016

WEATHER ITEM   OBSERVED TIME    RECORD YEAR NORMAL DEPARTURE LAST
               VALUE    (LST)   VALUE       VALUE  FROM      YEAR
                                                   NORMAL
...................................................................
TEMPERATURE
TODAY
 MAXIMUM             2  0230 PM    43  1986     15     -13     12
 MINIMUM           -10  1100 AM   -34  1952     -1      -9     -4
 AVERAGE            -4                           7     -11      4

PRECIPITATION
(INCHES)
 TODAY            0.00           0.44  1946   0.03   -0.03      T
 MONTH TO DATE    0.28                        0.39   -0.11      T
 SINCE DEC 1      1.59                        2.41   -0.82   1.25
 SINCE JAN 1      0.81                        1.33   -0.52   0.71

SNOWFALL
(INCHES)
 TODAY             0.0            9.3  2005    0.4    -0.4      T
 MONTH TO DATE     4.5                         5.0    -0.5    0.1
 SINCE DEC 1      21.0                        32.2   -11.2   15.6
 SINCE JUL 1      39.2                        49.5   -10.3   33.2
 SNOW DEPTH (IN)    14                                         10

DEGREE DAYS
 HEATING
  TODAY             69                          58      11     61
  MONTH TO DATE    565                         704    -139    735
  SINCE DEC 1     3594                        4277    -683   3978
  SINCE JUL 1     7390                        8375    -985   7532

 COOLING
  TODAY              0                           0       0      0
  MONTH TO DATE      0                           0       0      0
  SINCE DEC 1        0                           0       0      0
  SINCE JAN 1        0                           0       0      0
...................................................................

WIND (MPH)
 HIGHEST WIND SPEED    15     HIGHEST WIND DIRECTION    340
 HIGHEST GUST SPEED    17     HIGHEST GUST DIRECTION    340
 AVERAGE WIND SPEED    MM

SKY COVER
  POSSIBLE SUNSHINE  MM            AVERAGE SKY COVER MM

WEATHER CONDITIONS
 THE FOLLOWING WEATHER WAS RECORDED TODAY.
NO SIGNIFICANT WEATHER WAS OBSERVED.

RELATIVE HUMIDITY
 HIGHEST RH     MM PERCENT       MM
 LOWEST  RH     MM PERCENT       MM
 AVERAGE RH     MM PERCENT       MM
...................................................................

THE NOME CLIMATE NORMALS FOR TOMORROW
                        NORMAL    RECORD   YEAR
 MAXIMUM TEMPERATURE      15        48     1986
 MINIMUM TEMPERATURE      -1       -37     1964

SUNRISE AND SUNSET
 FEB 12 2016..........SUNRISE 10:10 AM      SUNSET  6:24 PM
 FEB 13 2016..........SUNRISE 10:07 AM      SUNSET  6:27 PM

-  INDICATES NEGATIVE NUMBERS.
R  INDICATES RECORD HAS BEEN SET OR TIED.
MM INDICATES DATA IS MISSING.
T  INDICATES TRACE OF PRECIPITATION.

&&
-------------------------------------------------------------------

AMOUNT OF DAYLIGHT TODAY  (HOUR:MIN)........8 HOURS 14 MINUTES
GAIN/LOSS SINCE YESTERDAY (HOUR:MIN:SEC)....+0:06:41

$$
RCT FEB 16
