000
CDAK49 PAOM 040900
CLIOME

CLIMATE REPORT
NATIONAL WEATHER SERVICE NOME, AK
101 AM AKDT WED MAY 4 2016

...................................
...THE NOME WSO AP CLIMATE SUMMARY FOR MAY 3 2016...

CLIMATE NORMAL PERIOD  1981 TO  2010
CLIMATE RECORD PERIOD  1906 TO  2016

WEATHER ITEM   OBSERVED TIME    RECORD YEAR NORMAL DEPARTURE LAST
               VALUE    (LST)   VALUE       VALUE  FROM      YEAR
                                                   NORMAL
...................................................................
TEMPERATURE
YESTERDAY
 MAXIMUM            41  0749 PM    54  1960     37       4     45
 MINIMUM            28  0605 AM    -7  1949     25       3     22
 AVERAGE            35                          31       4     34

PRECIPITATION
(INCHES)
 YESTERDAY        0.00           0.32  1915   0.03   -0.03   0.00
 MONTH TO DATE       T                        0.08   -0.08   0.00
 SINCE MAR 1      0.84                        1.49   -0.65   1.31
 SINCE JAN 1      1.87                        3.36   -1.49   2.95

SNOWFALL
(INCHES)
 YESTERDAY         0.0            2.2  1996    0.1    -0.1    0.0
 MONTH TO DATE     0.0                         0.4    -0.4    0.0
 SINCE MAR 1       6.6                        16.8   -10.2   16.4
 SINCE JUL 1      48.9                        73.5   -24.6   59.7
 SNOW DEPTH (IN)     0                                          1

DEGREE DAYS
 HEATING
  YESTERDAY         30                          34      -4     31
  MONTH TO DATE     85                         104     -19    108
  SINCE MAR 1     2642                        3135    -493   3215
  SINCE JUL 1    10879                       12417   -1538  11393

 COOLING
  YESTERDAY          0                           0       0      0
  MONTH TO DATE      0                           0       0      0
  SINCE MAR 1        0                           0       0      0
  SINCE JAN 1        0                           0       0      0
...................................................................

WIND (MPH)
 HIGHEST WIND SPEED    10     HIGHEST WIND DIRECTION    260
 HIGHEST GUST SPEED    12     HIGHEST GUST DIRECTION    260
 AVERAGE WIND SPEED   4.1

SKY COVER
  POSSIBLE SUNSHINE    MM          AVERAGE SKY COVER     MM

WEATHER CONDITIONS
 THE FOLLOWING WEATHER WAS RECORDED YESTERDAY.
  NO SIGNIFICANT WEATHER WAS OBSERVED.

RELATIVE HUMIDITY
 HIGHEST RH     MM PERCENT       MM
 LOWEST  RH     MM PERCENT       MM
 AVERAGE RH     MM PERCENT       MM
...................................................................

THE NOME CLIMATE NORMALS FOR TODAY
                           NORMAL    RECORD   YEAR
 MAXIMUM TEMPERATURE (F)     37        49     1969
 MINIMUM TEMPERATURE (F)     25        -4     1984

SUNRISE AND SUNSET
 MAY 4 2016..........SUNRISE  6:18 AM      SUNSET 11:42 PM
 MAY 5 2016..........SUNRISE  6:15 AM      SUNSET 11:45 PM

-  INDICATES NEGATIVE NUMBERS.
R  INDICATES RECORD HAS BEEN SET OR TIED.
MM INDICATES DATA IS MISSING.
T  INDICATES TRACE OF PRECIPITATION.

&&
-------------------------------------------------------------------

AMOUNT OF DAYLIGHT TODAY  (HOUR:MIN)........17 HOURS 24 MINUTES
GAIN/LOSS SINCE YESTERDAY (HOUR:MIN:SEC)....+0:06:51

TIDES FOR WEDNESDAY MAY 4 2016

3:00 AM HIGH 0.6 FT
8:54 AM LOW -0.2 FT
3:25 PM HIGH 0.8 FT
9:40 PM LOW -0.2 FT

$$
RCT MAY 16
