024
CDAK49 PAFG 260958
CLIOME

CLIMATE REPORT
NATIONAL WEATHER SERVICE FAIRBANKS AK
158 AM AKDT MON JUN 26 2017


...................................

...THE NOME AK CLIMATE SUMMARY FOR JUNE 25 2017...

CLIMATE NORMAL PERIOD 1981 TO 2010
CLIMATE RECORD PERIOD 1906 TO 2017


WEATHER ITEM   OBSERVED TIME   RECORD YEAR NORMAL DEPARTURE LAST
                VALUE   (LST)  VALUE       VALUE  FROM      YEAR
                                                  NORMAL
..................................................................
TEMPERATURE (F)
 YESTERDAY
  MAXIMUM         55    542 PM  80    1982  58     -3       74
  MINIMUM         45    525 AM  31    1918  44      1       48
  AVERAGE         50                        51     -1       61

PRECIPITATION (IN)
  YESTERDAY        0.00          0.51 1979   0.04  -0.04     0.00
  MONTH TO DATE    0.76                      0.78  -0.02     0.34
  SINCE JUN 1      0.76                      0.78  -0.02     0.34
  SINCE JAN 1      3.61                      4.92  -1.31     3.43

SNOWFALL (IN)
  YESTERDAY        0.0           T    1979   0.0    0.0      0.0
  MONTH TO DATE    0.0                       0.3   -0.3      0.0
  SINCE JUN 1      0.0                       0.3   -0.3      0.0
  SINCE JUL 1     54.6                      75.7  -21.1     16.2
  SNOW DEPTH       0

DEGREE DAYS
 HEATING
  YESTERDAY       15                        14      1        4
  MONTH TO DATE  304                       446   -142      380
  SINCE JUN 1    304                       446   -142      380
  SINCE JUL 1  12922                     13630   -708     6319

 COOLING
  YESTERDAY        0                         0      0        0
  MONTH TO DATE    4                         0      4        0
  SINCE JUN 1      4                         0      4        0
  SINCE JAN 1      4                         0      4        0
..................................................................


WIND (MPH)
  HIGHEST GUST SPEED    24   HIGHEST GUST DIRECTION    SE (120)


SKY COVER
  AVERAGE SKY COVER 0.9


WEATHER CONDITIONS
 THE FOLLOWING WEATHER WAS RECORDED YESTERDAY.
  NO SIGNIFICANT WEATHER WAS OBSERVED.


RELATIVE HUMIDITY (PERCENT)
 HIGHEST    92
 LOWEST     71
 AVERAGE    82

..........................................................


THE NOME AK CLIMATE NORMALS FOR TODAY
                         NORMAL    RECORD    YEAR
 MAXIMUM TEMPERATURE (F)   58        80      1984
 MINIMUM TEMPERATURE (F)   44        29      1918


SUNRISE AND SUNSET
JUNE 26 2017..........SUNRISE   423 AM AKDT  SUNSET   146 AM AKDT
JUNE 27 2017..........SUNRISE   425 AM AKDT  SUNSET   145 AM AKDT

-  INDICATES NEGATIVE NUMBERS.
R  INDICATES RECORD WAS SET OR TIED.
MM INDICATES DATA IS MISSING.
T  INDICATES TRACE AMOUNT.

&&

SNOW DEPTH IS MEASURED AT 3AM AKST/4AM AKDT.

----------------------------
AVAILABLE DAYLIGHT

AMOUNT OF DAYLIGHT TODAY  (HOUR:MIN)........21:24
GAIN/LOSS SINCE YESTERDAY (HOUR:MIN:SEC)....-0:01:59

NOME TIDAL INFORMATION FOR 26 JUNE 2017
0051  -0.6
0810  +1.2
1249  +0.6
1837  +1.2

$$
NTS JUN 17
