000
CDAK49 PAOM 210900
CLIOME

CLIMATE REPORT
NATIONAL WEATHER SERVICE NOME, AK
1201 AM AKST SUN DEC 21 2014

...................................
...THE NOME WSO AP CLIMATE SUMMARY FOR DECEMBER 20 2014...

CLIMATE NORMAL PERIOD  1981 TO  2010
CLIMATE RECORD PERIOD  1906 TO  2014

WEATHER ITEM   OBSERVED TIME    RECORD YEAR NORMAL DEPARTURE LAST
               VALUE    (LST)   VALUE       VALUE  FROM      YEAR
                                                   NORMAL
...................................................................
TEMPERATURE
YESTERDAY
 MAXIMUM            18  0835 AM    43  1969     16       2     20
 MINIMUM             2  0136 AM   -28  1957      1       1     12
 AVERAGE            10                           9       1     16

PRECIPITATION
(INCHES)
 YESTERDAY        0.00           0.36  1921   0.03   -0.03   0.33
 MONTH TO DATE    0.25                        0.69   -0.44   1.93
 SINCE DEC 1      0.25                        0.69   -0.44   1.93
 SINCE JAN 1     13.92                       16.42   -2.50  22.25

SNOWFALL
(INCHES)
 YESTERDAY         0.0            6.5  2013    0.5    -0.5    6.5
 MONTH TO DATE     2.9                         9.2    -6.3   16.2
 SINCE DEC 1       2.9                         9.2    -6.3   16.2
 SINCE JUL 1      20.5                        26.5    -6.0   30.8
 SNOW DEPTH (IN)    11                                          6

DEGREE DAYS
 HEATING
  YESTERDAY         55                          56      -1     49
  MONTH TO DATE    946                        1089    -143    901
  SINCE DEC 1      946                        1089    -143    901
  SINCE JUL 1     4491                        5187    -696   4703

 COOLING
  YESTERDAY          0                           0       0      0
  MONTH TO DATE      0                           0       0      0
  SINCE DEC 1        0                           0       0      0
  SINCE JAN 1        3                           0       3      7
...................................................................

WIND (MPH)
 HIGHEST WIND SPEED    17     HIGHEST WIND DIRECTION    350
 HIGHEST GUST SPEED    23     HIGHEST GUST DIRECTION    350
 AVERAGE WIND SPEED   5.6

SKY COVER
  POSSIBLE SUNSHINE    MM          AVERAGE SKY COVER     MM

WEATHER CONDITIONS
 THE FOLLOWING WEATHER WAS RECORDED YESTERDAY.
  NO SIGNIFICANT WEATHER WAS OBSERVED.

RELATIVE HUMIDITY
 HIGHEST RH     MM PERCENT       MM
 LOWEST  RH     MM PERCENT       MM
 AVERAGE RH     MM PERCENT       MM
...................................................................

THE NOME CLIMATE NORMALS FOR TODAY
                           NORMAL    RECORD   YEAR
 MAXIMUM TEMPERATURE (F)     16        40     1985
 MINIMUM TEMPERATURE (F)      1       -34     1966

SUNRISE AND SUNSET
 DEC 21 2014..........SUNRISE 12:04 PM      SUNSET  3:57 PM
 DEC 22 2014..........SUNRISE 12:04 PM      SUNSET  3:58 PM

-  INDICATES NEGATIVE NUMBERS.
R  INDICATES RECORD HAS BEEN SET OR TIED.
MM INDICATES DATA IS MISSING.
T  INDICATES TRACE OF PRECIPITATION.

&&
-------------------------------------------------------------------

AMOUNT OF DAYLIGHT TODAY  (HOUR:MIN)........3 HOURS 53 MINUTES
GAIN/LOSS SINCE YESTERDAY (HOUR:MIN:SEC)....-0:00:09

TIDES FOR SUNDAY DEC 21 2014

2:25 AM HIGH 1.3 FT
9:58 AM LOW  0.1 FT
4:57 PM HIGH 1.1 FT
9:37 PM LOW  0.8 FT

$$
RCT DEC 14
