000
CDAK49 PAFG 240039
CLIOME

CLIMATE REPORT
NATIONAL WEATHER SERVICE FAIRBANKS AK
339 PM AKST TUE JAN 23 2018


...................................

...THE NOME AK CLIMATE SUMMARY FOR JANUARY 23 2018...
VALID TODAY AS OF 0300 PM LOCAL TIME.

CLIMATE NORMAL PERIOD 1981 TO 2010
CLIMATE RECORD PERIOD 1906 TO 2018


WEATHER ITEM   OBSERVED TIME   RECORD YEAR NORMAL DEPARTURE LAST
                VALUE   (LST)  VALUE       VALUE  FROM      YEAR
                                                  NORMAL
..................................................................
TEMPERATURE (F)
 TODAY
  MAXIMUM         -7    812 AM  37    1977  13    -20        2
  MINIMUM        -14   1216 AM -45    1989  -3    -11      -24
  AVERAGE        -10                         5    -15      -11

PRECIPITATION (IN)
  TODAY            0.00          0.48 1937   0.03  -0.03     0.00
  MONTH TO DATE    0.46                      0.70  -0.24     0.32
  SINCE DEC 1      2.02                      1.78   0.24     1.39
  SINCE JAN 1      0.46                      0.70  -0.24     0.32

SNOWFALL (IN)
  TODAY            0.0           5.0  1937   0.4   -0.4      0.0
  MONTH TO DATE    5.8                       9.6   -3.8      3.1
  SINCE DEC 1     24.5                      24.1    0.4     19.1
  SINCE JUL 1     56.1                      41.4   14.7     27.7
  SNOW DEPTH      27

DEGREE DAYS
 HEATING
  TODAY           75                        60     15       76
  MONTH TO DATE 1205                      1373   -168     1472
  SINCE DEC 1   2537                      3093   -556     3074
  SINCE JUL 1   6325                      7186   -861     6689

 COOLING
  TODAY            0                         0      0        0
  MONTH TO DATE    0                         0      0        0
  SINCE DEC 1      0                         0      0        0
  SINCE JAN 1      0                         0      0        0
..................................................................


WIND (MPH)
  HIGHEST GUST SPEED     7   HIGHEST GUST DIRECTION    NE (60)


SKY COVER
  AVERAGE SKY COVER 0.9


WEATHER CONDITIONS
 THE FOLLOWING WEATHER WAS RECORDED TODAY.
  FOG
  HAZE


RELATIVE HUMIDITY (PERCENT)
 HIGHEST    86
 LOWEST     74
 AVERAGE    80

..........................................................


THE NOME AK CLIMATE NORMALS FOR TOMORROW
                         NORMAL    RECORD    YEAR
 MAXIMUM TEMPERATURE (F)   13        39      1977
 MINIMUM TEMPERATURE (F)   -3       -45      1989


SUNRISE AND SUNSET
JANUARY 23 2018.......SUNRISE  1112 AM AKST  SUNSET   518 PM AKST
JANUARY 24 2018.......SUNRISE  1109 AM AKST  SUNSET   521 PM AKST

-  INDICATES NEGATIVE NUMBERS.
R  INDICATES RECORD WAS SET OR TIED.
MM INDICATES DATA IS MISSING.
T  INDICATES TRACE AMOUNT.

&&

SNOW DEPTH IS MEASURED AT 3AM AKST/4AM AKDT.

----------------------------
AVAILABLE DAYLIGHT

AMOUNT OF DAYLIGHT TODAY  (HOUR:MIN)........6:06
GAIN/LOSS SINCE YESTERDAY (HOUR:MIN:SEC)....+0:06:13

NOME TIDAL INFORMATION FOR 24 JANUARY 2018
0301  +1.1
0906  +1.5
1520  +0.6
2202  +1.5

$$
AY JAN 18
