000
CDAK49 PAOM 290930
CLIOME

CLIMATE REPORT
NATIONAL WEATHER SERVICE NOME, AK
130 AM AKDT FRI AUG 29 2014

...................................
...THE NOME WSO AP CLIMATE SUMMARY FOR AUGUST 28 2014...

CLIMATE NORMAL PERIOD  1981 TO  2010
CLIMATE RECORD PERIOD  1906 TO  2014

WEATHER ITEM   OBSERVED TIME    RECORD YEAR NORMAL DEPARTURE LAST
               VALUE    (LST)   VALUE       VALUE  FROM      YEAR
                                                   NORMAL
...................................................................
TEMPERATURE
YESTERDAY
 MAXIMUM            53  0147 AM    69  1982     55      -2     56
 MINIMUM            37  1154 PM    26  1994     43      -6     38
 AVERAGE            45                          49      -4     47

PRECIPITATION
(INCHES)
 YESTERDAY        0.01           0.74  1924   0.09   -0.08      T
 MONTH TO DATE    0.97                        2.94   -1.97   4.05
 SINCE JUN 1      3.81                        6.03   -2.22   8.70
 SINCE JAN 1      8.28                       10.17   -1.89  12.95

SNOWFALL
(INCHES)
 YESTERDAY         0.0              T  1913    0.0     0.0    0.0
 MONTH TO DATE     0.0                         0.0     0.0    0.0
 SINCE JUN 1       0.0                         0.3    -0.3    0.1
 SINCE JUL 1       0.0                         0.0     0.0    0.0
 SNOW DEPTH (IN)     0                                          0

DEGREE DAYS
 HEATING
  YESTERDAY         20                          16       4     18
  MONTH TO DATE    213                         414    -201    304
  SINCE JUN 1     1204                        1330    -126   1187
  SINCE JUL 1      636                         814    -178    711

 COOLING
  YESTERDAY          0                           0       0      0
  MONTH TO DATE      1                           0       1      0
  SINCE JUN 1        3                           0       3      7
  SINCE JAN 1        3                           0       3      7
...................................................................

WIND (MPH)
 HIGHEST WIND SPEED    20     HIGHEST WIND DIRECTION    310
 HIGHEST GUST SPEED    24     HIGHEST GUST DIRECTION    310
 AVERAGE WIND SPEED  10.1

SKY COVER
  POSSIBLE SUNSHINE    MM          AVERAGE SKY COVER     MM

WEATHER CONDITIONS
 THE FOLLOWING WEATHER WAS RECORDED YESTERDAY.
  LIGHT RAINFALL

RELATIVE HUMIDITY
 HIGHEST RH     MM PERCENT       MM
 LOWEST  RH     MM PERCENT       MM
 AVERAGE RH     MM PERCENT       MM
...................................................................

THE NOME CLIMATE NORMALS FOR TODAY
                           NORMAL    RECORD   YEAR
 MAXIMUM TEMPERATURE (F)     54        67     1981
 MINIMUM TEMPERATURE (F)     43        27     1927

SUNRISE AND SUNSET
 AUG 29 2014..........SUNRISE  7:35 AM      SUNSET 10:29 PM
 AUG 30 2014..........SUNRISE  7:38 AM      SUNSET 10:25 PM

-  INDICATES NEGATIVE NUMBERS.
R  INDICATES RECORD HAS BEEN SET OR TIED.
MM INDICATES DATA IS MISSING.
T  INDICATES TRACE OF PRECIPITATION.

&&
-------------------------------------------------------------------

AMOUNT OF DAYLIGHT TODAY  (HOUR:MIN)........14 HOURS 54 MINUTES
GAIN/LOSS SINCE YESTERDAY (HOUR:MIN:SEC)....-0:06:38

NOME TIDAL INFORMATION FOR 29 AUGUST 2014
02:01 AM +0.2
08:34 AM +1.2
02:31 PM +0.5
08:36 PM +1.2

$$

CKC AUG 14
