053
CDAK49 PAFG 100956
CLIOME

CLIMATE REPORT
NATIONAL WEATHER SERVICE FAIRBANKS AK
1256 AM AKST SAT DEC 10 2016


...................................

...THE NOME AK CLIMATE SUMMARY FOR DECEMBER 9 2016...

CLIMATE NORMAL PERIOD 1981 TO 2010
CLIMATE RECORD PERIOD 1906 TO 2016


WEATHER ITEM   OBSERVED TIME   RECORD YEAR NORMAL DEPARTURE LAST
                VALUE   (LST)  VALUE       VALUE  FROM      YEAR
                                                  NORMAL
..................................................................
TEMPERATURE (F)
 YESTERDAY
  MAXIMUM         24    248 AM  42    1985  18      6       MM
  MINIMUM        -10   1159 PM -40    1975   4    -14       MM
  AVERAGE          7                        11     -4       MM

PRECIPITATION (IN)
  YESTERDAY        0.00          0.32 1931   0.03  -0.03    MM
  MONTH TO DATE    0.01                      0.30  -0.29    MM
  SINCE DEC 1      0.01                      0.30  -0.29    MM
  SINCE JAN 1     14.97                     16.03  -1.06    MM

SNOWFALL (IN)
  YESTERDAY        0.0           3.1  2004   0.4   -0.4     MM
  MONTH TO DATE    0.4                       3.8   -3.4     MM
  SINCE DEC 1      0.4                       3.8   -3.4     MM
  SINCE JUL 1      9.0                      21.1  -12.1     MM
  SNOW DEPTH       5

DEGREE DAYS
 HEATING
  YESTERDAY       58                        54      4       MM
  MONTH TO DATE  580                       480    100       MM
  SINCE DEC 1    580                       480    100       MM
  SINCE JUL 1   4195                      4573   -378       MM

 COOLING
  YESTERDAY        0                         0      0       MM
  MONTH TO DATE    0                         0      0       MM
  SINCE DEC 1      0                         0      0       MM
  SINCE JAN 1      0                         3     -3       MM
..................................................................


WIND (MPH)
  HIGHEST GUST SPEED    22   HIGHEST GUST DIRECTION     E (80)


SKY COVER
  AVERAGE SKY COVER 0.0


WEATHER CONDITIONS
 THE FOLLOWING WEATHER WAS RECORDED YESTERDAY.
  HAZE


RELATIVE HUMIDITY (PERCENT)
 HIGHEST    71
 LOWEST     23
 AVERAGE    47

..........................................................


THE NOME AK CLIMATE NORMALS FOR TODAY
                         NORMAL    RECORD    YEAR
 MAXIMUM TEMPERATURE (F)   18        39      1985
 MINIMUM TEMPERATURE (F)    4       -40      1975


SUNRISE AND SUNSET
DECEMBER 10 2016......SUNRISE  1150 AM AKST  SUNSET   401 PM AKST
DECEMBER 11 2016......SUNRISE  1152 AM AKST  SUNSET   400 PM AKST

-  INDICATES NEGATIVE NUMBERS.
R  INDICATES RECORD WAS SET OR TIED.
MM INDICATES DATA IS MISSING.
T  INDICATES TRACE AMOUNT.

&&

SNOW DEPTH IS MEASURED AT 3AM AKST/4AM AKDT.

----------------------------
AVAILABLE DAYLIGHT

AMOUNT OF DAYLIGHT TODAY  (HOUR:MIN)........4:10
GAIN/LOSS SINCE YESTERDAY (HOUR:MIN:SEC)....-0:03:12

NOME TIDAL INFORMATION FOR 10 DECEMBER 2016
0039  +1.4
1857  +1.5

$$
DEC 16
