000
CDUS46 KOTX 230934
CLIOMK


CLIMATE REPORT
NATIONAL WEATHER SERVICE SPOKANE, WA
133 AM PST TUE JAN 23 2018


...................................

...THE OMAK WA AIRPORT CLIMATE SUMMARY FOR JANUARY 22 2018...

CLIMATE NORMAL PERIOD 1981 TO 2010
CLIMATE RECORD PERIOD 9999 TO 9999


WEATHER ITEM   OBSERVED TIME   RECORD YEAR NORMAL DEPARTURE LAST
                VALUE   (LST)  VALUE       VALUE  FROM      YEAR
                                                  NORMAL
..................................................................
TEMPERATURE (F)
 YESTERDAY
  MAXIMUM         39    332 PM  48    1934  34      5       36
  MINIMUM         23    826 AM  -9    1957  22      1       33
  AVERAGE         31                        28      3       35

PRECIPITATION (IN)
  YESTERDAY        0.00                      0.05  -0.05     0.30
  MONTH TO DATE    1.47                      1.47   0.00     2.03
  SINCE OCT 1      4.85                      6.36  -1.51     8.51
  SINCE JAN 1      1.47                      1.47   0.00     2.03

SNOWFALL (IN)
  YESTERDAY       MM

DEGREE DAYS
 HEATING
  YESTERDAY       34                        37     -3       30
  MONTH TO DATE  767                       856    -89     1026
  SINCE DEC 1   1980                      2072    -92     2319
  SINCE JUL 1   3440                      3605   -165     3557

 COOLING
  YESTERDAY        0                         0      0        0
  MONTH TO DATE    0                         0      0        0
  SINCE DEC 1      0                         0      0        0
  SINCE JAN 1      0                         0      0        0
..................................................................


WIND (MPH)
  HIGHEST WIND SPEED    12   HIGHEST WIND DIRECTION    SW (210)
  HIGHEST GUST SPEED    15   HIGHEST GUST DIRECTION    SW (210)
  AVERAGE WIND SPEED     4.6


SKY COVER
  POSSIBLE SUNSHINE  MM
  AVERAGE SKY COVER 0.0


WEATHER CONDITIONS
 THE FOLLOWING WEATHER WAS RECORDED YESTERDAY.
  NO SIGNIFICANT WEATHER WAS OBSERVED.


RELATIVE HUMIDITY (PERCENT)
 HIGHEST   100          1200 AM
 LOWEST     76           100 PM
 AVERAGE    88

..........................................................


THE OMAK WA AIRPORT CLIMATE NORMALS FOR TODAY
                         NORMAL    RECORD    YEAR
 MAXIMUM TEMPERATURE (F)   34        51      1934
 MINIMUM TEMPERATURE (F)   22        -9      2008
                                             1932


SUNRISE AND SUNSET
JANUARY 23 2018.......SUNRISE   738 AM PST   SUNSET   443 PM PST
JANUARY 24 2018.......SUNRISE   737 AM PST   SUNSET   444 PM PST


-  INDICATES NEGATIVE NUMBERS.
R  INDICATES RECORD WAS SET OR TIED.
MM INDICATES DATA IS MISSING.
T  INDICATES TRACE AMOUNT.




$$
