000
CDUS46 KOTX 290829
CLIOMK


CLIMATE REPORT
NATIONAL WEATHER SERVICE SPOKANE, WA
129 AM PDT FRI JUL 29 2016


...................................

...THE OMAK WA AIRPORT CLIMATE SUMMARY FOR JULY 28 2016...

CLIMATE NORMAL PERIOD 1981 TO 2010
CLIMATE RECORD PERIOD 9999 TO 9999


WEATHER ITEM   OBSERVED TIME   RECORD YEAR NORMAL DEPARTURE LAST
                VALUE   (LST)  VALUE       VALUE  FROM      YEAR
                                                  NORMAL
..................................................................
TEMPERATURE (F)
 YESTERDAY
  MAXIMUM         98    449 PM 106    1934  91      7       87
  MINIMUM         69    505 AM  40    1959  59     10       48
  AVERAGE         84                        75      9       68

PRECIPITATION (IN)
  YESTERDAY        0.00                      0.03  -0.03     0.00
  MONTH TO DATE    0.75                      0.75   0.00     0.26
  SINCE OCT 1     14.83                     13.62   1.21    11.45
  SINCE JAN 1      9.47                      8.73   0.74     4.88

SNOWFALL (IN)
  YESTERDAY       MM

DEGREE DAYS
 HEATING
  YESTERDAY        0                         0      0        0
  MONTH TO DATE    5                        11     -6        0
  SINCE JUN 1     90                        80     10       15
  SINCE JUL 1      5                        11     -6        0

 COOLING
  YESTERDAY       19                        10      9        3
  MONTH TO DATE  166                       223    -57      326
  SINCE JUN 1    303                       307     -4      591
  SINCE JAN 1    328                       330     -2      637
..................................................................


WIND (MPH)
  HIGHEST WIND SPEED    16   HIGHEST WIND DIRECTION     N (20)
  HIGHEST GUST SPEED    20   HIGHEST GUST DIRECTION     N (350)
  AVERAGE WIND SPEED     9.6


SKY COVER
  POSSIBLE SUNSHINE  MM
  AVERAGE SKY COVER 0.1


WEATHER CONDITIONS
 THE FOLLOWING WEATHER WAS RECORDED YESTERDAY.
  NO SIGNIFICANT WEATHER WAS OBSERVED.


RELATIVE HUMIDITY (PERCENT)
 HIGHEST    53           400 AM
 LOWEST     16           300 PM
 AVERAGE    35

..........................................................


THE OMAK WA AIRPORT CLIMATE NORMALS FOR TODAY
                         NORMAL    RECORD    YEAR
 MAXIMUM TEMPERATURE (F)   91       105      2014
                                             1998
 MINIMUM TEMPERATURE (F)   59        39      1947


SUNRISE AND SUNSET
JULY 29 2016..........SUNRISE   530 AM PDT   SUNSET   839 PM PDT
JULY 30 2016..........SUNRISE   531 AM PDT   SUNSET   837 PM PDT


-  INDICATES NEGATIVE NUMBERS.
R  INDICATES RECORD WAS SET OR TIED.
MM INDICATES DATA IS MISSING.
T  INDICATES TRACE AMOUNT.




$$
