000
CDUS46 KOTX 020829
CLIOMK


CLIMATE REPORT
NATIONAL WEATHER SERVICE SPOKANE, WA
1229 AM PST MON MAR 2 2015


...................................

...THE OMAK WA AIRPORT CLIMATE SUMMARY FOR MARCH 1 2015...

CLIMATE NORMAL PERIOD 1981 TO 2010
CLIMATE RECORD PERIOD 9999 TO 9999


WEATHER ITEM   OBSERVED TIME   RECORD YEAR NORMAL DEPARTURE LAST
                VALUE   (LST)  VALUE       VALUE  FROM      YEAR
                                                  NORMAL
..................................................................
TEMPERATURE (F)
 YESTERDAY
  MAXIMUM         48    344 PM  58    2013  46      2       33
                                      1968
  MINIMUM         20    539 AM   9    1976  26     -6       19
  AVERAGE         34                        36     -2       26

PRECIPITATION (IN)
  YESTERDAY        0.00          0.60 1997   0.04  -0.04      T
  MONTH TO DATE    0.00                      0.04  -0.04      T
  SINCE OCT 1      8.30                      8.48  -0.18     2.99
  SINCE JAN 1      1.73                      3.03  -1.30     1.82

SNOWFALL (IN)
  YESTERDAY       MM

DEGREE DAYS
 HEATING
  YESTERDAY       31                        29      2       39
  MONTH TO DATE   31                        29      2       39
  SINCE MAR 1     31                        29      2       39
  SINCE JUL 1   4217                      4890   -673     5029

 COOLING
  YESTERDAY        0                         0      0        0
  MONTH TO DATE    0                         0      0        0
  SINCE MAR 1      0                         0      0        0
  SINCE JAN 1      0                         0      0        0
..................................................................


WIND (MPH)
  HIGHEST WIND SPEED    18   HIGHEST WIND DIRECTION    SE (150)
  HIGHEST GUST SPEED    23   HIGHEST GUST DIRECTION    SE (140)
  AVERAGE WIND SPEED     6.4


SKY COVER
  POSSIBLE SUNSHINE  MM
  AVERAGE SKY COVER 0.1


WEATHER CONDITIONS
 THE FOLLOWING WEATHER WAS RECORDED YESTERDAY.
  NO SIGNIFICANT WEATHER WAS OBSERVED.


RELATIVE HUMIDITY (PERCENT)
 HIGHEST    77           600 AM
 LOWEST     29           300 PM
 AVERAGE    53

..........................................................


THE OMAK WA AIRPORT CLIMATE NORMALS FOR TODAY
                         NORMAL    RECORD    YEAR
 MAXIMUM TEMPERATURE (F)   46        59      2010
                                             2005
                                             1934
 MINIMUM TEMPERATURE (F)   26         4      1960


SUNRISE AND SUNSET
MARCH  2 2015.........SUNRISE   638 AM PST   SUNSET   543 PM PST
MARCH  3 2015.........SUNRISE   636 AM PST   SUNSET   545 PM PST


-  INDICATES NEGATIVE NUMBERS.
R  INDICATES RECORD WAS SET OR TIED.
MM INDICATES DATA IS MISSING.
T  INDICATES TRACE AMOUNT.




$$
