000
CDUS46 KOTX 200825
CLIOMK


CLIMATE REPORT
NATIONAL WEATHER SERVICE SPOKANE, WA
125 AM PDT THU JUL 20 2017


...................................

...THE OMAK WA AIRPORT CLIMATE SUMMARY FOR JULY 19 2017...

CLIMATE NORMAL PERIOD 1981 TO 2010
CLIMATE RECORD PERIOD 9999 TO 9999


WEATHER ITEM   OBSERVED TIME   RECORD YEAR NORMAL DEPARTURE LAST
                VALUE   (LST)  VALUE       VALUE  FROM      YEAR
                                                  NORMAL
..................................................................
TEMPERATURE (F)
 YESTERDAY
  MAXIMUM         94    353 PM 102    1979  89      5       84
  MINIMUM         56    436 AM  44    1972  58     -2       49
  AVERAGE         75                        74      1       67

PRECIPITATION (IN)
  YESTERDAY        0.00                      0.02  -0.02     0.09
  MONTH TO DATE    0.00                      0.54  -0.54     0.39
  SINCE OCT 1     16.87                     13.41   3.46    14.47
  SINCE JAN 1     10.39                      8.52   1.87     9.11

SNOWFALL (IN)
  YESTERDAY       MM

DEGREE DAYS
 HEATING
  YESTERDAY        0                         0      0        0
  MONTH TO DATE    0                        11    -11        5
  SINCE JUN 1     58                        80    -22       90
  SINCE JUL 1      0                        11    -11        5

 COOLING
  YESTERDAY       10                         9      1        2
  MONTH TO DATE  204                       135     69       75
  SINCE JUN 1    284                       219     65      212
  SINCE JAN 1    315                       242     73      237
..................................................................


WIND (MPH)
  HIGHEST WIND SPEED    20   HIGHEST WIND DIRECTION    SE (140)
  HIGHEST GUST SPEED    26   HIGHEST GUST DIRECTION     S (190)
  AVERAGE WIND SPEED     8.4


SKY COVER
  POSSIBLE SUNSHINE  MM
  AVERAGE SKY COVER 0.0


WEATHER CONDITIONS
 THE FOLLOWING WEATHER WAS RECORDED YESTERDAY.
  NO SIGNIFICANT WEATHER WAS OBSERVED.


RELATIVE HUMIDITY (PERCENT)
 HIGHEST    47           400 AM
 LOWEST     12           600 PM
 AVERAGE    30

..........................................................


THE OMAK WA AIRPORT CLIMATE NORMALS FOR TODAY
                         NORMAL    RECORD    YEAR
 MAXIMUM TEMPERATURE (F)   90       104      1938
 MINIMUM TEMPERATURE (F)   58        39      1972


SUNRISE AND SUNSET
JULY 20 2017..........SUNRISE   518 AM PDT   SUNSET   850 PM PDT
JULY 21 2017..........SUNRISE   519 AM PDT   SUNSET   849 PM PDT


-  INDICATES NEGATIVE NUMBERS.
R  INDICATES RECORD WAS SET OR TIED.
MM INDICATES DATA IS MISSING.
T  INDICATES TRACE AMOUNT.




$$
