000
CDUS46 KOTX 290825
CLIOMK


CLIMATE REPORT
NATIONAL WEATHER SERVICE SPOKANE, WA
125 AM PDT THU SEP 29 2016


...................................

...THE OMAK WA AIRPORT CLIMATE SUMMARY FOR SEPTEMBER 28 2016...

CLIMATE NORMAL PERIOD 1981 TO 2010
CLIMATE RECORD PERIOD 9999 TO 9999


WEATHER ITEM   OBSERVED TIME   RECORD YEAR NORMAL DEPARTURE LAST
                VALUE   (LST)  VALUE       VALUE  FROM      YEAR
                                                  NORMAL
..................................................................
TEMPERATURE (F)
 YESTERDAY
  MAXIMUM         74    407 PM  88    1999  72      2       74
  MINIMUM         54    641 AM  23    1945  43     11       46
  AVERAGE         64                        57      7       60

PRECIPITATION (IN)
  YESTERDAY        0.00                      0.02  -0.02     0.00
  MONTH TO DATE    T                         0.53  -0.53      T
  SINCE OCT 1     14.83                     14.70   0.13    11.62
  SINCE JAN 1      9.47                      9.81  -0.34     5.05

SNOWFALL (IN)
  YESTERDAY       MM

DEGREE DAYS
 HEATING
  YESTERDAY        1                         8     -7        5
  MONTH TO DATE  104                       114    -10      121
  SINCE SEP 1    104                       114    -10      121
  SINCE JUL 1    112                       145    -33      124

 COOLING
  YESTERDAY        0                         0      0        0
  MONTH TO DATE   11                        57    -46       47
  SINCE SEP 1     11                        57    -46       47
  SINCE JAN 1    637                       663    -26      998
..................................................................


WIND (MPH)
  HIGHEST WIND SPEED    23   HIGHEST WIND DIRECTION     N (10)
  HIGHEST GUST SPEED    30   HIGHEST GUST DIRECTION    NW (320)
  AVERAGE WIND SPEED    14.6


SKY COVER
  POSSIBLE SUNSHINE  MM
  AVERAGE SKY COVER 0.0


WEATHER CONDITIONS
 THE FOLLOWING WEATHER WAS RECORDED YESTERDAY.
  NO SIGNIFICANT WEATHER WAS OBSERVED.


RELATIVE HUMIDITY (PERCENT)
 HIGHEST    41           800 AM
 LOWEST     20           300 PM
 AVERAGE    31

..........................................................


THE OMAK WA AIRPORT CLIMATE NORMALS FOR TODAY
                         NORMAL    RECORD    YEAR
 MAXIMUM TEMPERATURE (F)   72        86      1932
 MINIMUM TEMPERATURE (F)   42        25      1945


SUNRISE AND SUNSET
SEPTEMBER 29 2016.....SUNRISE   655 AM PDT   SUNSET   640 PM PDT
SEPTEMBER 30 2016.....SUNRISE   657 AM PDT   SUNSET   638 PM PDT


-  INDICATES NEGATIVE NUMBERS.
R  INDICATES RECORD WAS SET OR TIED.
MM INDICATES DATA IS MISSING.
T  INDICATES TRACE AMOUNT.




$$
