000
CDUS46 KOTX 100836
CLIOMK


CLIMATE REPORT
NATIONAL WEATHER SERVICE SPOKANE, WA
1236 AM PST SAT DEC 10 2016


...................................

...THE OMAK WA AIRPORT CLIMATE SUMMARY FOR DECEMBER 9 2016...

CLIMATE NORMAL PERIOD 1981 TO 2010
CLIMATE RECORD PERIOD 9999 TO 9999


WEATHER ITEM   OBSERVED TIME   RECORD YEAR NORMAL DEPARTURE LAST
                VALUE   (LST)  VALUE       VALUE  FROM      YEAR
                                                  NORMAL
..................................................................
TEMPERATURE (F)
 YESTERDAY
  MAXIMUM         21    300 PM  49    2015  33    -12       49
                                      1938
  MINIMUM         17    633 PM  -2    2009  21     -4       34
  AVERAGE         19                        27     -8       42

PRECIPITATION (IN)
  YESTERDAY        0.04                      0.06  -0.02      T
  MONTH TO DATE    0.15                      0.57  -0.42     2.57
  SINCE OCT 1      5.80                      3.26   2.54     4.10
  SINCE JAN 1     15.27                     13.12   2.15     9.15

SNOWFALL (IN)
  YESTERDAY       MM

DEGREE DAYS
 HEATING
  YESTERDAY       46                        38      8       23
  MONTH TO DATE  346                       332     14      280
  SINCE DEC 1    346                       332     14      280
  SINCE JUL 1   1584                      1865   -281     1581

 COOLING
  YESTERDAY        0                         0      0        0
  MONTH TO DATE    0                         0      0        0
  SINCE DEC 1      0                         0      0        0
  SINCE JAN 1    637                       665    -28     1001
..................................................................


WIND (MPH)
  HIGHEST WIND SPEED    17   HIGHEST WIND DIRECTION     N (360)
  HIGHEST GUST SPEED    20   HIGHEST GUST DIRECTION     N (10)
  AVERAGE WIND SPEED     2.6


SKY COVER
  POSSIBLE SUNSHINE  MM
  AVERAGE SKY COVER 1.0


WEATHER CONDITIONS
 THE FOLLOWING WEATHER WAS RECORDED YESTERDAY.
  LIGHT SNOW
  FOG


RELATIVE HUMIDITY (PERCENT)
 HIGHEST    92           600 PM
 LOWEST     62          1200 AM
 AVERAGE    77

..........................................................


THE OMAK WA AIRPORT CLIMATE NORMALS FOR TODAY
                         NORMAL    RECORD    YEAR
 MAXIMUM TEMPERATURE (F)   33        54      1956
 MINIMUM TEMPERATURE (F)   20        -3      2009


SUNRISE AND SUNSET
DECEMBER 10 2016......SUNRISE   739 AM PST   SUNSET   403 PM PST
DECEMBER 11 2016......SUNRISE   740 AM PST   SUNSET   403 PM PST


-  INDICATES NEGATIVE NUMBERS.
R  INDICATES RECORD WAS SET OR TIED.
MM INDICATES DATA IS MISSING.
T  INDICATES TRACE AMOUNT.




$$
