000
CDUS46 KOTX 300832
CLIOMK


CLIMATE REPORT
NATIONAL WEATHER SERVICE SPOKANE, WA
131 AM PDT WED JUL 30 2014


...................................

...THE OMAK WA AIRPORT CLIMATE SUMMARY FOR JULY 29 2014...

CLIMATE NORMAL PERIOD 1981 TO 2010
CLIMATE RECORD PERIOD 9999 TO 9999


WEATHER ITEM   OBSERVED TIME   RECORD YEAR NORMAL DEPARTURE LAST
                VALUE   (LST)  VALUE       VALUE  FROM      YEAR
                                                  NORMAL
..................................................................
TEMPERATURE (F)
 YESTERDAY
  MAXIMUM        105R   328 PM 105    1998  91     14       91
  MINIMUM         69    511 AM  39    1947  59     10       65
  AVERAGE         87                        75     12       78

PRECIPITATION (IN)
  YESTERDAY        0.00          0.27 1993   0.02  -0.02     0.00
  MONTH TO DATE    0.17                      0.77  -0.60     0.26
  SINCE OCT 1      6.56                     13.97  -7.41    13.09
  SINCE JAN 1      5.39                      8.52  -3.13     6.10

SNOWFALL (IN)
  YESTERDAY       MM            MM      MM  MM     MM       MM
  MONTH TO DATE   MM                        MM     MM       MM
  SINCE JUN 1     MM                        MM     MM       MM
  SINCE JUL 1     MM                        MM     MM       MM
  SNOW DEPTH      MM

DEGREE DAYS
 HEATING
  YESTERDAY        0                         0      0        0
  MONTH TO DATE    2                        11     -9        0
  SINCE JUN 1     40                        80    -40       67
  SINCE JUL 1      2                        11     -9        0

 COOLING
  YESTERDAY       22                        10     12       13
  MONTH TO DATE  375                       233    142      323
  SINCE JUN 1    440                       317    123      388
  SINCE JAN 1    454                       340    114      411
..................................................................


WIND (MPH)
  HIGHEST WIND SPEED    18   HIGHEST WIND DIRECTION     N (10)
  HIGHEST GUST SPEED    23   HIGHEST GUST DIRECTION     N (10)
  AVERAGE WIND SPEED     8.8


SKY COVER
  POSSIBLE SUNSHINE  MM
  AVERAGE SKY COVER 0.1


WEATHER CONDITIONS
 THE FOLLOWING WEATHER WAS RECORDED YESTERDAY.
  NO SIGNIFICANT WEATHER WAS OBSERVED.


RELATIVE HUMIDITY (PERCENT)
 HIGHEST    34          1200 AM
 LOWEST      6           400 PM
 AVERAGE    20

..........................................................


THE OMAK WA AIRPORT CLIMATE NORMALS FOR TODAY
                         NORMAL    RECORD    YEAR
 MAXIMUM TEMPERATURE (F)   91       104      2003
 MINIMUM TEMPERATURE (F)   59        43      1970


SUNRISE AND SUNSET
JULY 30 2014..........SUNRISE   530 AM PDT   SUNSET   838 PM PDT
JULY 31 2014..........SUNRISE   532 AM PDT   SUNSET   836 PM PDT


-  INDICATES NEGATIVE NUMBERS.
R  INDICATES RECORD WAS SET OR TIED.
MM INDICATES DATA IS MISSING.
T  INDICATES TRACE AMOUNT.




$$
