000
CDUS45 KBOI 100932
CLIONO


CLIMATE REPORT
NATIONAL WEATHER SERVICE BOISE ID
232 AM MST WED FEB 10 2016


...................................

...THE ONTARIO OR CLIMATE SUMMARY FOR FEBRUARY 9 2016...

CLIMATE NORMAL PERIOD 1981 TO 2010
CLIMATE RECORD PERIOD 1948 TO 2016


WEATHER ITEM   OBSERVED TIME   RECORD YEAR NORMAL DEPARTURE LAST
                VALUE   (LST)  VALUE       VALUE  FROM      YEAR
                                                  NORMAL
..................................................................
TEMPERATURE (F)
 YESTERDAY
  MAXIMUM         38    515 PM  61    2015  41     -3       61
  MINIMUM         30    637 AM -20    1989  22      8       48
  AVERAGE         34                        31      3       55

PRECIPITATION (IN)
  YESTERDAY        0.00          0.13 1962   0.03  -0.03     0.03
  MONTH TO DATE    0.09                      0.25  -0.16     0.69
  SINCE OCT 1      5.59                      4.84   0.75     5.71
  SINCE JAN 1      0.84                      1.43  -0.59     1.25

DEGREE DAYS
 HEATING
  YESTERDAY       31                        34     -3       10
  MONTH TO DATE  292                       311    -19      173
  SINCE DEC 1   2417                      2626   -209     2087
  SINCE JUL 1   3542                      4054   -512     3368

 COOLING
  YESTERDAY        0                         0      0        0
  MONTH TO DATE    0                         0      0        0
  SINCE DEC 1      0                         0      0        0
  SINCE JAN 1      0                         0      0        0
..................................................................


WIND (MPH)
  HIGHEST WIND SPEED     9   HIGHEST WIND DIRECTION     S (160)
  HIGHEST GUST SPEED    11   HIGHEST GUST DIRECTION    SE (150)
  AVERAGE WIND SPEED     2.1


SKY COVER
  AVERAGE SKY COVER 0.9


WEATHER CONDITIONS
 THE FOLLOWING WEATHER WAS RECORDED YESTERDAY.
  FOG


RELATIVE HUMIDITY (PERCENT)
 HIGHEST    92           700 AM
 LOWEST     76           400 PM
 AVERAGE    84

..........................................................


THE ONTARIO OR CLIMATE NORMALS FOR TODAY
                         NORMAL    RECORD    YEAR
 MAXIMUM TEMPERATURE (F)   41        66      1961
 MINIMUM TEMPERATURE (F)   22        -5      1982


SUNRISE AND SUNSET
FEBRUARY 10 2016......SUNRISE   755 AM MST   SUNSET   610 PM MST
FEBRUARY 11 2016......SUNRISE   753 AM MST   SUNSET   612 PM MST


-  INDICATES NEGATIVE NUMBERS.
R  INDICATES RECORD WAS SET OR TIED.
MM INDICATES DATA IS MISSING.
T  INDICATES TRACE AMOUNT.




$$
