000
CDUS45 KBOI 170932
CLIONO


CLIMATE REPORT
NATIONAL WEATHER SERVICE BOISE ID
332 AM MDT THU APR 17 2014


...................................

...THE ONTARIO OR CLIMATE SUMMARY FOR APRIL 16 2014...

CLIMATE NORMAL PERIOD 1981 TO 2010
CLIMATE RECORD PERIOD 1948 TO 2014


WEATHER ITEM   OBSERVED TIME   RECORD YEAR NORMAL DEPARTURE LAST
                VALUE   (LST)  VALUE       VALUE  FROM      YEAR
                                                  NORMAL
..................................................................
TEMPERATURE (F)
 YESTERDAY
  MAXIMUM         66    420 PM  87    1994  65      1       57
  MINIMUM         40    550 AM  20    1982  36      4       37
  AVERAGE         53                        50      3       47

PRECIPITATION (IN)
  YESTERDAY        0.00          0.75 1978   0.03  -0.03     0.00
  MONTH TO DATE    0.19                      0.43  -0.24     0.10
  SINCE OCT 1      4.88                      6.83  -1.95     4.24
  SINCE JAN 1      3.37                      3.42  -0.05     1.30

DEGREE DAYS
 HEATING
  YESTERDAY       12                        15     -3       18
  MONTH TO DATE  211                       261    -50      209
  SINCE MAR 1    799                       931   -132      833
  SINCE JUL 1   5555                      5561     -6     5347

 COOLING
  YESTERDAY        0                         0      0        0
  MONTH TO DATE    0                         0      0        0
  SINCE MAR 1      0                         0      0        0
  SINCE JAN 1      0                         0      0        0
..................................................................


WIND (MPH)
  HIGHEST WIND SPEED    13   HIGHEST WIND DIRECTION    SE (140)
  HIGHEST GUST SPEED    16   HIGHEST GUST DIRECTION     S (160)
  AVERAGE WIND SPEED     3.8


SKY COVER
  AVERAGE SKY COVER 0.1


WEATHER CONDITIONS
 THE FOLLOWING WEATHER WAS RECORDED YESTERDAY.
  NO SIGNIFICANT WEATHER WAS OBSERVED.


RELATIVE HUMIDITY (PERCENT)
 HIGHEST    53           700 AM
 LOWEST     16           300 PM
 AVERAGE    35

..........................................................


THE ONTARIO OR CLIMATE NORMALS FOR TODAY
                         NORMAL    RECORD    YEAR
 MAXIMUM TEMPERATURE (F)   65        87      1994
 MINIMUM TEMPERATURE (F)   36        19      1964


SUNRISE AND SUNSET
APRIL 17 2014.........SUNRISE   701 AM MDT   SUNSET   835 PM MDT
APRIL 18 2014.........SUNRISE   700 AM MDT   SUNSET   836 PM MDT


-  INDICATES NEGATIVE NUMBERS.
R  INDICATES RECORD WAS SET OR TIED.
MM INDICATES DATA IS MISSING.
T  INDICATES TRACE AMOUNT.




$$
