000
CDUS45 KBOI 180931
CLIONO


CLIMATE REPORT
NATIONAL WEATHER SERVICE BOISE ID
331 AM MDT WED OCT 18 2017


...................................

...THE ONTARIO OR CLIMATE SUMMARY FOR OCTOBER 17 2017...

CLIMATE NORMAL PERIOD 1981 TO 2010
CLIMATE RECORD PERIOD 1948 TO 2017


WEATHER ITEM   OBSERVED TIME   RECORD YEAR NORMAL DEPARTURE LAST
                VALUE   (LST)  VALUE       VALUE  FROM      YEAR
                                                  NORMAL
..................................................................
TEMPERATURE (F)
 YESTERDAY
  MAXIMUM         61    449 PM  80    1973  66     -5       65
  MINIMUM         27    704 AM  18    1970  34     -7       45
  AVERAGE         44                        50     -6       55

PRECIPITATION (IN)
  YESTERDAY        0.00          0.25 1969   0.02  -0.02     0.01
  MONTH TO DATE    0.20                      0.27  -0.07     0.41
  SINCE OCT 1      0.20                      0.27  -0.07     0.41
  SINCE JAN 1     10.09                      6.92   3.17     3.03

DEGREE DAYS
 HEATING
  YESTERDAY       21                        15      6       10
  MONTH TO DATE  260                       199     61      186
  SINCE SEP 1    393                       317     76      259
  SINCE JUL 1    393                       333     60      268

 COOLING
  YESTERDAY        0                         0      0        0
  MONTH TO DATE    0                         0      0        0
  SINCE SEP 1    141                        58     83       31
  SINCE JAN 1   1254                       851    403      976
..................................................................


WIND (MPH)
  HIGHEST WIND SPEED     9   HIGHEST WIND DIRECTION    SW (240)
  HIGHEST GUST SPEED    11   HIGHEST GUST DIRECTION    SW (230)
  AVERAGE WIND SPEED     2.9


SKY COVER
  AVERAGE SKY COVER 0.0


WEATHER CONDITIONS
 THE FOLLOWING WEATHER WAS RECORDED YESTERDAY.
  HAZE


RELATIVE HUMIDITY (PERCENT)
 HIGHEST    76          1100 PM
 LOWEST     35           500 PM
 AVERAGE    56

..........................................................


THE ONTARIO OR CLIMATE NORMALS FOR TODAY
                         NORMAL    RECORD    YEAR
 MAXIMUM TEMPERATURE (F)   65        80      1973
                                             1958
 MINIMUM TEMPERATURE (F)   34        20      1948


SUNRISE AND SUNSET
OCTOBER 18 2017.......SUNRISE   807 AM MDT   SUNSET   659 PM MDT
OCTOBER 19 2017.......SUNRISE   808 AM MDT   SUNSET   657 PM MDT


-  INDICATES NEGATIVE NUMBERS.
R  INDICATES RECORD WAS SET OR TIED.
MM INDICATES DATA IS MISSING.
T  INDICATES TRACE AMOUNT.




$$
