000
CDUS45 KBOI 190931
CLIONO


CLIMATE REPORT
NATIONAL WEATHER SERVICE BOISE ID
331 AM MDT SAT AUG 19 2017


...................................

...THE ONTARIO OR CLIMATE SUMMARY FOR AUGUST 18 2017...

CLIMATE NORMAL PERIOD 1981 TO 2010
CLIMATE RECORD PERIOD 1948 TO 2017


WEATHER ITEM   OBSERVED TIME   RECORD YEAR NORMAL DEPARTURE LAST
                VALUE   (LST)  VALUE       VALUE  FROM      YEAR
                                                  NORMAL
..................................................................
TEMPERATURE (F)
 YESTERDAY
  MAXIMUM         94    424 PM 105    1967  92      2      101
  MINIMUM         54    608 AM  38    1995  54      0       67
                                      1978
  AVERAGE         74                        73      1       84

PRECIPITATION (IN)
  YESTERDAY        0.00          0.25 1968   0.00   0.00     0.00
  MONTH TO DATE    0.02                      0.09  -0.07     0.01
  SINCE OCT 1     12.81                      9.56   3.25     7.32
  SINCE JAN 1      9.49                      6.15   3.34     2.57

DEGREE DAYS
 HEATING
  YESTERDAY        0                         0      0        0
  MONTH TO DATE    0                         0      0        0
  SINCE JUN 1     28                        57    -29       35
  SINCE JUL 1      0                         5     -5        9

 COOLING
  YESTERDAY        9                         8      1       19
  MONTH TO DATE  228                       187     41      199
  SINCE JUN 1    917                       674    243      784
  SINCE JAN 1    957                       710    247      823
..................................................................


WIND (MPH)
  HIGHEST WIND SPEED    13   HIGHEST WIND DIRECTION    NW (310)
  HIGHEST GUST SPEED    15   HIGHEST GUST DIRECTION    NW (310)
  AVERAGE WIND SPEED     4.3


SKY COVER
  AVERAGE SKY COVER 0.0


WEATHER CONDITIONS
 THE FOLLOWING WEATHER WAS RECORDED YESTERDAY.
  NO SIGNIFICANT WEATHER WAS OBSERVED.


RELATIVE HUMIDITY (PERCENT)
 HIGHEST    66           600 AM
 LOWEST     13           500 PM
 AVERAGE    40

..........................................................


THE ONTARIO OR CLIMATE NORMALS FOR TODAY
                         NORMAL    RECORD    YEAR
 MAXIMUM TEMPERATURE (F)   91       109      1967
 MINIMUM TEMPERATURE (F)   54        38      1995


SUNRISE AND SUNSET
AUGUST 19 2017........SUNRISE   657 AM MDT   SUNSET   845 PM MDT
AUGUST 20 2017........SUNRISE   658 AM MDT   SUNSET   844 PM MDT


-  INDICATES NEGATIVE NUMBERS.
R  INDICATES RECORD WAS SET OR TIED.
MM INDICATES DATA IS MISSING.
T  INDICATES TRACE AMOUNT.




$$
