000
CDUS45 KBOI 280932
CLIONO


CLIMATE REPORT
NATIONAL WEATHER SERVICE BOISE ID
331 AM MDT MON JUL 28 2014


...................................

...THE ONTARIO OR CLIMATE SUMMARY FOR JULY 27 2014...

CLIMATE NORMAL PERIOD 1981 TO 2010
CLIMATE RECORD PERIOD 1948 TO 2014


WEATHER ITEM   OBSERVED TIME   RECORD YEAR NORMAL DEPARTURE LAST
                VALUE   (LST)  VALUE       VALUE  FROM      YEAR
                                                  NORMAL
..................................................................
TEMPERATURE (F)
 YESTERDAY
  MAXIMUM        102    647 PM 107    1996  96      6       97
  MINIMUM         54    512 AM  47    1948  59     -5       76
  AVERAGE         78                        78      0       87

PRECIPITATION (IN)
  YESTERDAY        0.00          0.31 2003   0.01  -0.01     0.00
  MONTH TO DATE    0.01                      0.28  -0.27     0.00
  SINCE OCT 1      6.52                      9.45  -2.93     5.55
  SINCE JAN 1      5.01                      6.04  -1.03     2.61

DEGREE DAYS
 HEATING
  YESTERDAY        0                         0      0        0
  MONTH TO DATE    0                         0      0        0
  SINCE JUN 1     28                        52    -24       39
  SINCE JUL 1      0                         0      0        0

 COOLING
  YESTERDAY       13                        12      1       22
  MONTH TO DATE  430                       298    132      458
  SINCE JUN 1    587                       437    150      662
  SINCE JAN 1    635                       473    162      709
..................................................................


WIND (MPH)
  HIGHEST WIND SPEED     8   HIGHEST WIND DIRECTION     W (250)
  HIGHEST GUST SPEED    12   HIGHEST GUST DIRECTION     S (170)
  AVERAGE WIND SPEED     3.0


SKY COVER
  AVERAGE SKY COVER 0.0


WEATHER CONDITIONS
 THE FOLLOWING WEATHER WAS RECORDED YESTERDAY.
  NO SIGNIFICANT WEATHER WAS OBSERVED.


RELATIVE HUMIDITY (PERCENT)
 HIGHEST    55           500 AM
 LOWEST      9           600 PM
 AVERAGE    32

..........................................................


THE ONTARIO OR CLIMATE NORMALS FOR TODAY
                         NORMAL    RECORD    YEAR
 MAXIMUM TEMPERATURE (F)   96       107      1996
 MINIMUM TEMPERATURE (F)   59        43      1948


SUNRISE AND SUNSET
JULY 28 2014..........SUNRISE   632 AM MDT   SUNSET   917 PM MDT
JULY 29 2014..........SUNRISE   633 AM MDT   SUNSET   915 PM MDT


-  INDICATES NEGATIVE NUMBERS.
R  INDICATES RECORD WAS SET OR TIED.
MM INDICATES DATA IS MISSING.
T  INDICATES TRACE AMOUNT.




$$
