000
CDUS45 KBOI 010930
CLIONO


CLIMATE REPORT
NATIONAL WEATHER SERVICE BOISE ID
330 AM MDT WED JUL 1 2015


...................................

...THE ONTARIO OR CLIMATE SUMMARY FOR JUNE 30 2015...

CLIMATE NORMAL PERIOD 1981 TO 2010
CLIMATE RECORD PERIOD 1948 TO 2015


WEATHER ITEM   OBSERVED TIME   RECORD YEAR NORMAL DEPARTURE LAST
                VALUE   (LST)  VALUE       VALUE  FROM      YEAR
                                                  NORMAL
..................................................................
TEMPERATURE (F)
 YESTERDAY
  MAXIMUM        105    446 PM 106    2013  89     16       88
  MINIMUM         81    639 AM  36    1949  56     25       53
  AVERAGE         93                        72     21       71

PRECIPITATION (IN)
  YESTERDAY        0.00          0.09 1983   0.01  -0.01     0.00
  MONTH TO DATE    0.21                      0.69  -0.48     0.27
  SINCE OCT 1      8.74                      9.17  -0.43     6.51
  SINCE JAN 1      4.28                      5.76  -1.48     5.00

DEGREE DAYS
 HEATING
  YESTERDAY        0                         1     -1        0
  MONTH TO DATE    1                        53    -52       28
  SINCE JUN 1      1                        52    -51       28
  SINCE JUL 1   4793                      6002  -1209     5908

 COOLING
  YESTERDAY       28                         8     20        6
  MONTH TO DATE  365                       139    226      157
  SINCE JUN 1    365                       139    226      157
  SINCE JAN 1    398                       175    223      205
..................................................................


WIND (MPH)
  HIGHEST WIND SPEED    21   HIGHEST WIND DIRECTION    NW (320)
  HIGHEST GUST SPEED    28   HIGHEST GUST DIRECTION    NW (320)
  AVERAGE WIND SPEED    10.0


SKY COVER
  AVERAGE SKY COVER 0.0


WEATHER CONDITIONS
 THE FOLLOWING WEATHER WAS RECORDED YESTERDAY.
  NO SIGNIFICANT WEATHER WAS OBSERVED.


RELATIVE HUMIDITY (PERCENT)
 HIGHEST    40           700 AM
 LOWEST     14           500 PM
 AVERAGE    27

..........................................................


THE ONTARIO OR CLIMATE NORMALS FOR TODAY
                         NORMAL    RECORD    YEAR
 MAXIMUM TEMPERATURE (F)   89       110      2013
 MINIMUM TEMPERATURE (F)   56        40      1968


SUNRISE AND SUNSET
JULY  1 2015..........SUNRISE   609 AM MDT   SUNSET   935 PM MDT
JULY  2 2015..........SUNRISE   609 AM MDT   SUNSET   934 PM MDT


-  INDICATES NEGATIVE NUMBERS.
R  INDICATES RECORD WAS SET OR TIED.
MM INDICATES DATA IS MISSING.
T  INDICATES TRACE AMOUNT.




$$
