000
CDUS45 KBOI 200931
CLIONO


CLIMATE REPORT
NATIONAL WEATHER SERVICE BOISE ID
231 AM MST SAT DEC 20 2014


...................................

...THE ONTARIO OR CLIMATE SUMMARY FOR DECEMBER 19 2014...

CLIMATE NORMAL PERIOD 1981 TO 2010
CLIMATE RECORD PERIOD 1948 TO 2014


WEATHER ITEM   OBSERVED TIME   RECORD YEAR NORMAL DEPARTURE LAST
                VALUE   (LST)  VALUE       VALUE  FROM      YEAR
                                                  NORMAL
..................................................................
TEMPERATURE (F)
 YESTERDAY
  MAXIMUM         46    419 PM  50    2011  35     11       34
  MINIMUM         33   1122 PM  -5    1985  19     14       17
  AVERAGE         40                        27     13       26

PRECIPITATION (IN)
  YESTERDAY        0.22          0.98 1981   0.06   0.16     0.00
  MONTH TO DATE    1.12                      1.00   0.12     0.26
  SINCE OCT 1      3.04                      2.73   0.31     1.32
  SINCE JAN 1      9.00                      9.38  -0.38     5.09

DEGREE DAYS
 HEATING
  YESTERDAY       25                        38    -13       39
  MONTH TO DATE  483                       692   -209      870
  SINCE DEC 1    483                       692   -209      870
  SINCE JUL 1   1764                      2120   -356     2265

 COOLING
  YESTERDAY        0                         0      0        0
  MONTH TO DATE    0                         0      0        0
  SINCE DEC 1      0                         0      0        0
  SINCE JAN 1   1088                       852    236     1299
..................................................................


WIND (MPH)
  HIGHEST WIND SPEED    10   HIGHEST WIND DIRECTION     S (160)
  HIGHEST GUST SPEED    13   HIGHEST GUST DIRECTION    SE (150)
  AVERAGE WIND SPEED     2.5


SKY COVER
  AVERAGE SKY COVER 0.9


WEATHER CONDITIONS
 THE FOLLOWING WEATHER WAS RECORDED YESTERDAY.
  LIGHT RAIN
  FOG


RELATIVE HUMIDITY (PERCENT)
 HIGHEST    96          1100 PM
 LOWEST     82           400 PM
 AVERAGE    89

..........................................................


THE ONTARIO OR CLIMATE NORMALS FOR TODAY
                         NORMAL    RECORD    YEAR
 MAXIMUM TEMPERATURE (F)   35        55      1955
 MINIMUM TEMPERATURE (F)   19        -7      1990


SUNRISE AND SUNSET
DECEMBER 20 2014......SUNRISE   819 AM MST   SUNSET   512 PM MST
DECEMBER 21 2014......SUNRISE   820 AM MST   SUNSET   513 PM MST


-  INDICATES NEGATIVE NUMBERS.
R  INDICATES RECORD WAS SET OR TIED.
MM INDICATES DATA IS MISSING.
T  INDICATES TRACE AMOUNT.




$$
