000
CDUS45 KBOI 280931
CLIONO


CLIMATE REPORT
NATIONAL WEATHER SERVICE BOISE ID
331 AM MDT WED SEP 28 2016


...................................

...THE ONTARIO OR CLIMATE SUMMARY FOR SEPTEMBER 27 2016...

CLIMATE NORMAL PERIOD 1981 TO 2010
CLIMATE RECORD PERIOD 1948 TO 2016


WEATHER ITEM   OBSERVED TIME   RECORD YEAR NORMAL DEPARTURE LAST
                VALUE   (LST)  VALUE       VALUE  FROM      YEAR
                                                  NORMAL
..................................................................
TEMPERATURE (F)
 YESTERDAY
  MAXIMUM         85    439 PM  94    1957  76      9       81
  MINIMUM         45    714 AM  27    1971  41      4       56
  AVERAGE         65                        58      7       69

PRECIPITATION (IN)
  YESTERDAY        0.00          0.13 1991   0.02  -0.02     0.00
  MONTH TO DATE    0.05                      0.36  -0.31     0.45
  SINCE OCT 1      7.37                     10.01  -2.64     9.70
  SINCE JAN 1      2.62                      6.60  -3.98     5.24

DEGREE DAYS
 HEATING
  YESTERDAY        0                         7     -7        0
  MONTH TO DATE   73                        94    -21       73
  SINCE SEP 1     73                        94    -21       73
  SINCE JUL 1     82                       110    -28       75

 COOLING
  YESTERDAY        0                         0      0        4
  MONTH TO DATE   21                        56    -35       57
  SINCE SEP 1     21                        56    -35       57
  SINCE JAN 1    966                       849    117     1161
..................................................................


WIND (MPH)
  HIGHEST WIND SPEED     9   HIGHEST WIND DIRECTION    SW (240)
  HIGHEST GUST SPEED    11   HIGHEST GUST DIRECTION    SW (240)
  AVERAGE WIND SPEED     1.9


SKY COVER
  AVERAGE SKY COVER 0.0


WEATHER CONDITIONS
 THE FOLLOWING WEATHER WAS RECORDED YESTERDAY.
  HAZE


RELATIVE HUMIDITY (PERCENT)
 HIGHEST    76           500 AM
 LOWEST     25           400 PM
 AVERAGE    51

..........................................................


THE ONTARIO OR CLIMATE NORMALS FOR TODAY
                         NORMAL    RECORD    YEAR
 MAXIMUM TEMPERATURE (F)   76        90      2003
 MINIMUM TEMPERATURE (F)   40        28      1999


SUNRISE AND SUNSET
SEPTEMBER 28 2016.....SUNRISE   743 AM MDT   SUNSET   733 PM MDT
SEPTEMBER 29 2016.....SUNRISE   744 AM MDT   SUNSET   731 PM MDT


-  INDICATES NEGATIVE NUMBERS.
R  INDICATES RECORD WAS SET OR TIED.
MM INDICATES DATA IS MISSING.
T  INDICATES TRACE AMOUNT.




$$
