000
CDUS45 KBOI 210934
CLIONO


CLIMATE REPORT
NATIONAL WEATHER SERVICE BOISE ID
233 AM MST TUE FEB 21 2017


...................................

...THE ONTARIO OR CLIMATE SUMMARY FOR FEBRUARY 20 2017...

CLIMATE NORMAL PERIOD 1981 TO 2010
CLIMATE RECORD PERIOD 1948 TO 2017


WEATHER ITEM   OBSERVED TIME   RECORD YEAR NORMAL DEPARTURE LAST
                VALUE   (LST)  VALUE       VALUE  FROM      YEAR
                                                  NORMAL
..................................................................
TEMPERATURE (F)
 YESTERDAY
  MAXIMUM         49    404 PM  64    1995  46      3       51
  MINIMUM         34    507 AM   8    2006  24     10       32
  AVERAGE         42                        35      7       42

PRECIPITATION (IN)
  YESTERDAY        0.11          0.29 1990   0.03   0.08     0.00
  MONTH TO DATE    1.47                      0.55   0.92     0.27
  SINCE OCT 1      8.10                      5.14   2.96     5.77
  SINCE JAN 1      4.78                      1.73   3.05     1.02

DEGREE DAYS
 HEATING
  YESTERDAY       23                        30     -7       23
  MONTH TO DATE  652                       659     -7      527
  SINCE DEC 1   3516                      2974    542     2652
  SINCE JUL 1   4607                      4402    205     3777

 COOLING
  YESTERDAY        0                         0      0        0
  MONTH TO DATE    0                         0      0        0
  SINCE DEC 1      0                         0      0        0
  SINCE JAN 1      0                         0      0        0
..................................................................


WIND (MPH)
  HIGHEST WIND SPEED    17   HIGHEST WIND DIRECTION    SW (230)
  HIGHEST GUST SPEED    24   HIGHEST GUST DIRECTION    SW (240)
  AVERAGE WIND SPEED     3.1


SKY COVER
  AVERAGE SKY COVER 0.7


WEATHER CONDITIONS
 THE FOLLOWING WEATHER WAS RECORDED YESTERDAY.
  LIGHT RAIN
  FOG


RELATIVE HUMIDITY (PERCENT)
 HIGHEST   100           500 AM
 LOWEST     70           300 PM
 AVERAGE    85

..........................................................


THE ONTARIO OR CLIMATE NORMALS FOR TODAY
                         NORMAL    RECORD    YEAR
 MAXIMUM TEMPERATURE (F)   46        62      1991
 MINIMUM TEMPERATURE (F)   24         6      1952


SUNRISE AND SUNSET
FEBRUARY 21 2017......SUNRISE   738 AM MST   SUNSET   626 PM MST
FEBRUARY 22 2017......SUNRISE   736 AM MST   SUNSET   628 PM MST


-  INDICATES NEGATIVE NUMBERS.
R  INDICATES RECORD WAS SET OR TIED.
MM INDICATES DATA IS MISSING.
T  INDICATES TRACE AMOUNT.




$$
