568
CDUS45 KBOI 270931
CLIONO


CLIMATE REPORT
NATIONAL WEATHER SERVICE BOISE ID
331 AM MDT TUE JUN 27 2017


...................................

...THE ONTARIO OR CLIMATE SUMMARY FOR JUNE 26 2017...

CLIMATE NORMAL PERIOD 1981 TO 2010
CLIMATE RECORD PERIOD 1948 TO 2017


WEATHER ITEM   OBSERVED TIME   RECORD YEAR NORMAL DEPARTURE LAST
                VALUE   (LST)  VALUE       VALUE  FROM      YEAR
                                                  NORMAL
..................................................................
TEMPERATURE (F)
 YESTERDAY
  MAXIMUM         96    334 PM 106    1970  87      9       94
  MINIMUM         56    509 AM  31    1976  55      1       47
  AVERAGE         76                        71      5       71

PRECIPITATION (IN)
  YESTERDAY        T             0.37 1970   0.01  -0.01     0.00
  MONTH TO DATE    0.60                      0.63  -0.03     0.12
  SINCE OCT 1     12.78                      9.11   3.67     7.10
  SINCE JAN 1      9.46                      5.70   3.76     2.35

DEGREE DAYS
 HEATING
  YESTERDAY        0                         1     -1        0
  MONTH TO DATE   28                        49    -21       26
  SINCE JUN 1     28                        49    -21       26
  SINCE JUL 1   6046                      5999     47     4934

 COOLING
  YESTERDAY       11                         7      4        6
  MONTH TO DATE  127                       110     17      151
  SINCE JUN 1    127                       110     17      151
  SINCE JAN 1    167                       146     21      190
..................................................................


WIND (MPH)
  HIGHEST WIND SPEED    39   HIGHEST WIND DIRECTION     W (270)
  HIGHEST GUST SPEED    49   HIGHEST GUST DIRECTION     W (270)
  AVERAGE WIND SPEED     6.3


SKY COVER
  AVERAGE SKY COVER 0.0


WEATHER CONDITIONS
 THE FOLLOWING WEATHER WAS RECORDED YESTERDAY.
  LIGHT RAIN
  HAZE


RELATIVE HUMIDITY (PERCENT)
 HIGHEST    72           400 AM
 LOWEST     20           400 PM
 AVERAGE    46

..........................................................


THE ONTARIO OR CLIMATE NORMALS FOR TODAY
                         NORMAL    RECORD    YEAR
 MAXIMUM TEMPERATURE (F)   88       105      1973
 MINIMUM TEMPERATURE (F)   55        36      1976


SUNRISE AND SUNSET
JUNE 27 2017..........SUNRISE   607 AM MDT   SUNSET   935 PM MDT
JUNE 28 2017..........SUNRISE   608 AM MDT   SUNSET   935 PM MDT


-  INDICATES NEGATIVE NUMBERS.
R  INDICATES RECORD WAS SET OR TIED.
MM INDICATES DATA IS MISSING.
T  INDICATES TRACE AMOUNT.




$$
