000
CDUS45 KBOI 310937
CLIONO


CLIMATE REPORT
NATIONAL WEATHER SERVICE BOISE ID
337 AM MDT MON AUG 31 2015


...................................

...THE ONTARIO OR CLIMATE SUMMARY FOR AUGUST 30 2015...

CLIMATE NORMAL PERIOD 1981 TO 2010
CLIMATE RECORD PERIOD 1948 TO 2015


WEATHER ITEM   OBSERVED TIME   RECORD YEAR NORMAL DEPARTURE LAST
                VALUE   (LST)  VALUE       VALUE  FROM      YEAR
                                                  NORMAL
..................................................................
TEMPERATURE (F)
 YESTERDAY
  MAXIMUM         83    450 PM 103    1967  88     -5       83
  MINIMUM         50    548 AM  38    1969  51     -1       56
  AVERAGE         67                        69     -2       70

PRECIPITATION (IN)
  YESTERDAY        0.00          0.08 1977   0.01  -0.01     0.07
  MONTH TO DATE    0.02                      0.17  -0.15     0.53
  SINCE OCT 1      9.25                      9.64  -0.39     7.05
  SINCE JAN 1      4.79                      6.23  -1.44     5.54

DEGREE DAYS
 HEATING
  YESTERDAY        0                         1     -1        0
  MONTH TO DATE    0                         6     -6        0
  SINCE JUN 1      3                        63    -60       28
  SINCE JUL 1      2                        11     -9        0

 COOLING
  YESTERDAY        2                         5     -3        5
  MONTH TO DATE  339                       264     75      296
  SINCE JUN 1   1069                       751    318      949
  SINCE JAN 1   1102                       787    315      997
..................................................................


WIND (MPH)
  HIGHEST WIND SPEED    22   HIGHEST WIND DIRECTION    NW (320)
  HIGHEST GUST SPEED    28   HIGHEST GUST DIRECTION    NW (320)
  AVERAGE WIND SPEED     8.6


SKY COVER
  AVERAGE SKY COVER 0.0


WEATHER CONDITIONS
 THE FOLLOWING WEATHER WAS RECORDED YESTERDAY.
  NO SIGNIFICANT WEATHER WAS OBSERVED.


RELATIVE HUMIDITY (PERCENT)
 HIGHEST    71           600 AM
 LOWEST     20           500 PM
 AVERAGE    46

..........................................................


THE ONTARIO OR CLIMATE NORMALS FOR TODAY
                         NORMAL    RECORD    YEAR
 MAXIMUM TEMPERATURE (F)   87       102      1967
 MINIMUM TEMPERATURE (F)   50        35      1965


SUNRISE AND SUNSET
AUGUST 31 2015........SUNRISE   710 AM MDT   SUNSET   826 PM MDT
SEPTEMBER  1 2015.....SUNRISE   711 AM MDT   SUNSET   824 PM MDT


-  INDICATES NEGATIVE NUMBERS.
R  INDICATES RECORD WAS SET OR TIED.
MM INDICATES DATA IS MISSING.
T  INDICATES TRACE AMOUNT.




$$
