569
CDUS43 KLOT 260642
CLIORD


CLIMATE REPORT
NATIONAL WEATHER SERVICE CHICAGO IL
138 AM CDT TUE SEP 26 2017


...................................

...THE CHICAGO-OHARE CLIMATE SUMMARY FOR SEPTEMBER 25 2017...

CLIMATE NORMAL PERIOD 1981 TO 2010
CLIMATE RECORD PERIOD 1871 TO 2017


WEATHER ITEM   OBSERVED TIME   RECORD YEAR NORMAL DEPARTURE LAST
                VALUE   (LST)  VALUE       VALUE  FROM      YEAR
                                                  NORMAL
..................................................................
TEMPERATURE (F)
 YESTERDAY
  MAXIMUM         92R   153 PM  90    1933  71     21       85
  MINIMUM         67    559 AM  30    1942  50     17       63
  AVERAGE         80                        61     19       74

PRECIPITATION (IN)
  YESTERDAY        0.00          1.85 1961   0.11  -0.11     0.01
  MONTH TO DATE    0.32                      2.72  -2.40     1.15
  SINCE SEP 1      0.32                      2.72  -2.40     1.15
  SINCE JAN 1     32.06                     27.85   4.21    28.13

SNOWFALL (IN)
  YESTERDAY        0.0           T    1942   0.0    0.0      0.0
                                      1928
  MONTH TO DATE    0.0                       0.0    0.0      0.0
  SINCE SEP 1      0.0                       0.0    0.0      0.0
  SINCE JUL 1      T                         0.0    0.0      0.0
  SNOW DEPTH       0

DEGREE DAYS
 HEATING
  YESTERDAY        0                         6     -6        0
  MONTH TO DATE   29                        71    -42        1
  SINCE SEP 1     29                        71    -42        1
  SINCE JUL 1     34                        84    -50        1

 COOLING
  YESTERDAY       15                         1     14        9
  MONTH TO DATE  163                        87     76      165
  SINCE SEP 1    163                        87     76      165
  SINCE JAN 1    946                       827    119     1130
..................................................................


WIND (MPH)
  HIGHEST WIND SPEED    18   HIGHEST WIND DIRECTION     E (110)
  HIGHEST GUST SPEED    22   HIGHEST GUST DIRECTION    SE (120)
  AVERAGE WIND SPEED     6.4


SKY COVER
  POSSIBLE SUNSHINE  MM
  AVERAGE SKY COVER 0.2


WEATHER CONDITIONS
 THE FOLLOWING WEATHER WAS RECORDED YESTERDAY.
  HAZE


RELATIVE HUMIDITY (PERCENT)
 HIGHEST    68          1200 AM
 LOWEST     30           200 PM
 AVERAGE    49

..........................................................


THE CHICAGO-OHARE CLIMATE NORMALS FOR TODAY
                         NORMAL    RECORD    YEAR
 MAXIMUM TEMPERATURE (F)   71        90      1998
 MINIMUM TEMPERATURE (F)   50        35      1928


SUNRISE AND SUNSET
SEPTEMBER 26 2017.....SUNRISE   644 AM CDT   SUNSET   641 PM CDT
SEPTEMBER 27 2017.....SUNRISE   645 AM CDT   SUNSET   640 PM CDT


-  INDICATES NEGATIVE NUMBERS.
R  INDICATES RECORD WAS SET OR TIED.
MM INDICATES DATA IS MISSING.
T  INDICATES TRACE AMOUNT.




$$
