000
CDUS41 KAKQ 270630
CLIORF


CLIMATE REPORT
NATIONAL WEATHER SERVICE WAKEFIELD, VA
130 AM EST MON FEB 27 2017


...................................

...THE NORFOLK VA CLIMATE SUMMARY FOR FEBRUARY 26 2017...

CLIMATE NORMAL PERIOD 1981 TO 2010
CLIMATE RECORD PERIOD 1871 TO 2017


WEATHER ITEM   OBSERVED TIME   RECORD YEAR NORMAL DEPARTURE LAST
                VALUE   (LST)  VALUE       VALUE  FROM      YEAR
                                                  NORMAL
..................................................................
TEMPERATURE (F)
 YESTERDAY
  MAXIMUM         54    130 AM  78    1977  53      1       49
                                      1930
  MINIMUM         41   1134 PM  19    1990  36      5       36
                                      1967
                                      1900
  AVERAGE         48                        45      3       43

PRECIPITATION (IN)
  YESTERDAY        0.00          1.71 1891   0.11  -0.11     0.00
  MONTH TO DATE    0.66                      2.89  -2.23     6.25
  SINCE DEC 1      7.61                      9.55  -1.94    14.24
  SINCE JAN 1      5.07                      6.29  -1.22    10.87

SNOWFALL (IN)
  YESTERDAY        0.0           5.7  1963   0.1   -0.1
  MONTH TO DATE    0.0                       1.9   -1.9
  SINCE NOV 1      5.3                       5.5   -0.2
  SINCE JUL 1      5.3                       5.5   -0.2
  SNOW DEPTH       0

DEGREE DAYS
 HEATING
  YESTERDAY       17                        20     -3       22
  MONTH TO DATE  360                       586   -226      543
  SINCE DEC 1   1575                      1998   -423     1531
  SINCE JUL 1   2038                      2528   -490     1870

 COOLING
  YESTERDAY        0                         0      0        0
  MONTH TO DATE    3                         0      3        0
  SINCE DEC 1      3                         1      2       29
  SINCE JAN 1      3                         0      3        0
..................................................................


WIND (MPH)
  HIGHEST WIND SPEED    17   HIGHEST WIND DIRECTION     N (360)
  HIGHEST GUST SPEED    23   HIGHEST GUST DIRECTION     N (350)
  AVERAGE WIND SPEED     7.2


SKY COVER
  POSSIBLE SUNSHINE  MM
  AVERAGE SKY COVER 0.0


WEATHER CONDITIONS
 THE FOLLOWING WEATHER WAS RECORDED YESTERDAY.
  NO SIGNIFICANT WEATHER WAS OBSERVED.


RELATIVE HUMIDITY (PERCENT)
 HIGHEST    77           100 AM
 LOWEST     36           100 PM
 AVERAGE    57

..........................................................


THE NORFOLK VA CLIMATE NORMALS FOR TODAY
                         NORMAL    RECORD    YEAR
 MAXIMUM TEMPERATURE (F)   53        82      1997
 MINIMUM TEMPERATURE (F)   36        14      1934


SUNRISE AND SUNSET
FEBRUARY 27 2017......SUNRISE   638 AM EST   SUNSET   557 PM EST
FEBRUARY 28 2017......SUNRISE   637 AM EST   SUNSET   558 PM EST


-  INDICATES NEGATIVE NUMBERS.
R  INDICATES RECORD WAS SET OR TIED.
MM INDICATES DATA IS MISSING.
T  INDICATES TRACE AMOUNT.




$$
