000
CDUS41 KAKQ 252145
CLIORF


CLIMATE REPORT
NATIONAL WEATHER SERVICE WAKEFIELD, VA
545 PM EDT TUE APR 25 2017


...................................

...THE NORFOLK VA CLIMATE SUMMARY FOR APRIL 25 2017...
VALID TODAY AS OF 0500 PM LOCAL TIME.

CLIMATE NORMAL PERIOD 1981 TO 2010
CLIMATE RECORD PERIOD 1871 TO 2017


WEATHER ITEM   OBSERVED TIME   RECORD YEAR NORMAL DEPARTURE LAST
                VALUE   (LST)  VALUE       VALUE  FROM      YEAR
                                                  NORMAL
..................................................................
TEMPERATURE (F)
 TODAY
  MAXIMUM         77   1205 PM  96    1960  70      7       80
  MINIMUM         61    612 AM  38    1919  52      9       47
  AVERAGE         69

PRECIPITATION (IN)
  TODAY            0.16          2.53 1937   0.12   0.04     0.00
  MONTH TO DATE    2.08                      2.86  -0.78     1.96
  SINCE MAR 1      6.69                      6.54   0.15     5.42
  SINCE JAN 1     11.76                     13.06  -1.30    16.29

SNOWFALL (IN)
  TODAY            0.0
  MONTH TO DATE    0.0
  SINCE NOV 1      5.4
  SINCE JUL 1      5.4
  SNOW DEPTH       0

DEGREE DAYS
 HEATING
  TODAY            0                         6     -6        1
  MONTH TO DATE   94                       213   -119      216
  SINCE MAR 1    566                       705   -139      511
  SINCE JUL 1   2618                      3274   -656     2427

 COOLING
  TODAY            4                         2      2        0
  MONTH TO DATE   82                        30     52       21
  SINCE MAR 1     98                        36     62       39
  SINCE JAN 1    101                        37     64       39
..................................................................


WIND (MPH)
  RESULTANT WIND SPEED  10   RESULTANT WIND DIRECTION   E (100)
  HIGHEST WIND SPEED    25   HIGHEST WIND DIRECTION     E (70)
  HIGHEST GUST SPEED    37   HIGHEST GUST DIRECTION    NE (60)


SKY COVER
  POSSIBLE SUNSHINE  MM
  AVERAGE SKY COVER 0.7


WEATHER CONDITIONS
 THE FOLLOWING WEATHER WAS RECORDED TODAY.
  RAIN
  LIGHT RAIN
  FOG


RELATIVE HUMIDITY (PERCENT)
 HIGHEST    97
 LOWEST     60
 AVERAGE    79

..........................................................


THE NORFOLK VA CLIMATE NORMALS FOR TOMORROW
                         NORMAL    RECORD    YEAR
 MAXIMUM TEMPERATURE (F)   71        97      1960
 MINIMUM TEMPERATURE (F)   52        34      1888


SUNRISE AND SUNSET
APRIL 25 2017.........SUNRISE   617 AM EDT   SUNSET   749 PM EDT
APRIL 26 2017.........SUNRISE   616 AM EDT   SUNSET   749 PM EDT


-  INDICATES NEGATIVE NUMBERS.
R  INDICATES RECORD WAS SET OR TIED.
MM INDICATES DATA IS MISSING.
T  INDICATES TRACE AMOUNT.




$$
