000
CDUS41 KAKQ 230545
CLIORF


CLIMATE REPORT
NATIONAL WEATHER SERVICE WAKEFIELD, VA
145 AM EDT MON OCT 23 2017


...................................

...THE NORFOLK VA CLIMATE SUMMARY FOR OCTOBER 22 2017...

CLIMATE NORMAL PERIOD 1981 TO 2010
CLIMATE RECORD PERIOD 1871 TO 2017


WEATHER ITEM   OBSERVED TIME   RECORD YEAR NORMAL DEPARTURE LAST
                VALUE   (LST)  VALUE       VALUE  FROM      YEAR
                                                  NORMAL
..................................................................
TEMPERATURE (F)
 YESTERDAY
  MAXIMUM         77   1225 PM  84    1984  68      9       64
  MINIMUM         55    503 AM  34    1974  52      3       50
                                      1952
  AVERAGE         66                        60      6       57

PRECIPITATION (IN)
  YESTERDAY        0.00          1.48 1893   0.11  -0.11      T
  MONTH TO DATE    2.89                      2.44   0.45     9.42
  SINCE SEP 1      4.88                      7.20  -2.32    22.96
  SINCE JAN 1     43.42                     39.14   4.28    65.33

SNOWFALL (IN)
  YESTERDAY        0.0           0.0  2002   0.0    0.0
                                      2001
  MONTH TO DATE    0.0                       0.0    0.0
  SINCE NOV 1      5.4                       5.8   -0.4
  SINCE JUL 1      0.0                       0.0    0.0
  SNOW DEPTH       0

DEGREE DAYS
 HEATING
  YESTERDAY        0                         6     -6        8
  MONTH TO DATE   23                        81    -58       34
  SINCE SEP 1     23                        92    -69       34
  SINCE JUL 1     23                        92    -69       34

 COOLING
  YESTERDAY        1                         1      0        0
  MONTH TO DATE  123                        47     76       99
  SINCE SEP 1    390                       277    113      430
  SINCE JAN 1   2082                      1612    470     1982
..................................................................


WIND (MPH)
  HIGHEST WIND SPEED    14   HIGHEST WIND DIRECTION     E (90)
  HIGHEST GUST SPEED    20   HIGHEST GUST DIRECTION     E (100)
  AVERAGE WIND SPEED     3.6


SKY COVER
  POSSIBLE SUNSHINE  MM
  AVERAGE SKY COVER 0.0


WEATHER CONDITIONS
 THE FOLLOWING WEATHER WAS RECORDED YESTERDAY.
  FOG


RELATIVE HUMIDITY (PERCENT)
 HIGHEST   100           200 AM
 LOWEST     60          1200 PM
 AVERAGE    80

..........................................................


THE NORFOLK VA CLIMATE NORMALS FOR TODAY
                         NORMAL    RECORD    YEAR
 MAXIMUM TEMPERATURE (F)   68        87      2007
 MINIMUM TEMPERATURE (F)   51        34      1987


SUNRISE AND SUNSET
OCTOBER 23 2017.......SUNRISE   720 AM EDT   SUNSET   618 PM EDT
OCTOBER 24 2017.......SUNRISE   721 AM EDT   SUNSET   616 PM EDT


-  INDICATES NEGATIVE NUMBERS.
R  INDICATES RECORD WAS SET OR TIED.
MM INDICATES DATA IS MISSING.
T  INDICATES TRACE AMOUNT.




$$
