000
CDUS41 KAKQ 020627
CLIORF


CLIMATE REPORT
NATIONAL WEATHER SERVICE WAKEFIELD, VA
227 AM EDT TUE JUN 2 2015


...................................

...THE NORFOLK VA CLIMATE SUMMARY FOR JUNE 1 2015...

CLIMATE NORMAL PERIOD 1981 TO 2010
CLIMATE RECORD PERIOD 1871 TO 2015


WEATHER ITEM   OBSERVED TIME   RECORD YEAR NORMAL DEPARTURE LAST
                VALUE   (LST)  VALUE       VALUE  FROM      YEAR
                                                  NORMAL
..................................................................
TEMPERATURE (F)
 YESTERDAY
  MAXIMUM         92    221 PM  97    1880  80     12       69
  MINIMUM         72    543 AM  49    1967  63      9       54
                                      1947
                                      1894
  AVERAGE         82                        71     11       62

PRECIPITATION (IN)
  YESTERDAY        0.00          1.88 1922   0.13  -0.13     0.00
  MONTH TO DATE    0.00                      0.13  -0.13     0.00
  SINCE JUN 1      0.00                      0.13  -0.13     0.00
  SINCE JAN 1     15.00                     17.15  -2.15    19.62

SNOWFALL (IN)
  YESTERDAY        0.0           0.0  2002   0.0    0.0
                                      2001
  MONTH TO DATE    0.0                       0.0    0.0
  SINCE NOV 1     12.7                       5.8    6.9
  SINCE JUL 1     12.7                       5.8    6.9
  SNOW DEPTH       0

DEGREE DAYS
 HEATING
  YESTERDAY        0                         1     -1        3
  MONTH TO DATE    0                         1     -1        3
  SINCE JUN 1      0                         1     -1        3
  SINCE JUL 1   3599                      3372    227     3446

 COOLING
  YESTERDAY       17                         7     10        0
  MONTH TO DATE   17                         7     10        0
  SINCE JUN 1     17                         7     10        0
  SINCE JAN 1    253                       173     80      202
..................................................................


WIND (MPH)
  HIGHEST WIND SPEED    20   HIGHEST WIND DIRECTION    SE (140)
  HIGHEST GUST SPEED    24   HIGHEST GUST DIRECTION     S (170)
  AVERAGE WIND SPEED    11.9


SKY COVER
  POSSIBLE SUNSHINE  MM
  AVERAGE SKY COVER 0.2


WEATHER CONDITIONS
 THE FOLLOWING WEATHER WAS RECORDED YESTERDAY.
  NO SIGNIFICANT WEATHER WAS OBSERVED.


RELATIVE HUMIDITY (PERCENT)
 HIGHEST    84           400 AM
 LOWEST     41           100 PM
 AVERAGE    63

..........................................................


THE NORFOLK VA CLIMATE NORMALS FOR TODAY
                         NORMAL    RECORD    YEAR
 MAXIMUM TEMPERATURE (F)   80        98      1989
 MINIMUM TEMPERATURE (F)   63        45      1967


SUNRISE AND SUNSET
JUNE  2 2015..........SUNRISE   547 AM EDT   SUNSET   819 PM EDT
JUNE  3 2015..........SUNRISE   546 AM EDT   SUNSET   820 PM EDT


-  INDICATES NEGATIVE NUMBERS.
R  INDICATES RECORD WAS SET OR TIED.
MM INDICATES DATA IS MISSING.
T  INDICATES TRACE AMOUNT.




$$
