000
CDUS41 KAKQ 270545
CLIORF


CLIMATE REPORT
NATIONAL WEATHER SERVICE WAKEFIELD, VA
145 AM EDT TUE JUN 27 2017


...................................

...THE NORFOLK VA CLIMATE SUMMARY FOR JUNE 26 2017...

CLIMATE NORMAL PERIOD 1981 TO 2010
CLIMATE RECORD PERIOD 1871 TO 2017


WEATHER ITEM   OBSERVED TIME   RECORD YEAR NORMAL DEPARTURE LAST
                VALUE   (LST)  VALUE       VALUE  FROM      YEAR
                                                  NORMAL
..................................................................
TEMPERATURE (F)
 YESTERDAY
  MAXIMUM         83    403 PM 100    1952  86     -3       76
  MINIMUM         70   1115 PM  55    1979  70      0       63
  AVERAGE         77                        78     -1       70

PRECIPITATION (IN)
  YESTERDAY        0.00          2.58 1945   0.14  -0.14     0.00
  MONTH TO DATE    3.27                      3.69  -0.42     4.50
  SINCE JUN 1      3.27                      3.69  -0.42     4.50
  SINCE JAN 1     25.09                     20.71   4.38    26.73

SNOWFALL (IN)
  YESTERDAY        0.0           0.0  2002   0.0    0.0
                                      2001
  MONTH TO DATE    0.0                       0.0    0.0
  SINCE NOV 1      5.4                       5.8   -0.4
  SINCE JUL 1      5.4                       5.8   -0.4
  SNOW DEPTH       0

DEGREE DAYS
 HEATING
  YESTERDAY        0                         0      0        0
  MONTH TO DATE    2                         4     -2        0
  SINCE JUN 1      2                         4     -2        0
  SINCE JUL 1   2667                      3375   -708     2522

 COOLING
  YESTERDAY       12                        13     -1        5
  MONTH TO DATE  336                       260     76      276
  SINCE JUN 1    336                       260     76      276
  SINCE JAN 1    657                       426    231      433
..................................................................


WIND (MPH)
  HIGHEST WIND SPEED    13   HIGHEST WIND DIRECTION    SE (150)
  HIGHEST GUST SPEED    19   HIGHEST GUST DIRECTION    SE (130)
  AVERAGE WIND SPEED     6.6


SKY COVER
  POSSIBLE SUNSHINE  MM
  AVERAGE SKY COVER 0.1


WEATHER CONDITIONS
 THE FOLLOWING WEATHER WAS RECORDED YESTERDAY.
  NO SIGNIFICANT WEATHER WAS OBSERVED.


RELATIVE HUMIDITY (PERCENT)
 HIGHEST    73           600 AM
 LOWEST     37           500 PM
 AVERAGE    55

..........................................................


THE NORFOLK VA CLIMATE NORMALS FOR TODAY
                         NORMAL    RECORD    YEAR
 MAXIMUM TEMPERATURE (F)   86       100      1876
 MINIMUM TEMPERATURE (F)   70        53      1979


SUNRISE AND SUNSET
JUNE 27 2017..........SUNRISE   548 AM EDT   SUNSET   828 PM EDT
JUNE 28 2017..........SUNRISE   548 AM EDT   SUNSET   828 PM EDT


-  INDICATES NEGATIVE NUMBERS.
R  INDICATES RECORD WAS SET OR TIED.
MM INDICATES DATA IS MISSING.
T  INDICATES TRACE AMOUNT.




$$
