000
CDUS41 KAKQ 062236
CLIORF


CLIMATE REPORT
NATIONAL WEATHER SERVICE WAKEFIELD, VA
535 PM EST SAT FEB 6 2016


...................................

...THE NORFOLK VA CLIMATE SUMMARY FOR FEBRUARY 6 2016...
VALID TODAY AS OF 0500 PM LOCAL TIME.

CLIMATE NORMAL PERIOD 1981 TO 2010
CLIMATE RECORD PERIOD 1871 TO 2016


WEATHER ITEM   OBSERVED TIME   RECORD YEAR NORMAL DEPARTURE LAST
                VALUE   (LST)  VALUE       VALUE  FROM      YEAR
                                                  NORMAL
..................................................................
TEMPERATURE (F)
 TODAY
  MAXIMUM         44    204 PM  80    2008  49     -5       39
  MINIMUM         36    724 AM  10    1917  33      3       20
  AVERAGE         40

PRECIPITATION (IN)
  TODAY            0.00          1.44 1896   0.10  -0.10     0.00
  MONTH TO DATE    4.16                      0.66   3.50     0.31
  SINCE DEC 1     12.15                      7.32   4.83     7.65
  SINCE JAN 1      8.78                      4.06   4.72     3.95

SNOWFALL (IN)
  TODAY            0.0
  MONTH TO DATE    0.2
  SINCE NOV 1      3.0
  SINCE JUL 1      3.0
  SNOW DEPTH       0

DEGREE DAYS
 HEATING
  TODAY           25                        24      1       35
  MONTH TO DATE   89                       144    -55      168
  SINCE DEC 1   1077                      1556   -479     1539
  SINCE JUL 1   1416                      2086   -670     2102

 COOLING
  TODAY            0                         0      0        0
  MONTH TO DATE    0                         0      0        0
  SINCE DEC 1     29                         1     28        0
  SINCE JAN 1      0                         0      0        0
..................................................................


WIND (MPH)
  RESULTANT WIND SPEED   7   RESULTANT WIND DIRECTION   N (20)
  HIGHEST WIND SPEED    13   HIGHEST WIND DIRECTION    NE (30)
  HIGHEST GUST SPEED    16   HIGHEST GUST DIRECTION     N (20)


SKY COVER
  POSSIBLE SUNSHINE  MM
  AVERAGE SKY COVER 0.0


WEATHER CONDITIONS
 THE FOLLOWING WEATHER WAS RECORDED TODAY.
  NO SIGNIFICANT WEATHER WAS OBSERVED.


RELATIVE HUMIDITY (PERCENT)
 HIGHEST    64
 LOWEST     41
 AVERAGE    53

..........................................................


THE NORFOLK VA CLIMATE NORMALS FOR TOMORROW
                         NORMAL    RECORD    YEAR
 MAXIMUM TEMPERATURE (F)   50        76      1904
 MINIMUM TEMPERATURE (F)   33        13      1996
                                             1910


SUNRISE AND SUNSET
FEBRUARY  6 2016......SUNRISE   703 AM EST   SUNSET   535 PM EST
FEBRUARY  7 2016......SUNRISE   702 AM EST   SUNSET   536 PM EST


-  INDICATES NEGATIVE NUMBERS.
R  INDICATES RECORD WAS SET OR TIED.
MM INDICATES DATA IS MISSING.
T  INDICATES TRACE AMOUNT.




$$
