000
CDUS41 KAKQ 160829
CLIORF


CLIMATE REPORT
NATIONAL WEATHER SERVICE WAKEFIELD, VA
429 AM EDT TUE SEP 16 2014


...................................

...THE NORFOLK VA CLIMATE SUMMARY FOR SEPTEMBER 15 2014...

CLIMATE NORMAL PERIOD 1981 TO 2010
CLIMATE RECORD PERIOD 1871 TO 2014


WEATHER ITEM   OBSERVED TIME   RECORD YEAR NORMAL DEPARTURE LAST
                VALUE   (LST)  VALUE       VALUE  FROM      YEAR
                                                  NORMAL
..................................................................
TEMPERATURE (F)
 YESTERDAY
  MAXIMUM         73   1224 PM  93    1938  80     -7       76
  MINIMUM         63   1245 AM  51    1985  66     -3       57
  AVERAGE         68                        73     -5       67

PRECIPITATION (IN)
  YESTERDAY        0.00          5.03 1999   0.16  -0.16     0.00
  MONTH TO DATE    7.03                      2.52   4.51     0.36
  SINCE SEP 1      7.03                      2.52   4.51     0.36
  SINCE JAN 1     39.44                     34.46   4.98    33.63

SNOWFALL (IN)
  YESTERDAY        0.0           0.0  2002   0.0    0.0
                                      2001
  MONTH TO DATE    0.0                       0.0    0.0
  SINCE NOV 1     15.5                       5.8    9.7
  SINCE JUL 1      0.0                       0.0    0.0
  SNOW DEPTH       0

DEGREE DAYS
 HEATING
  YESTERDAY        0                         0      0        0
  MONTH TO DATE    0                         0      0        0
  SINCE SEP 1      0                         0      0        0
  SINCE JUL 1      0                         0      0        0

 COOLING
  YESTERDAY        3                         8     -5        2
  MONTH TO DATE  193                       143     50      170
  SINCE SEP 1    193                       143     50      170
  SINCE JAN 1   1566                      1478     88     1619
..................................................................


WIND (MPH)
  HIGHEST WIND SPEED    10   HIGHEST WIND DIRECTION    SE (150)
  HIGHEST GUST SPEED    18   HIGHEST GUST DIRECTION     S (160)
  AVERAGE WIND SPEED     4.2


SKY COVER
  POSSIBLE SUNSHINE  MM
  AVERAGE SKY COVER 0.7


WEATHER CONDITIONS
 THE FOLLOWING WEATHER WAS RECORDED YESTERDAY.
  NO SIGNIFICANT WEATHER WAS OBSERVED.


RELATIVE HUMIDITY (PERCENT)
 HIGHEST    78           100 AM
 LOWEST     57          1200 PM
 AVERAGE    68

..........................................................


THE NORFOLK VA CLIMATE NORMALS FOR TODAY
                         NORMAL    RECORD    YEAR
 MAXIMUM TEMPERATURE (F)   79        94      1956
 MINIMUM TEMPERATURE (F)   66        50      1966


SUNRISE AND SUNSET
SEPTEMBER 16 2014.....SUNRISE   648 AM EDT   SUNSET   711 PM EDT
SEPTEMBER 17 2014.....SUNRISE   649 AM EDT   SUNSET   709 PM EDT


-  INDICATES NEGATIVE NUMBERS.
R  INDICATES RECORD WAS SET OR TIED.
MM INDICATES DATA IS MISSING.
T  INDICATES TRACE AMOUNT.




$$
