000
CDUS41 KAKQ 240545
CLIORF


CLIMATE REPORT
NATIONAL WEATHER SERVICE WAKEFIELD, VA
145 AM EDT WED MAY 24 2017


...................................

...THE NORFOLK VA CLIMATE SUMMARY FOR MAY 23 2017...

CLIMATE NORMAL PERIOD 1981 TO 2010
CLIMATE RECORD PERIOD 1871 TO 2017


WEATHER ITEM   OBSERVED TIME   RECORD YEAR NORMAL DEPARTURE LAST
                VALUE   (LST)  VALUE       VALUE  FROM      YEAR
                                                  NORMAL
..................................................................
TEMPERATURE (F)
 YESTERDAY
  MAXIMUM         68   1244 AM  95    1944  77     -9       66
                                      1941
  MINIMUM         60   1159 PM  45    2002  60      0       57
  AVERAGE         64                        69     -5       62

PRECIPITATION (IN)
  YESTERDAY        1.38R         1.22 2016   0.11   1.27     1.22
  MONTH TO DATE    5.84                      2.43   3.41     4.32
  SINCE MAR 1     14.03                      9.52   4.51    10.56
  SINCE JAN 1     19.10                     16.04   3.06    21.43

SNOWFALL (IN)
  YESTERDAY        0.0           0.0  2002   0.0    0.0
                                      2001
  MONTH TO DATE    0.0                       0.0    0.0
  SINCE NOV 1      5.4                       5.8   -0.4
  SINCE JUL 1      5.4                       5.8   -0.4
  SNOW DEPTH       0

DEGREE DAYS
 HEATING
  YESTERDAY        1                         1      0        3
  MONTH TO DATE   43                        63    -20       70
  SINCE MAR 1    609                       794   -185      606
  SINCE JUL 1   2661                      3363   -702     2522

 COOLING
  YESTERDAY        0                         5     -5        0
  MONTH TO DATE  100                        75     25       33
  SINCE MAR 1    260                       118    142       81
  SINCE JAN 1    263                       119    144       81
..................................................................


WIND (MPH)
  HIGHEST WIND SPEED    20   HIGHEST WIND DIRECTION    NE (30)
  HIGHEST GUST SPEED    26   HIGHEST GUST DIRECTION    NE (50)
  AVERAGE WIND SPEED    10.5


SKY COVER
  POSSIBLE SUNSHINE  MM
  AVERAGE SKY COVER 0.8


WEATHER CONDITIONS
 THE FOLLOWING WEATHER WAS RECORDED YESTERDAY.
  HEAVY RAIN
  RAIN
  LIGHT RAIN
  FOG


RELATIVE HUMIDITY (PERCENT)
 HIGHEST   100           600 AM
 LOWEST     93          1200 AM
 AVERAGE    97

..........................................................


THE NORFOLK VA CLIMATE NORMALS FOR TODAY
                         NORMAL    RECORD    YEAR
 MAXIMUM TEMPERATURE (F)   77        92      2011
                                             1964
                                             1962
 MINIMUM TEMPERATURE (F)   60        46      1931


SUNRISE AND SUNSET
MAY 24 2017...........SUNRISE   551 AM EDT   SUNSET   813 PM EDT
MAY 25 2017...........SUNRISE   550 AM EDT   SUNSET   814 PM EDT


-  INDICATES NEGATIVE NUMBERS.
R  INDICATES RECORD WAS SET OR TIED.
MM INDICATES DATA IS MISSING.
T  INDICATES TRACE AMOUNT.




$$
