000
CDUS41 KBOX 260547
CLIORH


CLIMATE REPORT
NATIONAL WEATHER SERVICE TAUNTON MA
1241 AM EST FRI DEC 26 2014


...................................

...THE WORCESTER MA CLIMATE SUMMARY FOR DECEMBER 25 2014...

CLIMATE NORMAL PERIOD 1981 TO 2010
CLIMATE RECORD PERIOD 1892 TO 2014


WEATHER ITEM   OBSERVED TIME   RECORD YEAR NORMAL DEPARTURE LAST
                VALUE   (LST)  VALUE       VALUE  FROM      YEAR
                                                  NORMAL
..................................................................
TEMPERATURE (F)
 YESTERDAY
  MAXIMUM         59    547 AM  60    1964  34     25       21
  MINIMUM         38   1159 PM -11    1980  20     18       11
  AVERAGE         49                        27     22       16

PRECIPITATION (IN)
  YESTERDAY        0.15          1.15 1986   0.12   0.03     0.00
  MONTH TO DATE    4.88                      3.15   1.73     3.20
  SINCE DEC 1      4.88                      3.15   1.73     3.20
  SINCE JAN 1     53.56                     47.40   6.16    44.50

SNOWFALL (IN)
  YESTERDAY        0.0          10.5  2002   0.6   -0.6      0.0
  MONTH TO DATE    1.5                      11.2   -9.7     18.1
  SINCE DEC 1      1.5                      11.2   -9.7     18.1
  SINCE JUL 1      8.7                      14.0   -5.3     18.6
  SNOW DEPTH       0

DEGREE DAYS
 HEATING
  YESTERDAY       16                        38    -22       49
  MONTH TO DATE  759                       864   -105      916
  SINCE DEC 1    759                       864   -105      916
  SINCE JUL 1   2137                      2266   -129     2328

 COOLING
  YESTERDAY        0                         0      0        0
  MONTH TO DATE    0                         0      0        0
  SINCE DEC 1      0                         0      0        0
  SINCE JAN 1    426                       471    -45      572
..................................................................


WIND (MPH)
  RESULTANT WIND SPEED  17   RESULTANT WIND DIRECTION   W (260)
  HIGHEST WIND SPEED    31   HIGHEST WIND DIRECTION     W (280)
  HIGHEST GUST SPEED    42   HIGHEST GUST DIRECTION     W (270)
  AVERAGE WIND SPEED    18.6


SKY COVER
  POSSIBLE SUNSHINE  MM
  AVERAGE SKY COVER 0.6


WEATHER CONDITIONS
 THE FOLLOWING WEATHER WAS RECORDED YESTERDAY.
  LIGHT RAIN
  FOG
  FOG W/VISIBILITY <= 1/4 MILE


RELATIVE HUMIDITY (PERCENT)
 HIGHEST   100          1200 AM
 LOWEST     50           200 PM
 AVERAGE    75

..........................................................


THE WORCESTER MA CLIMATE NORMALS FOR TODAY
                         NORMAL    RECORD    YEAR
 MAXIMUM TEMPERATURE (F)   33        58      1964
 MINIMUM TEMPERATURE (F)   19       -11      1980
                                             1968


SUNRISE AND SUNSET
DECEMBER 26 2014......SUNRISE   715 AM EST   SUNSET   421 PM EST
DECEMBER 27 2014......SUNRISE   715 AM EST   SUNSET   422 PM EST


-  INDICATES NEGATIVE NUMBERS.
R  INDICATES RECORD WAS SET OR TIED.
MM INDICATES DATA IS MISSING.
T  INDICATES TRACE AMOUNT.




$$
