000
CDUS41 KBOX 270555
CLIORH


CLIMATE REPORT
NATIONAL WEATHER SERVICE TAUNTON MA
152 AM EDT FRI MAR 27 2015


...................................

...THE WORCESTER MA CLIMATE SUMMARY FOR MARCH 26 2015...

CLIMATE NORMAL PERIOD 1981 TO 2010
CLIMATE RECORD PERIOD 1892 TO 2015


WEATHER ITEM   OBSERVED TIME   RECORD YEAR NORMAL DEPARTURE LAST
                VALUE   (LST)  VALUE       VALUE  FROM      YEAR
                                                  NORMAL
..................................................................
TEMPERATURE (F)
 YESTERDAY
  MAXIMUM         49   1142 AM  71    1949  46      3       31
                                      1922
  MINIMUM         36   1202 AM   2    1960  30      6       17
  AVERAGE         43                        38      5       24

PRECIPITATION (IN)
  YESTERDAY        0.40          1.75 1988   0.14   0.26     0.00
  MONTH TO DATE    2.17                      3.49  -1.32     1.30
  SINCE MAR 1      2.17                      3.49  -1.32     1.30
  SINCE JAN 1     10.48                     10.21   0.27     8.48

SNOWFALL (IN)
  YESTERDAY        0.0           2.8  2001   0.3   -0.3      0.0
  MONTH TO DATE    8.2                      10.2   -2.0      3.4
  SINCE MAR 1      8.2                      10.2   -2.0      3.4
  SINCE JUL 1    116.8                      60.1   56.7     84.3
  SNOW DEPTH      MM

DEGREE DAYS
 HEATING
  YESTERDAY       22                        27     -5       41
  MONTH TO DATE  931                       809    122      985
  SINCE MAR 1    931                       809    122      985
  SINCE JUL 1   6045                      5646    399     6039

 COOLING
  YESTERDAY        0                         0      0        0
  MONTH TO DATE    0                         0      0        0
  SINCE MAR 1      0                         0      0        0
  SINCE JAN 1      0                         0      0        0
..................................................................


WIND (MPH)
  RESULTANT WIND SPEED   9   RESULTANT WIND DIRECTION  SW (240)
  HIGHEST WIND SPEED    21   HIGHEST WIND DIRECTION    SW (230)
  HIGHEST GUST SPEED    24   HIGHEST GUST DIRECTION    SW (240)
  AVERAGE WIND SPEED    10.8


SKY COVER
  POSSIBLE SUNSHINE  MM
  AVERAGE SKY COVER 1.0


WEATHER CONDITIONS
 THE FOLLOWING WEATHER WAS RECORDED YESTERDAY.
  HEAVY RAIN
  LIGHT RAIN
  FOG
  FOG W/VISIBILITY <= 1/4 MILE


RELATIVE HUMIDITY (PERCENT)
 HIGHEST   100          1200 AM
 LOWEST     89           600 AM
 AVERAGE    95

..........................................................


THE WORCESTER MA CLIMATE NORMALS FOR TODAY
                         NORMAL    RECORD    YEAR
 MAXIMUM TEMPERATURE (F)   47        77      1945
 MINIMUM TEMPERATURE (F)   30        11      1975


SUNRISE AND SUNSET
MARCH 27 2015.........SUNRISE   639 AM EDT   SUNSET   707 PM EDT
MARCH 28 2015.........SUNRISE   637 AM EDT   SUNSET   708 PM EDT


-  INDICATES NEGATIVE NUMBERS.
R  INDICATES RECORD WAS SET OR TIED.
MM INDICATES DATA IS MISSING.
T  INDICATES TRACE AMOUNT.




$$
