000
CDUS41 KBOX 050527
CLIORH


CLIMATE REPORT
NATIONAL WEATHER SERVICE TAUNTON MA
126 AM EDT THU MAY 5 2016


...................................

...THE WORCESTER MA CLIMATE SUMMARY FOR MAY 4 2016...

CLIMATE NORMAL PERIOD 1981 TO 2010
CLIMATE RECORD PERIOD 1892 TO 2016


WEATHER ITEM   OBSERVED TIME   RECORD YEAR NORMAL DEPARTURE LAST
                VALUE   (LST)  VALUE       VALUE  FROM      YEAR
                                                  NORMAL
..................................................................
TEMPERATURE (F)
 YESTERDAY
  MAXIMUM         46   1258 PM  89    1944  62    -16       82
  MINIMUM         39   1159 PM  29    1986  43     -4       52
                                      1946
  AVERAGE         43                        53    -10       67

PRECIPITATION (IN)
  YESTERDAY        0.20          2.68 1893   0.13   0.07     0.00
  MONTH TO DATE    0.90                      0.50   0.40     0.00
  SINCE MAR 1      7.02                      8.82  -1.80     5.39
  SINCE JAN 1     14.41                     15.54  -1.13    13.70

SNOWFALL (IN)
  YESTERDAY        0.0           0.3  1986  -0.1    0.1      0.0
  MONTH TO DATE    0.0                       0.0    0.0      0.0
  SINCE MAR 1     15.5                      14.2    1.3     11.1
  SINCE JUL 1     47.2                      64.1  -16.9    119.7
  SNOW DEPTH      MM

DEGREE DAYS
 HEATING
  YESTERDAY       22                        13      9        0
  MONTH TO DATE   84                        52     32       35
  SINCE MAR 1   1456                      1562   -106     1679
  SINCE JUL 1   5515                      6399   -884     6793

 COOLING
  YESTERDAY        0                         0      0        2
  MONTH TO DATE    0                         0      0        2
  SINCE MAR 1      4                         3      1        2
  SINCE JAN 1      4                         3      1        2
..................................................................


WIND (MPH)
  RESULTANT WIND SPEED   9   RESULTANT WIND DIRECTION  NE (60)
  HIGHEST WIND SPEED    18   HIGHEST WIND DIRECTION    NE (50)
  HIGHEST GUST SPEED    27   HIGHEST GUST DIRECTION    NE (30)
  AVERAGE WIND SPEED    10.0


SKY COVER
  POSSIBLE SUNSHINE  MM
  AVERAGE SKY COVER 1.0


WEATHER CONDITIONS
 THE FOLLOWING WEATHER WAS RECORDED YESTERDAY.
  RAIN
  LIGHT RAIN
  FOG


RELATIVE HUMIDITY (PERCENT)
 HIGHEST    96          1200 AM
 LOWEST     76          1200 PM
 AVERAGE    86

..........................................................


THE WORCESTER MA CLIMATE NORMALS FOR TODAY
                         NORMAL    RECORD    YEAR
 MAXIMUM TEMPERATURE (F)   63        89      1949
                                             1944
 MINIMUM TEMPERATURE (F)   44        28      1926


SUNRISE AND SUNSET
MAY  5 2016...........SUNRISE   537 AM EDT   SUNSET   752 PM EDT
MAY  6 2016...........SUNRISE   536 AM EDT   SUNSET   753 PM EDT


-  INDICATES NEGATIVE NUMBERS.
R  INDICATES RECORD WAS SET OR TIED.
MM INDICATES DATA IS MISSING.
T  INDICATES TRACE AMOUNT.




$$
