442
CDUS41 KBOX 262155
CLIORH


CLIMATE REPORT
NATIONAL WEATHER SERVICE TAUNTON MA
544 PM EDT WED JUL 26 2017


...................................

...THE WORCESTER MA CLIMATE SUMMARY FOR JULY 26 2017...
VALID AS OF 0500 PM LOCAL TIME.

CLIMATE NORMAL PERIOD 1981 TO 2010
CLIMATE RECORD PERIOD 1892 TO 2017


WEATHER ITEM   OBSERVED TIME   RECORD YEAR NORMAL DEPARTURE LAST
                VALUE   (LST)  VALUE       VALUE  FROM      YEAR
                                                  NORMAL
..................................................................
TEMPERATURE (F)
 TODAY
  MAXIMUM         76    319 PM  94    1892  79     -3       87
  MINIMUM         56    504 AM  51    1936  62     -6       69
  AVERAGE         66                        71     -5       78

PRECIPITATION (IN)
  TODAY            0.00          2.63 1900   0.14  -0.14     0.00
  MONTH TO DATE    2.20                      3.51  -1.31     1.52
  SINCE JUN 1      6.53                      7.70  -1.17     3.18
  SINCE JAN 1     27.61                     26.93   0.68    18.90

SNOWFALL (IN)
  TODAY            0.0           0.0  2002   0.0    0.0      0.0
                                      2001
                                      2000
  MONTH TO DATE    0.0                       0.0    0.0      0.0
  SINCE JUN 1      0.0                       0.0    0.0      0.0
  SINCE JUL 1      0.0                       0.0    0.0      0.0
  SNOW DEPTH      MM

DEGREE DAYS
 HEATING
  TODAY            0                         0      0        0
  MONTH TO DATE   26                         9     17        9
  SINCE JUN 1    112                        92     20       60
  SINCE JUL 1     26                         9     17        9

 COOLING
  TODAY            1                         6     -5       13
  MONTH TO DATE  154                       147      7      197
  SINCE JUN 1    260                       231     29      269
  SINCE JAN 1    294                       253     41      311
..................................................................


WIND (MPH)
  HIGHEST WIND SPEED    12   HIGHEST WIND DIRECTION    NW (300)
  HIGHEST GUST SPEED    16   HIGHEST GUST DIRECTION     W (290)
  AVERAGE WIND SPEED     6.0


SKY COVER
  POSSIBLE SUNSHINE  MM
  AVERAGE SKY COVER 0.1


WEATHER CONDITIONS
 THE FOLLOWING WEATHER WAS RECORDED TODAY.
  NO SIGNIFICANT WEATHER WAS OBSERVED.


RELATIVE HUMIDITY (PERCENT)
 HIGHEST    93           400 AM
 LOWEST     44           900 AM
 AVERAGE    69

..........................................................


THE WORCESTER MA CLIMATE NORMALS FOR TOMORROW
                         NORMAL    RECORD    YEAR
 MAXIMUM TEMPERATURE (F)   79        93      1949
                                             1940
                                             1892
 MINIMUM TEMPERATURE (F)   62        46      1946


SUNRISE AND SUNSET
JULY 26 2017..........SUNRISE   534 AM EDT   SUNSET   813 PM EDT
JULY 27 2017..........SUNRISE   535 AM EDT   SUNSET   812 PM EDT


-  INDICATES NEGATIVE NUMBERS.
R  INDICATES RECORD WAS SET OR TIED.
MM INDICATES DATA IS MISSING.
T  INDICATES TRACE AMOUNT.




$$
