000
CDUS41 KBOX 170545
CLIORH


CLIMATE REPORT
NATIONAL WEATHER SERVICE TAUNTON MA
1241 AM EST TUE JAN 17 2017


...................................

...THE WORCESTER MA CLIMATE SUMMARY FOR JANUARY 16 2017...

CLIMATE NORMAL PERIOD 1981 TO 2010
CLIMATE RECORD PERIOD 1892 TO 2017


WEATHER ITEM   OBSERVED TIME   RECORD YEAR NORMAL DEPARTURE LAST
                VALUE   (LST)  VALUE       VALUE  FROM      YEAR
                                                  NORMAL
..................................................................
TEMPERATURE (F)
 YESTERDAY
  MAXIMUM         36    350 PM  60    1932  31      5       37
  MINIMUM         18    507 AM -12    2004  16      2       30
                                      1994
  AVERAGE         27                        24      3       34

PRECIPITATION (IN)
  YESTERDAY        0.00          1.66 1936   0.12  -0.12     0.55
  MONTH TO DATE    2.19                      1.78   0.41     1.85
  SINCE DEC 1      5.99                      5.60   0.39     6.50
  SINCE JAN 1      2.19                      1.78   0.41     1.85

SNOWFALL (IN)
  YESTERDAY        0.0           7.2  1961   0.6   -0.6      0.9
  MONTH TO DATE    7.7                       8.9   -1.2      4.1
  SINCE DEC 1     25.2                      23.3    1.9      5.5
  SINCE JUL 1     25.2                      26.1   -0.9      5.5
  SNOW DEPTH       0

DEGREE DAYS
 HEATING
  YESTERDAY       38                        41     -3       31
  MONTH TO DATE  602                       652    -50      592
  SINCE DEC 1   1692                      1754    -62     1316
  SINCE JUL 1   2879                      3156   -277     2465

 COOLING
  YESTERDAY        0                         0      0        0
  MONTH TO DATE    0                         0      0        0
  SINCE DEC 1      0                         0      0        0
  SINCE JAN 1      0                         0      0        0
..................................................................


WIND (MPH)
  RESULTANT WIND SPEED  11   RESULTANT WIND DIRECTION   W (250)
  HIGHEST WIND SPEED    21   HIGHEST WIND DIRECTION    SW (240)
  HIGHEST GUST SPEED    25   HIGHEST GUST DIRECTION     W (250)
  AVERAGE WIND SPEED    12.2


SKY COVER
  POSSIBLE SUNSHINE  MM
  AVERAGE SKY COVER 0.0


WEATHER CONDITIONS
 THE FOLLOWING WEATHER WAS RECORDED YESTERDAY.
  NO SIGNIFICANT WEATHER WAS OBSERVED.


RELATIVE HUMIDITY (PERCENT)
 HIGHEST    73           700 AM
 LOWEST     38           100 PM
 AVERAGE    56

..........................................................


THE WORCESTER MA CLIMATE NORMALS FOR TODAY
                         NORMAL    RECORD    YEAR
 MAXIMUM TEMPERATURE (F)   31        55      1973
 MINIMUM TEMPERATURE (F)   16        -9      1982


SUNRISE AND SUNSET
JANUARY 17 2017.......SUNRISE   713 AM EST   SUNSET   443 PM EST
JANUARY 18 2017.......SUNRISE   712 AM EST   SUNSET   444 PM EST


-  INDICATES NEGATIVE NUMBERS.
R  INDICATES RECORD WAS SET OR TIED.
MM INDICATES DATA IS MISSING.
T  INDICATES TRACE AMOUNT.




$$
