000
CDUS46 KMFR 290835
CLIOTH


CLIMATE REPORT
NATIONAL WEATHER SERVICE MEDFORD, OR
135 AM PDT FRI APR 29 2016


...................................

...THE NORTH BEND OR CLIMATE SUMMARY FOR APRIL 28 2016...

CLIMATE NORMAL PERIOD 1981 TO 2010
CLIMATE RECORD PERIOD 1902 TO 2016


WEATHER ITEM   OBSERVED TIME   RECORD YEAR NORMAL DEPARTURE LAST
                VALUE   (LST)  VALUE       VALUE  FROM      YEAR
                                                  NORMAL
..................................................................
TEMPERATURE (F)
 YESTERDAY
  MAXIMUM         57        MM  76    1992  57      0       55
  MINIMUM         52        MM  29    1913  44      8       45
  AVERAGE         55                        51      4       50

PRECIPITATION (IN)
  YESTERDAY        0.00          0.92 1995   0.13  -0.13     0.02
  MONTH TO DATE    3.37                      4.92  -1.55     3.08
  SINCE OCT 1     55.52                     56.62  -1.10    41.94
  SINCE JAN 1     29.89                     30.53  -0.64    18.64

SNOWFALL (IN)
  YESTERDAY       MM
  SNOW DEPTH      MM

DEGREE DAYS
 HEATING
  YESTERDAY       10                        14     -4       15
  MONTH TO DATE  289                       447   -158      423
  SINCE MAR 1    712                       985   -273      826
  SINCE JUL 1   3037                      4159  -1122     2930

 COOLING
  YESTERDAY        0                         0      0        0
  MONTH TO DATE    6                         0      6        0
  SINCE MAR 1      6                         0      6        0
  SINCE JAN 1      8                         0      8        0
..................................................................


WIND (MPH)
  HIGHEST WIND SPEED    15   HIGHEST WIND DIRECTION     N (350)
  HIGHEST GUST SPEED    21   HIGHEST GUST DIRECTION     N (350)
  AVERAGE WIND SPEED     8.5


SKY COVER
  POSSIBLE SUNSHINE  MM
  AVERAGE SKY COVER 0.8


WEATHER CONDITIONS
 THE FOLLOWING WEATHER WAS RECORDED YESTERDAY.
  NO SIGNIFICANT WEATHER WAS OBSERVED.


RELATIVE HUMIDITY (PERCENT)
 HIGHEST    89          1200 AM
 LOWEST     72           200 PM

..........................................................


THE NORTH BEND OR CLIMATE NORMALS FOR TODAY
                         NORMAL    RECORD    YEAR
 MAXIMUM TEMPERATURE (F)   57        77      2014
 MINIMUM TEMPERATURE (F)   45        28      1922


SUNRISE AND SUNSET
APRIL 29 2016.........SUNRISE   612 AM PDT   SUNSET   817 PM PDT
APRIL 30 2016.........SUNRISE   610 AM PDT   SUNSET   819 PM PDT


-  INDICATES NEGATIVE NUMBERS.
R  INDICATES RECORD WAS SET OR TIED.
MM INDICATES DATA IS MISSING.
T  INDICATES TRACE AMOUNT.




$$
