000
CDUS46 KMFR 230835
CLIOTH


CLIMATE REPORT
NATIONAL WEATHER SERVICE MEDFORD, OR
135 AM PDT SAT JUL 23 2016


...................................

...THE NORTH BEND OR CLIMATE SUMMARY FOR JULY 22 2016...

CLIMATE NORMAL PERIOD 1981 TO 2010
CLIMATE RECORD PERIOD 1902 TO 2016


WEATHER ITEM   OBSERVED TIME   RECORD YEAR NORMAL DEPARTURE LAST
                VALUE   (LST)  VALUE       VALUE  FROM      YEAR
                                                  NORMAL
..................................................................
TEMPERATURE (F)
 YESTERDAY
  MAXIMUM         70        MM  77    1904  65      5       70
  MINIMUM         59   1100 PM  39    1917  53      6       52
  AVERAGE         65                        59      6       61

PRECIPITATION (IN)
  YESTERDAY        0.00          1.04 1993   0.01  -0.01     0.00
  MONTH TO DATE    0.90                      0.40   0.50     0.00
  SINCE OCT 1     57.85                     62.61  -4.76    42.54
  SINCE JAN 1     32.22                     36.52  -4.30    19.24

SNOWFALL (IN)
  YESTERDAY       MM
  SNOW DEPTH      MM

DEGREE DAYS
 HEATING
  YESTERDAY        0                         6     -6        4
  MONTH TO DATE   80                       143    -63       60
  SINCE JUN 1    270                       410   -140      284
  SINCE JUL 1     80                       143    -63       60

 COOLING
  YESTERDAY        0                         0      0        0
  MONTH TO DATE    1                         0      1        4
  SINCE JUN 1      1                         0      1        4
  SINCE JAN 1      9                         0      9        4
..................................................................


WIND (MPH)
  HIGHEST WIND SPEED    22   HIGHEST WIND DIRECTION     N (350)
  HIGHEST GUST SPEED    29   HIGHEST GUST DIRECTION     N (360)
  AVERAGE WIND SPEED     9.7


SKY COVER
  POSSIBLE SUNSHINE  MM
  AVERAGE SKY COVER 0.5


WEATHER CONDITIONS
 THE FOLLOWING WEATHER WAS RECORDED YESTERDAY.
  NO SIGNIFICANT WEATHER WAS OBSERVED.


RELATIVE HUMIDITY (PERCENT)
 HIGHEST    97           700 AM
 LOWEST     57          1100 AM

..........................................................


THE NORTH BEND OR CLIMATE NORMALS FOR TODAY
                         NORMAL    RECORD    YEAR
 MAXIMUM TEMPERATURE (F)   65        82      1924
 MINIMUM TEMPERATURE (F)   53        43      1926


SUNRISE AND SUNSET
JULY 23 2016..........SUNRISE   558 AM PDT   SUNSET   848 PM PDT
JULY 24 2016..........SUNRISE   559 AM PDT   SUNSET   847 PM PDT


-  INDICATES NEGATIVE NUMBERS.
R  INDICATES RECORD WAS SET OR TIED.
MM INDICATES DATA IS MISSING.
T  INDICATES TRACE AMOUNT.




$$
