000
CDUS46 KMFR 210839
CLIOTH


CLIMATE REPORT
NATIONAL WEATHER SERVICE MEDFORD, OR
139 AM PDT TUE OCT 21 2014


...................................

...THE NORTH BEND OR CLIMATE SUMMARY FOR OCTOBER 20 2014...

CLIMATE NORMAL PERIOD 1981 TO 2010
CLIMATE RECORD PERIOD 1902 TO 2014


WEATHER ITEM   OBSERVED TIME   RECORD YEAR NORMAL DEPARTURE LAST
                VALUE   (LST)  VALUE       VALUE  FROM      YEAR
                                                  NORMAL
..................................................................
TEMPERATURE (F)
 YESTERDAY
  MAXIMUM         66        MM  91    1925  60      6       55
  MINIMUM         54        MM  32    1949  46      8       46
  AVERAGE         60                        53      7       51

PRECIPITATION (IN)
  YESTERDAY        0.27          2.04 1985   0.17   0.10     0.00
  MONTH TO DATE    2.39                      2.43  -0.04     0.74
  SINCE SEP 1      4.22                      4.01   0.21     6.69
  SINCE JAN 1     26.67                     41.25 -14.58    24.62

SNOWFALL (IN)
  YESTERDAY       MM
  SNOW DEPTH      MM

DEGREE DAYS
 HEATING
  YESTERDAY        5                        12     -7       14
  MONTH TO DATE   86                       218   -132      211
  SINCE SEP 1    189                       447   -258      330
  SINCE JUL 1    454                       826   -372      497

 COOLING
  YESTERDAY        0                         0      0        0
  MONTH TO DATE    6                         0      6        0
  SINCE SEP 1     16                         1     15        1
  SINCE JAN 1     28                         2     26       13
..................................................................


WIND (MPH)
  HIGHEST WIND SPEED    20   HIGHEST WIND DIRECTION    SW (210)
  HIGHEST GUST SPEED    31   HIGHEST GUST DIRECTION    SW (210)
  AVERAGE WIND SPEED     8.4


SKY COVER
  POSSIBLE SUNSHINE  MM
  AVERAGE SKY COVER 0.7


WEATHER CONDITIONS
 THE FOLLOWING WEATHER WAS RECORDED YESTERDAY.
  NO SIGNIFICANT WEATHER WAS OBSERVED.


RELATIVE HUMIDITY (PERCENT)
 HIGHEST   100          1200 AM
 LOWEST     73           100 PM

..........................................................


THE NORTH BEND OR CLIMATE NORMALS FOR TODAY
                         NORMAL    RECORD    YEAR
 MAXIMUM TEMPERATURE (F)   60        80      1998
 MINIMUM TEMPERATURE (F)   46        30      1928


SUNRISE AND SUNSET
OCTOBER 21 2014.......SUNRISE   738 AM PDT   SUNSET   624 PM PDT
OCTOBER 22 2014.......SUNRISE   740 AM PDT   SUNSET   623 PM PDT


-  INDICATES NEGATIVE NUMBERS.
R  INDICATES RECORD WAS SET OR TIED.
MM INDICATES DATA IS MISSING.
T  INDICATES TRACE AMOUNT.




$$
