000
CDUS46 KMFR 010038
CLIOTH


CLIMATE REPORT
NATIONAL WEATHER SERVICE MEDFORD, OR
538 PM PDT TUE MAY 31 2016


...................................

...THE NORTH BEND OR CLIMATE SUMMARY FOR MAY 31 2016...
VALID TODAY AS OF 0500 PM LOCAL TIME.

CLIMATE NORMAL PERIOD 1981 TO 2010
CLIMATE RECORD PERIOD 1902 TO 2016


WEATHER ITEM   OBSERVED TIME   RECORD YEAR NORMAL DEPARTURE LAST
                VALUE   (LST)  VALUE       VALUE  FROM      YEAR
                                                  NORMAL
..................................................................
TEMPERATURE (F)
 TODAY
  MAXIMUM         70        MM  84    1970  60     10       63
  MINIMUM         46    300 AM  32    1920  49     -3       50
  AVERAGE         58                        55      3       57

PRECIPITATION (IN)
  TODAY            0.00          1.19 1943   0.10  -0.10     0.22
  MONTH TO DATE    0.61                      3.39  -2.78     0.31
  SINCE OCT 1     56.17                     60.26  -4.09    42.25
  SINCE JAN 1     30.54                     34.17  -3.63    18.95

SNOWFALL (IN)
  TODAY           MM                         0.0   MM       MM
  MONTH TO DATE   MM                         0.0   MM       MM
  SINCE JUL 1      0.0                       0.4   -0.4     MM
  SNOW DEPTH      MM

DEGREE DAYS
 HEATING
  TODAY            7                        10     -3        8
  MONTH TO DATE  257                       375   -118      290
  SINCE MAR 1    990                      1386   -396     1143
  SINCE JUL 1   3315                      4560  -1245     3247

 COOLING
  TODAY            0                         0      0        0
  MONTH TO DATE    0                         0      0        0
  SINCE MAR 1      6                         0      6        0
  SINCE JAN 1      8                         0      8        0
..................................................................


WIND (MPH)
  HIGHEST WIND SPEED    18   HIGHEST WIND DIRECTION     N (360)
  HIGHEST GUST SPEED    23   HIGHEST GUST DIRECTION     N (360)
  AVERAGE WIND SPEED     6.9


SKY COVER
  POSSIBLE SUNSHINE  MM
  AVERAGE SKY COVER 0.1


WEATHER CONDITIONS
 THE FOLLOWING WEATHER WAS RECORDED TODAY.
  NO SIGNIFICANT WEATHER WAS OBSERVED.


RELATIVE HUMIDITY (PERCENT)
 HIGHEST   100          1200 AM
 LOWEST     47          1200 PM

..........................................................


THE NORTH BEND OR CLIMATE NORMALS FOR TOMORROW
                         NORMAL    RECORD    YEAR
 MAXIMUM TEMPERATURE (F)   60        80      1970
 MINIMUM TEMPERATURE (F)   49        36      1920


SUNRISE AND SUNSET
MAY 31 2016...........SUNRISE   539 AM PDT   SUNSET   851 PM PDT
JUNE  1 2016..........SUNRISE   539 AM PDT   SUNSET   851 PM PDT


-  INDICATES NEGATIVE NUMBERS.
R  INDICATES RECORD WAS SET OR TIED.
MM INDICATES DATA IS MISSING.
T  INDICATES TRACE AMOUNT.




$$
