000
CDUS46 KMFR 180836
CLIOTH


CLIMATE REPORT
NATIONAL WEATHER SERVICE MEDFORD, OR
136 AM PDT FRI APR 18 2014


...................................

...THE NORTH BEND OR CLIMATE SUMMARY FOR APRIL 17 2014...

CLIMATE NORMAL PERIOD 1981 TO 2010
CLIMATE RECORD PERIOD 1902 TO 2014


WEATHER ITEM   OBSERVED TIME   RECORD YEAR NORMAL DEPARTURE LAST
                VALUE   (LST)  VALUE       VALUE  FROM      YEAR
                                                  NORMAL
..................................................................
TEMPERATURE (F)
 YESTERDAY
  MAXIMUM         57        MM  78    1983  55      2       55
  MINIMUM         48   1100 PM  31    1911  43      5       46
  AVERAGE         53                        49      4       51

PRECIPITATION (IN)
  YESTERDAY        0.15          1.67 1978   0.16  -0.01     0.00
  MONTH TO DATE    0.75                      3.26  -2.51     2.52
  SINCE SEP 1     28.39                     56.54 -28.15    38.26
  SINCE JAN 1     16.82                     28.87 -12.05    12.16

SNOWFALL (IN)
  YESTERDAY       MM
  SNOW DEPTH      MM

DEGREE DAYS
 HEATING
  YESTERDAY       12                        16     -4       14
  MONTH TO DATE  241                       281    -40      263
  SINCE MAR 1    677                       819   -142      775
  SINCE JUL 1   3474                      3993   -519     3813

 COOLING
  YESTERDAY        0                         0      0        0
  MONTH TO DATE    0                         0      0        0
  SINCE MAR 1      0                         0      0        0
  SINCE JAN 1      0                         0      0        0
..................................................................


WIND (MPH)
  HIGHEST WIND SPEED    14   HIGHEST WIND DIRECTION    SW (240)
  HIGHEST GUST SPEED    22   HIGHEST GUST DIRECTION    SW (220)
  AVERAGE WIND SPEED     6.1


SKY COVER
  POSSIBLE SUNSHINE  MM
  AVERAGE SKY COVER 1.0


WEATHER CONDITIONS
 THE FOLLOWING WEATHER WAS RECORDED YESTERDAY.
  NO SIGNIFICANT WEATHER WAS OBSERVED.


RELATIVE HUMIDITY (PERCENT)
 HIGHEST   100           300 AM
 LOWEST     86           100 PM

..........................................................


THE NORTH BEND OR CLIMATE NORMALS FOR TODAY
                         NORMAL    RECORD    YEAR
 MAXIMUM TEMPERATURE (F)   55        74      1918
 MINIMUM TEMPERATURE (F)   43        30      1922


SUNRISE AND SUNSET
APRIL 18 2014.........SUNRISE   630 AM PDT   SUNSET   804 PM PDT
APRIL 19 2014.........SUNRISE   628 AM PDT   SUNSET   805 PM PDT


-  INDICATES NEGATIVE NUMBERS.
R  INDICATES RECORD WAS SET OR TIED.
MM INDICATES DATA IS MISSING.
T  INDICATES TRACE AMOUNT.




$$
