000
CDUS46 KMFR 060843
CLIOTH


CLIMATE REPORT
NATIONAL WEATHER SERVICE MEDFORD, OR
1243 AM PST FRI MAR 6 2015


...................................

...THE NORTH BEND OR CLIMATE SUMMARY FOR MARCH 5 2015...

CLIMATE NORMAL PERIOD 1981 TO 2010
CLIMATE RECORD PERIOD 1902 TO 2015


WEATHER ITEM   OBSERVED TIME   RECORD YEAR NORMAL DEPARTURE LAST
                VALUE   (LST)  VALUE       VALUE  FROM      YEAR
                                                  NORMAL
..................................................................
TEMPERATURE (F)
 YESTERDAY
  MAXIMUM         59        MM  68    1984  54      5       63
  MINIMUM         36        MM  28    1976  41     -5       55
  AVERAGE         48                        47      1       59

PRECIPITATION (IN)
  YESTERDAY        0.00          2.10 1974   0.27  -0.27     0.72
  MONTH TO DATE    0.24                      1.39  -1.15     1.06
  SINCE OCT 1     33.75                     45.26 -11.51    17.40
  SINCE JAN 1     10.45                     19.17  -8.72    11.78

SNOWFALL (IN)
  YESTERDAY       MM
  SNOW DEPTH      MM

DEGREE DAYS
 HEATING
  YESTERDAY       17                        18     -1        6
  MONTH TO DATE   94                        90      4       45
  SINCE MAR 1     94                        90      4       45
  SINCE JUL 1   2198                      3264  -1066     2842

 COOLING
  YESTERDAY        0                         0      0        0
  MONTH TO DATE    0                         0      0        0
  SINCE MAR 1      0                         0      0        0
  SINCE JAN 1      0                         0      0        0
..................................................................


WIND (MPH)
  HIGHEST WIND SPEED     7   HIGHEST WIND DIRECTION     W (280)
  HIGHEST GUST SPEED    MM   HIGHEST GUST DIRECTION    MM
  AVERAGE WIND SPEED     4.7


SKY COVER
  POSSIBLE SUNSHINE  MM
  AVERAGE SKY COVER  MM


WEATHER CONDITIONS
 THE FOLLOWING WEATHER WAS RECORDED YESTERDAY.
  NO SIGNIFICANT WEATHER WAS OBSERVED.


RELATIVE HUMIDITY (PERCENT)
 HIGHEST    MM
 LOWEST     MM

..........................................................


THE NORTH BEND OR CLIMATE NORMALS FOR TODAY
                         NORMAL    RECORD    YEAR
 MAXIMUM TEMPERATURE (F)   54        75      1905
 MINIMUM TEMPERATURE (F)   41        28      1918


SUNRISE AND SUNSET
MARCH  6 2015.........SUNRISE   645 AM PST   SUNSET   612 PM PST
MARCH  7 2015.........SUNRISE   643 AM PST   SUNSET   613 PM PST


-  INDICATES NEGATIVE NUMBERS.
R  INDICATES RECORD WAS SET OR TIED.
MM INDICATES DATA IS MISSING.
T  INDICATES TRACE AMOUNT.




$$
