000
CDUS46 KMFR 230037
CLIOTH


CLIMATE REPORT
NATIONAL WEATHER SERVICE MEDFORD, OR
437 PM PST WED FEB 22 2017


...................................

...THE NORTH BEND OR CLIMATE SUMMARY FOR FEBRUARY 22 2017...
VALID TODAY AS OF 0400 PM LOCAL TIME.

CLIMATE NORMAL PERIOD 1981 TO 2010
CLIMATE RECORD PERIOD 1902 TO 2017


WEATHER ITEM   OBSERVED TIME   RECORD YEAR NORMAL DEPARTURE LAST
                VALUE   (LST)  VALUE       VALUE  FROM      YEAR
                                                  NORMAL
..................................................................
TEMPERATURE (F)
 TODAY
  MAXIMUM         46        MM  68    2005  53     -7       61
  MINIMUM         41        MM  22    1913  40      1       37
  AVERAGE         44                        47     -3       49

PRECIPITATION (IN)
  TODAY            0.07          2.12 1986   0.27  -0.20     0.00
  MONTH TO DATE   13.07                      5.94   7.13     3.57
  SINCE OCT 1     56.10                     42.22  13.88    41.40
  SINCE JAN 1     21.95                     16.13   5.82    15.77

SNOWFALL (IN)
  TODAY           MM                         0.0   MM       MM
  MONTH TO DATE   MM                         0.3   MM       MM
  SINCE JUL 1      0.0                       0.4   -0.4      0.0
  SNOW DEPTH      MM

DEGREE DAYS
 HEATING
  TODAY           21                        18      3       16
  MONTH TO DATE  339                       413    -74      286
  SINCE DEC 1   1641                      1616     25     1226
  SINCE JUL 1   2637                      3068   -431     2233

 COOLING
  TODAY            0                         0      0        0
  MONTH TO DATE    0                         0      0        2
  SINCE DEC 1      0                         0      0        2
  SINCE JAN 1      0                         0      0        2
..................................................................


WIND (MPH)
  HIGHEST WIND SPEED    15   HIGHEST WIND DIRECTION     W (270)
  HIGHEST GUST SPEED    23   HIGHEST GUST DIRECTION     W (270)
  AVERAGE WIND SPEED     4.8


SKY COVER
  POSSIBLE SUNSHINE  MM
  AVERAGE SKY COVER 0.9


WEATHER CONDITIONS
 THE FOLLOWING WEATHER WAS RECORDED TODAY.
  NO SIGNIFICANT WEATHER WAS OBSERVED.


RELATIVE HUMIDITY (PERCENT)
 HIGHEST   100           100 AM
 LOWEST     76           200 PM

..........................................................


THE NORTH BEND OR CLIMATE NORMALS FOR TOMORROW
                         NORMAL    RECORD    YEAR
 MAXIMUM TEMPERATURE (F)   53        72      1921
 MINIMUM TEMPERATURE (F)   40        24      1920


SUNRISE AND SUNSET
FEBRUARY 22 2017......SUNRISE   704 AM PST   SUNSET   557 PM PST
FEBRUARY 23 2017......SUNRISE   702 AM PST   SUNSET   559 PM PST


-  INDICATES NEGATIVE NUMBERS.
R  INDICATES RECORD WAS SET OR TIED.
MM INDICATES DATA IS MISSING.
T  INDICATES TRACE AMOUNT.




$$
