000
CDUS46 KMFR 250838
CLIOTH


CLIMATE REPORT
NATIONAL WEATHER SERVICE MEDFORD, OR
138 AM PDT SUN JUN 25 2017


...................................

...THE NORTH BEND OR CLIMATE SUMMARY FOR JUNE 24 2017...

CLIMATE NORMAL PERIOD 1981 TO 2010
CLIMATE RECORD PERIOD 1902 TO 2017


WEATHER ITEM   OBSERVED TIME   RECORD YEAR NORMAL DEPARTURE LAST
                VALUE   (LST)  VALUE       VALUE  FROM      YEAR
                                                  NORMAL
..................................................................
TEMPERATURE (F)
 YESTERDAY
  MAXIMUM         66        MM 100    1925  63      3       66
  MINIMUM         52        MM  36    1911  51      1       52
  AVERAGE         59                        57      2       59

PRECIPITATION (IN)
  YESTERDAY        0.00          1.39 1971   0.04  -0.04     0.00
  MONTH TO DATE    2.18                      1.76   0.42     0.78
  SINCE OCT 1     81.15                     62.02  19.13    56.95
  SINCE JAN 1     47.00                     35.93  11.07    31.32

SNOWFALL (IN)
  YESTERDAY       MM
  SNOW DEPTH      MM

DEGREE DAYS
 HEATING
  YESTERDAY        6                         8     -2        6
  MONTH TO DATE  158                       220    -62      153
  SINCE JUN 1    158                       220    -62      153
  SINCE JUL 1   4092                      4780   -688     3468

 COOLING
  YESTERDAY        0                         0      0        0
  MONTH TO DATE    0                         0      0        0
  SINCE JUN 1      0                         0      0        0
  SINCE JAN 1      0                         0      0        8
..................................................................


WIND (MPH)
  HIGHEST WIND SPEED    14   HIGHEST WIND DIRECTION     W (260)
  HIGHEST GUST SPEED    MM   HIGHEST GUST DIRECTION    MM
  AVERAGE WIND SPEED     7.0


SKY COVER
  POSSIBLE SUNSHINE  MM
  AVERAGE SKY COVER  MM


WEATHER CONDITIONS
 THE FOLLOWING WEATHER WAS RECORDED YESTERDAY.
  NO SIGNIFICANT WEATHER WAS OBSERVED.


RELATIVE HUMIDITY (PERCENT)
 HIGHEST    MM
 LOWEST     MM

..........................................................


THE NORTH BEND OR CLIMATE NORMALS FOR TODAY
                         NORMAL    RECORD    YEAR
 MAXIMUM TEMPERATURE (F)   63        91      1925
 MINIMUM TEMPERATURE (F)   51        42      1920
                                             1939


SUNRISE AND SUNSET
JUNE 25 2017..........SUNRISE   538 AM PDT   SUNSET   902 PM PDT
JUNE 26 2017..........SUNRISE   538 AM PDT   SUNSET   902 PM PDT


-  INDICATES NEGATIVE NUMBERS.
R  INDICATES RECORD WAS SET OR TIED.
MM INDICATES DATA IS MISSING.
T  INDICATES TRACE AMOUNT.




$$
