000
CDUS46 KOTX 270828
CLIOTX


CLIMATE REPORT
NATIONAL WEATHER SERVICE SPOKANE, WA
1225 AM PST SAT DEC 27 2014


...................................

...THE SPOKANE  WA WFO CLIMATE SUMMARY FOR DECEMBER 26 2014...

CLIMATE NORMAL PERIOD 1981 TO 2010
CLIMATE RECORD PERIOD 1881 TO 2014


WEATHER ITEM   OBSERVED TIME   RECORD YEAR NORMAL DEPARTURE LAST
                VALUE   (LST)  VALUE       VALUE  FROM      YEAR
                                                  NORMAL
..................................................................
TEMPERATURE (F)
 YESTERDAY
  MAXIMUM         29     MM     MM     MM   31     -2       33
  MINIMUM         17     MM     MM     MM   19     -2       19
  AVERAGE         23                        25     -2       26

PRECIPITATION (IN)
  YESTERDAY        0.00         MM     MM   0.08  -0.08     0.00
  MONTH TO DATE    1.73                     2.14  -0.41     0.67
  SINCE OCT 1      4.56                     5.64  -1.08     2.51
  SINCE JAN 1     16.53                    16.69  -0.16    12.97

SNOWFALL (IN)
  YESTERDAY        0.0          MM     MM   0.6   -0.6      0.0
  MONTH TO DATE    0.8                     13.8  -13.0      3.4
  SINCE DEC 1      0.8                     13.8  -13.0      3.4
  SINCE JUL 1      1.3                     21.7  -20.4      6.4
  SNOW DEPTH       0

DEGREE DAYS
 HEATING
  YESTERDAY       42                        40      2       39
  MONTH TO DATE  803                      1017   -214     1072
  SINCE DEC 1    803                      1017   -214     1072
  SINCE JUL 1   2382                      2899   -517     2928

 COOLING
  YESTERDAY        0                         0      0        0
  MONTH TO DATE    0                         0      0        0
  SINCE DEC 1      0                         0      0        0
  SINCE JAN 1    408                       249    159      383
..................................................................


WIND (MPH)
  HIGHEST WIND SPEED    MM   HIGHEST WIND DIRECTION    MM
  HIGHEST GUST SPEED    MM   HIGHEST GUST DIRECTION    MM
  AVERAGE WIND SPEED    MM


SKY COVER
  POSSIBLE SUNSHINE  MM
  AVERAGE SKY COVER  MM


WEATHER CONDITIONS
 THE FOLLOWING WEATHER WAS RECORDED YESTERDAY.
  FOG
  FOG W/VISIBILITY <= 1/4 MILE


RELATIVE HUMIDITY (PERCENT)
 HIGHEST    MM
 LOWEST     MM
 AVERAGE    MM

..........................................................


THE SPOKANE  WA WFO CLIMATE NORMALS FOR TODAY
                         NORMAL    RECORD    YEAR
 MAXIMUM TEMPERATURE (F)   31        MM        MM
 MINIMUM TEMPERATURE (F)   19        MM        MM


SUNRISE AND SUNSET
DECEMBER 27 2014......SUNRISE   738 AM PST   SUNSET   405 PM PST
DECEMBER 28 2014......SUNRISE   739 AM PST   SUNSET   406 PM PST


-  INDICATES NEGATIVE NUMBERS.
R  INDICATES RECORD WAS SET OR TIED.
MM INDICATES DATA IS MISSING.
T  INDICATES TRACE AMOUNT.

$$
