000
CDUS46 KOTX 160822
CLIOTX


CLIMATE REPORT
NATIONAL WEATHER SERVICE SPOKANE, WA
1221 AM PST TUE JAN 16 2018


...................................

...THE SPOKANE  WA WFO CLIMATE SUMMARY FOR JANUARY 15 2018...

CLIMATE NORMAL PERIOD 1981 TO 2010
CLIMATE RECORD PERIOD 1881 TO 2018


WEATHER ITEM   OBSERVED TIME   RECORD YEAR NORMAL DEPARTURE LAST
                VALUE   (LST)  VALUE       VALUE  FROM      YEAR
                                                  NORMAL
..................................................................
TEMPERATURE (F)
 YESTERDAY
  MAXIMUM         43        MM  MM      MM  33     10       11
  MINIMUM         27        MM  MM      MM  22      5       -4
  AVERAGE         35                        28      7        4

PRECIPITATION (IN)
  YESTERDAY        0.00         MM      MM   0.06  -0.06     0.00
  MONTH TO DATE    1.19                      1.03   0.16     0.73
  SINCE OCT 1      8.47                      7.06   1.41    11.10
  SINCE JAN 1      1.19                      1.03   0.16     0.73

SNOWFALL (IN)
  YESTERDAY        0.0          MM      MM   0.5   -0.5      0.0
  MONTH TO DATE    8.0                       8.7   -0.7     10.9
  SINCE DEC 1     24.1                      25.7   -1.6     29.8
  SINCE JUL 1     29.8                      33.6   -3.8     32.0
  SNOW DEPTH       4

DEGREE DAYS
 HEATING
  YESTERDAY       30                        37     -7       61
  MONTH TO DATE  520                       578    -58      807
  SINCE DEC 1   1739                      1794    -55     2151
  SINCE JUL 1   3503                      3676   -173     3707

 COOLING
  YESTERDAY        0                         0      0        0
  MONTH TO DATE    0                         0      0        0
  SINCE DEC 1      0                         0      0        0
  SINCE JAN 1      0                         0      0        0
..................................................................


WIND (MPH)
  HIGHEST WIND SPEED    MM   HIGHEST WIND DIRECTION    MM
  HIGHEST GUST SPEED    MM   HIGHEST GUST DIRECTION    MM
  AVERAGE WIND SPEED    MM


SKY COVER
  POSSIBLE SUNSHINE  MM
  AVERAGE SKY COVER  MM


WEATHER CONDITIONS
 THE FOLLOWING WEATHER WAS RECORDED YESTERDAY.
  NO SIGNIFICANT WEATHER WAS OBSERVED.


RELATIVE HUMIDITY (PERCENT)
 HIGHEST    MM
 LOWEST     MM
 AVERAGE    MM

..........................................................


THE SPOKANE  WA WFO CLIMATE NORMALS FOR TODAY
                         NORMAL    RECORD    YEAR
 MAXIMUM TEMPERATURE (F)   33        MM        MM
 MINIMUM TEMPERATURE (F)   23        MM        MM


SUNRISE AND SUNSET
JANUARY 16 2018.......SUNRISE   733 AM PST   SUNSET   428 PM PST
JANUARY 17 2018.......SUNRISE   733 AM PST   SUNSET   429 PM PST


-  INDICATES NEGATIVE NUMBERS.
R  INDICATES RECORD WAS SET OR TIED.
MM INDICATES DATA IS MISSING.
T  INDICATES TRACE AMOUNT.




$$
