000
CDAK49 PAFG 280941
CLIOTZ

CLIMATE REPORT
NATIONAL WEATHER SERVICE FAIRBANKS AK
141 AM AKDT WED SEP 28 2016


...................................

...THE KOTZEBUE AK CLIMATE SUMMARY FOR SEPTEMBER 27 2016...

CLIMATE NORMAL PERIOD 1981 TO 2010
CLIMATE RECORD PERIOD 1920 TO 2016


WEATHER ITEM   OBSERVED TIME   RECORD YEAR NORMAL DEPARTURE LAST
                VALUE   (LST)  VALUE       VALUE  FROM      YEAR
                                                  NORMAL
..................................................................
TEMPERATURE (F)
 YESTERDAY
  MAXIMUM         43   1142 PM  55    1966  41      2       35
  MINIMUM         28    524 AM  17    1992  32     -4       30
  AVERAGE         36                        37     -1       33

PRECIPITATION (IN)
  YESTERDAY        0.02          0.58 1960   0.05  -0.03     0.01
  MONTH TO DATE    1.71                      1.44   0.27     0.56
  SINCE SEP 1      1.71                      1.44   0.27     0.56
  SINCE JAN 1      7.45                      8.32  -0.87     7.60

SNOWFALL (IN)
  YESTERDAY        0.0           2.2  1957   0.1   -0.1     MM
  MONTH TO DATE    0.2                       0.6   -0.4       T
  SINCE SEP 1      0.2                       0.6   -0.4       T
  SINCE JUL 1      0.2                       0.6   -0.4       T
  SNOW DEPTH       0

DEGREE DAYS
 HEATING
  YESTERDAY       29                        28      1       32
  MONTH TO DATE  559                       591    -32      631
  SINCE SEP 1    559                       591    -32      631
  SINCE JUL 1   1051                      1329   -278     1251

 COOLING
  YESTERDAY        0                         0      0        0
  MONTH TO DATE    0                         0      0        0
  SINCE SEP 1      0                         0      0        0
  SINCE JAN 1      5                         5      0       16
..................................................................


WIND (MPH)
  HIGHEST GUST SPEED    33   HIGHEST GUST DIRECTION    SE (130)


SKY COVER
  AVERAGE SKY COVER 0.6


WEATHER CONDITIONS
 THE FOLLOWING WEATHER WAS RECORDED YESTERDAY.
  LIGHT RAIN


RELATIVE HUMIDITY (PERCENT)
 HIGHEST    89
 LOWEST     75
 AVERAGE    82

..........................................................


THE KOTZEBUE AK CLIMATE NORMALS FOR TODAY
                         NORMAL    RECORD    YEAR
 MAXIMUM TEMPERATURE (F)   40        55      1995
 MINIMUM TEMPERATURE (F)   32        14      1992


SUNRISE AND SUNSET
SEPTEMBER 28 2016.....SUNRISE   855 AM AKDT  SUNSET   826 PM AKDT
SEPTEMBER 29 2016.....SUNRISE   858 AM AKDT  SUNSET   822 PM AKDT

-  INDICATES NEGATIVE NUMBERS.
R  INDICATES RECORD WAS SET OR TIED.
MM INDICATES DATA IS MISSING.
T  INDICATES TRACE AMOUNT.

&&

SNOW DEPTH IS MEASURED AT 3AM AKST/4AM AKDT.

----------------------------
AVAILABLE DAYLIGHT

AMOUNT OF DAYLIGHT TODAY  (HOUR:MIN)........11:30
GAIN/LOSS SINCE YESTERDAY (HOUR:MIN:SEC)....-0:07:17

$$
SDB SEP 16
