000
CDAK49 PAOT 281315
CLIOTZ

CLIMATE REPORT
NATIONAL WEATHER SERVICE KOTZEBUE, AK
415 AM AKST SUN DEC 28 2014

...................................
...THE KOTZEBUE WSO AP CLIMATE SUMMARY FOR DECEMBER 27 2014...

CLIMATE NORMAL PERIOD  1981 TO  2010
CLIMATE RECORD PERIOD  1897 TO  2014

WEATHER ITEM   OBSERVED TIME    RECORD YEAR NORMAL DEPARTURE LAST
               VALUE    (LST)   VALUE       VALUE  FROM      YEAR
                                                   NORMAL
...................................................................
TEMPERATURE
YESTERDAY
 MAXIMUM            14  1159 PM    34  2001      7       7    -14
 MINIMUM           -15  0116 AM   -46  1957     -7      -8    -22
 AVERAGE            -1                           0      -1    -18

PRECIPITATION
(INCHES)
 YESTERDAY        0.00           0.39  1965   0.02   -0.02   0.00
 MONTH TO DATE    0.09                        0.66   -0.57   0.76
 SINCE DEC 1      0.09                        0.66   -0.57   0.76
 SINCE JAN 1      9.35                       10.90   -1.55  12.07

SNOWFALL
(INCHES)
 YESTERDAY         0.0            5.9  1965    0.3    -0.3    0.0
 MONTH TO DATE     1.0                        10.1    -9.1    7.1
 SINCE DEC 1       1.0                        10.1    -9.1    7.1
 SINCE JUL 1       5.7                        27.5   -21.8   18.8
 SNOW DEPTH (IN)     2                                          7

DEGREE DAYS
 HEATING
  YESTERDAY         66                          65       1     83
  MONTH TO DATE   1612                        1681     -69   1586
  SINCE DEC 1     1607                        1681     -74   1581
  SINCE JUL 1     5282                        6040    -758   5466

 COOLING
  YESTERDAY          0                           0       0      0
  MONTH TO DATE      0                           0       0      0
  SINCE DEC 1        0                           0       0      0
  SINCE JAN 1       19                           0      19     13
...................................................................

WIND (MPH)
 HIGHEST WIND SPEED    46     HIGHEST WIND DIRECTION    100
 HIGHEST GUST SPEED    56     HIGHEST GUST DIRECTION    100
 AVERAGE WIND SPEED  24.4

SKY COVER
  POSSIBLE SUNSHINE    MM          AVERAGE SKY COVER     MM

WEATHER CONDITIONS
 THE FOLLOWING WEATHER WAS RECORDED YESTERDAY.
 BLOWING SNOW


RELATIVE HUMIDITY
 HIGHEST RH     MM PERCENT       MM
 LOWEST  RH     MM PERCENT       MM
 AVERAGE RH     MM PERCENT       MM
...................................................................

THE KOTZEBUE CLIMATE NORMALS FOR TODAY
                           NORMAL    RECORD   YEAR
 MAXIMUM TEMPERATURE (F)     6         31     1982
 MINIMUM TEMPERATURE (F)     -7       -47     1961

SUNRISE AND SUNSET
 DEC 28 2014..........SUNRISE 12:53 PM      SUNSET  2:53 PM
 DEC 29 2014..........SUNRISE 12:51 PM      SUNSET  2:56 PM

-  INDICATES NEGATIVE NUMBERS.
R  INDICATES RECORD HAS BEEN SET OR TIED.
MM INDICATES DATA IS MISSING.
T  INDICATES TRACE OF PRECIPITATION.

&&
-------------------------------------------------------------------

AMOUNT OF DAYLIGHT TODAY  (HOUR:MIN)........2 HOURS 0 MINUTES
GAIN/LOSS SINCE YESTERDAY (HOUR:MIN:SEC)....+0:04:24

$$


DEC 14
