000
CDAK49 PAFG 290943
CLIOTZ

CLIMATE REPORT
NATIONAL WEATHER SERVICE FAIRBANKS AK
143 AM AKDT WED MAR 29 2017


...................................

...THE KOTZEBUE AK CLIMATE SUMMARY FOR MARCH 28 2017...

CLIMATE NORMAL PERIOD 1981 TO 2010
CLIMATE RECORD PERIOD 1920 TO 2017


WEATHER ITEM   OBSERVED TIME   RECORD YEAR NORMAL DEPARTURE LAST
                VALUE   (LST)  VALUE       VALUE  FROM      YEAR
                                                  NORMAL
..................................................................
TEMPERATURE (F)
 YESTERDAY
  MAXIMUM         -6    615 PM  35    1994  11    -17        7
  MINIMUM        -21    728 AM -30    1951  -5    -16      -14
  AVERAGE        -13                         3    -16       -3

PRECIPITATION (IN)
  YESTERDAY        0.00          0.31 2003   0.01  -0.01      T
  MONTH TO DATE    0.03                      0.41  -0.38     0.17
  SINCE MAR 1      0.03                      0.41  -0.38     0.17
  SINCE JAN 1      1.62                      1.69  -0.07     0.88

SNOWFALL (IN)
  YESTERDAY        0.0           8.0  1938   0.2   -0.2       T
  MONTH TO DATE    0.7                       5.5   -4.8      1.4
  SINCE MAR 1      0.7                       5.5   -4.8      1.4
  SINCE JUL 1     50.9                      53.1   -2.2     21.4
  SNOW DEPTH      46

DEGREE DAYS
 HEATING
  YESTERDAY       78                        62     16       68
  MONTH TO DATE 1881                      1802     79     1708
  SINCE MAR 1   1881                      1802     79     1708
  SINCE JUL 1  10740                     12047  -1307    10486

 COOLING
  YESTERDAY        0                         0      0        0
  MONTH TO DATE    0                         0      0        0
  SINCE MAR 1      0                         0      0        0
  SINCE JAN 1      0                         0      0        0
..................................................................


WIND (MPH)
  HIGHEST GUST SPEED    10   HIGHEST GUST DIRECTION     W (260)


SKY COVER
  AVERAGE SKY COVER 0.0


WEATHER CONDITIONS
 THE FOLLOWING WEATHER WAS RECORDED YESTERDAY.
  NO SIGNIFICANT WEATHER WAS OBSERVED.


RELATIVE HUMIDITY (PERCENT)
 HIGHEST    87
 LOWEST     70
 AVERAGE    79

..........................................................


THE KOTZEBUE AK CLIMATE NORMALS FOR TODAY
                         NORMAL    RECORD    YEAR
 MAXIMUM TEMPERATURE (F)   11        39      1973
 MINIMUM TEMPERATURE (F)   -5       -32      1944


SUNRISE AND SUNSET
MARCH 29 2017.........SUNRISE   813 AM AKDT  SUNSET   940 PM AKDT
MARCH 30 2017.........SUNRISE   809 AM AKDT  SUNSET   944 PM AKDT

-  INDICATES NEGATIVE NUMBERS.
R  INDICATES RECORD WAS SET OR TIED.
MM INDICATES DATA IS MISSING.
T  INDICATES TRACE AMOUNT.

&&

SNOW DEPTH IS MEASURED AT 3AM AKST/4AM AKDT.

----------------------------
AVAILABLE DAYLIGHT

AMOUNT OF DAYLIGHT TODAY  (HOUR:MIN)........13:28
GAIN/LOSS SINCE YESTERDAY (HOUR:MIN:SEC)....+0:07:26

$$
MAR 17
