000
CDAK49 PAOT 290919
CLIOTZ

CLIMATE REPORT
NATIONAL WEATHER SERVICE KOTZEBUE, AK
119 AM AKDT FRI MAY 29 2015

...................................
...THE KOTZEBUE WSO AP CLIMATE SUMMARY FOR MAY 28 2015...

CLIMATE NORMAL PERIOD  1981 TO  2010
CLIMATE RECORD PERIOD  1897 TO  2015

WEATHER ITEM   OBSERVED TIME    RECORD YEAR NORMAL DEPARTURE LAST
               VALUE    (LST)   VALUE       VALUE  FROM      YEAR
                                                   NORMAL
...................................................................
TEMPERATURE
YESTERDAY
 MAXIMUM            45  0138 AM    71  1947     43       2     49
 MINIMUM            39  1043 AM    18  1984     32       7     41
 AVERAGE            42                          37       5     45

PRECIPITATION
(INCHES)
 YESTERDAY        0.00           0.35  1930   0.01   -0.01   0.13
 MONTH TO DATE    0.58                        0.37    0.21   0.77
 SINCE MAR 1      1.66                        1.35    0.31   1.32
 SINCE JAN 1      2.51                        2.63   -0.12   2.04

SNOWFALL
(INCHES)
 YESTERDAY         0.0              T  2009    0.0     0.0    0.0
 MONTH TO DATE       T                         1.2    -1.2      T
 SINCE MAR 1       9.4                        12.2    -2.8    7.2
 SINCE JUL 1      24.7                        59.8   -35.1   32.2
 SNOW DEPTH (IN)     0                                          0

DEGREE DAYS
 HEATING
  YESTERDAY         23                          28      -5     20
  MONTH TO DATE    725                         946    -221    832
  SINCE MAR 1     4252                        4484    -232   3879
  SINCE JUL 1    13103                       14726   -1623  12830

 COOLING
  YESTERDAY          0                           0       0      0
  MONTH TO DATE      0                           0       0      0
  SINCE MAR 1        0                           0       0      0
  SINCE JAN 1        0                           0       0      0
...................................................................

WIND (MPH)
 HIGHEST WIND SPEED    12     HIGHEST WIND DIRECTION    250
 HIGHEST GUST SPEED    14     HIGHEST GUST DIRECTION    250
 AVERAGE WIND SPEED   6.0

SKY COVER
  POSSIBLE SUNSHINE    MM          AVERAGE SKY COVER     MM

WEATHER CONDITIONS
 THE FOLLOWING WEATHER WAS RECORDED YESTERDAY.
 FOG


RELATIVE HUMIDITY
 HIGHEST RH     MM PERCENT       MM
 LOWEST  RH     MM PERCENT       MM
 AVERAGE RH     MM PERCENT       MM
...................................................................

THE KOTZEBUE CLIMATE NORMALS FOR TODAY
                           NORMAL    RECORD   YEAR
 MAXIMUM TEMPERATURE (F)     43        74     1947
 MINIMUM TEMPERATURE (F)     32        20     1984

SUNRISE AND SUNSET
 MAY 29 2015..........SUNRISE  3:47 AM      SUNSET  1:56 AM
 MAY 30 2015..........SUNRISE  3:40 AM      SUNSET  2:04 AM

-  INDICATES NEGATIVE NUMBERS.
R  INDICATES RECORD HAS BEEN SET OR TIED.
MM INDICATES DATA IS MISSING.
T  INDICATES TRACE OF PRECIPITATION.

&&
-------------------------------------------------------------------

AMOUNT OF DAYLIGHT TODAY  (HOUR:MIN)........22 HOURS 9 MINUTES
GAIN/LOSS SINCE YESTERDAY (HOUR:MIN:SEC)....+0:12:56

$$


MAY 15
