000
CDAK49 PAFG 201154
CLIOTZ

CLIMATE REPORT
NATIONAL WEATHER SERVICE FAIRBANKS AK
254 AM AKST FRI JAN 20 2017


...................................

...THE KOTZEBUE AK CLIMATE SUMMARY FOR JANUARY 19 2017...

CLIMATE NORMAL PERIOD 1981 TO 2010
CLIMATE RECORD PERIOD 1920 TO 2017


WEATHER ITEM   OBSERVED TIME   RECORD YEAR NORMAL DEPARTURE LAST
                VALUE   (LST)  VALUE       VALUE  FROM      YEAR
                                                  NORMAL
..................................................................
TEMPERATURE (F)
 YESTERDAY
  MAXIMUM        -26    558 AM  35    2008   3    -29        8
  MINIMUM        -32   1159 PM -50    1934 -10    -22       -3
  AVERAGE        -29                        -3    -26        3

PRECIPITATION (IN)
  YESTERDAY        T             0.24 2008   0.02  -0.02     0.00
  MONTH TO DATE    0.15                      0.39  -0.24     0.16
  SINCE DEC 1      0.89                      1.15  -0.26     0.62
  SINCE JAN 1      0.15                      0.39  -0.24     0.16

SNOWFALL (IN)
  YESTERDAY        T             3.5  2008   0.3   -0.3      0.0
  MONTH TO DATE    0.9                       5.8   -4.9      1.0
  SINCE DEC 1     15.0                      17.3   -2.3      2.2
  SINCE JUL 1     20.6                      34.7  -14.1     15.6
  SNOW DEPTH      15

DEGREE DAYS
 HEATING
  YESTERDAY       94                        68     26       62
  MONTH TO DATE 1215                      1281    -66      891
  SINCE DEC 1   3017                      3225   -208     2830
  SINCE JUL 1   6630                      7583   -953     6549

 COOLING
  YESTERDAY        0                         0      0        0
  MONTH TO DATE    0                         0      0        0
  SINCE DEC 1      0                         0      0        0
  SINCE JAN 1      0                         0      0        0
..................................................................


WIND (MPH)
  HIGHEST GUST SPEED     6   HIGHEST GUST DIRECTION     E (80)


SKY COVER
  AVERAGE SKY COVER 0.2


WEATHER CONDITIONS
 THE FOLLOWING WEATHER WAS RECORDED YESTERDAY.
  LIGHT SNOW
  FOG
  HAZE


RELATIVE HUMIDITY (PERCENT)
 HIGHEST    69
 LOWEST     61
 AVERAGE    65

..........................................................


THE KOTZEBUE AK CLIMATE NORMALS FOR TODAY
                         NORMAL    RECORD    YEAR
 MAXIMUM TEMPERATURE (F)    3        39      1961
 MINIMUM TEMPERATURE (F)  -10       -42      1989
                                             1947


SUNRISE AND SUNSET
JANUARY 20 2017.......SUNRISE  1139 AM AKST  SUNSET   427 PM AKST
JANUARY 21 2017.......SUNRISE  1135 AM AKST  SUNSET   431 PM AKST

-  INDICATES NEGATIVE NUMBERS.
R  INDICATES RECORD WAS SET OR TIED.
MM INDICATES DATA IS MISSING.
T  INDICATES TRACE AMOUNT.

&&

SNOW DEPTH IS MEASURED AT 3AM AKST/4AM AKDT.

----------------------------
AVAILABLE DAYLIGHT

AMOUNT OF DAYLIGHT TODAY  (HOUR:MIN)........4:48
GAIN/LOSS SINCE YESTERDAY (HOUR:MIN:SEC)....+0:07:58

$$
BJB JAN 17
