008
CDAK49 PAFG 201020
CLIOTZ

CLIMATE REPORT
NATIONAL WEATHER SERVICE FAIRBANKS AK
220 AM AKDT WED SEP 20 2017


...................................

...THE KOTZEBUE AK CLIMATE SUMMARY FOR SEPTEMBER 19 2017...

CLIMATE NORMAL PERIOD 1981 TO 2010
CLIMATE RECORD PERIOD 1920 TO 2017


WEATHER ITEM   OBSERVED TIME   RECORD YEAR NORMAL DEPARTURE LAST
                VALUE   (LST)  VALUE       VALUE  FROM      YEAR
                                                  NORMAL
..................................................................
TEMPERATURE (F)
 YESTERDAY
  MAXIMUM         45    525 PM  60    2010  45      0       49
  MINIMUM         37   1126 AM  21    1992  37      0       39
  AVERAGE         41                        41      0       44

PRECIPITATION (IN)
  YESTERDAY        0.00          0.35 2012   0.05  -0.05     0.31
  MONTH TO DATE    1.55                      1.03   0.52     0.64
  SINCE SEP 1      1.55                      1.03   0.52     0.64
  SINCE JAN 1      8.01                      7.91   0.10     6.38

SNOWFALL (IN)
  YESTERDAY        0.0           1.5  1930   0.1   -0.1      0.0
  MONTH TO DATE    0.0                       0.3   -0.3      0.0
  SINCE SEP 1      0.0                       0.3   -0.3      0.0
  SINCE JUL 1      0.0                       0.3   -0.3      0.0
  SNOW DEPTH       0

DEGREE DAYS
 HEATING
  YESTERDAY       24                        24      0       21
  MONTH TO DATE  365                       380    -15      359
  SINCE SEP 1    365                       380    -15      359
  SINCE JUL 1   1052                      1118    -66      851

 COOLING
  YESTERDAY        0                         0      0        0
  MONTH TO DATE    0                         0      0        0
  SINCE SEP 1      0                         0      0        0
  SINCE JAN 1      1                         5     -4        5
..................................................................


WIND (MPH)
  HIGHEST GUST SPEED    21   HIGHEST GUST DIRECTION    NW (320)


SKY COVER
  AVERAGE SKY COVER 0.4


WEATHER CONDITIONS
 THE FOLLOWING WEATHER WAS RECORDED YESTERDAY.
  NO SIGNIFICANT WEATHER WAS OBSERVED.


RELATIVE HUMIDITY (PERCENT)
 HIGHEST    86
 LOWEST     70
 AVERAGE    78

..........................................................


THE KOTZEBUE AK CLIMATE NORMALS FOR TODAY
                         NORMAL    RECORD    YEAR
 MAXIMUM TEMPERATURE (F)   45        65      1995
 MINIMUM TEMPERATURE (F)   36        19      1992


SUNRISE AND SUNSET
SEPTEMBER 20 2017.....SUNRISE   828 AM AKDT  SUNSET   858 PM AKDT
SEPTEMBER 21 2017.....SUNRISE   831 AM AKDT  SUNSET   854 PM AKDT

-  INDICATES NEGATIVE NUMBERS.
R  INDICATES RECORD WAS SET OR TIED.
MM INDICATES DATA IS MISSING.
T  INDICATES TRACE AMOUNT.

&&

SNOW DEPTH IS MEASURED AT 3AM AKST/4AM AKDT.

----------------------------
AVAILABLE DAYLIGHT

AMOUNT OF DAYLIGHT TODAY  (HOUR:MIN)........12:31
GAIN/LOSS SINCE YESTERDAY (HOUR:MIN:SEC)....-0:07:17

$$
CCC SEP 17
