000
CDUS43 KDDC 270713
CLIP28


CLIMATE REPORT
NATIONAL WEATHER SERVICE DODGE CITY KS
212 AM CDT THU APR 27 2017


...................................

...THE MEDICINE LODGE KS CLIMATE SUMMARY FOR APRIL 26 2017...

CLIMATE NORMAL PERIOD 1981 TO 2010
CLIMATE RECORD PERIOD 1893 TO 2017


WEATHER ITEM   OBSERVED TIME   RECORD YEAR NORMAL DEPARTURE LAST
                VALUE   (LST)  VALUE       VALUE  FROM      YEAR
                                                  NORMAL
..................................................................
TEMPERATURE (F)
 YESTERDAY
  MAXIMUM         60    514 PM  97    1899  72    -12       86
                                      1956
  MINIMUM         39   1159 PM  26    1907  48     -9       58
  AVERAGE         50                        60    -10       72

PRECIPITATION (IN)
  YESTERDAY        0.01          3.15 1969   0.10  -0.09     0.00
  MONTH TO DATE    2.36                      2.03   0.33     3.78
  SINCE MAR 1      4.59                      4.29   0.30     4.45
  SINCE JAN 1      8.51                      6.04   2.47     5.34

SNOWFALL (IN)
  YESTERDAY       MM            MM      MM   0.0             0.0
  MONTH TO DATE    0.0                       0.0             0.0
  SINCE MAR 1      0.0                       0.1             1.0
  SINCE JUL 1      1.4                       8.5             2.0
  SNOW DEPTH       0

DEGREE DAYS
 HEATING
  YESTERDAY       15                         6      9        0
  MONTH TO DATE  190                       266    -76      150
  SINCE MAR 1    634                       834   -200      561
  SINCE JUL 1   3635                      4363   -728     3450

 COOLING
  YESTERDAY        0                         1     -1        7
  MONTH TO DATE   28                        18     10       26
  SINCE MAR 1     40                        20     20       36
  SINCE JAN 1     40                        20     20       36
..................................................................


WIND (MPH)
  HIGHEST WIND SPEED    25   HIGHEST WIND DIRECTION     N (350)
  HIGHEST GUST SPEED    33   HIGHEST GUST DIRECTION     N (340)
  AVERAGE WIND SPEED    12.7




RELATIVE HUMIDITY (PERCENT)
 HIGHEST    89           100 AM
 LOWEST     40           500 PM
 AVERAGE    65

..........................................................


THE MEDICINE LODGE KS CLIMATE NORMALS FOR TODAY
                         NORMAL    RECORD    YEAR
 MAXIMUM TEMPERATURE (F)   72        99      1956
 MINIMUM TEMPERATURE (F)   48        30      1967


SUNRISE AND SUNSET
APRIL 27 2017.........SUNRISE   644 AM CDT   SUNSET   821 PM CDT
APRIL 28 2017.........SUNRISE   643 AM CDT   SUNSET   821 PM CDT


-  INDICATES NEGATIVE NUMBERS.
R  INDICATES RECORD WAS SET OR TIED.
MM INDICATES DATA IS MISSING.
T  INDICATES TRACE AMOUNT.




$$
