000
CDUS43 KDDC 291426
CLIP28


CLIMATE REPORT
NATIONAL WEATHER SERVICE DODGE CITY KS
926 AM CDT FRI JUL 29 2016


...................................

...THE MEDICINE LODGE KS CLIMATE SUMMARY FOR JULY 29 2016...
VALID AS OF 0800 AM LOCAL TIME.

CLIMATE NORMAL PERIOD 1981 TO 2010
CLIMATE RECORD PERIOD 1893 TO 2016


WEATHER ITEM   OBSERVED TIME   RECORD YEAR NORMAL DEPARTURE LAST
                VALUE   (LST)  VALUE       VALUE  FROM      YEAR
                                                  NORMAL
..................................................................
TEMPERATURE (F)
 TODAY
  MAXIMUM         71   1225 AM 110    1978  95    -24       86
  MINIMUM         66    517 AM  58    1994  70     -4       69
  AVERAGE         69                        82    -13       78

PRECIPITATION (IN)
  TODAY            0.95          1.40 1948   0.09   0.86     0.07
  MONTH TO DATE    2.52                      3.16  -0.64     8.61
  SINCE JUN 1      4.42                      7.27  -2.85    10.87
  SINCE JAN 1     13.20                     17.01  -3.81    22.83

..................................................................


WIND (MPH)
  HIGHEST WIND SPEED    22   HIGHEST WIND DIRECTION     N (10)
  HIGHEST GUST SPEED    32   HIGHEST GUST DIRECTION     N (10)



WEATHER CONDITIONS
 THE FOLLOWING WEATHER WAS RECORDED TODAY.
  NO SIGNIFICANT WEATHER WAS OBSERVED.


RELATIVE HUMIDITY (PERCENT)
 HIGHEST    93           100 AM
 LOWEST     73          1200 AM

..........................................................


THE MEDICINE LODGE KS CLIMATE NORMALS FOR TOMORROW
                         NORMAL    RECORD    YEAR
 MAXIMUM TEMPERATURE (F)   95       109      2012
 MINIMUM TEMPERATURE (F)   70        53      1971


SUNRISE AND SUNSET
JULY 29 2016..........SUNRISE   637 AM CDT   SUNSET   844 PM CDT
JULY 30 2016..........SUNRISE   638 AM CDT   SUNSET   843 PM CDT


-  INDICATES NEGATIVE NUMBERS.
R  INDICATES RECORD WAS SET OR TIED.
MM INDICATES DATA IS MISSING.
T  INDICATES TRACE AMOUNT.




$$
