000
CDUS43 KDDC 182329
CLIP28


CLIMATE REPORT
NATIONAL WEATHER SERVICE DODGE CITY KS
529 PM CST THU DEC 18 2014


...................................

...THE MEDICINE LODGE KS CLIMATE SUMMARY FOR DECEMBER 18 2014...
VALID TODAY AS OF 0500 PM LOCAL TIME.

CLIMATE NORMAL PERIOD 1981 TO 2010
CLIMATE RECORD PERIOD 1893 TO 2014


WEATHER ITEM   OBSERVED TIME   RECORD YEAR NORMAL DEPARTURE LAST
                VALUE   (LST)  VALUE       VALUE  FROM      YEAR
                                                  NORMAL
..................................................................
TEMPERATURE (F)
 TODAY
  MAXIMUM         37    351 PM  70    1966  45     -8       69
  MINIMUM         31    943 AM   0    1964  22      9       27
  AVERAGE         34                        34      0       48

PRECIPITATION (IN)
  TODAY            0.02          0.58 1895   0.04  -0.02     0.00
  MONTH TO DATE    0.79                      0.56   0.23     0.01
  SINCE DEC 1      0.79                      0.56   0.23     0.01
  SINCE JAN 1     20.15                     26.78  -6.63    25.24

DEGREE DAYS
 HEATING
  TODAY           31                        31      0       17
  MONTH TO DATE  448                       526    -78      599
  SINCE DEC 1    448                       526    -78      599
  SINCE JUL 1   1353                      1384    -31     1537

 COOLING
  TODAY            0                         0      0        0
  MONTH TO DATE    0                         0      0        0
  SINCE DEC 1      0                         0      0        0
  SINCE JAN 1   1802                      1770     32     1786
..................................................................


WIND (MPH)
  HIGHEST WIND SPEED    10   HIGHEST WIND DIRECTION     N (10)
  HIGHEST GUST SPEED    12   HIGHEST GUST DIRECTION     N (10)
  AVERAGE WIND SPEED     4.3




RELATIVE HUMIDITY (PERCENT)
 HIGHEST   100          1200 AM
 LOWEST     82           300 PM
 AVERAGE    91

..........................................................


THE MEDICINE LODGE KS CLIMATE NORMALS FOR TOMORROW
                         NORMAL    RECORD    YEAR
 MAXIMUM TEMPERATURE (F)   45        72      1941
 MINIMUM TEMPERATURE (F)   22        -5      1924


SUNRISE AND SUNSET
DECEMBER 18 2014......SUNRISE   743 AM CST   SUNSET   519 PM CST
DECEMBER 19 2014......SUNRISE   744 AM CST   SUNSET   519 PM CST


-  INDICATES NEGATIVE NUMBERS.
R  INDICATES RECORD WAS SET OR TIED.
MM INDICATES DATA IS MISSING.
T  INDICATES TRACE AMOUNT.




$$
