560
CDUS43 KDDC 040713
CLIP28


CLIMATE REPORT
NATIONAL WEATHER SERVICE DODGE CITY KS
112 AM CST SUN DEC 4 2016


...................................

...THE MEDICINE LODGE KS CLIMATE SUMMARY FOR DECEMBER 3 2016...

CLIMATE NORMAL PERIOD 1981 TO 2010
CLIMATE RECORD PERIOD 1893 TO 2016


WEATHER ITEM   OBSERVED TIME   RECORD YEAR NORMAL DEPARTURE LAST
                VALUE   (LST)  VALUE       VALUE  FROM      YEAR
                                                  NORMAL
..................................................................
TEMPERATURE (F)
 YESTERDAY
  MAXIMUM         42   1202 AM  76    1954  50     -8       52
  MINIMUM         38   1108 AM  10    1966  26     12       22
  AVERAGE         40                        38      2       37

PRECIPITATION (IN)
  YESTERDAY        0.14          1.30 1947   0.03   0.11     0.00
  MONTH TO DATE    0.14                      0.08   0.06     0.00
  SINCE DEC 1      0.14                      0.08   0.06     0.00
  SINCE JAN 1     29.78                     26.30   3.48    31.83

SNOWFALL (IN)
  YESTERDAY       MM            MM      MM   0.1             0.0
  MONTH TO DATE    0.0                       0.3             0.0
  SINCE DEC 1      0.0                       0.3             0.0
  SINCE JUL 1      0.0                       0.5              T
  SNOW DEPTH       0

DEGREE DAYS
 HEATING
  YESTERDAY       25                        27     -2       28
  MONTH TO DATE   81                        81      0       80
  SINCE DEC 1     81                        81      0       80
  SINCE JUL 1    617                       939   -322      675

 COOLING
  YESTERDAY        0                         0      0        0
  MONTH TO DATE    0                         0      0        0
  SINCE DEC 1      0                         0      0        0
  SINCE JAN 1   1937                      1770    167     1867
..................................................................


WIND (MPH)
  HIGHEST WIND SPEED     9   HIGHEST WIND DIRECTION     S (160)
  HIGHEST GUST SPEED    12   HIGHEST GUST DIRECTION    SE (150)
  AVERAGE WIND SPEED     3.6




RELATIVE HUMIDITY (PERCENT)
 HIGHEST   100           300 PM
 LOWEST     49          1200 AM
 AVERAGE    75

..........................................................


THE MEDICINE LODGE KS CLIMATE NORMALS FOR TODAY
                         NORMAL    RECORD    YEAR
 MAXIMUM TEMPERATURE (F)   49        76      1965
 MINIMUM TEMPERATURE (F)   25         9      1902


SUNRISE AND SUNSET
DECEMBER  4 2016......SUNRISE   733 AM CST   SUNSET   517 PM CST
DECEMBER  5 2016......SUNRISE   734 AM CST   SUNSET   516 PM CST


-  INDICATES NEGATIVE NUMBERS.
R  INDICATES RECORD WAS SET OR TIED.
MM INDICATES DATA IS MISSING.
T  INDICATES TRACE AMOUNT.




$$
