000
CDUS43 KDDC 012327
CLIP28


CLIMATE REPORT
NATIONAL WEATHER SERVICE DODGE CITY KS
627 PM CDT TUE SEP 1 2015


...................................

...THE MEDICINE LODGE KS CLIMATE SUMMARY FOR SEPTEMBER 1 2015...
VALID TODAY AS OF 0500 PM LOCAL TIME.

CLIMATE NORMAL PERIOD 1981 TO 2010
CLIMATE RECORD PERIOD 1893 TO 2015


WEATHER ITEM   OBSERVED TIME   RECORD YEAR NORMAL DEPARTURE LAST
                VALUE   (LST)  VALUE       VALUE  FROM      YEAR
                                                  NORMAL
..................................................................
TEMPERATURE (F)
 TODAY
  MAXIMUM         97    331 PM 110    1939  89      8       93
  MINIMUM         70    641 AM  47    1949  64      6       67
  AVERAGE         84                        77      7       80

PRECIPITATION (IN)
  TODAY            0.00          1.31 1977   0.09  -0.09     0.00
  MONTH TO DATE    0.00                      0.09  -0.09     0.00
  SINCE SEP 1      0.00                      0.09  -0.09     0.00
  SINCE JAN 1     26.17                     20.44   5.73    17.51

DEGREE DAYS
 HEATING
  TODAY            0                         0      0        0
  MONTH TO DATE    0                         0      0        0
  SINCE SEP 1      0                         0      0        0
  SINCE JUL 1      0                         0      0        5

 COOLING
  TODAY           19                        12      7       15
  MONTH TO DATE   19                        12      7       15
  SINCE SEP 1     19                        12      7       15
  SINCE JAN 1   1498                      1523    -25     1499
..................................................................


WIND (MPH)
  HIGHEST WIND SPEED    22   HIGHEST WIND DIRECTION     S (190)
  HIGHEST GUST SPEED    28   HIGHEST GUST DIRECTION     S (180)
  AVERAGE WIND SPEED     9.8




RELATIVE HUMIDITY (PERCENT)
 HIGHEST    78           500 AM
 LOWEST     30           200 PM
 AVERAGE    54

..........................................................


THE MEDICINE LODGE KS CLIMATE NORMALS FOR TOMORROW
                         NORMAL    RECORD    YEAR
 MAXIMUM TEMPERATURE (F)   89       107      1939
 MINIMUM TEMPERATURE (F)   64        46      1952


SUNRISE AND SUNSET
SEPTEMBER  1 2015.....SUNRISE   705 AM CDT   SUNSET   803 PM CDT
SEPTEMBER  2 2015.....SUNRISE   705 AM CDT   SUNSET   802 PM CDT


-  INDICATES NEGATIVE NUMBERS.
R  INDICATES RECORD WAS SET OR TIED.
MM INDICATES DATA IS MISSING.
T  INDICATES TRACE AMOUNT.




$$
