000
CDUS43 KDDC 201436
CLIP28


CLIMATE REPORT
NATIONAL WEATHER SERVICE DODGE CITY KS
835 AM CST SAT JAN 20 2018


...................................

...THE MEDICINE LODGE KS CLIMATE SUMMARY FOR JANUARY 20 2018...
VALID AS OF 0800 AM LOCAL TIME.

CLIMATE NORMAL PERIOD 1981 TO 2010
CLIMATE RECORD PERIOD 1893 TO 2018


WEATHER ITEM   OBSERVED TIME   RECORD YEAR NORMAL DEPARTURE LAST
                VALUE   (LST)  VALUE       VALUE  FROM      YEAR
                                                  NORMAL
..................................................................
TEMPERATURE (F)
 TODAY
  MAXIMUM         42    122 AM  72    1906  46     -4       49
  MINIMUM         35    624 AM -15    1985  22     13       31
  AVERAGE         39                        34      5       40

PRECIPITATION (IN)
  TODAY            0.00          0.53 2007   0.02  -0.02     0.00
  MONTH TO DATE    0.08                      0.39  -0.31     3.46
  SINCE DEC 1      0.08                      1.31  -1.23     4.16
  SINCE JAN 1      0.08                      0.39  -0.31     3.46

..................................................................


WIND (MPH)
  HIGHEST WIND SPEED    12   HIGHEST WIND DIRECTION    SE (130)
  HIGHEST GUST SPEED    19   HIGHEST GUST DIRECTION    SE (140)



WEATHER CONDITIONS
 THE FOLLOWING WEATHER WAS RECORDED TODAY.
  NO SIGNIFICANT WEATHER WAS OBSERVED.


RELATIVE HUMIDITY (PERCENT)
 HIGHEST   100           400 AM
 LOWEST     55          1200 AM

..........................................................


THE MEDICINE LODGE KS CLIMATE NORMALS FOR TOMORROW
                         NORMAL    RECORD    YEAR
 MAXIMUM TEMPERATURE (F)   46        72      1943
 MINIMUM TEMPERATURE (F)   22        -3      1935


SUNRISE AND SUNSET
JANUARY 20 2018.......SUNRISE   745 AM CST   SUNSET   546 PM CST
JANUARY 21 2018.......SUNRISE   745 AM CST   SUNSET   547 PM CST


-  INDICATES NEGATIVE NUMBERS.
R  INDICATES RECORD WAS SET OR TIED.
MM INDICATES DATA IS MISSING.
T  INDICATES TRACE AMOUNT.




$$
