000
CDUS43 KDDC 221427
CLIP28


CLIMATE REPORT
NATIONAL WEATHER SERVICE DODGE CITY KS
926 AM CDT SUN OCT 22 2017


...................................

...THE MEDICINE LODGE KS CLIMATE SUMMARY FOR OCTOBER 22 2017...
VALID AS OF 0800 AM LOCAL TIME.

CLIMATE NORMAL PERIOD 1981 TO 2010
CLIMATE RECORD PERIOD 1893 TO 2017


WEATHER ITEM   OBSERVED TIME   RECORD YEAR NORMAL DEPARTURE LAST
                VALUE   (LST)  VALUE       VALUE  FROM      YEAR
                                                  NORMAL
..................................................................
TEMPERATURE (F)
 TODAY
  MAXIMUM         51   1217 AM  92    1927  69    -18       81
  MINIMUM         36    650 AM  23    1982  44     -8       39
  AVERAGE         44                        56    -12       60

PRECIPITATION (IN)
  TODAY            0.00          2.10 1941   0.09  -0.09     0.00
  MONTH TO DATE    1.09                      2.13  -1.04     1.28
  SINCE SEP 1      7.04                      4.23   2.81     8.46
  SINCE JAN 1     29.17                     24.58   4.59    28.89

..................................................................


WIND (MPH)
  HIGHEST WIND SPEED     7   HIGHEST WIND DIRECTION    NW (320)
  HIGHEST GUST SPEED     8   HIGHEST GUST DIRECTION    NW (320)



WEATHER CONDITIONS
 THE FOLLOWING WEATHER WAS RECORDED TODAY.
  NO SIGNIFICANT WEATHER WAS OBSERVED.


RELATIVE HUMIDITY (PERCENT)
 HIGHEST    92           500 AM
 LOWEST     59          1200 AM

..........................................................


THE MEDICINE LODGE KS CLIMATE NORMALS FOR TOMORROW
                         NORMAL    RECORD    YEAR
 MAXIMUM TEMPERATURE (F)   68        93      1939
 MINIMUM TEMPERATURE (F)   43        21      1938


SUNRISE AND SUNSET
OCTOBER 22 2017.......SUNRISE   749 AM CDT   SUNSET   648 PM CDT
OCTOBER 23 2017.......SUNRISE   750 AM CDT   SUNSET   646 PM CDT


-  INDICATES NEGATIVE NUMBERS.
R  INDICATES RECORD WAS SET OR TIED.
MM INDICATES DATA IS MISSING.
T  INDICATES TRACE AMOUNT.




$$
