000
CDUS43 KDDC 250725
CLIP28


CLIMATE REPORT
NATIONAL WEATHER SERVICE DODGE CITY KS
225 AM CDT SUN JUN 25 2017


...................................

...THE MEDICINE LODGE KS CLIMATE SUMMARY FOR JUNE 24 2017...

CLIMATE NORMAL PERIOD 1981 TO 2010
CLIMATE RECORD PERIOD 1893 TO 2017


WEATHER ITEM   OBSERVED TIME   RECORD YEAR NORMAL DEPARTURE LAST
                VALUE   (LST)  VALUE       VALUE  FROM      YEAR
                                                  NORMAL
..................................................................
TEMPERATURE (F)
 YESTERDAY
  MAXIMUM         84    537 PM 111    1897  91     -7       95
  MINIMUM         60    226 AM  48    1940  67     -7       71
  AVERAGE         72                        79     -7       83

PRECIPITATION (IN)
  YESTERDAY        0.02          1.64 1915   0.13  -0.11     0.09
  MONTH TO DATE    1.76                      3.46  -1.70     1.74
  SINCE JUN 1      1.76                      3.46  -1.70     1.74
  SINCE JAN 1     17.31                     13.20   4.11    10.52

SNOWFALL (IN)
  YESTERDAY        0.0          MM      MM   0.0             0.0
  MONTH TO DATE    0.0                       0.0             0.0
  SINCE JUN 1      0.0                       0.0             0.0
  SINCE JUL 1      1.4                       8.5             2.0
  SNOW DEPTH       0

DEGREE DAYS
 HEATING
  YESTERDAY        0                         0      0        0
  MONTH TO DATE    0                         0      0        0
  SINCE JUN 1      0                         0      0        0
  SINCE JUL 1   3711                      4455   -744     3601

 COOLING
  YESTERDAY        7                        14     -7       18
  MONTH TO DATE  292                       264     28      360
  SINCE JUN 1    292                       264     28      360
  SINCE JAN 1    390                       420    -30      497
..................................................................


WIND (MPH)
  HIGHEST WIND SPEED    14   HIGHEST WIND DIRECTION     S (190)
  HIGHEST GUST SPEED    19   HIGHEST GUST DIRECTION     S (190)
  AVERAGE WIND SPEED     4.6




RELATIVE HUMIDITY (PERCENT)
 HIGHEST    78           100 AM
 LOWEST     31           400 PM
 AVERAGE    55

..........................................................


THE MEDICINE LODGE KS CLIMATE NORMALS FOR TODAY
                         NORMAL    RECORD    YEAR
 MAXIMUM TEMPERATURE (F)   91       113      1911
 MINIMUM TEMPERATURE (F)   67        48      1958


SUNRISE AND SUNSET
JUNE 25 2017..........SUNRISE   615 AM CDT   SUNSET   859 PM CDT
JUNE 26 2017..........SUNRISE   616 AM CDT   SUNSET   859 PM CDT


-  INDICATES NEGATIVE NUMBERS.
R  INDICATES RECORD WAS SET OR TIED.
MM INDICATES DATA IS MISSING.
T  INDICATES TRACE AMOUNT.




$$
