000
CDUS43 KDDC 210707
CLIP28


CLIMATE REPORT
NATIONAL WEATHER SERVICE DODGE CITY KS
206 AM CDT MON AUG 21 2017


...................................

...THE MEDICINE LODGE KS CLIMATE SUMMARY FOR AUGUST 20 2017...

CLIMATE NORMAL PERIOD 1981 TO 2010
CLIMATE RECORD PERIOD 1893 TO 2017


WEATHER ITEM   OBSERVED TIME   RECORD YEAR NORMAL DEPARTURE LAST
                VALUE   (LST)  VALUE       VALUE  FROM      YEAR
                                                  NORMAL
..................................................................
TEMPERATURE (F)
 YESTERDAY
  MAXIMUM         96    333 PM 110    1896  92      4       81
  MINIMUM         71    636 AM  48    1950  68      3       59
  AVERAGE         84                        80      4       70

PRECIPITATION (IN)
  YESTERDAY        0.00          2.20 1996   0.10  -0.10     0.00
  MONTH TO DATE    3.52                      1.93   1.59     4.63
  SINCE JUN 1      6.49                      9.42  -2.93     9.12
  SINCE JAN 1     22.04                     19.16   2.88    17.90

SNOWFALL (IN)
  YESTERDAY        0.0          MM      MM   0.0             0.0
  MONTH TO DATE    0.0                       0.0             0.0
  SINCE JUN 1      0.0                       0.0             0.0
  SINCE JUL 1      0.0                       0.0             0.0
  SNOW DEPTH       0

DEGREE DAYS
 HEATING
  YESTERDAY        0                         0      0        0
  MONTH TO DATE    0                         0      0        0
  SINCE JUN 1      0                         3     -3        0
  SINCE JUL 1      0                         0      0        0

 COOLING
  YESTERDAY       19                        15      4        5
  MONTH TO DATE  237                       326    -89      306
  SINCE JUN 1   1165                      1207    -42     1341
  SINCE JAN 1   1263                      1363   -100     1478
..................................................................


WIND (MPH)
  HIGHEST WIND SPEED    20   HIGHEST WIND DIRECTION     S (190)
  HIGHEST GUST SPEED    28   HIGHEST GUST DIRECTION     S (180)
  AVERAGE WIND SPEED     8.3




RELATIVE HUMIDITY (PERCENT)
 HIGHEST    84           300 AM
 LOWEST     38           300 PM
 AVERAGE    61

..........................................................


THE MEDICINE LODGE KS CLIMATE NORMALS FOR TODAY
                         NORMAL    RECORD    YEAR
 MAXIMUM TEMPERATURE (F)   92       109      1896
                                             1922
 MINIMUM TEMPERATURE (F)   67        49      1950


SUNRISE AND SUNSET
AUGUST 21 2017........SUNRISE   656 AM CDT   SUNSET   818 PM CDT
AUGUST 22 2017........SUNRISE   657 AM CDT   SUNSET   817 PM CDT


-  INDICATES NEGATIVE NUMBERS.
R  INDICATES RECORD WAS SET OR TIED.
MM INDICATES DATA IS MISSING.
T  INDICATES TRACE AMOUNT.




$$
