000
CDUS43 KDDC 212327
CLIP28


CLIMATE REPORT
NATIONAL WEATHER SERVICE DODGE CITY KS
626 PM CDT THU AUG 21 2014


...................................

...THE MEDICINE LODGE KS CLIMATE SUMMARY FOR AUGUST 21 2014...
VALID TODAY AS OF 0500 PM LOCAL TIME.

CLIMATE NORMAL PERIOD 1981 TO 2010
CLIMATE RECORD PERIOD 1893 TO 2014


WEATHER ITEM   OBSERVED TIME   RECORD YEAR NORMAL DEPARTURE LAST
                VALUE   (LST)  VALUE       VALUE  FROM      YEAR
                                                  NORMAL
..................................................................
TEMPERATURE (F)
 TODAY
  MAXIMUM        100    332 PM 109    1896  92      8       94
                                      1922
  MINIMUM         74    616 AM  49    1950  67      7       66
  AVERAGE         87                        80      7       80

PRECIPITATION (IN)
  TODAY            0.00          1.14 2006   0.11  -0.11     0.00
  MONTH TO DATE    1.13                      2.04  -0.91     6.29
  SINCE JUN 1     13.74                      9.53   4.21    11.29
  SINCE JAN 1     16.63                     19.27  -2.64    21.64

DEGREE DAYS
 HEATING
  TODAY            0                         0      0        0
  MONTH TO DATE    0                         0      0        0
  SINCE JUN 1      5                         3      2        4
  SINCE JUL 1      5                         0      5        0

 COOLING
  TODAY           22                        15      7       15
  MONTH TO DATE  326                       341    -15      248
  SINCE JUN 1   1037                      1222   -185     1127
  SINCE JAN 1   1306                      1378    -72     1270
..................................................................


WIND (MPH)
  HIGHEST WIND SPEED    23   HIGHEST WIND DIRECTION     S (180)
  HIGHEST GUST SPEED    31   HIGHEST GUST DIRECTION     S (180)
  AVERAGE WIND SPEED    13.1




RELATIVE HUMIDITY (PERCENT)
 HIGHEST    69           500 AM
 LOWEST     33           300 PM
 AVERAGE    51

..........................................................


THE MEDICINE LODGE KS CLIMATE NORMALS FOR TOMORROW
                         NORMAL    RECORD    YEAR
 MAXIMUM TEMPERATURE (F)   92       108      1922
 MINIMUM TEMPERATURE (F)   67        52      1896


SUNRISE AND SUNSET
AUGUST 21 2014........SUNRISE   656 AM CDT   SUNSET   819 PM CDT
AUGUST 22 2014........SUNRISE   657 AM CDT   SUNSET   817 PM CDT


-  INDICATES NEGATIVE NUMBERS.
R  INDICATES RECORD WAS SET OR TIED.
MM INDICATES DATA IS MISSING.
T  INDICATES TRACE AMOUNT.




$$
