000
CDUS43 KDDC 050716
CLIP28


CLIMATE REPORT
NATIONAL WEATHER SERVICE DODGE CITY KS
213 AM CDT THU MAY 5 2016


...................................

...THE MEDICINE LODGE KS CLIMATE SUMMARY FOR MAY 4 2016...

CLIMATE NORMAL PERIOD 1981 TO 2010
CLIMATE RECORD PERIOD 1893 TO 2016


WEATHER ITEM   OBSERVED TIME   RECORD YEAR NORMAL DEPARTURE LAST
                VALUE   (LST)  VALUE       VALUE  FROM      YEAR
                                                  NORMAL
..................................................................
TEMPERATURE (F)
 YESTERDAY
  MAXIMUM         78    350 PM 103    2014  75      3       84
  MINIMUM         44    543 AM  32    2013  51     -7       62
  AVERAGE         61                        63     -2       73

PRECIPITATION (IN)
  YESTERDAY        0.00          2.25 1938   0.10  -0.10     0.00
  MONTH TO DATE    0.00                      0.42  -0.42     0.00
  SINCE MAR 1      5.61                      5.11   0.50     3.86
  SINCE JAN 1      6.50                      6.86  -0.36     5.17

SNOWFALL (IN)
  YESTERDAY        0.0          MM      MM   0.0             0.0
  MONTH TO DATE    0.0                       0.0             0.0
  SINCE MAR 1      1.0                       0.1             0.3
  SINCE JUL 1      2.0                       8.5            13.2
  SNOW DEPTH       0

DEGREE DAYS
 HEATING
  YESTERDAY        4                         4      0        0
  MONTH TO DATE   40                        18     22        0
  SINCE MAR 1    643                       874   -231      643
  SINCE JUL 1   3532                      4403   -871     4217

 COOLING
  YESTERDAY        0                         2     -2        8
  MONTH TO DATE    0                         7     -7       24
  SINCE MAR 1     36                        31      5       56
  SINCE JAN 1     36                        31      5       56
..................................................................


WIND (MPH)
  HIGHEST WIND SPEED    22   HIGHEST WIND DIRECTION     N (10)
  HIGHEST GUST SPEED    30   HIGHEST GUST DIRECTION    NE (30)
  AVERAGE WIND SPEED     7.8




RELATIVE HUMIDITY (PERCENT)
 HIGHEST    93           100 AM
 LOWEST     27           200 PM
 AVERAGE    60

..........................................................


THE MEDICINE LODGE KS CLIMATE NORMALS FOR TODAY
                         NORMAL    RECORD    YEAR
 MAXIMUM TEMPERATURE (F)   75       102      1940
 MINIMUM TEMPERATURE (F)   51        34      1979


SUNRISE AND SUNSET
MAY  5 2016...........SUNRISE   635 AM CDT   SUNSET   828 PM CDT
MAY  6 2016...........SUNRISE   633 AM CDT   SUNSET   829 PM CDT


-  INDICATES NEGATIVE NUMBERS.
R  INDICATES RECORD WAS SET OR TIED.
MM INDICATES DATA IS MISSING.
T  INDICATES TRACE AMOUNT.




$$
