493
CDUS45 KRIW 130739
CLIP60


CLIMATE REPORT
NATIONAL WEATHER SERVICE RIVERTON WY
1230 AM MST SAT FEB 13 2016


...................................

...THE LAKE YELLOWSTONE WY CLIMATE SUMMARY FOR FEBRUARY 12 2016...

CLIMATE NORMAL PERIOD 1981 TO 2010
CLIMATE RECORD PERIOD 1998 TO 2016


WEATHER ITEM   OBSERVED TIME   RECORD YEAR NORMAL DEPARTURE LAST
                VALUE   (LST)  VALUE       VALUE  FROM      YEAR
                                                  NORMAL
..................................................................
TEMPERATURE (F)
 YESTERDAY
  MAXIMUM         45R   238 PM  41    2015  26     19       41
  MINIMUM         26   1123 PM -24    2004   2     24       19
  AVERAGE         36                        14     22       30

PRECIPITATION (IN)
  YESTERDAY        0.04          0.15 2010   0.05  -0.01     0.00
  MONTH TO DATE    0.06                      0.61  -0.55     0.74
  SINCE DEC 1      4.31                      4.22   0.09     5.27
  SINCE JAN 1      1.27                      2.72  -1.45     2.77

DEGREE DAYS
 HEATING
  YESTERDAY       29                        51    -22       35
  MONTH TO DATE  586                       621    -35      441
  SINCE DEC 1   3727                      3832   -105     3431
  SINCE JUL 1   7055                      7152    -97     6758

 COOLING
  YESTERDAY        0                         0      0        0
  MONTH TO DATE    0                         0      0        0
  SINCE DEC 1      0                         0      0        0
  SINCE JAN 1      0                         0      0        0
..................................................................


WIND (MPH)
  HIGHEST WIND SPEED    10   HIGHEST WIND DIRECTION     W (250)
  HIGHEST GUST SPEED    20   HIGHEST GUST DIRECTION     W (260)
  AVERAGE WIND SPEED     1.3


SKY COVER
  POSSIBLE SUNSHINE  MM
  AVERAGE SKY COVER 0.0


WEATHER CONDITIONS
 THE FOLLOWING WEATHER WAS RECORDED YESTERDAY.
  NO SIGNIFICANT WEATHER WAS OBSERVED.


RELATIVE HUMIDITY (PERCENT)
 HIGHEST    92           200 AM
 LOWEST     28           200 PM
 AVERAGE    60

..........................................................


THE LAKE YELLOWSTONE WY CLIMATE NORMALS FOR TODAY
                         NORMAL    RECORD    YEAR
 MAXIMUM TEMPERATURE (F)   27        43      2015
 MINIMUM TEMPERATURE (F)    2       -15      2002


SUNRISE AND SUNSET
FEBRUARY 13 2016......SUNRISE   725 AM MST   SUNSET   547 PM MST
FEBRUARY 14 2016......SUNRISE   724 AM MST   SUNSET   548 PM MST


-  INDICATES NEGATIVE NUMBERS.
R  INDICATES RECORD WAS SET OR TIED.
MM INDICATES DATA IS MISSING.
T  INDICATES TRACE AMOUNT.




$$
