000
CDUS45 KRIW 190728
CLIP60


CLIMATE REPORT
NATIONAL WEATHER SERVICE RIVERTON WY
127 AM MDT FRI SEP 19 2014


...................................

...THE LAKE YELLOWSTONE WY CLIMATE SUMMARY FOR SEPTEMBER 18 2014...

CLIMATE NORMAL PERIOD 1981 TO 2010
CLIMATE RECORD PERIOD 1998 TO 2014


WEATHER ITEM   OBSERVED TIME   RECORD YEAR NORMAL DEPARTURE LAST
                VALUE   (LST)  VALUE       VALUE  FROM      YEAR
                                                  NORMAL
..................................................................
TEMPERATURE (F)
 YESTERDAY
  MAXIMUM         62    230 PM  75    2009  61      1       43
  MINIMUM         40    106 AM  18    2003  31      9       32
  AVERAGE         51                        46      5       38

PRECIPITATION (IN)
  YESTERDAY        0.47          0.53 2013   0.05   0.42     0.53
  MONTH TO DATE    1.02                      0.88   0.14     2.53
  SINCE SEP 1      1.02                      0.88   0.14     2.53
  SINCE JAN 1     24.14                     14.95   9.19    14.70

DEGREE DAYS
 HEATING
  YESTERDAY       14                        19     -5       27
  MONTH TO DATE  346                       289     57      221
  SINCE SEP 1    346                       289     57      221
  SINCE JUL 1   1008                       876    132      645

 COOLING
  YESTERDAY        0                         0      0        0
  MONTH TO DATE    0                         0      0        0
  SINCE SEP 1      0                         0      0        0
  SINCE JAN 1      0                         0      0        0
..................................................................


WIND (MPH)
  HIGHEST WIND SPEED     8   HIGHEST WIND DIRECTION     N (360)
  HIGHEST GUST SPEED    16   HIGHEST GUST DIRECTION    NW (330)
  AVERAGE WIND SPEED     0.8


SKY COVER
  POSSIBLE SUNSHINE  MM
  AVERAGE SKY COVER 0.0


WEATHER CONDITIONS
 THE FOLLOWING WEATHER WAS RECORDED YESTERDAY.
  NO SIGNIFICANT WEATHER WAS OBSERVED.


RELATIVE HUMIDITY (PERCENT)
 HIGHEST    96           600 PM
 LOWEST     67           200 PM
 AVERAGE    82

..........................................................


THE LAKE YELLOWSTONE WY CLIMATE NORMALS FOR TODAY
                         NORMAL    RECORD    YEAR
 MAXIMUM TEMPERATURE (F)   61        72      2010
                                             2009
 MINIMUM TEMPERATURE (F)   30        22      2003


SUNRISE AND SUNSET
SEPTEMBER 19 2014.....SUNRISE   705 AM MDT   SUNSET   725 PM MDT
SEPTEMBER 20 2014.....SUNRISE   706 AM MDT   SUNSET   723 PM MDT


-  INDICATES NEGATIVE NUMBERS.
R  INDICATES RECORD WAS SET OR TIED.
MM INDICATES DATA IS MISSING.
T  INDICATES TRACE AMOUNT.




$$
