000
CDUS45 KRIW 280034
CLIP60


CLIMATE REPORT
NATIONAL WEATHER SERVICE RIVERTON WY
534 PM MST THU NOV 27 2014


...................................

...THE LAKE YELLOWSTONE WY CLIMATE SUMMARY FOR NOVEMBER 27 2014...
VALID TODAY AS OF 0500 PM LOCAL TIME.

CLIMATE NORMAL PERIOD 1981 TO 2010
CLIMATE RECORD PERIOD 1998 TO 2014


WEATHER ITEM   OBSERVED TIME   RECORD YEAR NORMAL DEPARTURE LAST
                VALUE   (LST)  VALUE       VALUE  FROM      YEAR
                                                  NORMAL
..................................................................
TEMPERATURE (F)
 TODAY
  MAXIMUM         41        MM  43    1998  27     14       41
  MINIMUM         28        MM  -8    2001   8     20        8
  AVERAGE         35

PRECIPITATION (IN)
  TODAY            0.00          0.27 2010   0.07  -0.07     0.00
  MONTH TO DATE    1.78                      1.88  -0.10     1.01
  SINCE SEP 1      5.28                      4.53   0.75     6.70
  SINCE JAN 1     28.40                     18.60   9.80    18.87

DEGREE DAYS
 HEATING
  TODAY           30                        48    -18       40
  MONTH TO DATE 1182                      1127     55     1137
  SINCE SEP 1   2548                      2588    -40     2679
  SINCE JUL 1   3210                      3175     35     3103

 COOLING
  TODAY            0                         0      0        0
  MONTH TO DATE    0                         0      0        0
  SINCE SEP 1      0                         0      0        0
  SINCE JAN 1      0                         0      0        0
..................................................................


WIND (MPH)
  HIGHEST WIND SPEED     6   HIGHEST WIND DIRECTION     E (99)
  HIGHEST GUST SPEED    16   HIGHEST GUST DIRECTION     W (250)
  AVERAGE WIND SPEED     2.2


SKY COVER
  POSSIBLE SUNSHINE  MM
  AVERAGE SKY COVER 0.0


WEATHER CONDITIONS
 THE FOLLOWING WEATHER WAS RECORDED TODAY.
  NO SIGNIFICANT WEATHER WAS OBSERVED.


RELATIVE HUMIDITY (PERCENT)
 HIGHEST    92           600 AM
 LOWEST     55           200 PM
 AVERAGE    74

..........................................................


THE LAKE YELLOWSTONE WY CLIMATE NORMALS FOR TOMORROW
                         NORMAL    RECORD    YEAR
 MAXIMUM TEMPERATURE (F)   27        40      2011
 MINIMUM TEMPERATURE (F)    7       -13      2004


SUNRISE AND SUNSET
NOVEMBER 27 2014......SUNRISE   734 AM MST   SUNSET   445 PM MST
NOVEMBER 28 2014......SUNRISE   735 AM MST   SUNSET   444 PM MST


-  INDICATES NEGATIVE NUMBERS.
R  INDICATES RECORD WAS SET OR TIED.
MM INDICATES DATA IS MISSING.
T  INDICATES TRACE AMOUNT.




$$
