000
CDUS45 KRIW 290740
CLIP60


CLIMATE REPORT
NATIONAL WEATHER SERVICE RIVERTON WY
129 AM MDT SUN MAY 29 2016


...................................

...THE LAKE YELLOWSTONE WY CLIMATE SUMMARY FOR MAY 28 2016...

CLIMATE NORMAL PERIOD 1981 TO 2010
CLIMATE RECORD PERIOD 1998 TO 2016


WEATHER ITEM   OBSERVED TIME   RECORD YEAR NORMAL DEPARTURE LAST
                VALUE   (LST)  VALUE       VALUE  FROM      YEAR
                                                  NORMAL
..................................................................
TEMPERATURE (F)
 YESTERDAY
  MAXIMUM         52    432 PM  78    2003  55     -3       47
  MINIMUM         30   1159 PM  27    2005  31     -1       33
  AVERAGE         41                        43     -2       40

PRECIPITATION (IN)
  YESTERDAY        0.00          0.54 2015   0.09  -0.09     0.54
  MONTH TO DATE    2.74                      2.00   0.74     2.88
  SINCE MAR 1      6.34                      5.29   1.05     4.62
  SINCE JAN 1      8.99                      8.81   0.18     7.51

DEGREE DAYS
 HEATING
  YESTERDAY       24                        22      2       25
  MONTH TO DATE  689                       713    -24      659
  SINCE MAR 1   2900                      3027   -127     2821
  SINCE JUL 1  10684                     10964   -280    10385

 COOLING
  YESTERDAY        0                         0      0        0
  MONTH TO DATE    0                         0      0        0
  SINCE MAR 1      0                         0      0        0
  SINCE JAN 1      0                         0      0        0
..................................................................


WIND (MPH)
  HIGHEST WIND SPEED    13   HIGHEST WIND DIRECTION     W (280)
  HIGHEST GUST SPEED    22   HIGHEST GUST DIRECTION    SW (210)
  AVERAGE WIND SPEED     3.1


SKY COVER
  POSSIBLE SUNSHINE  MM
  AVERAGE SKY COVER 0.0


WEATHER CONDITIONS
 THE FOLLOWING WEATHER WAS RECORDED YESTERDAY.
  NO SIGNIFICANT WEATHER WAS OBSERVED.


RELATIVE HUMIDITY (PERCENT)
 HIGHEST    92           100 AM
 LOWEST     28           300 PM
 AVERAGE    60

..........................................................


THE LAKE YELLOWSTONE WY CLIMATE NORMALS FOR TODAY
                         NORMAL    RECORD    YEAR
 MAXIMUM TEMPERATURE (F)   56        77      2003
 MINIMUM TEMPERATURE (F)   31        27      2012
                                             2008
                                             2007


SUNRISE AND SUNSET
MAY 29 2016...........SUNRISE   541 AM MDT   SUNSET   858 PM MDT
MAY 30 2016...........SUNRISE   541 AM MDT   SUNSET   858 PM MDT


-  INDICATES NEGATIVE NUMBERS.
R  INDICATES RECORD WAS SET OR TIED.
MM INDICATES DATA IS MISSING.
T  INDICATES TRACE AMOUNT.




$$
