000
CDUS45 KRIW 230741
CLIP60


CLIMATE REPORT
NATIONAL WEATHER SERVICE RIVERTON WY
138 AM MDT THU OCT 23 2014


...................................

...THE LAKE YELLOWSTONE WY CLIMATE SUMMARY FOR OCTOBER 22 2014...

CLIMATE NORMAL PERIOD 1981 TO 2010
CLIMATE RECORD PERIOD 1998 TO 2014


WEATHER ITEM   OBSERVED TIME   RECORD YEAR NORMAL DEPARTURE LAST
                VALUE   (LST)  VALUE       VALUE  FROM      YEAR
                                                  NORMAL
..................................................................
TEMPERATURE (F)
 YESTERDAY
  MAXIMUM         42    150 PM  66    2003  45     -3       54
  MINIMUM         24    223 AM   5    2006  22      2       21
  AVERAGE         33                        33      0       38

PRECIPITATION (IN)
  YESTERDAY        0.00          0.53 2012   0.05  -0.05     0.00
  MONTH TO DATE    0.40                      0.90  -0.50     1.33
  SINCE SEP 1      2.57                      2.20   0.37     5.41
  SINCE JAN 1     25.69                     16.27   9.42    17.58

DEGREE DAYS
 HEATING
  YESTERDAY       32                        32      0       27
  MONTH TO DATE  556                       610    -54      729
  SINCE SEP 1   1094                      1158    -64     1258
  SINCE JUL 1   1756                      1745     11     1682

 COOLING
  YESTERDAY        0                         0      0        0
  MONTH TO DATE    0                         0      0        0
  SINCE SEP 1      0                         0      0        0
  SINCE JAN 1      0                         0      0        0
..................................................................


WIND (MPH)
  HIGHEST WIND SPEED    13   HIGHEST WIND DIRECTION     W (280)
  HIGHEST GUST SPEED    17   HIGHEST GUST DIRECTION     W (290)
  AVERAGE WIND SPEED     2.8


SKY COVER
  POSSIBLE SUNSHINE  MM
  AVERAGE SKY COVER 0.0


WEATHER CONDITIONS
 THE FOLLOWING WEATHER WAS RECORDED YESTERDAY.
  NO SIGNIFICANT WEATHER WAS OBSERVED.


RELATIVE HUMIDITY (PERCENT)
 HIGHEST    92          1200 AM
 LOWEST     46           200 PM
 AVERAGE    69

..........................................................


THE LAKE YELLOWSTONE WY CLIMATE NORMALS FOR TODAY
                         NORMAL    RECORD    YEAR
 MAXIMUM TEMPERATURE (F)   45        56      2005
 MINIMUM TEMPERATURE (F)   21        12      2008


SUNRISE AND SUNSET
OCTOBER 23 2014.......SUNRISE   747 AM MDT   SUNSET   624 PM MDT
OCTOBER 24 2014.......SUNRISE   749 AM MDT   SUNSET   622 PM MDT


-  INDICATES NEGATIVE NUMBERS.
R  INDICATES RECORD WAS SET OR TIED.
MM INDICATES DATA IS MISSING.
T  INDICATES TRACE AMOUNT.




$$
