000
CDUS45 KRIW 290740
CLIP60


CLIMATE REPORT
NATIONAL WEATHER SERVICE RIVERTON WY
1239 AM MST THU JAN 29 2015


...................................

...THE LAKE YELLOWSTONE WY CLIMATE SUMMARY FOR JANUARY 28 2015...

CLIMATE NORMAL PERIOD 1981 TO 2010
CLIMATE RECORD PERIOD 1998 TO 2015


WEATHER ITEM   OBSERVED TIME   RECORD YEAR NORMAL DEPARTURE LAST
                VALUE   (LST)  VALUE       VALUE  FROM      YEAR
                                                  NORMAL
..................................................................
TEMPERATURE (F)
 YESTERDAY
  MAXIMUM         35R   208 PM  33    2011  24     11       19
  MINIMUM         15    931 PM -24    2014   1     14      -24
  AVERAGE         25                        12     13       -2

PRECIPITATION (IN)
  YESTERDAY        0.28R         0.16 2005   0.04   0.24     0.03
  MONTH TO DATE    2.03                      1.99   0.04     1.47
  SINCE DEC 1      4.53                      3.49   1.04     3.42
  SINCE JAN 1      2.03                      1.99   0.04     1.47

DEGREE DAYS
 HEATING
  YESTERDAY       40                        52    -12       67
  MONTH TO DATE 1375                      1456    -81     1500
  SINCE DEC 1   2823                      3046   -223     3209
  SINCE JUL 1   6150                      6366   -216     6437

 COOLING
  YESTERDAY        0                         0      0        0
  MONTH TO DATE    0                         0      0        0
  SINCE DEC 1      0                         0      0        0
  SINCE JAN 1      0                         0      0        0
..................................................................


WIND (MPH)
  HIGHEST WIND SPEED     9   HIGHEST WIND DIRECTION     W (280)
  HIGHEST GUST SPEED    13   HIGHEST GUST DIRECTION     W (270)
  AVERAGE WIND SPEED     0.6


SKY COVER
  POSSIBLE SUNSHINE  MM
  AVERAGE SKY COVER 0.0


WEATHER CONDITIONS
 THE FOLLOWING WEATHER WAS RECORDED YESTERDAY.
  NO SIGNIFICANT WEATHER WAS OBSERVED.


RELATIVE HUMIDITY (PERCENT)
 HIGHEST   100           700 AM
 LOWEST     75           200 PM
 AVERAGE    88

..........................................................


THE LAKE YELLOWSTONE WY CLIMATE NORMALS FOR TODAY
                         NORMAL    RECORD    YEAR
 MAXIMUM TEMPERATURE (F)   25        33      2011
 MINIMUM TEMPERATURE (F)    1       -23      2001


SUNRISE AND SUNSET
JANUARY 29 2015.......SUNRISE   744 AM MST   SUNSET   526 PM MST
JANUARY 30 2015.......SUNRISE   743 AM MST   SUNSET   528 PM MST


-  INDICATES NEGATIVE NUMBERS.
R  INDICATES RECORD WAS SET OR TIED.
MM INDICATES DATA IS MISSING.
T  INDICATES TRACE AMOUNT.




$$
