000
CDUS45 KRIW 050032
CLIP60


CLIMATE REPORT
NATIONAL WEATHER SERVICE RIVERTON WY
632 PM MDT FRI SEP 4 2015


...................................

...THE LAKE YELLOWSTONE WY CLIMATE SUMMARY FOR SEPTEMBER 4 2015...
VALID TODAY AS OF 0500 PM LOCAL TIME.

CLIMATE NORMAL PERIOD 1981 TO 2010
CLIMATE RECORD PERIOD 1998 TO 2015


WEATHER ITEM   OBSERVED TIME   RECORD YEAR NORMAL DEPARTURE LAST
                VALUE   (LST)  VALUE       VALUE  FROM      YEAR
                                                  NORMAL
..................................................................
TEMPERATURE (F)
 TODAY
  MAXIMUM         68        MM  78    2001  67      1       55
  MINIMUM         38        MM  27    2014  35      3       27
                                      2011
  AVERAGE         53

PRECIPITATION (IN)
  TODAY            0.00          0.41 2007   0.06  -0.06     0.00
  MONTH TO DATE    0.22                      0.22   0.00     0.01
  SINCE SEP 1      0.22                      0.22   0.00     0.01
  SINCE JAN 1     11.85                     14.29  -2.44    23.13

DEGREE DAYS
 HEATING
  TODAY           12                        14     -2       24
  MONTH TO DATE   43                        55    -12       81
  SINCE SEP 1     43                        55    -12       81
  SINCE JUL 1    728                       642     86      743

 COOLING
  TODAY            0                         0      0        0
  MONTH TO DATE    0                         0      0        0
  SINCE SEP 1      0                         0      0        0
  SINCE JAN 1      1                         0      1        0
..................................................................


WIND (MPH)
  HIGHEST WIND SPEED     8   HIGHEST WIND DIRECTION     W (260)
  HIGHEST GUST SPEED    MM   HIGHEST GUST DIRECTION    MM
  AVERAGE WIND SPEED     3.4


SKY COVER
  POSSIBLE SUNSHINE  MM
  AVERAGE SKY COVER 0.0


WEATHER CONDITIONS
 THE FOLLOWING WEATHER WAS RECORDED TODAY.
  NO SIGNIFICANT WEATHER WAS OBSERVED.


RELATIVE HUMIDITY (PERCENT)
 HIGHEST   100           400 AM
 LOWEST     24           300 PM
 AVERAGE    62

..........................................................


THE LAKE YELLOWSTONE WY CLIMATE NORMALS FOR TOMORROW
                         NORMAL    RECORD    YEAR
 MAXIMUM TEMPERATURE (F)   67        79      1998
 MINIMUM TEMPERATURE (F)   34        24      2008


SUNRISE AND SUNSET
SEPTEMBER  4 2015.....SUNRISE   647 AM MDT   SUNSET   753 PM MDT
SEPTEMBER  5 2015.....SUNRISE   649 AM MDT   SUNSET   751 PM MDT


-  INDICATES NEGATIVE NUMBERS.
R  INDICATES RECORD WAS SET OR TIED.
MM INDICATES DATA IS MISSING.
T  INDICATES TRACE AMOUNT.




$$
