000
CDUS45 KRIW 080839
CLIP60


CLIMATE REPORT
NATIONAL WEATHER SERVICE RIVERTON WY
139 AM MST THU DEC 8 2016


...................................

...THE LAKE YELLOWSTONE WY CLIMATE SUMMARY FOR DECEMBER 7 2016...

CLIMATE NORMAL PERIOD 1981 TO 2010
CLIMATE RECORD PERIOD 1998 TO 2016


WEATHER ITEM   OBSERVED TIME   RECORD YEAR NORMAL DEPARTURE LAST
                VALUE   (LST)  VALUE       VALUE  FROM      YEAR
                                                  NORMAL
..................................................................
TEMPERATURE (F)
 YESTERDAY
  MAXIMUM          9    136 PM  37    2006  25    -16       32
  MINIMUM        -16    905 AM -26    2005   5    -21       27
  AVERAGE         -3                        14    -17       30

PRECIPITATION (IN)
  YESTERDAY        0.00          0.27 2004   0.05  -0.05     0.24
  MONTH TO DATE    0.53                      0.36   0.17     0.29
  SINCE DEC 1      0.53                      0.36   0.17     0.29
  SINCE JAN 1     21.53                     19.16   2.37    17.24

DEGREE DAYS
 HEATING
  YESTERDAY       68                        50     18       35
  MONTH TO DATE  387                       347     40      325
  SINCE DEC 1    387                       347     40      325
  SINCE JUL 1   3531                      3667   -136     3653

 COOLING
  YESTERDAY        0                         0      0        0
  MONTH TO DATE    0                         0      0        0
  SINCE DEC 1      0                         0      0        0
  SINCE JAN 1      0                         0      0        1
..................................................................


WIND (MPH)
  HIGHEST WIND SPEED     8   HIGHEST WIND DIRECTION     W (290)
  HIGHEST GUST SPEED    12   HIGHEST GUST DIRECTION    SW (210)
  AVERAGE WIND SPEED     2.6


SKY COVER
  POSSIBLE SUNSHINE  MM
  AVERAGE SKY COVER 0.0


WEATHER CONDITIONS
 THE FOLLOWING WEATHER WAS RECORDED YESTERDAY.
  NO SIGNIFICANT WEATHER WAS OBSERVED.


RELATIVE HUMIDITY (PERCENT)
 HIGHEST    92           700 PM
 LOWEST     63           300 PM
 AVERAGE    78

..........................................................


THE LAKE YELLOWSTONE WY CLIMATE NORMALS FOR TODAY
                         NORMAL    RECORD    YEAR
 MAXIMUM TEMPERATURE (F)   24        38      2014
 MINIMUM TEMPERATURE (F)    4       -25      2013


SUNRISE AND SUNSET
DECEMBER  8 2016......SUNRISE   746 AM MST   SUNSET   442 PM MST
DECEMBER  9 2016......SUNRISE   747 AM MST   SUNSET   442 PM MST


-  INDICATES NEGATIVE NUMBERS.
R  INDICATES RECORD WAS SET OR TIED.
MM INDICATES DATA IS MISSING.
T  INDICATES TRACE AMOUNT.




$$
