000
CDUS45 KRIW 290730
CLIP60


CLIMATE REPORT
NATIONAL WEATHER SERVICE RIVERTON WY
128 AM MDT THU JUN 29 2017


...................................

...THE LAKE YELLOWSTONE WY CLIMATE SUMMARY FOR JUNE 28 2017...

CLIMATE NORMAL PERIOD 1981 TO 2010
CLIMATE RECORD PERIOD 1998 TO 2017


WEATHER ITEM   OBSERVED TIME   RECORD YEAR NORMAL DEPARTURE LAST
                VALUE   (LST)  VALUE       VALUE  FROM      YEAR
                                                  NORMAL
..................................................................
TEMPERATURE (F)
 YESTERDAY
  MAXIMUM         60    237 PM  82    2016  68     -8       82
                                      2015
                                      2013
  MINIMUM         36    529 AM  31    2014  37     -1       38
                                      2012
  AVERAGE         48                        52     -4       60

PRECIPITATION (IN)
  YESTERDAY        0.38R         0.33 2014   0.05   0.33     0.09
  MONTH TO DATE    1.90                      1.92  -0.02     0.92
  SINCE JUN 1      1.90                      1.92  -0.02     0.92
  SINCE JAN 1     19.11                     11.00   8.11     9.98

DEGREE DAYS
 HEATING
  YESTERDAY       17                        13      4        5
  MONTH TO DATE  455                       469    -14      354
  SINCE JUN 1    455                       469    -14      354
  SINCE JUL 1  11454                     11497    -43    11107

 COOLING
  YESTERDAY        0                         0      0        0
  MONTH TO DATE    0                         0      0        0
  SINCE JUN 1      0                         0      0        0
  SINCE JAN 1      0                         0      0        0
..................................................................


WIND (MPH)
  HIGHEST WIND SPEED    16   HIGHEST WIND DIRECTION    NW (310)
  HIGHEST GUST SPEED    26   HIGHEST GUST DIRECTION    NW (300)
  AVERAGE WIND SPEED     2.8


SKY COVER
  POSSIBLE SUNSHINE  MM
  AVERAGE SKY COVER 0.0


WEATHER CONDITIONS
 THE FOLLOWING WEATHER WAS RECORDED YESTERDAY.
  LIGHT RAIN


RELATIVE HUMIDITY (PERCENT)
 HIGHEST   100          1200 AM
 LOWEST     44           200 PM
 AVERAGE    72

..........................................................


THE LAKE YELLOWSTONE WY CLIMATE NORMALS FOR TODAY
                         NORMAL    RECORD    YEAR
 MAXIMUM TEMPERATURE (F)   68        83      2015
 MINIMUM TEMPERATURE (F)   37        30      2014


SUNRISE AND SUNSET
JUNE 29 2017..........SUNRISE   540 AM MDT   SUNSET   911 PM MDT
JUNE 30 2017..........SUNRISE   540 AM MDT   SUNSET   910 PM MDT


-  INDICATES NEGATIVE NUMBERS.
R  INDICATES RECORD WAS SET OR TIED.
MM INDICATES DATA IS MISSING.
T  INDICATES TRACE AMOUNT.




$$
