000
CDUS45 KLKN 230945
CLIP68


CLIMATE REPORT
NATIONAL WEATHER SERVICE ELKO NV
245 AM PDT SAT SEP 3  2017


...................................

...THE EUREKA AIRPORT NV CLIMATE SUMMARY FOR SEPTEMBER 22 2017...

CLIMATE NORMAL PERIOD 1981 TO 2010
CLIMATE RECORD PERIOD 1963 TO 2017


WEATHER ITEM   OBSERVED TIME   RECORD YEAR NORMAL DEPARTURE LAST
                VALUE   (LST)  VALUE       VALUE  FROM      YEAR
                                                  NORMAL
..................................................................
TEMPERATURE (F)
 YESTERDAY
  MAXIMUM         46        MM  88    1992  75    -29       54
  MINIMUM         30        MM  12    1968  36     -6       40
  AVERAGE         38                        56    -18       47

PRECIPITATION (IN)
  YESTERDAY        0.19          0.55 2016   0.02   0.17     0.55
  MONTH TO DATE    0.86                      0.43   0.43     1.07
  SINCE OCT 1     11.13                      8.85   2.28    13.18
  SINCE JAN 1      9.04                      6.72   2.32     8.91

DEGREE DAYS
 HEATING
  YESTERDAY       27                         9     18       18
  MONTH TO DATE  119                       127     -8      131
  SINCE SEP 1    119                       127     -8      131
  SINCE JUL 1    123                       174    -51      155

 COOLING
  YESTERDAY        0                         0      0        0
  MONTH TO DATE   61                         9     52        9
  SINCE SEP 1     61                         9     52        9
  SINCE JAN 1    570                       286    284      424
..................................................................


WIND (MPH)
  HIGHEST WIND SPEED    16   HIGHEST WIND DIRECTION    NE (30)
  HIGHEST GUST SPEED    MM   HIGHEST GUST DIRECTION    MM
  AVERAGE WIND SPEED     3.7




RELATIVE HUMIDITY (PERCENT)
 HIGHEST    92           800 PM
 LOWEST     58           200 PM
 AVERAGE    75

..........................................................


THE EUREKA AIRPORT NV CLIMATE NORMALS FOR TODAY
                         NORMAL    RECORD    YEAR
 MAXIMUM TEMPERATURE (F)   75        88      2011
 MINIMUM TEMPERATURE (F)   36        18      1968


SUNRISE AND SUNSET
SEPTEMBER 23 2017.....SUNRISE   633 AM PDT   SUNSET   639 PM PDT
SEPTEMBER 24 2017.....SUNRISE   634 AM PDT   SUNSET   637 PM PDT


-  INDICATES NEGATIVE NUMBERS.
R  INDICATES RECORD WAS SET OR TIED.
MM INDICATES DATA IS MISSING.
T  INDICATES TRACE AMOUNT.




$$
