000
CDUS45 KLKN 280033
CLIP68


CLIMATE REPORT
NATIONAL WEATHER SERVICE ELKO NV
532 PM PDT WED JUL 27 2016


...................................

...THE EUREKA AIRPORT NV CLIMATE SUMMARY FOR JULY 27 2016...
VALID TODAY AS OF 0500 PM LOCAL TIME.

CLIMATE NORMAL PERIOD 1981 TO 2010
CLIMATE RECORD PERIOD 1963 TO 2016


WEATHER ITEM   OBSERVED TIME   RECORD YEAR NORMAL DEPARTURE LAST
                VALUE   (LST)  VALUE       VALUE  FROM      YEAR
                                                  NORMAL
..................................................................
TEMPERATURE (F)
 TODAY
  MAXIMUM        100R   221 PM 100    2006  91      9       79
  MINIMUM         52    515 AM  35    1993  50      2       44
                                      1983
  AVERAGE         76                        70      6       62

PRECIPITATION (IN)
  TODAY            0.00          0.29 1982   0.02  -0.02     0.00
  MONTH TO DATE    0.00                      0.53  -0.53     0.88
  SINCE OCT 1     12.05                      7.74   4.31     6.02
  SINCE JAN 1      7.78                      5.61   2.17     4.90

DEGREE DAYS
 HEATING
  TODAY            0                         0      0        3
  MONTH TO DATE   13                         8      5       16
  SINCE JUN 1     67                       168   -101       55
  SINCE JUL 1     13                         8      5       16

 COOLING
  TODAY           11                         5      6        0
  MONTH TO DATE  147                       122     25      108
  SINCE JUN 1    238                       151     87      265
  SINCE JAN 1    238                       154     84      273
..................................................................


WIND (MPH)
  HIGHEST WIND SPEED    18   HIGHEST WIND DIRECTION     W (250)
  HIGHEST GUST SPEED    26   HIGHEST GUST DIRECTION    SW (240)




RELATIVE HUMIDITY (PERCENT)
 HIGHEST    32          1200 AM
 LOWEST      6           100 PM
 AVERAGE    19

..........................................................


THE EUREKA AIRPORT NV CLIMATE NORMALS FOR TOMORROW
                         NORMAL    RECORD    YEAR
 MAXIMUM TEMPERATURE (F)   91       100      1994
 MINIMUM TEMPERATURE (F)   50        37      2015
                                             1983


SUNRISE AND SUNSET
JULY 27 2016..........SUNRISE   539 AM PDT   SUNSET   801 PM PDT
JULY 28 2016..........SUNRISE   540 AM PDT   SUNSET   800 PM PDT


-  INDICATES NEGATIVE NUMBERS.
R  INDICATES RECORD WAS SET OR TIED.
MM INDICATES DATA IS MISSING.
T  INDICATES TRACE AMOUNT.




$$
