000
CDUS45 KLKN 140026
CLIP68


CLIMATE REPORT
NATIONAL WEATHER SERVICE ELKO NV
426 PM PST SAT FEB 13 2016


...................................

...THE EUREKA AIRPORT NV CLIMATE SUMMARY FOR FEBRUARY 13 2016...
VALID TODAY AS OF 0400 PM LOCAL TIME.

CLIMATE NORMAL PERIOD 1981 TO 2010
CLIMATE RECORD PERIOD 1963 TO 2016


WEATHER ITEM   OBSERVED TIME   RECORD YEAR NORMAL DEPARTURE LAST
                VALUE   (LST)  VALUE       VALUE  FROM      YEAR
                                                  NORMAL
..................................................................
TEMPERATURE (F)
 TODAY
  MAXIMUM         46   1244 PM  69    2015  42      4       69
  MINIMUM         21    700 AM -17    1966  15      6       28
  AVERAGE         34                        29      5       49

PRECIPITATION (IN)
  TODAY            0.00          0.50 1968   0.03  -0.03     0.00
  MONTH TO DATE    0.05                      0.39  -0.34     0.09
  SINCE OCT 1      5.96                      3.26   2.70     1.47
  SINCE JAN 1      1.69                      1.13   0.56     0.35

DEGREE DAYS
 HEATING
  TODAY           31                        36     -5       16
  MONTH TO DATE  639                       492    147      270
  SINCE DEC 1   3174                      3016    158     2241
  SINCE JUL 1   4660                      4775   -115     3581

 COOLING
  TODAY            0                         0      0        0
  MONTH TO DATE    0                         0      0        0
  SINCE DEC 1      0                         0      0        0
  SINCE JAN 1      0                         0      0        0
..................................................................


WIND (MPH)
  HIGHEST WIND SPEED    16   HIGHEST WIND DIRECTION    SW (210)
  HIGHEST GUST SPEED    20   HIGHEST GUST DIRECTION    SW (210)




RELATIVE HUMIDITY (PERCENT)
 HIGHEST    84          1200 AM
 LOWEST     49           300 PM
 AVERAGE    67

..........................................................


THE EUREKA AIRPORT NV CLIMATE NORMALS FOR TOMORROW
                         NORMAL    RECORD    YEAR
 MAXIMUM TEMPERATURE (F)   42        65      2015
 MINIMUM TEMPERATURE (F)   16       -10      1990


SUNRISE AND SUNSET
FEBRUARY 13 2016......SUNRISE   639 AM PST   SUNSET   518 PM PST
FEBRUARY 14 2016......SUNRISE   638 AM PST   SUNSET   519 PM PST


-  INDICATES NEGATIVE NUMBERS.
R  INDICATES RECORD WAS SET OR TIED.
MM INDICATES DATA IS MISSING.
T  INDICATES TRACE AMOUNT.




$$
