000
CDUS45 KLKN 300928
CLIP68


CLIMATE REPORT
NATIONAL WEATHER SERVICE ELKO NV
228 AM PDT THU MAR 30 2017


...................................

...THE EUREKA AIRPORT NV CLIMATE SUMMARY FOR MARCH 29 2017...

CLIMATE NORMAL PERIOD 1981 TO 2010
CLIMATE RECORD PERIOD 1963 TO 2017


WEATHER ITEM   OBSERVED TIME   RECORD YEAR NORMAL DEPARTURE LAST
                VALUE   (LST)  VALUE       VALUE  FROM      YEAR
                                                  NORMAL
..................................................................
TEMPERATURE (F)
 YESTERDAY
  MAXIMUM         64    413 PM  73    2015  54     10       31
  MINIMUM         25    518 AM   8    1997  25      0       20
                                      1987
  AVERAGE         45                        40      5       26

PRECIPITATION (IN)
  YESTERDAY        0.00          0.36 1982   0.03  -0.03     0.29
  MONTH TO DATE    1.28                      0.86   0.42     1.28
  SINCE OCT 1      6.28                      4.59   1.69     7.52
  SINCE JAN 1      4.19                      2.46   1.73     3.25

DEGREE DAYS
 HEATING
  YESTERDAY       20                        26     -6       39
  MONTH TO DATE  631                       823   -192      686
  SINCE MAR 1    631                       823   -192      686
  SINCE JUL 1   5491                      6108   -617     5789

 COOLING
  YESTERDAY        0                         0      0        0
  MONTH TO DATE    0                         0      0        0
  SINCE MAR 1      0                         0      0        0
  SINCE JAN 1      0                         0      0        0
..................................................................


WIND (MPH)
  HIGHEST WIND SPEED    14   HIGHEST WIND DIRECTION     W (290)
  HIGHEST GUST SPEED    18   HIGHEST GUST DIRECTION     W (290)
  AVERAGE WIND SPEED     4.3




RELATIVE HUMIDITY (PERCENT)
 HIGHEST    85          1200 AM
 LOWEST     27           300 PM
 AVERAGE    56

..........................................................


THE EUREKA AIRPORT NV CLIMATE NORMALS FOR TODAY
                         NORMAL    RECORD    YEAR
 MAXIMUM TEMPERATURE (F)   54        76      2015
 MINIMUM TEMPERATURE (F)   25        11      1985


SUNRISE AND SUNSET
MARCH 30 2017.........SUNRISE   631 AM PDT   SUNSET   706 PM PDT
MARCH 31 2017.........SUNRISE   629 AM PDT   SUNSET   707 PM PDT


-  INDICATES NEGATIVE NUMBERS.
R  INDICATES RECORD WAS SET OR TIED.
MM INDICATES DATA IS MISSING.
T  INDICATES TRACE AMOUNT.




$$
