000
CDUS45 KLKN 010932
CLIP68


CLIMATE REPORT
NATIONAL WEATHER SERVICE ELKO NV
130 AM PST SUN MAR 1 2015


...................................

...THE EUREKA AIRPORT NV CLIMATE SUMMARY FOR FEBRUARY 28 2015...

CLIMATE NORMAL PERIOD 1981 TO 2010
CLIMATE RECORD PERIOD 1963 TO 2015


WEATHER ITEM   OBSERVED TIME   RECORD YEAR NORMAL DEPARTURE LAST
                VALUE   (LST)  VALUE       VALUE  FROM      YEAR
                                                  NORMAL
..................................................................
TEMPERATURE (F)
 YESTERDAY
  MAXIMUM         39    143 PM  65    1980  47     -8       44
  MINIMUM         21    405 AM  -4    1993  20      1       28
  AVERAGE         30                        33     -3       36

PRECIPITATION (IN)
  YESTERDAY        0.00          0.39 2006   0.03  -0.03     0.05
  MONTH TO DATE    0.33                      0.86  -0.53     0.95
  SINCE OCT 1      1.71                      3.73  -2.02     4.14
  SINCE JAN 1      0.59                      1.60  -1.01     1.74

DEGREE DAYS
 HEATING
  YESTERDAY       35                        32      3       29
  MONTH TO DATE  732                      1003   -271      840
  SINCE DEC 1   2703                      3526   -823     3193
  SINCE JUL 1   4043                      5285  -1242     4804

 COOLING
  YESTERDAY        0                         0      0        0
  MONTH TO DATE    0                         0      0        0
  SINCE DEC 1      0                         0      0        0
  SINCE JAN 1      0                         0      0        0
..................................................................


WIND (MPH)
  HIGHEST WIND SPEED    16   HIGHEST WIND DIRECTION     N (340)
  HIGHEST GUST SPEED    21   HIGHEST GUST DIRECTION    NW (330)
  AVERAGE WIND SPEED     5.0




RELATIVE HUMIDITY (PERCENT)
 HIGHEST    92          1200 AM
 LOWEST     64           200 PM
 AVERAGE    78

..........................................................


THE EUREKA AIRPORT NV CLIMATE NORMALS FOR TODAY
                         NORMAL    RECORD    YEAR
 MAXIMUM TEMPERATURE (F)   47        59      1967
 MINIMUM TEMPERATURE (F)   20        -3      1993


SUNRISE AND SUNSET
MARCH  1 2015.........SUNRISE   617 AM PST   SUNSET   536 PM PST
MARCH  2 2015.........SUNRISE   616 AM PST   SUNSET   537 PM PST


-  INDICATES NEGATIVE NUMBERS.
R  INDICATES RECORD WAS SET OR TIED.
MM INDICATES DATA IS MISSING.
T  INDICATES TRACE AMOUNT.




$$
