000
CDUS45 KLKN 230927
CLIP68


CLIMATE REPORT
NATIONAL WEATHER SERVICE ELKO NV
226 AM PDT TUE SEP 23 2014


...................................

...THE EUREKA AIRPORT NV CLIMATE SUMMARY FOR SEPTEMBER 22 2014...

CLIMATE NORMAL PERIOD 1981 TO 2010
CLIMATE RECORD PERIOD 1963 TO 2014


WEATHER ITEM   OBSERVED TIME   RECORD YEAR NORMAL DEPARTURE LAST
                VALUE   (LST)  VALUE       VALUE  FROM      YEAR
                                                  NORMAL
..................................................................
TEMPERATURE (F)
 YESTERDAY
  MAXIMUM         76    412 PM  88    1992  75      1       60
  MINIMUM         45    545 AM  12    1968  36      9       38
  AVERAGE         61                        56      5       49

PRECIPITATION (IN)
  YESTERDAY        0.00          0.34 2007   0.02  -0.02     0.14
  MONTH TO DATE    1.13                      0.43   0.70     1.16
  SINCE OCT 1     10.34                      8.85   1.49     7.55
  SINCE JAN 1      7.94                      6.72   1.22     6.11

DEGREE DAYS
 HEATING
  YESTERDAY        4                         9     -5       16
  MONTH TO DATE   32                       127    -95       76
  SINCE SEP 1     32                       127    -95       76
  SINCE JUL 1     57                       174   -117       77

 COOLING
  YESTERDAY        0                         0      0        0
  MONTH TO DATE   33                         9     24       44
  SINCE SEP 1     33                         9     24       44
  SINCE JAN 1    432                       286    146      585
..................................................................


WIND (MPH)
  HIGHEST WIND SPEED    15   HIGHEST WIND DIRECTION     W (250)
  HIGHEST GUST SPEED    20   HIGHEST GUST DIRECTION     W (250)
  AVERAGE WIND SPEED     5.7




RELATIVE HUMIDITY (PERCENT)
 HIGHEST    93          1200 AM
 LOWEST     29           300 PM
 AVERAGE    61

..........................................................


THE EUREKA AIRPORT NV CLIMATE NORMALS FOR TODAY
                         NORMAL    RECORD    YEAR
 MAXIMUM TEMPERATURE (F)   75        88      2011
 MINIMUM TEMPERATURE (F)   36        18      1968


SUNRISE AND SUNSET
SEPTEMBER 23 2014.....SUNRISE   632 AM PDT   SUNSET   639 PM PDT
SEPTEMBER 24 2014.....SUNRISE   633 AM PDT   SUNSET   638 PM PDT


-  INDICATES NEGATIVE NUMBERS.
R  INDICATES RECORD WAS SET OR TIED.
MM INDICATES DATA IS MISSING.
T  INDICATES TRACE AMOUNT.




$$
