000
CDUS45 KLKN 280025
CLIP68


CLIMATE REPORT
NATIONAL WEATHER SERVICE ELKO NV
525 PM PDT FRI MAR 27 2015


...................................

...THE EUREKA AIRPORT NV CLIMATE SUMMARY FOR MARCH 27 2015...
VALID TODAY AS OF 0500 PM LOCAL TIME.

CLIMATE NORMAL PERIOD 1981 TO 2010
CLIMATE RECORD PERIOD 1963 TO 2015


WEATHER ITEM   OBSERVED TIME   RECORD YEAR NORMAL DEPARTURE LAST
                VALUE   (LST)  VALUE       VALUE  FROM      YEAR
                                                  NORMAL
..................................................................
TEMPERATURE (F)
 TODAY
  MAXIMUM         77R   358 PM  73    1986  54     23       49
  MINIMUM         33    604 AM  12    2010  25      8       24
                                      1995
  AVERAGE         55                        39     16       37

PRECIPITATION (IN)
  TODAY            0.00          0.85 1984   0.03  -0.03     0.00
  MONTH TO DATE    0.31                      0.79  -0.48     0.25
  SINCE OCT 1      2.02                      4.52  -2.50     4.39
  SINCE JAN 1      0.90                      2.39  -1.49     1.99

DEGREE DAYS
 HEATING
  TODAY           10                        26    -16       28
  MONTH TO DATE  589                       771   -182      674
  SINCE MAR 1    589                       771   -182      674
  SINCE JUL 1   4632                      6056  -1424     5478

 COOLING
  TODAY            0                         0      0        0
  MONTH TO DATE    0                         0      0        0
  SINCE MAR 1      0                         0      0        0
  SINCE JAN 1      0                         0      0        0
..................................................................


WIND (MPH)
  HIGHEST WIND SPEED    16   HIGHEST WIND DIRECTION     W (290)
  HIGHEST GUST SPEED    21   HIGHEST GUST DIRECTION    NW (300)




RELATIVE HUMIDITY (PERCENT)
 HIGHEST    64           200 AM
 LOWEST     11           400 PM
 AVERAGE    38

..........................................................


THE EUREKA AIRPORT NV CLIMATE NORMALS FOR TOMORROW
                         NORMAL    RECORD    YEAR
 MAXIMUM TEMPERATURE (F)   54        68      1994
 MINIMUM TEMPERATURE (F)   25        11      1987


SUNRISE AND SUNSET
MARCH 27 2015.........SUNRISE   636 AM PDT   SUNSET   703 PM PDT
MARCH 28 2015.........SUNRISE   635 AM PDT   SUNSET   704 PM PDT


-  INDICATES NEGATIVE NUMBERS.
R  INDICATES RECORD WAS SET OR TIED.
MM INDICATES DATA IS MISSING.
T  INDICATES TRACE AMOUNT.




$$
