000
CDUS45 KLKN 140048
CLIP68


CLIMATE REPORT
NATIONAL WEATHER SERVICE ELKO NV
548 PM PDT SUN JUL 13 2014


...................................

...THE EUREKA AIRPORT NV CLIMATE SUMMARY FOR JULY 13 2014...
VALID TODAY AS OF 0500 PM LOCAL TIME.

CLIMATE NORMAL PERIOD 1981 TO 2010
CLIMATE RECORD PERIOD 1963 TO 2014


WEATHER ITEM   OBSERVED TIME   RECORD YEAR NORMAL DEPARTURE LAST
                VALUE   (LST)  VALUE       VALUE  FROM      YEAR
                                                  NORMAL
..................................................................
TEMPERATURE (F)
 TODAY
  MAXIMUM         99    218 PM 102    2002  90      9       87
  MINIMUM         57    329 AM  33    1995  49      8       52
  AVERAGE         78                        69      9       70

PRECIPITATION (IN)
  TODAY            0.00          0.08 2012   0.03  -0.03     0.00
  MONTH TO DATE    0.16                      0.20  -0.04     0.45
  SINCE OCT 1      7.23                      7.41  -0.18     5.02
  SINCE JAN 1      4.83                      5.28  -0.45     3.58

DEGREE DAYS
 HEATING
  TODAY            0                         0      0        0
  MONTH TO DATE    0                         8     -8        1
  SINCE JUN 1    103                       168    -65       81
  SINCE JUL 1      0                         8     -8        1

 COOLING
  TODAY           13                         5      8        5
  MONTH TO DATE  116                        46     70      110
  SINCE JUN 1    157                        75     82      202
  SINCE JAN 1    159                        78     81      203
..................................................................


WIND (MPH)
  HIGHEST WIND SPEED    16   HIGHEST WIND DIRECTION     N (360)
  HIGHEST GUST SPEED    21   HIGHEST GUST DIRECTION     N (350)




RELATIVE HUMIDITY (PERCENT)
 HIGHEST    62           300 AM
 LOWEST     11           200 PM
 AVERAGE    37

..........................................................


THE EUREKA AIRPORT NV CLIMATE NORMALS FOR TOMORROW
                         NORMAL    RECORD    YEAR
 MAXIMUM TEMPERATURE (F)   90        99      2005
                                             2003
 MINIMUM TEMPERATURE (F)   49        35      1995


SUNRISE AND SUNSET
JULY 13 2014..........SUNRISE   528 AM PDT   SUNSET   811 PM PDT
JULY 14 2014..........SUNRISE   528 AM PDT   SUNSET   811 PM PDT


-  INDICATES NEGATIVE NUMBERS.
R  INDICATES RECORD WAS SET OR TIED.
MM INDICATES DATA IS MISSING.
T  INDICATES TRACE AMOUNT.




$$
