000
CDUS45 KLKN 230029
CLIP68


CLIMATE REPORT
NATIONAL WEATHER SERVICE ELKO NV
529 PM PDT FRI MAY 22 2015


...................................

...THE EUREKA AIRPORT NV CLIMATE SUMMARY FOR MAY 22 2015...
VALID TODAY AS OF 0500 PM LOCAL TIME.

CLIMATE NORMAL PERIOD 1981 TO 2010
CLIMATE RECORD PERIOD 1963 TO 2015


WEATHER ITEM   OBSERVED TIME   RECORD YEAR NORMAL DEPARTURE LAST
                VALUE   (LST)  VALUE       VALUE  FROM      YEAR
                                                  NORMAL
..................................................................
TEMPERATURE (F)
 TODAY
  MAXIMUM         63    138 PM  88    2000  72     -9       70
                                      1967
  MINIMUM         36    437 AM  21    2007  35      1       32
  AVERAGE         50                        53     -3       51

PRECIPITATION (IN)
  TODAY            0.00          0.34 1965   0.02  -0.02     0.00
  MONTH TO DATE    1.27                      0.53   0.74     0.95
  SINCE OCT 1      3.64                      6.16  -2.52     6.95
  SINCE JAN 1      2.52                      4.03  -1.51     4.55

DEGREE DAYS
 HEATING
  TODAY           15                        12      3       14
  MONTH TO DATE  321                       316      5      312
  SINCE MAR 1   1601                      1835   -234     1679
  SINCE JUL 1   5644                      7120  -1476     6483

 COOLING
  TODAY            0                         0      0        0
  MONTH TO DATE    0                         0      0        0
  SINCE MAR 1      0                         0      0        0
  SINCE JAN 1      0                         0      0        0
..................................................................


WIND (MPH)
  HIGHEST WIND SPEED    20   HIGHEST WIND DIRECTION     S (180)
  HIGHEST GUST SPEED    23   HIGHEST GUST DIRECTION     S (180)




RELATIVE HUMIDITY (PERCENT)
 HIGHEST    92           500 AM
 LOWEST     36           100 PM
 AVERAGE    64

..........................................................


THE EUREKA AIRPORT NV CLIMATE NORMALS FOR TOMORROW
                         NORMAL    RECORD    YEAR
 MAXIMUM TEMPERATURE (F)   72        87      2001
 MINIMUM TEMPERATURE (F)   35        22      2007


SUNRISE AND SUNSET
MAY 22 2015...........SUNRISE   524 AM PDT   SUNSET   757 PM PDT
MAY 23 2015...........SUNRISE   524 AM PDT   SUNSET   758 PM PDT


-  INDICATES NEGATIVE NUMBERS.
R  INDICATES RECORD WAS SET OR TIED.
MM INDICATES DATA IS MISSING.
T  INDICATES TRACE AMOUNT.




$$
