000
CDUS45 KLKN 230930
CLIP68


CLIMATE REPORT
NATIONAL WEATHER SERVICE ELKO NV
129 AM PST TUE JAN 23 2018


...................................

...THE EUREKA AIRPORT NV CLIMATE SUMMARY FOR JANUARY 22 2018...

CLIMATE NORMAL PERIOD 1981 TO 2010
CLIMATE RECORD PERIOD 1963 TO 2018


WEATHER ITEM   OBSERVED TIME   RECORD YEAR NORMAL DEPARTURE LAST
                VALUE   (LST)  VALUE       VALUE  FROM      YEAR
                                                  NORMAL
..................................................................
TEMPERATURE (F)
 YESTERDAY
  MAXIMUM         36    352 PM  61    1994  38     -2       36
  MINIMUM         11   1152 PM -13    2008  11      0       22
                                      2004
  AVERAGE         24                        24      0       29

PRECIPITATION (IN)
  YESTERDAY        0.04          0.17 2009   0.02   0.02     0.08
  MONTH TO DATE    0.66                      0.52   0.14     2.02
  SINCE OCT 1      1.85                      2.65  -0.80     4.11
  SINCE JAN 1      0.66                      0.52   0.14     2.02

DEGREE DAYS
 HEATING
  YESTERDAY       41                        41      0       36
  MONTH TO DATE  668                       917   -249      922
  SINCE DEC 1   1760                      2164   -404     2147
  SINCE JUL 1   3344                      3923   -579     3560

 COOLING
  YESTERDAY        0                         0      0        0
  MONTH TO DATE    0                         0      0        0
  SINCE DEC 1      0                         0      0        0
  SINCE JAN 1      0                         0      0        0
..................................................................


WIND (MPH)
  HIGHEST WIND SPEED    13   HIGHEST WIND DIRECTION     S (200)
  HIGHEST GUST SPEED    14   HIGHEST GUST DIRECTION    SW (220)
  AVERAGE WIND SPEED     4.5




RELATIVE HUMIDITY (PERCENT)
 HIGHEST    92           600 AM
 LOWEST     73           200 AM
 AVERAGE    83

..........................................................


THE EUREKA AIRPORT NV CLIMATE NORMALS FOR TODAY
                         NORMAL    RECORD    YEAR
 MAXIMUM TEMPERATURE (F)   38        60      1981
 MINIMUM TEMPERATURE (F)   11       -16      1985


SUNRISE AND SUNSET
JANUARY 23 2018.......SUNRISE   658 AM PST   SUNSET   454 PM PST
JANUARY 24 2018.......SUNRISE   658 AM PST   SUNSET   455 PM PST


-  INDICATES NEGATIVE NUMBERS.
R  INDICATES RECORD WAS SET OR TIED.
MM INDICATES DATA IS MISSING.
T  INDICATES TRACE AMOUNT.




$$
