000
CDUS45 KLKN 281245
CLIP68


CLIMATE REPORT
NATIONAL WEATHER SERVICE ELKO NV
545 AM PDT FRI AUG 28 2015


...................................

...THE EUREKA AIRPORT NV CLIMATE SUMMARY FOR AUGUST 27 2015...

CLIMATE NORMAL PERIOD 1981 TO 2010
CLIMATE RECORD PERIOD 1963 TO 2015


WEATHER ITEM   OBSERVED TIME   RECORD YEAR NORMAL DEPARTURE LAST
                VALUE   (LST)  VALUE       VALUE  FROM      YEAR
                                                  NORMAL
..................................................................
TEMPERATURE (F)
 YESTERDAY
  MAXIMUM         87   1235 PM  95    2001  85      2       80
  MINIMUM         54    521 AM  28    1992  45      9       44
  AVERAGE         71                        65      6       62

PRECIPITATION (IN)
  YESTERDAY        0.00          0.13 1999   0.02  -0.02     0.00
  MONTH TO DATE    0.72                      0.50   0.22     1.84
  SINCE OCT 1      6.74                      8.34  -1.60     9.21
  SINCE JAN 1      5.62                      6.21  -0.59     6.81

DEGREE DAYS
 HEATING
  YESTERDAY        0                         2     -2        3
  MONTH TO DATE    7                        24    -17       23
  SINCE JUN 1     67                       197   -130      126
  SINCE JUL 1     28                        37     -9       23

 COOLING
  YESTERDAY        6                         2      4        0
  MONTH TO DATE  167                        95     72       81
  SINCE JUN 1    445                       267    178      382
  SINCE JAN 1    453                       270    183      384
..................................................................


WIND (MPH)
  HIGHEST WIND SPEED    15   HIGHEST WIND DIRECTION     E (80)
  HIGHEST GUST SPEED    20   HIGHEST GUST DIRECTION     E (70)
  AVERAGE WIND SPEED     6.1




RELATIVE HUMIDITY (PERCENT)
 HIGHEST    51          1200 AM
 LOWEST     12           100 PM
 AVERAGE    32

..........................................................


THE EUREKA AIRPORT NV CLIMATE NORMALS FOR TODAY
                         NORMAL    RECORD    YEAR
 MAXIMUM TEMPERATURE (F)   84        94      2009
                                             2001
 MINIMUM TEMPERATURE (F)   45        32      1963


SUNRISE AND SUNSET
AUGUST 28 2015........SUNRISE   608 AM PDT   SUNSET   721 PM PDT
AUGUST 29 2015........SUNRISE   609 AM PDT   SUNSET   720 PM PDT


-  INDICATES NEGATIVE NUMBERS.
R  INDICATES RECORD WAS SET OR TIED.
MM INDICATES DATA IS MISSING.
T  INDICATES TRACE AMOUNT.




$$
