000
CDUS45 KLKN 020933
CLIP68


CLIMATE REPORT
NATIONAL WEATHER SERVICE ELKO NV
233 AM PDT TUE SEP 2 2014


...................................

...THE EUREKA AIRPORT NV CLIMATE SUMMARY FOR SEPTEMBER 1 2014...

CLIMATE NORMAL PERIOD 1981 TO 2010
CLIMATE RECORD PERIOD 1963 TO 2014


WEATHER ITEM   OBSERVED TIME   RECORD YEAR NORMAL DEPARTURE LAST
                VALUE   (LST)  VALUE       VALUE  FROM      YEAR
                                                  NORMAL
..................................................................
TEMPERATURE (F)
 YESTERDAY
  MAXIMUM         86    353 PM  94    1995  83      3       90
  MINIMUM         44   1226 AM  29    2008  44      0       54
                                      1999
  AVERAGE         65                        63      2       72

PRECIPITATION (IN)
  YESTERDAY        0.00          0.15 2003   0.02  -0.02     0.03
  MONTH TO DATE    0.00                      0.02  -0.02     0.03
  SINCE OCT 1      9.21                      8.44   0.77     6.42
  SINCE JAN 1      6.81                      6.31   0.50     4.98

DEGREE DAYS
 HEATING
  YESTERDAY        0                         3     -3        0
  MONTH TO DATE    0                         3     -3        0
  SINCE SEP 1      0                         3     -3        0
  SINCE JUL 1     24                        50    -26        1

 COOLING
  YESTERDAY        0                         1     -1        7
  MONTH TO DATE    0                         1     -1        7
  SINCE SEP 1      0                         1     -1        7
  SINCE JAN 1    399                       278    121      548
..................................................................


WIND (MPH)
  HIGHEST WIND SPEED    14   HIGHEST WIND DIRECTION     N (20)
  HIGHEST GUST SPEED    22   HIGHEST GUST DIRECTION    NE (50)
  AVERAGE WIND SPEED     5.4




RELATIVE HUMIDITY (PERCENT)
 HIGHEST    53           500 AM
 LOWEST     13           300 PM
 AVERAGE    33

..........................................................


THE EUREKA AIRPORT NV CLIMATE NORMALS FOR TODAY
                         NORMAL    RECORD    YEAR
 MAXIMUM TEMPERATURE (F)   83        91      1995
 MINIMUM TEMPERATURE (F)   43        27      2008


SUNRISE AND SUNSET
SEPTEMBER  2 2014.....SUNRISE   613 AM PDT   SUNSET   713 PM PDT
SEPTEMBER  3 2014.....SUNRISE   614 AM PDT   SUNSET   712 PM PDT


-  INDICATES NEGATIVE NUMBERS.
R  INDICATES RECORD WAS SET OR TIED.
MM INDICATES DATA IS MISSING.
T  INDICATES TRACE AMOUNT.




$$
