000
CDUS45 KLKN 230928
CLIP68


CLIMATE REPORT
NATIONAL WEATHER SERVICE ELKO NV
128 AM PST SUN NOV 23 2014


...................................

...THE EUREKA AIRPORT NV CLIMATE SUMMARY FOR NOVEMBER 22 2014...

CLIMATE NORMAL PERIOD 1981 TO 2010
CLIMATE RECORD PERIOD 1963 TO 2014


WEATHER ITEM   OBSERVED TIME   RECORD YEAR NORMAL DEPARTURE LAST
                VALUE   (LST)  VALUE       VALUE  FROM      YEAR
                                                  NORMAL
..................................................................
TEMPERATURE (F)
 YESTERDAY
  MAXIMUM         56    111 PM  61    2002  46     10       38
  MINIMUM         28   1159 PM  -7    1967  18     10       14
  AVERAGE         42                        32     10       26

PRECIPITATION (IN)
  YESTERDAY        0.07          0.52 1996   0.02   0.05     0.00
  MONTH TO DATE    0.33                      0.60  -0.27     0.64
  SINCE OCT 1      0.33                      1.34  -1.01     1.33
  SINCE JAN 1      8.27                      8.21   0.06     7.47

DEGREE DAYS
 HEATING
  YESTERDAY       23                        33    -10       39
  MONTH TO DATE  604                       634    -30      559
  SINCE SEP 1   1101                      1434   -333     1367
  SINCE JUL 1   1126                      1481   -355     1368

 COOLING
  YESTERDAY        0                         0      0        0
  MONTH TO DATE    0                         0      0        0
  SINCE SEP 1     37                        11     26       44
  SINCE JAN 1    436                       288    148      585
..................................................................


WIND (MPH)
  HIGHEST WIND SPEED    40   HIGHEST WIND DIRECTION     W (270)
  HIGHEST GUST SPEED    51   HIGHEST GUST DIRECTION     W (280)
  AVERAGE WIND SPEED    10.4




RELATIVE HUMIDITY (PERCENT)
 HIGHEST    96           600 PM
 LOWEST     41           100 PM
 AVERAGE    69

..........................................................


THE EUREKA AIRPORT NV CLIMATE NORMALS FOR TODAY
                         NORMAL    RECORD    YEAR
 MAXIMUM TEMPERATURE (F)   46        61      1995
 MINIMUM TEMPERATURE (F)   17       -10      1994


SUNRISE AND SUNSET
NOVEMBER 23 2014......SUNRISE   637 AM PST   SUNSET   423 PM PST
NOVEMBER 24 2014......SUNRISE   638 AM PST   SUNSET   423 PM PST


-  INDICATES NEGATIVE NUMBERS.
R  INDICATES RECORD WAS SET OR TIED.
MM INDICATES DATA IS MISSING.
T  INDICATES TRACE AMOUNT.




$$
