000
CDUS45 KLKN 260931
CLIP68


CLIMATE REPORT
NATIONAL WEATHER SERVICE ELKO NV
230 AM PDT FRI MAY 26 2017


...................................

...THE EUREKA AIRPORT NV CLIMATE SUMMARY FOR MAY 25 2017...

CLIMATE NORMAL PERIOD 1981 TO 2010
CLIMATE RECORD PERIOD 1963 TO 2017


WEATHER ITEM   OBSERVED TIME   RECORD YEAR NORMAL DEPARTURE LAST
                VALUE   (LST)  VALUE       VALUE  FROM      YEAR
                                                  NORMAL
..................................................................
TEMPERATURE (F)
 YESTERDAY
  MAXIMUM         74    328 PM  87    2001  73      1       62
  MINIMUM         42   1115 PM  22    1989  36      6       34
  AVERAGE         58                        54      4       48

PRECIPITATION (IN)
  YESTERDAY        0.00          1.00 1980   0.02  -0.02     0.36
  MONTH TO DATE    0.40                      0.60  -0.20     1.73
  SINCE OCT 1      8.96                      6.23   2.73    11.43
  SINCE JAN 1      6.87                      4.10   2.77     7.16

DEGREE DAYS
 HEATING
  YESTERDAY        7                        11     -4       17
  MONTH TO DATE  307                       350    -43      356
  SINCE MAR 1   1639                      1869   -230     1660
  SINCE JUL 1   6499                      7154   -655     6763

 COOLING
  YESTERDAY        0                         0      0        0
  MONTH TO DATE    0                         0      0        0
  SINCE MAR 1      0                         0      0        0
  SINCE JAN 1      0                         0      0        0
..................................................................


WIND (MPH)
  HIGHEST WIND SPEED    22   HIGHEST WIND DIRECTION     W (290)
  HIGHEST GUST SPEED    30   HIGHEST GUST DIRECTION     W (250)
  AVERAGE WIND SPEED     8.4




RELATIVE HUMIDITY (PERCENT)
 HIGHEST    70           400 AM
 LOWEST     10           500 PM
 AVERAGE    40

..........................................................


THE EUREKA AIRPORT NV CLIMATE NORMALS FOR TODAY
                         NORMAL    RECORD    YEAR
 MAXIMUM TEMPERATURE (F)   73        88      1986
 MINIMUM TEMPERATURE (F)   36        22      1989


SUNRISE AND SUNSET
MAY 26 2017...........SUNRISE   521 AM PDT   SUNSET   801 PM PDT
MAY 27 2017...........SUNRISE   521 AM PDT   SUNSET   802 PM PDT


-  INDICATES NEGATIVE NUMBERS.
R  INDICATES RECORD WAS SET OR TIED.
MM INDICATES DATA IS MISSING.
T  INDICATES TRACE AMOUNT.




$$
