000
CDUS43 KPAH 220637
CLIPAH


CLIMATE REPORT
NATIONAL WEATHER SERVICE PADUCAH KY
131 AM CDT MON MAY 22 2017


...................................

...THE PADUCAH KY CLIMATE SUMMARY FOR MAY 21 2017...

CLIMATE NORMAL PERIOD 1981 TO 2010
CLIMATE RECORD PERIOD 1937 TO 2017


WEATHER ITEM   OBSERVED TIME   RECORD YEAR NORMAL DEPARTURE LAST
                VALUE   (LST)  VALUE       VALUE  FROM      YEAR
                                                  NORMAL
..................................................................
TEMPERATURE (F)
 YESTERDAY
  MAXIMUM         78    321 PM  94    1987  79     -1       74
  MINIMUM         60   1159 PM  41    1954  58      2       53
  AVERAGE         69                        68      1       64

PRECIPITATION (IN)
  YESTERDAY        0.00          1.25 2013   0.14  -0.14     0.00
  MONTH TO DATE    3.56                      3.49   0.07     3.37
  SINCE MAR 1     16.13                     12.18   3.95    15.84
  SINCE JAN 1     20.96                     19.77   1.19    21.30

SNOWFALL (IN)
  YESTERDAY        0.0           0.0  2002   0.0    0.0      0.0
                                      2001
  MONTH TO DATE    0.0                       0.0    0.0      0.0
  SINCE MAR 1      1.0                       0.6    0.4       T
  SINCE JUL 1      1.2                       9.1   -7.9     12.1
  SNOW DEPTH       0

DEGREE DAYS
 HEATING
  YESTERDAY        0                         1     -1        1
  MONTH TO DATE   57                        55      2       91
  SINCE MAR 1    597                       823   -226      630
  SINCE JUL 1   3076                      4119  -1043     3292

 COOLING
  YESTERDAY        4                         5     -1        0
  MONTH TO DATE  104                        70     34       34
  SINCE MAR 1    180                       112     68       70
  SINCE JAN 1    180                       112     68       70
..................................................................


WIND (MPH)
  HIGHEST WIND SPEED    16   HIGHEST WIND DIRECTION     W (270)
  HIGHEST GUST SPEED    22   HIGHEST GUST DIRECTION     W (270)
  AVERAGE WIND SPEED     6.7


SKY COVER
  POSSIBLE SUNSHINE  MM
  AVERAGE SKY COVER 0.2


WEATHER CONDITIONS
 THE FOLLOWING WEATHER WAS RECORDED YESTERDAY.
  NO SIGNIFICANT WEATHER WAS OBSERVED.


RELATIVE HUMIDITY (PERCENT)
 HIGHEST    90          1200 AM
 LOWEST     36           100 PM
 AVERAGE    63

..........................................................


THE PADUCAH KY CLIMATE NORMALS FOR TODAY
                         NORMAL    RECORD    YEAR
 MAXIMUM TEMPERATURE (F)   80        96      1941
 MINIMUM TEMPERATURE (F)   58        42      2002


SUNRISE AND SUNSET
MAY 22 2017...........SUNRISE   542 AM CDT   SUNSET   802 PM CDT
MAY 23 2017...........SUNRISE   541 AM CDT   SUNSET   803 PM CDT


-  INDICATES NEGATIVE NUMBERS.
R  INDICATES RECORD WAS SET OR TIED.
MM INDICATES DATA IS MISSING.
T  INDICATES TRACE AMOUNT.

&&

***** AGRICULTURAL DATA *****

SOIL TEMPERATURES AT A DEPTH OF FOUR INCHES

UNDER GRASS...  MAX: 71    MIN: 70


$$
