000
CDUS43 KPAH 180632
CLIPAH


CLIMATE REPORT
NATIONAL WEATHER SERVICE PADUCAH KY
1231 AM CST WED JAN 18 2017


...................................

...THE PADUCAH KY CLIMATE SUMMARY FOR JANUARY 17 2017...

CLIMATE NORMAL PERIOD 1981 TO 2010
CLIMATE RECORD PERIOD 1937 TO 2017


WEATHER ITEM   OBSERVED TIME   RECORD YEAR NORMAL DEPARTURE LAST
                VALUE   (LST)  VALUE       VALUE  FROM      YEAR
                                                  NORMAL
..................................................................
TEMPERATURE (F)
 YESTERDAY
  MAXIMUM         63    259 AM  68    1996  43     20       35
                                      1952
                                      1943
  MINIMUM         45   1159 PM -14    1982  26     19       14
  AVERAGE         54                        34     20       25

PRECIPITATION (IN)
  YESTERDAY        T             2.33 1969   0.12  -0.12      T
  MONTH TO DATE    1.96                      2.01  -0.05     2.18
  SINCE DEC 1      7.97                      6.60   1.37     9.60
  SINCE JAN 1      1.96                      2.01  -0.05     2.18

SNOWFALL (IN)
  YESTERDAY        0.0           5.4  1994   0.1   -0.1       T
  MONTH TO DATE    0.2                       1.5   -1.3      1.3
  SINCE DEC 1      0.2                       3.7   -3.5      1.3
  SINCE JUL 1      0.2                       3.8   -3.6      1.3
  SNOW DEPTH       0

DEGREE DAYS
 HEATING
  YESTERDAY       11                        31    -20       40
  MONTH TO DATE  434                       524    -90      505
  SINCE DEC 1   1260                      1378   -118     1004
  SINCE JUL 1   1761                      2155   -394     1548

 COOLING
  YESTERDAY        0                         0      0        0
  MONTH TO DATE    0                         0      0        0
  SINCE DEC 1      0                         0      0        6
  SINCE JAN 1      0                         0      0        0
..................................................................


WIND (MPH)
  HIGHEST WIND SPEED    22   HIGHEST WIND DIRECTION     W (250)
  HIGHEST GUST SPEED    26   HIGHEST GUST DIRECTION     W (260)
  AVERAGE WIND SPEED    11.0


SKY COVER
  POSSIBLE SUNSHINE  MM
  AVERAGE SKY COVER 0.7


WEATHER CONDITIONS
 THE FOLLOWING WEATHER WAS RECORDED YESTERDAY.
  LIGHT RAIN


RELATIVE HUMIDITY (PERCENT)
 HIGHEST    90           100 AM
 LOWEST     66          1200 PM
 AVERAGE    78

..........................................................


THE PADUCAH KY CLIMATE NORMALS FOR TODAY
                         NORMAL    RECORD    YEAR
 MAXIMUM TEMPERATURE (F)   43        69      1974
 MINIMUM TEMPERATURE (F)   26       -14      1994


SUNRISE AND SUNSET
JANUARY 18 2017.......SUNRISE   706 AM CST   SUNSET   505 PM CST
JANUARY 19 2017.......SUNRISE   706 AM CST   SUNSET   506 PM CST


-  INDICATES NEGATIVE NUMBERS.
R  INDICATES RECORD WAS SET OR TIED.
MM INDICATES DATA IS MISSING.
T  INDICATES TRACE AMOUNT.

&&
.........................................................

***** AGRICULTURAL DATA *****

SOIL TEMPERATURES AT A DEPTH OF FOUR INCHES

UNDER GRASS...  MAX: 45    MIN: 44

$$
