000
CDUS43 KPAH 290635
CLIPAH


CLIMATE REPORT
NATIONAL WEATHER SERVICE PADUCAH KY
1233 AM CST THU JAN 29 2015


...................................

...THE PADUCAH KY CLIMATE SUMMARY FOR JANUARY 28 2015...

CLIMATE NORMAL PERIOD 1981 TO 2010
CLIMATE RECORD PERIOD 1937 TO 2015


WEATHER ITEM   OBSERVED TIME   RECORD YEAR NORMAL DEPARTURE LAST
                VALUE   (LST)  VALUE       VALUE  FROM      YEAR
                                                  NORMAL
..................................................................
TEMPERATURE (F)
 YESTERDAY
  MAXIMUM         50   1159 PM  71    1975  44      6       20
  MINIMUM         24    545 AM  -4    1963  26     -2        3
  AVERAGE         37                        35      2       12

PRECIPITATION (IN)
  YESTERDAY        0.00          0.90 1942   0.12  -0.12     0.00
  MONTH TO DATE    2.56                      3.30  -0.74     1.95
  SINCE DEC 1      5.45                      7.89  -2.44    10.09
  SINCE JAN 1      2.56                      3.30  -0.74     1.95

SNOWFALL (IN)
  YESTERDAY        0.0           1.3  2009   0.1   -0.1      0.0
  MONTH TO DATE    0.5                       2.6   -2.1      1.1
  SINCE DEC 1      0.7                       4.8   -4.1      6.3
  SINCE JUL 1      3.5                       4.9   -1.4      6.3
  SNOW DEPTH       0

DEGREE DAYS
 HEATING
  YESTERDAY       28                        30     -2       53
  MONTH TO DATE  873                       857     16      966
  SINCE DEC 1   1619                      1711    -92     1824
  SINCE JUL 1   2556                      2488     68     2626

 COOLING
  YESTERDAY        0                         0      0        0
  MONTH TO DATE    0                         0      0        0
  SINCE DEC 1      0                         0      0        0
  SINCE JAN 1      0                         0      0        0
..................................................................


WIND (MPH)
  HIGHEST WIND SPEED    15   HIGHEST WIND DIRECTION    SE (150)
  HIGHEST GUST SPEED    18   HIGHEST GUST DIRECTION     S (190)
  AVERAGE WIND SPEED     6.9


SKY COVER
  POSSIBLE SUNSHINE  MM
  AVERAGE SKY COVER 0.0


WEATHER CONDITIONS
 THE FOLLOWING WEATHER WAS RECORDED YESTERDAY.
  FOG


RELATIVE HUMIDITY (PERCENT)
 HIGHEST    92           300 AM
 LOWEST     46           300 PM
 AVERAGE    69

..........................................................


THE PADUCAH KY CLIMATE NORMALS FOR TODAY
                         NORMAL    RECORD    YEAR
 MAXIMUM TEMPERATURE (F)   45        71      2013
                                             1947
 MINIMUM TEMPERATURE (F)   26        -4      1985


SUNRISE AND SUNSET
JANUARY 29 2015.......SUNRISE   700 AM CST   SUNSET   517 PM CST
JANUARY 30 2015.......SUNRISE   659 AM CST   SUNSET   518 PM CST


-  INDICATES NEGATIVE NUMBERS.
R  INDICATES RECORD WAS SET OR TIED.
MM INDICATES DATA IS MISSING.
T  INDICATES TRACE AMOUNT.

&&
.........................................................
***** AGRICULTURAL DATA *****

SOIL TEMPERATURES AT A DEPTH OF FOUR INCHES

UNDER BARE GROUND...  MAX: MM  MIN: MM
UNDER GRASS.........  MAX: 39  MIN: 39

$$
