820
CDUS44 KLZK 180642
CLIPBF


CLIMATE REPORT
NATIONAL WEATHER SERVICE LITTLE ROCK AR
1242 AM CST MON DEC 18 2017


...................................

...THE PINE BLUFF CLIMATE SUMMARY FOR DECEMBER 17 2017...

CLIMATE NORMAL PERIOD 1981 TO 2010
CLIMATE RECORD PERIOD 1883 TO 2017


WEATHER ITEM   OBSERVED TIME   RECORD YEAR NORMAL DEPARTURE LAST
                VALUE   (LST)  VALUE       VALUE  FROM      YEAR
                                                  NORMAL
..................................................................
TEMPERATURE (F)
 YESTERDAY
  MAXIMUM         46    405 PM  81    1924  53     -7       76
  MINIMUM         41    706 AM  12    1983  34      7       35
  AVERAGE         44                        44      0       56

PRECIPITATION (IN)
  YESTERDAY        1.10          2.12 1933   0.17   0.93     0.43
  MONTH TO DATE    2.22                      3.16  -0.94     1.87
  SINCE DEC 1      2.22                      3.16  -0.94     1.87
  SINCE JAN 1     44.74                     48.87  -4.13    51.67

SNOWFALL (IN)
  YESTERDAY       MM             2.0  1983   0.0   MM        0.0
  MONTH TO DATE    0.0                       0.1   -0.1      0.0
  SINCE DEC 1      0.0                       0.1   -0.1      0.0
  SINCE JUL 1      0.0                       0.1   -0.1      0.0
  SNOW DEPTH       0

DEGREE DAYS
 HEATING
  YESTERDAY       21                        21      0        9
  MONTH TO DATE  325                       335    -10      358
  SINCE DEC 1    325                       335    -10      358
  SINCE JUL 1    788                       839    -51      655

 COOLING
  YESTERDAY        0                         0      0        0
  MONTH TO DATE    0                         0      0        0
  SINCE DEC 1      0                         0      0        0
  SINCE JAN 1   2094                      2131    -37     2328
..................................................................


WIND (MPH)
  HIGHEST WIND SPEED    14   HIGHEST WIND DIRECTION    NW (320)
  HIGHEST GUST SPEED    16   HIGHEST GUST DIRECTION     W (280)
  AVERAGE WIND SPEED     2.9


SKY COVER
  POSSIBLE SUNSHINE  MM
  AVERAGE SKY COVER 1.0


WEATHER CONDITIONS
 THE FOLLOWING WEATHER WAS RECORDED YESTERDAY.
  HEAVY RAIN
  RAIN
  LIGHT RAIN
  FOG


RELATIVE HUMIDITY (PERCENT)
 HIGHEST   100           100 AM
 LOWEST     92          1200 AM
 AVERAGE    96

..........................................................


THE PINE BLUFF CLIMATE NORMALS FOR TODAY
                         NORMAL    RECORD    YEAR
 MAXIMUM TEMPERATURE (F)   52        78      1984
 MINIMUM TEMPERATURE (F)   34         8      1932
                                             1901


SUNRISE AND SUNSET
DECEMBER 18 2017......SUNRISE   708 AM CST   SUNSET   501 PM CST
DECEMBER 19 2017......SUNRISE   709 AM CST   SUNSET   501 PM CST


-  INDICATES NEGATIVE NUMBERS.
R  INDICATES RECORD WAS SET OR TIED.
MM INDICATES DATA IS MISSING.
T  INDICATES TRACE AMOUNT.




$$
