000
CDUS44 KLZK 220640
CLIPBF


CLIMATE REPORT
NATIONAL WEATHER SERVICE LITTLE ROCK AR
139 AM CDT MON MAY 22 2017


...................................

...THE PINE BLUFF CLIMATE SUMMARY FOR MAY 21 2017...

CLIMATE NORMAL PERIOD 1981 TO 2010
CLIMATE RECORD PERIOD 1883 TO 2017


WEATHER ITEM   OBSERVED TIME   RECORD YEAR NORMAL DEPARTURE LAST
                VALUE   (LST)  VALUE       VALUE  FROM      YEAR
                                                  NORMAL
..................................................................
TEMPERATURE (F)
 YESTERDAY
  MAXIMUM         78    446 PM  99    1902  83     -5       81
  MINIMUM         59   1138 PM  45    1954  63     -4       57
                                      1894
  AVERAGE         69                        73     -4       69

PRECIPITATION (IN)
  YESTERDAY        0.54          3.73 1947   0.15   0.39     0.00
  MONTH TO DATE    5.97                      3.48   2.49     1.69
  SINCE MAR 1     16.41                     13.81   2.60    22.20
  SINCE JAN 1     22.71                     21.63   1.08    28.25

SNOWFALL (IN)
  YESTERDAY        0.0          MM      MM   0.0    0.0      0.0
  MONTH TO DATE    0.0                       0.0    0.0      0.0
  SINCE MAR 1      0.0                       0.0    0.0      0.0
  SINCE JUL 1      1.5                       3.1   -1.6      3.6
  SNOW DEPTH       0

DEGREE DAYS
 HEATING
  YESTERDAY        0                         0      0        0
  MONTH TO DATE   20                        15      5       28
  SINCE MAR 1    319                       491   -172      327
  SINCE JUL 1   2030                      2879   -849     2234

 COOLING
  YESTERDAY        4                         8     -4        4
  MONTH TO DATE  111                       124    -13       66
  SINCE MAR 1    249                       208     41      149
  SINCE JAN 1    270                       211     59      153
..................................................................


WIND (MPH)
  HIGHEST WIND SPEED    16   HIGHEST WIND DIRECTION     N (340)
  HIGHEST GUST SPEED    21   HIGHEST GUST DIRECTION     N (340)
  AVERAGE WIND SPEED     6.7


SKY COVER
  POSSIBLE SUNSHINE  MM
  AVERAGE SKY COVER 0.5


WEATHER CONDITIONS
 THE FOLLOWING WEATHER WAS RECORDED YESTERDAY.
  THUNDERSTORM
  HEAVY RAIN
  LIGHT RAIN
  FOG


RELATIVE HUMIDITY (PERCENT)
 HIGHEST    93           300 AM
 LOWEST     43           300 PM
 AVERAGE    68

..........................................................


THE PINE BLUFF CLIMATE NORMALS FOR TODAY
                         NORMAL    RECORD    YEAR
 MAXIMUM TEMPERATURE (F)   83        97      1902
 MINIMUM TEMPERATURE (F)   63        46      1892


SUNRISE AND SUNSET
MAY 22 2017...........SUNRISE   601 AM CDT   SUNSET   808 PM CDT
MAY 23 2017...........SUNRISE   601 AM CDT   SUNSET   809 PM CDT


-  INDICATES NEGATIVE NUMBERS.
R  INDICATES RECORD WAS SET OR TIED.
MM INDICATES DATA IS MISSING.
T  INDICATES TRACE AMOUNT.




$$
