000
CDUS44 KLZK 220637
CLIPBF


CLIMATE REPORT
NATIONAL WEATHER SERVICE LITTLE ROCK AR
137 AM CDT SUN OCT 22 2017


...................................

...THE PINE BLUFF CLIMATE SUMMARY FOR OCTOBER 21 2017...

CLIMATE NORMAL PERIOD 1981 TO 2010
CLIMATE RECORD PERIOD 1883 TO 2017


WEATHER ITEM   OBSERVED TIME   RECORD YEAR NORMAL DEPARTURE LAST
                VALUE   (LST)  VALUE       VALUE  FROM      YEAR
                                                  NORMAL
..................................................................
TEMPERATURE (F)
 YESTERDAY
  MAXIMUM         84    329 PM  93    1927  73     11       68
  MINIMUM         61   1205 AM  29    1952  50     11       45
  AVERAGE         73                        62     11       57

PRECIPITATION (IN)
  YESTERDAY        0.00          3.01 1996   0.18  -0.18     0.00
  MONTH TO DATE    0.04                      3.34  -3.30     0.60
  SINCE SEP 1      0.84                      6.03  -5.19     1.92
  SINCE JAN 1     41.35                     39.22   2.13    45.87

SNOWFALL (IN)
  YESTERDAY        0.0          MM      MM   0.0    0.0      0.0
  MONTH TO DATE    0.0                       0.0    0.0      0.0
  SINCE SEP 1      0.0                       0.0    0.0      0.0
  SINCE JUL 1      0.0                       0.0    0.0      0.0
  SNOW DEPTH       0

DEGREE DAYS
 HEATING
  YESTERDAY        0                         5     -5        8
  MONTH TO DATE   33                        61    -28       14
  SINCE SEP 1     35                        72    -37       14
  SINCE JUL 1     35                        72    -37       14

 COOLING
  YESTERDAY        8                         2      6        0
  MONTH TO DATE  130                        61     69      108
  SINCE SEP 1    413                       347     66      480
  SINCE JAN 1   2059                      2105    -46     2288
..................................................................


WIND (MPH)
  HIGHEST WIND SPEED    23   HIGHEST WIND DIRECTION     S (160)
  HIGHEST GUST SPEED    29   HIGHEST GUST DIRECTION     S (160)
  AVERAGE WIND SPEED    10.8


SKY COVER
  POSSIBLE SUNSHINE  MM
  AVERAGE SKY COVER 0.5


WEATHER CONDITIONS
 THE FOLLOWING WEATHER WAS RECORDED YESTERDAY.
  NO SIGNIFICANT WEATHER WAS OBSERVED.


RELATIVE HUMIDITY (PERCENT)
 HIGHEST    87           800 AM
 LOWEST     55           200 PM
 AVERAGE    71

..........................................................


THE PINE BLUFF CLIMATE NORMALS FOR TODAY
                         NORMAL    RECORD    YEAR
 MAXIMUM TEMPERATURE (F)   73        92      1934
 MINIMUM TEMPERATURE (F)   50        32      1976
                                             1916


SUNRISE AND SUNSET
OCTOBER 22 2017.......SUNRISE   719 AM CDT   SUNSET   625 PM CDT
OCTOBER 23 2017.......SUNRISE   720 AM CDT   SUNSET   624 PM CDT


-  INDICATES NEGATIVE NUMBERS.
R  INDICATES RECORD WAS SET OR TIED.
MM INDICATES DATA IS MISSING.
T  INDICATES TRACE AMOUNT.




$$
