000
CDUS44 KLZK 300903
CLIPBF


CLIMATE REPORT
NATIONAL WEATHER SERVICE LITTLE ROCK AR
403 AM CDT TUE SEP 30 2014


...................................

...THE PINE BLUFF CLIMATE SUMMARY FOR SEPTEMBER 29 2014...

CLIMATE NORMAL PERIOD 1981 TO 2010
CLIMATE RECORD PERIOD 1883 TO 2014


WEATHER ITEM   OBSERVED TIME   RECORD YEAR NORMAL DEPARTURE LAST
                VALUE   (LST)  VALUE       VALUE  FROM      YEAR
                                                  NORMAL
..................................................................
TEMPERATURE (F)
 YESTERDAY
  MAXIMUM         88    224 PM 100    1953  81      7       74
                                      1928
  MINIMUM         59    514 AM  38    1967  57      2       69
  AVERAGE         74                        69      5       72

PRECIPITATION (IN)
  YESTERDAY        0.00          2.60 1939   0.13  -0.13     0.01
  MONTH TO DATE    0.79                      2.56  -1.77     4.45
  SINCE SEP 1      0.79                      2.56  -1.77     4.45
  SINCE JAN 1     30.70                     35.75  -5.05    38.08

SNOWFALL (IN)
  YESTERDAY        0.0          MM      MM   0.0    0.0      0.0
  MONTH TO DATE    0.0                       0.0    0.0      0.0
  SINCE SEP 1      0.0                       0.0    0.0      0.0
  SINCE JUL 1      0.0                       0.0    0.0      0.0
  SNOW DEPTH       0

DEGREE DAYS
 HEATING
  YESTERDAY        0                         1     -1        0
  MONTH TO DATE    3                         9     -6        0
  SINCE SEP 1      3                         9     -6        0
  SINCE JUL 1      4                         9     -5        0

 COOLING
  YESTERDAY        9                         5      4        7
  MONTH TO DATE  296                       280     16      376
  SINCE SEP 1    296                       280     16      376
  SINCE JAN 1   1797                      2038   -241     2040
..................................................................


WIND (MPH)
  HIGHEST WIND SPEED    13   HIGHEST WIND DIRECTION    NE (50)
  HIGHEST GUST SPEED    17   HIGHEST GUST DIRECTION     N (20)
  AVERAGE WIND SPEED     3.8


SKY COVER
  POSSIBLE SUNSHINE  MM
  AVERAGE SKY COVER 0.0


WEATHER CONDITIONS
 THE FOLLOWING WEATHER WAS RECORDED YESTERDAY.
  FOG
  HAZE


RELATIVE HUMIDITY (PERCENT)
 HIGHEST   100           600 AM
 LOWEST     37           200 PM
 AVERAGE    69

..........................................................


THE PINE BLUFF CLIMATE NORMALS FOR TODAY
                         NORMAL    RECORD    YEAR
 MAXIMUM TEMPERATURE (F)   81        98      1953
 MINIMUM TEMPERATURE (F)   57        40      1949
                                             1916
                                             1899


SUNRISE AND SUNSET
SEPTEMBER 30 2014.....SUNRISE   702 AM CDT   SUNSET   653 PM CDT
OCTOBER  1 2014.......SUNRISE   702 AM CDT   SUNSET   652 PM CDT


-  INDICATES NEGATIVE NUMBERS.
R  INDICATES RECORD WAS SET OR TIED.
MM INDICATES DATA IS MISSING.
T  INDICATES TRACE AMOUNT.




$$
