000
CDUS44 KLZK 282120
CLIPBF


CLIMATE REPORT
NATIONAL WEATHER SERVICE LITTLE ROCK AR
420 PM CDT FRI AUG 28 2015


...................................

...THE PINE BLUFF CLIMATE SUMMARY FOR AUGUST 28 2015...
VALID TODAY AS OF 0400 PM LOCAL TIME.

CLIMATE NORMAL PERIOD 1981 TO 2010
CLIMATE RECORD PERIOD 1883 TO 2015


WEATHER ITEM   OBSERVED TIME   RECORD YEAR NORMAL DEPARTURE LAST
                VALUE   (LST)  VALUE       VALUE  FROM      YEAR
                                                  NORMAL
..................................................................
TEMPERATURE (F)
 TODAY
  MAXIMUM         86    238 PM 104    2000  91     -5       94
                                      1954
                                      1924
  MINIMUM         57    516 AM  54    1967  69    -12       68
                                      1906
  AVERAGE         72                        80     -8       81

PRECIPITATION (IN)
  TODAY            0.00          1.70 2005   0.06  -0.06     0.00
  MONTH TO DATE    1.96                      2.28  -0.32     2.12
  SINCE JUN 1      6.66                      9.79  -3.13     7.50
  SINCE JAN 1     34.31                     32.99   1.32    29.77

SNOWFALL (IN)
  TODAY            0.0          MM      MM   0.0    0.0      0.0
  MONTH TO DATE    0.0                       0.0    0.0      0.0
  SINCE JUN 1      0.0                       0.0    0.0      0.0
  SINCE JUL 1      0.0                       0.0    0.0      0.0
  SNOW DEPTH       0

DEGREE DAYS
 HEATING
  TODAY            0                         0      0        0
  MONTH TO DATE    0                         0      0        0
  SINCE JUN 1      0                         0      0        1
  SINCE JUL 1      0                         0      0        1

 COOLING
  TODAY            7                        15     -8       16
  MONTH TO DATE  434                       458    -24      416
  SINCE JUN 1   1474                      1408     66     1195
  SINCE JAN 1   1803                      1715     88     1458
..................................................................


WIND (MPH)
  HIGHEST WIND SPEED     7   HIGHEST WIND DIRECTION     E (80)
  HIGHEST GUST SPEED    10   HIGHEST GUST DIRECTION     E (90)
  AVERAGE WIND SPEED     0.8


SKY COVER
  POSSIBLE SUNSHINE  MM
  AVERAGE SKY COVER 0.0


WEATHER CONDITIONS
 THE FOLLOWING WEATHER WAS RECORDED TODAY.
  FOG


RELATIVE HUMIDITY (PERCENT)
 HIGHEST   100          1200 AM
 LOWEST     40           200 PM
 AVERAGE    70

..........................................................


THE PINE BLUFF CLIMATE NORMALS FOR TOMORROW
                         NORMAL    RECORD    YEAR
 MAXIMUM TEMPERATURE (F)   91       105      1924
 MINIMUM TEMPERATURE (F)   69        52      1906


SUNRISE AND SUNSET
AUGUST 28 2015........SUNRISE   638 AM CDT   SUNSET   739 PM CDT
AUGUST 29 2015........SUNRISE   639 AM CDT   SUNSET   738 PM CDT


-  INDICATES NEGATIVE NUMBERS.
R  INDICATES RECORD WAS SET OR TIED.
MM INDICATES DATA IS MISSING.
T  INDICATES TRACE AMOUNT.




$$
