000
CDUS44 KLZK 241010
CLIPBF


CLIMATE REPORT
NATIONAL WEATHER SERVICE LITTLE ROCK AR
509 AM CDT SAT JUN 24 2017


...................................

...THE PINE BLUFF CLIMATE SUMMARY FOR JUNE 23 2017...

CLIMATE NORMAL PERIOD 1981 TO 2010
CLIMATE RECORD PERIOD 1883 TO 2017


WEATHER ITEM   OBSERVED TIME   RECORD YEAR NORMAL DEPARTURE LAST
                VALUE   (LST)  VALUE       VALUE  FROM      YEAR
                                                  NORMAL
..................................................................
TEMPERATURE (F)
 YESTERDAY
  MAXIMUM         87    436 PM 103    1925  91     -4       92
  MINIMUM         70   1142 PM  51    1902  71     -1       76
  AVERAGE         79                        80     -1       84

PRECIPITATION (IN)
  YESTERDAY        2.41R         2.41 2017   0.10   2.31     0.00
  MONTH TO DATE    5.51                      2.87   2.64     2.36
  SINCE JUN 1      5.51                      2.87   2.64     2.36
  SINCE JAN 1     30.63                     26.07   4.56    33.36

SNOWFALL (IN)
  YESTERDAY        0.0          MM      MM   0.0    0.0      0.0
  MONTH TO DATE    0.0                       0.0    0.0      0.0
  SINCE JUN 1      0.0                       0.0    0.0      0.0
  SINCE JUL 1      1.5                       3.1   -1.6      3.6
  SNOW DEPTH       0

DEGREE DAYS
 HEATING
  YESTERDAY        0                         0      0        0
  MONTH TO DATE    0                         0      0        0
  SINCE JUN 1      0                         0      0        0
  SINCE JUL 1   2034                      2881   -847     2234

 COOLING
  YESTERDAY       14                        16     -2       19
  MONTH TO DATE  274                       309    -35      346
  SINCE JUN 1    274                       309    -35      346
  SINCE JAN 1    617                       616      1      594
..................................................................


WIND (MPH)
  HIGHEST WIND SPEED    28   HIGHEST WIND DIRECTION     N (360)
  HIGHEST GUST SPEED    39   HIGHEST GUST DIRECTION     N (10)
  AVERAGE WIND SPEED     9.6


SKY COVER
  POSSIBLE SUNSHINE  MM
  AVERAGE SKY COVER 0.8


WEATHER CONDITIONS
 THE FOLLOWING WEATHER WAS RECORDED YESTERDAY.
  THUNDERSTORM
  HEAVY RAIN
  RAIN
  LIGHT RAIN
  FOG


RELATIVE HUMIDITY (PERCENT)
 HIGHEST   100           100 AM
 LOWEST     77           400 PM
 AVERAGE    89

..........................................................


THE PINE BLUFF CLIMATE NORMALS FOR TODAY
                         NORMAL    RECORD    YEAR
 MAXIMUM TEMPERATURE (F)   91       102      1918
 MINIMUM TEMPERATURE (F)   71        54      1902


SUNRISE AND SUNSET
JUNE 24 2017..........SUNRISE   557 AM CDT   SUNSET   823 PM CDT
JUNE 25 2017..........SUNRISE   558 AM CDT   SUNSET   823 PM CDT


-  INDICATES NEGATIVE NUMBERS.
R  INDICATES RECORD WAS SET OR TIED.
MM INDICATES DATA IS MISSING.
T  INDICATES TRACE AMOUNT.




$$
