000
CDUS44 KLZK 282059
CLIPBF


CLIMATE REPORT
NATIONAL WEATHER SERVICE LITTLE ROCK AR
359 PM CDT TUE MAR 28 2017


...................................

...THE PINE BLUFF CLIMATE SUMMARY FOR MARCH 28 2017...
VALID TODAY AS OF 0300 PM LOCAL TIME.

CLIMATE NORMAL PERIOD 1981 TO 2010
CLIMATE RECORD PERIOD 1883 TO 2017


WEATHER ITEM   OBSERVED TIME   RECORD YEAR NORMAL DEPARTURE LAST
                VALUE   (LST)  VALUE       VALUE  FROM      YEAR
                                                  NORMAL
..................................................................
TEMPERATURE (F)
 TODAY
  MAXIMUM         80    255 PM  92    1918  69     11       65
  MINIMUM         57    649 AM  27    1937  47     10       40
  AVERAGE         69                        58     11       53

PRECIPITATION (IN)
  TODAY            0.00          4.08 1946   0.17  -0.17     0.00
  MONTH TO DATE    3.10                      4.89  -1.79    10.41
  SINCE MAR 1      3.10                      4.89  -1.79    10.41
  SINCE JAN 1      9.40                     12.71  -3.31    16.46

SNOWFALL (IN)
  TODAY            0.0          MM      MM   0.0    0.0      0.0
  MONTH TO DATE    0.0                       0.0    0.0      0.0
  SINCE MAR 1      0.0                       0.0    0.0      0.0
  SINCE JUL 1      1.5                       3.1   -1.6      3.6
  SNOW DEPTH       0

DEGREE DAYS
 HEATING
  TODAY            0                         8     -8       12
  MONTH TO DATE  239                       325    -86      219
  SINCE MAR 1    239                       325    -86      219
  SINCE JUL 1   1950                      2713   -763     2126

 COOLING
  TODAY            4                         1      3        0
  MONTH TO DATE   31                        13     18       15
  SINCE MAR 1     31                        13     18       15
  SINCE JAN 1     52                        16     36       19
..................................................................


WIND (MPH)
  HIGHEST WIND SPEED    12   HIGHEST WIND DIRECTION    NE (30)
  HIGHEST GUST SPEED    14   HIGHEST GUST DIRECTION    NE (30)
  AVERAGE WIND SPEED     6.1


SKY COVER
  POSSIBLE SUNSHINE  MM
  AVERAGE SKY COVER 0.3


WEATHER CONDITIONS
 THE FOLLOWING WEATHER WAS RECORDED TODAY.
  NO SIGNIFICANT WEATHER WAS OBSERVED.


RELATIVE HUMIDITY (PERCENT)
 HIGHEST    93           500 AM
 LOWEST     60           100 PM
 AVERAGE    77

..........................................................


THE PINE BLUFF CLIMATE NORMALS FOR TOMORROW
                         NORMAL    RECORD    YEAR
 MAXIMUM TEMPERATURE (F)   69        87      1963
                                             1936
 MINIMUM TEMPERATURE (F)   47        25      1899


SUNRISE AND SUNSET
MARCH 28 2017.........SUNRISE   700 AM CDT   SUNSET   726 PM CDT
MARCH 29 2017.........SUNRISE   659 AM CDT   SUNSET   727 PM CDT


-  INDICATES NEGATIVE NUMBERS.
R  INDICATES RECORD WAS SET OR TIED.
MM INDICATES DATA IS MISSING.
T  INDICATES TRACE AMOUNT.




$$
