000
CDUS44 KLZK 291004
CLIPBF


CLIMATE REPORT
NATIONAL WEATHER SERVICE LITTLE ROCK AR
404 AM CST THU JAN 29 2015


...................................

...THE PINE BLUFF CLIMATE SUMMARY FOR JANUARY 28 2015...

CLIMATE NORMAL PERIOD 1981 TO 2010
CLIMATE RECORD PERIOD 1883 TO 2015


WEATHER ITEM   OBSERVED TIME   RECORD YEAR NORMAL DEPARTURE LAST
                VALUE   (LST)  VALUE       VALUE  FROM      YEAR
                                                  NORMAL
..................................................................
TEMPERATURE (F)
 YESTERDAY
  MAXIMUM         64    350 PM  79    1975  53     11       29
  MINIMUM         35    600 AM  11    1963  33      2       16
  AVERAGE         50                        43      7       23

PRECIPITATION (IN)
  YESTERDAY        0.00          2.01 1990   0.13  -0.13     0.02
  MONTH TO DATE    3.61                      3.37   0.24     1.69
  SINCE DEC 1      4.81                      8.81  -4.00     9.42
  SINCE JAN 1      3.61                      3.37   0.24     1.69

SNOWFALL (IN)
  YESTERDAY        0.0          12.0  1966   0.1   -0.1      0.3
  MONTH TO DATE    T                         1.9   -1.9      0.3
  SINCE DEC 1      T                         2.1   -2.1      0.5
  SINCE JUL 1      0.1                       2.1   -2.0      0.5
  SNOW DEPTH       0

DEGREE DAYS
 HEATING
  YESTERDAY       15                        22     -7       42
  MONTH TO DATE  702                       639     63      739
  SINCE DEC 1   1301                      1288     13     1415
  SINCE JUL 1   1905                      1792    113     2015

 COOLING
  YESTERDAY        0                         0      0        0
  MONTH TO DATE    0                         0      0        0
  SINCE DEC 1      0                         1     -1        3
  SINCE JAN 1      0                         0      0        0
..................................................................


WIND (MPH)
  HIGHEST WIND SPEED    21   HIGHEST WIND DIRECTION     S (200)
  HIGHEST GUST SPEED    25   HIGHEST GUST DIRECTION     S (200)
  AVERAGE WIND SPEED     9.2


SKY COVER
  POSSIBLE SUNSHINE  MM
  AVERAGE SKY COVER 0.0


WEATHER CONDITIONS
 THE FOLLOWING WEATHER WAS RECORDED YESTERDAY.
  NO SIGNIFICANT WEATHER WAS OBSERVED.


RELATIVE HUMIDITY (PERCENT)
 HIGHEST    92           500 AM
 LOWEST     43           200 PM
 AVERAGE    68

..........................................................


THE PINE BLUFF CLIMATE NORMALS FOR TODAY
                         NORMAL    RECORD    YEAR
 MAXIMUM TEMPERATURE (F)   53        79      1950
 MINIMUM TEMPERATURE (F)   34         6      1966


SUNRISE AND SUNSET
JANUARY 29 2015.......SUNRISE   707 AM CST   SUNSET   535 PM CST
JANUARY 30 2015.......SUNRISE   707 AM CST   SUNSET   536 PM CST


-  INDICATES NEGATIVE NUMBERS.
R  INDICATES RECORD WAS SET OR TIED.
MM INDICATES DATA IS MISSING.
T  INDICATES TRACE AMOUNT.




$$
