000
CDUS44 KLZK 010647
CLIPBF


CLIMATE REPORT
NATIONAL WEATHER SERVICE LITTLE ROCK AR
147 AM CDT SUN MAY 1 2016


...................................

...THE PINE BLUFF CLIMATE SUMMARY FOR APRIL 30 2016...

CLIMATE NORMAL PERIOD 1981 TO 2010
CLIMATE RECORD PERIOD 1883 TO 2016


WEATHER ITEM   OBSERVED TIME   RECORD YEAR NORMAL DEPARTURE LAST
                VALUE   (LST)  VALUE       VALUE  FROM      YEAR
                                                  NORMAL
..................................................................
TEMPERATURE (F)
 YESTERDAY
  MAXIMUM         81    333 PM  94    1943  78      3       80
  MINIMUM         65    610 AM  35    1908  56      9       50
  AVERAGE         73                        67      6       65

PRECIPITATION (IN)
  YESTERDAY        1.59          1.82 1947   0.16   1.43     0.00
  MONTH TO DATE    4.83                      4.93  -0.10     7.67
  SINCE MAR 1     20.51                     10.33  10.18    15.71
  SINCE JAN 1     26.56                     18.15   8.41    22.64

SNOWFALL (IN)
  YESTERDAY        0.0          MM      MM   0.0    0.0      0.0
  MONTH TO DATE    0.0                       0.0    0.0      0.0
  SINCE MAR 1      0.0                       0.0    0.0      2.0
  SINCE JUL 1      3.6                       3.1    0.5      9.2
  SNOW DEPTH       0

DEGREE DAYS
 HEATING
  YESTERDAY        0                         2     -2        0
  MONTH TO DATE   73                       129    -56       87
  SINCE MAR 1    299                       476   -177      502
  SINCE JUL 1   2206                      2864   -658     3236

 COOLING
  YESTERDAY        8                         4      4        0
  MONTH TO DATE   62                        67     -5       75
  SINCE MAR 1     83                        84     -1       85
  SINCE JAN 1     87                        87      0       85
..................................................................


WIND (MPH)
  HIGHEST WIND SPEED    38   HIGHEST WIND DIRECTION     S (170)
  HIGHEST GUST SPEED    48   HIGHEST GUST DIRECTION     S (170)
  AVERAGE WIND SPEED    10.4


SKY COVER
  POSSIBLE SUNSHINE  MM
  AVERAGE SKY COVER 0.4


WEATHER CONDITIONS
 THE FOLLOWING WEATHER WAS RECORDED YESTERDAY.
  THUNDERSTORM
  HEAVY RAIN
  RAIN
  LIGHT RAIN
  FOG


RELATIVE HUMIDITY (PERCENT)
 HIGHEST    93           600 AM
 LOWEST     54           300 PM
 AVERAGE    74

..........................................................


THE PINE BLUFF CLIMATE NORMALS FOR TODAY
                         NORMAL    RECORD    YEAR
 MAXIMUM TEMPERATURE (F)   78        95      1901
 MINIMUM TEMPERATURE (F)   57        38      1909
                                             1908


SUNRISE AND SUNSET
MAY  1 2016...........SUNRISE   618 AM CDT   SUNSET   752 PM CDT
MAY  2 2016...........SUNRISE   617 AM CDT   SUNSET   753 PM CDT


-  INDICATES NEGATIVE NUMBERS.
R  INDICATES RECORD WAS SET OR TIED.
MM INDICATES DATA IS MISSING.
T  INDICATES TRACE AMOUNT.




$$
