000
CDUS42 KMFL 172124
CLIPBI


CLIMATE REPORT
NATIONAL WEATHER SERVICE MIAMI, FL
423 PM EST SUN DEC 17 2017


...................................

...THE WEST PALM BEACH CLIMATE SUMMARY FOR DECEMBER 17 2017...
VALID TODAY AS OF 0400 PM LOCAL TIME.

CLIMATE NORMAL PERIOD 1981 TO 2010
CLIMATE RECORD PERIOD 1888 TO 2017


WEATHER ITEM   OBSERVED TIME   RECORD YEAR NORMAL DEPARTURE LAST
                VALUE   (LST)  VALUE       VALUE  FROM      YEAR
                                                  NORMAL
..................................................................
TEMPERATURE (F)
 TODAY
  MAXIMUM         80    135 PM  87    1925  76      4       82
  MINIMUM         71    607 AM  28    1920  60     11       72
  AVERAGE         76                        68      8       77

PRECIPITATION (IN)
  TODAY            0.01          2.30 1923   0.11  -0.10     0.05
  MONTH TO DATE    0.64                      1.81  -1.17     2.36
  SINCE NOV 1      3.33                      6.56  -3.23     3.36
  SINCE JAN 1     59.02                     60.76  -1.74    49.97

SNOWFALL (IN)
  TODAY            0.0
  MONTH TO DATE    0.0
  SINCE DEC 1      0.0
  SINCE JUL 1      0.0
  SNOW DEPTH       0

DEGREE DAYS
 HEATING
  TODAY            0                         2     -2        0
  MONTH TO DATE   43                        24     19        0
  SINCE DEC 1     43                        24     19        0
  SINCE JUL 1     47                        36     11        1

 COOLING
  TODAY           11                         5      6       12
  MONTH TO DATE   93                        94     -1      169
  SINCE DEC 1     93                        94     -1      169
  SINCE JAN 1   4468                      3960    508     4575
..................................................................


WIND (MPH)
  HIGHEST WIND SPEED    18   HIGHEST WIND DIRECTION     E (110)
  HIGHEST GUST SPEED    21   HIGHEST GUST DIRECTION     E (110)
  AVERAGE WIND SPEED    11.3


SKY COVER
  AVERAGE SKY COVER 0.7


WEATHER CONDITIONS
 THE FOLLOWING WEATHER WAS RECORDED TODAY.
  LIGHT RAIN


RELATIVE HUMIDITY (PERCENT)
 HIGHEST    79
 LOWEST     67
 AVERAGE    73

..........................................................


THE WEST PALM BEACH CLIMATE NORMALS FOR TOMORROW
                         NORMAL    RECORD    YEAR
 MAXIMUM TEMPERATURE (F)   76        86      1989
                                             1946
 MINIMUM TEMPERATURE (F)   60        37      1973


SUNRISE AND SUNSET
DECEMBER 17 2017......SUNRISE   703 AM EST   SUNSET   531 PM EST
DECEMBER 18 2017......SUNRISE   703 AM EST   SUNSET   531 PM EST


-  INDICATES NEGATIVE NUMBERS.
R  INDICATES RECORD WAS SET OR TIED.
MM INDICATES DATA IS MISSING.
T  INDICATES TRACE AMOUNT.




$$
