000
CDUS42 KMFL 210922
CLIPBI


CLIMATE REPORT
NATIONAL WEATHER SERVICE MIAMI, FL
421 AM EST SAT JAN 21 2017


...................................

...THE WEST PALM BEACH CLIMATE SUMMARY FOR JANUARY 20 2017...

CLIMATE NORMAL PERIOD 1981 TO 2010
CLIMATE RECORD PERIOD 1888 TO 2017


WEATHER ITEM   OBSERVED TIME   RECORD YEAR NORMAL DEPARTURE LAST
                VALUE   (LST)  VALUE       VALUE  FROM      YEAR
                                                  NORMAL
..................................................................
TEMPERATURE (F)
 YESTERDAY
  MAXIMUM         81    416 PM  86    1947  75      6       71
  MINIMUM         60    732 AM  27    1977  57      3       49
  AVERAGE         71                        66      5       60

PRECIPITATION (IN)
  YESTERDAY        0.00          5.16 1983   0.09  -0.09     0.00
  MONTH TO DATE    0.24                      2.09  -1.85     2.81
  SINCE NOV 1      4.71                     10.22  -5.51    13.21
  SINCE JAN 1      0.24                      2.09  -1.85     2.81

SNOWFALL (IN)
  YESTERDAY        0.0
  MONTH TO DATE    0.0
  SINCE DEC 1      0.0
  SINCE JUL 1      0.0
  SNOW DEPTH      MM

DEGREE DAYS
 HEATING
  YESTERDAY        0                         3     -3        5
  MONTH TO DATE   15                        60    -45       25
  SINCE DEC 1     21                       119    -98       25
  SINCE JUL 1     22                       131   -109       25

 COOLING
  YESTERDAY        6                         3      3        0
  MONTH TO DATE  136                        67     69       66
  SINCE DEC 1    429                       222    207      422
  SINCE JAN 1    136                        67     69       66
..................................................................


WIND (MPH)
  HIGHEST WIND SPEED    15   HIGHEST WIND DIRECTION    SW (230)
  HIGHEST GUST SPEED    20   HIGHEST GUST DIRECTION    SW (220)
  AVERAGE WIND SPEED     5.7


SKY COVER
  AVERAGE SKY COVER  MM


WEATHER CONDITIONS
 THE FOLLOWING WEATHER WAS RECORDED YESTERDAY.
  NO SIGNIFICANT WEATHER WAS OBSERVED.


RELATIVE HUMIDITY (PERCENT)
 HIGHEST    MM
 LOWEST     MM
 AVERAGE    MM

..........................................................


THE WEST PALM BEACH CLIMATE NORMALS FOR TODAY
                         NORMAL    RECORD    YEAR
 MAXIMUM TEMPERATURE (F)   75        86      1990
 MINIMUM TEMPERATURE (F)   57        32      1985


SUNRISE AND SUNSET
JANUARY 21 2017.......SUNRISE   709 AM EST   SUNSET   555 PM EST
JANUARY 22 2017.......SUNRISE   709 AM EST   SUNSET   555 PM EST


-  INDICATES NEGATIVE NUMBERS.
R  INDICATES RECORD WAS SET OR TIED.
MM INDICATES DATA IS MISSING.
T  INDICATES TRACE AMOUNT.




$$
