000
CDUS42 KMFL 280844
CLIPBI


CLIMATE REPORT
NATIONAL WEATHER SERVICE MIAMI, FL
442 AM EDT TUE MAR 28 2017


...................................

...THE WEST PALM BEACH CLIMATE SUMMARY FOR MARCH 27 2017...

CLIMATE NORMAL PERIOD 1981 TO 2010
CLIMATE RECORD PERIOD 1888 TO 2017


WEATHER ITEM   OBSERVED TIME   RECORD YEAR NORMAL DEPARTURE LAST
                VALUE   (LST)  VALUE       VALUE  FROM      YEAR
                                                  NORMAL
..................................................................
TEMPERATURE (F)
 YESTERDAY
  MAXIMUM         80    311 PM  94    1928  80      0       84
  MINIMUM         71    658 AM  44    1971  63      8       75
  AVERAGE         76                        71      5       80

PRECIPITATION (IN)
  YESTERDAY        0.00          1.90 2003   0.15  -0.15     0.00
  MONTH TO DATE    1.52                      4.00  -2.48     0.42
  SINCE NOV 1      9.53                     18.08  -8.55    23.38
  SINCE JAN 1      5.06                      9.95  -4.89    12.98

SNOWFALL (IN)
  YESTERDAY        0.0
  MONTH TO DATE    0.0
  SINCE MAR 1      0.0
  SINCE JUL 1      0.0
  SNOW DEPTH       0

DEGREE DAYS
 HEATING
  YESTERDAY        0                         0      0        0
  MONTH TO DATE   16                        22     -6        2
  SINCE MAR 1     16                        22     -6        2
  SINCE JUL 1     68                       227   -159      135

 COOLING
  YESTERDAY       11                         7      4       15
  MONTH TO DATE  160                       165     -5      265
  SINCE MAR 1    160                       165     -5      265
  SINCE JAN 1    500                       400    100      467
..................................................................


WIND (MPH)
  HIGHEST WIND SPEED    15   HIGHEST WIND DIRECTION     E (80)
  HIGHEST GUST SPEED    22   HIGHEST GUST DIRECTION     E (80)
  AVERAGE WIND SPEED     9.6


SKY COVER
  AVERAGE SKY COVER 0.4


WEATHER CONDITIONS
 THE FOLLOWING WEATHER WAS RECORDED YESTERDAY.
  NO SIGNIFICANT WEATHER WAS OBSERVED.


RELATIVE HUMIDITY (PERCENT)
 HIGHEST    68
 LOWEST     42
 AVERAGE    55

..........................................................


THE WEST PALM BEACH CLIMATE NORMALS FOR TODAY
                         NORMAL    RECORD    YEAR
 MAXIMUM TEMPERATURE (F)   80        91      1909
 MINIMUM TEMPERATURE (F)   63        47      2013


SUNRISE AND SUNSET
MARCH 28 2017.........SUNRISE   715 AM EDT   SUNSET   736 PM EDT
MARCH 29 2017.........SUNRISE   714 AM EDT   SUNSET   736 PM EDT


-  INDICATES NEGATIVE NUMBERS.
R  INDICATES RECORD WAS SET OR TIED.
MM INDICATES DATA IS MISSING.
T  INDICATES TRACE AMOUNT.




$$
