000
CDUS42 KMFL 270823
CLIPBI


CLIMATE REPORT
NATIONAL WEATHER SERVICE MIAMI, FL
423 AM EDT SAT MAY 27 2017


...................................

...THE WEST PALM BEACH CLIMATE SUMMARY FOR MAY 26 2017...

CLIMATE NORMAL PERIOD 1981 TO 2010
CLIMATE RECORD PERIOD 1888 TO 2017


WEATHER ITEM   OBSERVED TIME   RECORD YEAR NORMAL DEPARTURE LAST
                VALUE   (LST)  VALUE       VALUE  FROM      YEAR
                                                  NORMAL
..................................................................
TEMPERATURE (F)
 YESTERDAY
  MAXIMUM         84    159 PM  93    2000  87     -3       85
                                      1927
  MINIMUM         68    653 AM  57    1979  73     -5       68
  AVERAGE         76                        80     -4       77

PRECIPITATION (IN)
  YESTERDAY        0.00          3.65 1968   0.21  -0.21     0.00
  MONTH TO DATE    2.61                      3.41  -0.80     4.88
  SINCE NOV 1     15.88                     25.74  -9.86    31.72
  SINCE JAN 1     11.41                     17.61  -6.20    21.32

SNOWFALL (IN)
  YESTERDAY        0.0
  MONTH TO DATE    0.0
  SINCE MAR 1      0.0
  SINCE JUL 1      0.0
  SNOW DEPTH       0

DEGREE DAYS
 HEATING
  YESTERDAY        0                         0      0        0
  MONTH TO DATE    0                         0      0        0
  SINCE MAR 1     16                        28    -12        2
  SINCE JUL 1     68                       233   -165      135

 COOLING
  YESTERDAY       11                        15     -4       12
  MONTH TO DATE  359                       337     22      351
  SINCE MAR 1    892                       797     95      999
  SINCE JAN 1   1232                      1032    200     1201
..................................................................


WIND (MPH)
  HIGHEST WIND SPEED    13   HIGHEST WIND DIRECTION    SE (120)
  HIGHEST GUST SPEED    16   HIGHEST GUST DIRECTION     E (70)
  AVERAGE WIND SPEED     6.9


SKY COVER
  AVERAGE SKY COVER 0.4


WEATHER CONDITIONS
 THE FOLLOWING WEATHER WAS RECORDED YESTERDAY.
  NO SIGNIFICANT WEATHER WAS OBSERVED.


RELATIVE HUMIDITY (PERCENT)
 HIGHEST   100
 LOWEST     54
 AVERAGE    77

..........................................................


THE WEST PALM BEACH CLIMATE NORMALS FOR TODAY
                         NORMAL    RECORD    YEAR
 MAXIMUM TEMPERATURE (F)   87        96      1928
 MINIMUM TEMPERATURE (F)   73        62      1928
                                             1927


SUNRISE AND SUNSET
MAY 27 2017...........SUNRISE   628 AM EDT   SUNSET   807 PM EDT
MAY 28 2017...........SUNRISE   628 AM EDT   SUNSET   808 PM EDT


-  INDICATES NEGATIVE NUMBERS.
R  INDICATES RECORD WAS SET OR TIED.
MM INDICATES DATA IS MISSING.
T  INDICATES TRACE AMOUNT.




$$
