000
CDUS42 KMFL 202054
CLIPBI


CLIMATE REPORT
NATIONAL WEATHER SERVICE MIAMI, FL
453 PM EDT THU JUL 20 2017


...................................

...THE WEST PALM BEACH CLIMATE SUMMARY FOR JULY 20 2017...
VALID TODAY AS OF 0400 PM LOCAL TIME.

CLIMATE NORMAL PERIOD 1981 TO 2010
CLIMATE RECORD PERIOD 1888 TO 2017


WEATHER ITEM   OBSERVED TIME   RECORD YEAR NORMAL DEPARTURE LAST
                VALUE   (LST)  VALUE       VALUE  FROM      YEAR
                                                  NORMAL
..................................................................
TEMPERATURE (F)
 TODAY
  MAXIMUM         89    238 PM  98    1942  90     -1       92
  MINIMUM         79    628 AM  67    1940  76      3       82
  AVERAGE         84                        83      1       87

PRECIPITATION (IN)
  TODAY            0.10          2.48 1951   0.17  -0.07     0.10
  MONTH TO DATE    3.73                      3.82  -0.09     1.02
  SINCE JUN 1     14.05                     12.12   1.93     5.54
  SINCE JAN 1     25.46                     30.83  -5.37    26.93

SNOWFALL (IN)
  TODAY            0.0
  MONTH TO DATE    0.0
  SINCE JUN 1      0.0
  SINCE JUL 1      0.0
  SNOW DEPTH       0

DEGREE DAYS
 HEATING
  TODAY            0                         0      0        0
  MONTH TO DATE    0                         0      0        0
  SINCE JUN 1      0                         0      0        0
  SINCE JUL 1      0                         0      0        0

 COOLING
  TODAY           19                        18      1       22
  MONTH TO DATE  396                       349     47      440
  SINCE JUN 1    912                       839     73      989
  SINCE JAN 1   2236                      1948    288     2270
..................................................................


WIND (MPH)
  HIGHEST WIND SPEED    16   HIGHEST WIND DIRECTION    SE (130)
  HIGHEST GUST SPEED    18   HIGHEST GUST DIRECTION    SE (130)
  AVERAGE WIND SPEED     5.3


SKY COVER
  AVERAGE SKY COVER 0.7


WEATHER CONDITIONS
 THE FOLLOWING WEATHER WAS RECORDED TODAY.
  THUNDERSTORM
  RAIN
  LIGHT RAIN


RELATIVE HUMIDITY (PERCENT)
 HIGHEST    91
 LOWEST     64
 AVERAGE    78

..........................................................


THE WEST PALM BEACH CLIMATE NORMALS FOR TOMORROW
                         NORMAL    RECORD    YEAR
 MAXIMUM TEMPERATURE (F)   90       101      1942
 MINIMUM TEMPERATURE (F)   76        67      1910
                                             1902


SUNRISE AND SUNSET
JULY 20 2017..........SUNRISE   639 AM EDT   SUNSET   814 PM EDT
JULY 21 2017..........SUNRISE   640 AM EDT   SUNSET   814 PM EDT


-  INDICATES NEGATIVE NUMBERS.
R  INDICATES RECORD WAS SET OR TIED.
MM INDICATES DATA IS MISSING.
T  INDICATES TRACE AMOUNT.




$$
