000
CDUS42 KMFL 290839
CLIPBI


CLIMATE REPORT
NATIONAL WEATHER SERVICE MIAMI, FL
438 AM EDT SUN MAR 29 2015


...................................

...THE WEST PALM BEACH CLIMATE SUMMARY FOR MARCH 28 2015...

CLIMATE NORMAL PERIOD 1981 TO 2010
CLIMATE RECORD PERIOD 1888 TO 2015


WEATHER ITEM   OBSERVED TIME   RECORD YEAR NORMAL DEPARTURE LAST
                VALUE   (LST)  VALUE       VALUE  FROM      YEAR
                                                  NORMAL
..................................................................
TEMPERATURE (F)
 YESTERDAY
  MAXIMUM         72    212 PM  91    1909  80     -8       83
  MINIMUM         57   1130 PM  47    2013  63     -6       73
  AVERAGE         65                        72     -7       78

PRECIPITATION (IN)
  YESTERDAY        0.00          3.65 1982   0.14  -0.14     0.00
  MONTH TO DATE    1.04                      4.14  -3.10     1.71
  SINCE NOV 1      7.84                     18.22 -10.38    20.31
  SINCE JAN 1      4.14                     10.09  -5.95    13.19

SNOWFALL (IN)
  YESTERDAY        0.0
  MONTH TO DATE    0.0
  SINCE MAR 1      0.0
  SINCE JUL 1      0.0
  SNOW DEPTH       0

DEGREE DAYS
 HEATING
  YESTERDAY        0                         0      0        0
  MONTH TO DATE    0                        22    -22        7
  SINCE MAR 1      0                        22    -22        7
  SINCE JUL 1    124                       227   -103      122

 COOLING
  YESTERDAY        0                         7     -7       13
  MONTH TO DATE  348                       172    176      184
  SINCE MAR 1    348                       172    176      184
  SINCE JAN 1    626                       407    219      530
..................................................................


WIND (MPH)
  HIGHEST WIND SPEED    24   HIGHEST WIND DIRECTION    NW (320)
  HIGHEST GUST SPEED    34   HIGHEST GUST DIRECTION    NW (310)
  AVERAGE WIND SPEED    10.9


SKY COVER
  AVERAGE SKY COVER 0.8


WEATHER CONDITIONS
 THE FOLLOWING WEATHER WAS RECORDED YESTERDAY.
  NO SIGNIFICANT WEATHER WAS OBSERVED.


RELATIVE HUMIDITY (PERCENT)
 HIGHEST    93
 LOWEST     35
 AVERAGE    64

..........................................................


THE WEST PALM BEACH CLIMATE NORMALS FOR TODAY
                         NORMAL    RECORD    YEAR
 MAXIMUM TEMPERATURE (F)   80        92      1909
 MINIMUM TEMPERATURE (F)   64        49      1955


SUNRISE AND SUNSET
MARCH 29 2015.........SUNRISE   715 AM EDT   SUNSET   736 PM EDT
MARCH 30 2015.........SUNRISE   714 AM EDT   SUNSET   737 PM EDT


-  INDICATES NEGATIVE NUMBERS.
R  INDICATES RECORD WAS SET OR TIED.
MM INDICATES DATA IS MISSING.
T  INDICATES TRACE AMOUNT.




$$
