000
CDUS42 KMFL 010941
CLIPBI


CLIMATE REPORT
NATIONAL WEATHER SERVICE MIAMI, FL
441 AM EST SUN MAR 1 2015


...................................

...THE WEST PALM BEACH CLIMATE SUMMARY FOR FEBRUARY 28 2015...

CLIMATE NORMAL PERIOD 1981 TO 2010
CLIMATE RECORD PERIOD 1888 TO 2015


WEATHER ITEM   OBSERVED TIME   RECORD YEAR NORMAL DEPARTURE LAST
                VALUE   (LST)  VALUE       VALUE  FROM      YEAR
                                                  NORMAL
..................................................................
TEMPERATURE (F)
 YESTERDAY
  MAXIMUM         79   1106 AM  88    2003  78      1       72
                                      1958
                                      1956
  MINIMUM         71   1241 AM  37    1935  61     10       57
  AVERAGE         75                        69      6       65

PRECIPITATION (IN)
  YESTERDAY        0.25          4.60 1900   0.12   0.13     0.15
  MONTH TO DATE    2.05                      2.82  -0.77     1.06
  SINCE NOV 1      6.80                     14.08  -7.28    18.60
  SINCE JAN 1      3.10                      5.95  -2.85    11.48

SNOWFALL (IN)
  YESTERDAY        0.0
  MONTH TO DATE    0.0
  SINCE DEC 1      0.0
  SINCE JUL 1      0.0
  SNOW DEPTH       0

DEGREE DAYS
 HEATING
  YESTERDAY        0                         1     -1        0
  MONTH TO DATE   54                        48      6       13
  SINCE DEC 1    107                       193    -86      111
  SINCE JUL 1    124                       205    -81      115

 COOLING
  YESTERDAY       10                         5      5        0
  MONTH TO DATE  114                       127    -13      224
  SINCE DEC 1    476                       390     86      644
  SINCE JAN 1    278                       235     43      346
..................................................................


WIND (MPH)
  HIGHEST WIND SPEED    25   HIGHEST WIND DIRECTION     E (90)
  HIGHEST GUST SPEED    31   HIGHEST GUST DIRECTION     E (100)
  AVERAGE WIND SPEED    16.4


SKY COVER
  AVERAGE SKY COVER 0.8


WEATHER CONDITIONS
 THE FOLLOWING WEATHER WAS RECORDED YESTERDAY.
  THUNDERSTORM
  HEAVY RAIN
  RAIN
  LIGHT RAIN
  FOG


RELATIVE HUMIDITY (PERCENT)
 HIGHEST    93
 LOWEST     74
 AVERAGE    84

..........................................................


THE WEST PALM BEACH CLIMATE NORMALS FOR TODAY
                         NORMAL    RECORD    YEAR
 MAXIMUM TEMPERATURE (F)   78        88      2011
 MINIMUM TEMPERATURE (F)   61        36      1984


SUNRISE AND SUNSET
MARCH  1 2015.........SUNRISE   644 AM EST   SUNSET   622 PM EST
MARCH  2 2015.........SUNRISE   643 AM EST   SUNSET   622 PM EST


-  INDICATES NEGATIVE NUMBERS.
R  INDICATES RECORD WAS SET OR TIED.
MM INDICATES DATA IS MISSING.
T  INDICATES TRACE AMOUNT.




$$
