000
CDUS42 KMFL 312019
CLIPBI


CLIMATE REPORT
NATIONAL WEATHER SERVICE MIAMI, FL
418 PM EDT TUE MAY 31 2016


...................................

...THE WEST PALM BEACH CLIMATE SUMMARY FOR MAY 31 2016...
VALID TODAY AS OF 0400 PM LOCAL TIME.

CLIMATE NORMAL PERIOD 1981 TO 2010
CLIMATE RECORD PERIOD 1888 TO 2016


WEATHER ITEM   OBSERVED TIME   RECORD YEAR NORMAL DEPARTURE LAST
                VALUE   (LST)  VALUE       VALUE  FROM      YEAR
                                                  NORMAL
..................................................................
TEMPERATURE (F)
 TODAY
  MAXIMUM         88   1139 AM  94    2004  87      1       88
  MINIMUM         73    556 AM  62    1971  73      0       73
                                      1941
  AVERAGE         81                        80      1       81

PRECIPITATION (IN)
  TODAY            0.00          2.25 1902   0.22  -0.22     0.00
  MONTH TO DATE    4.95                      4.51   0.44     1.56
  SINCE NOV 1     31.79                     26.84   4.95    17.45
  SINCE JAN 1     21.39                     18.71   2.68    13.75

SNOWFALL (IN)
  TODAY            0.0
  MONTH TO DATE    0.0
  SINCE MAR 1      0.0
  SINCE JUL 1      0.0
  SNOW DEPTH       0

DEGREE DAYS
 HEATING
  TODAY            0                         0      0        0
  MONTH TO DATE    0                         0      0        0
  SINCE MAR 1      2                        28    -26        2
  SINCE JUL 1    135                       233    -98      126

 COOLING
  TODAY           16                        15      1       16
  MONTH TO DATE  431                       414     17      469
  SINCE MAR 1   1079                       874    205     1256
  SINCE JAN 1   1281                      1109    172     1534
..................................................................


WIND (MPH)
  HIGHEST WIND SPEED    15   HIGHEST WIND DIRECTION     E (90)
  HIGHEST GUST SPEED    18   HIGHEST GUST DIRECTION     E (90)
  AVERAGE WIND SPEED     3.9


SKY COVER
  AVERAGE SKY COVER 0.5


WEATHER CONDITIONS
 THE FOLLOWING WEATHER WAS RECORDED TODAY.
  THUNDERSTORM


RELATIVE HUMIDITY (PERCENT)
 HIGHEST    87
 LOWEST     51
 AVERAGE    69

..........................................................


THE WEST PALM BEACH CLIMATE NORMALS FOR TOMORROW
                         NORMAL    RECORD    YEAR
 MAXIMUM TEMPERATURE (F)   88        95      1927
 MINIMUM TEMPERATURE (F)   74        61      1984


SUNRISE AND SUNSET
MAY 31 2016...........SUNRISE   627 AM EDT   SUNSET   809 PM EDT
JUNE  1 2016..........SUNRISE   627 AM EDT   SUNSET   810 PM EDT


-  INDICATES NEGATIVE NUMBERS.
R  INDICATES RECORD WAS SET OR TIED.
MM INDICATES DATA IS MISSING.
T  INDICATES TRACE AMOUNT.




$$
