000
CDUS42 KFFC 291245
CLIPDK


CLIMATE REPORT
NATIONAL WEATHER SERVICE PEACHTREE CITY GA
845 AM EDT THU SEP 29 2016


...................................

...THE DEKALB PEACHTREE AIRPORT CLIMATE SUMMARY FOR SEPTEMBER 28 2016...

CLIMATE NORMAL PERIOD 1981 TO 2010
CLIMATE RECORD PERIOD 9999 TO 9999


WEATHER ITEM   OBSERVED TIME   RECORD YEAR NORMAL DEPARTURE LAST
                VALUE   (LST)  VALUE       VALUE  FROM      YEAR
                                                  NORMAL
..................................................................
TEMPERATURE (F)
 YESTERDAY
  MAXIMUM         86    409 PM  MM      MM  79      7       74
  MINIMUM         60   1125 PM  MM      MM  58      2       66
  AVERAGE         73                        69      4       70

PRECIPITATION (IN)
  YESTERDAY        0.00         MM      MM   0.17  -0.17     0.06
  MONTH TO DATE    3.01                      4.23  -1.22     2.74
  SINCE SEP 1      3.01                      4.23  -1.22     2.74
  SINCE JAN 1     28.64                     40.81 -12.17    32.42

DEGREE DAYS
 HEATING
  YESTERDAY        0                         1     -1        0
  MONTH TO DATE    0                         6     -6        5
  SINCE SEP 1      0                         6     -6        5
  SINCE JUL 1      0                         6     -6        5

 COOLING
  YESTERDAY        8                         5      3        5
  MONTH TO DATE  380                       238    142      231
  SINCE SEP 1    380                       238    142      231
  SINCE JAN 1   2244                      1695    549     1934
..................................................................


WIND (MPH)
  RESULTANT WIND SPEED   4   RESULTANT WIND DIRECTION  SW (240)
  HIGHEST WIND SPEED    16   HIGHEST WIND DIRECTION    SW (210)
  HIGHEST GUST SPEED    20   HIGHEST GUST DIRECTION    SW (210)
  AVERAGE WIND SPEED     4.9


SKY COVER
  AVERAGE SKY COVER 0.0


WEATHER CONDITIONS
 THE FOLLOWING WEATHER WAS RECORDED YESTERDAY.
  NO SIGNIFICANT WEATHER WAS OBSERVED.


RELATIVE HUMIDITY (PERCENT)
 HIGHEST    93           100 AM
 LOWEST     31          1200 PM
 AVERAGE    62

..........................................................


THE DEKALB PEACHTREE AIRPORT CLIMATE NORMALS FOR TODAY
                         NORMAL    RECORD    YEAR
 MAXIMUM TEMPERATURE (F)   78        MM        MM
 MINIMUM TEMPERATURE (F)   58        MM        MM


SUNRISE AND SUNSET
SEPTEMBER 29 2016.....SUNRISE   731 AM EDT   SUNSET   724 PM EDT
SEPTEMBER 30 2016.....SUNRISE   731 AM EDT   SUNSET   722 PM EDT


-  INDICATES NEGATIVE NUMBERS.
R  INDICATES RECORD WAS SET OR TIED.
MM INDICATES DATA IS MISSING.
T  INDICATES TRACE AMOUNT.




$$
