000
CDUS42 KFFC 010917
CLIPDK


CLIMATE REPORT
NATIONAL WEATHER SERVICE PEACHTREE CITY GA
417 AM EST SUN FEB 1 2015


...................................

...THE DEKALB PEACHTREE AIRPORT CLIMATE SUMMARY FOR JANUARY 31 2015...

CLIMATE NORMAL PERIOD 1981 TO 2010
CLIMATE RECORD PERIOD 9999 TO 9999


WEATHER ITEM   OBSERVED TIME   RECORD YEAR NORMAL DEPARTURE LAST
                VALUE   (LST)  VALUE       VALUE  FROM      YEAR
                                                  NORMAL
..................................................................
TEMPERATURE (F)
 YESTERDAY
  MAXIMUM         52    430 PM  MM      MM  53     -1       55
  MINIMUM         25    655 AM  MM      MM  34     -9       18
  AVERAGE         39                        44     -5       37

PRECIPITATION (IN)
  YESTERDAY        0.00         MM      MM   0.20  -0.20     0.00
  MONTH TO DATE    3.26                      4.80  -1.54     2.97
  SINCE DEC 1      7.50                      8.96  -1.46    10.28
  SINCE JAN 1      3.26                      4.80  -1.54     2.97

SNOWFALL (IN)
  YESTERDAY        0.0          MM      MM  MM     MM       MM
  MONTH TO DATE    0.0                      MM     MM         T
  SINCE DEC 1      0.0                      MM     MM         T
  SINCE JUL 1      0.0                      MM     MM         T
  SNOW DEPTH      MM

DEGREE DAYS
 HEATING
  YESTERDAY       26                        21      5       28
  MONTH TO DATE  746                       702     44      933
  SINCE DEC 1   1278                      1346    -68     1495
  SINCE JUL 1   1942                      1873     69     2090
..................................................................


WIND (MPH)
  RESULTANT WIND SPEED   1   RESULTANT WIND DIRECTION  NW (300)
  HIGHEST WIND SPEED    12   HIGHEST WIND DIRECTION    NW (320)
  HIGHEST GUST SPEED    13   HIGHEST GUST DIRECTION    NW (320)
  AVERAGE WIND SPEED     1.7


SKY COVER
  AVERAGE SKY COVER 0.0


WEATHER CONDITIONS
 THE FOLLOWING WEATHER WAS RECORDED YESTERDAY.
  NO SIGNIFICANT WEATHER WAS OBSERVED.


RELATIVE HUMIDITY (PERCENT)
 HIGHEST    81           700 AM
 LOWEST     24           300 PM
 AVERAGE    53

..........................................................


THE DEKALB PEACHTREE AIRPORT CLIMATE NORMALS FOR TODAY
                         NORMAL    RECORD    YEAR
 MAXIMUM TEMPERATURE (F)   53        MM        MM
 MINIMUM TEMPERATURE (F)   34        MM        MM


SUNRISE AND SUNSET
FEBRUARY  1 2015......SUNRISE   734 AM EST   SUNSET   608 PM EST
FEBRUARY  2 2015......SUNRISE   733 AM EST   SUNSET   609 PM EST


-  INDICATES NEGATIVE NUMBERS.
R  INDICATES RECORD WAS SET OR TIED.
MM INDICATES DATA IS MISSING.
T  INDICATES TRACE AMOUNT.




$$
