000
CDUS42 KFFC 180821
CLIPDK


CLIMATE REPORT
NATIONAL WEATHER SERVICE PEACHTREE CITY GA
421 AM EDT THU SEP 18 2014


...................................

...THE DEKALB PEACHTREE AIRPORT CLIMATE SUMMARY FOR SEPTEMBER 17 2014...

CLIMATE NORMAL PERIOD 1981 TO 2010
CLIMATE RECORD PERIOD 9999 TO 9999


WEATHER ITEM   OBSERVED TIME   RECORD YEAR NORMAL DEPARTURE LAST
                VALUE   (LST)  VALUE       VALUE  FROM      YEAR
                                                  NORMAL
..................................................................
TEMPERATURE (F)
 YESTERDAY
  MAXIMUM         84    252 PM  MM      MM  83      1       78
  MINIMUM         60   1155 PM  MM      MM  63     -3       65
  AVERAGE         72                        73     -1       72

PRECIPITATION (IN)
  YESTERDAY        0.00         MM      MM   0.16  -0.16     0.00
  MONTH TO DATE    5.03                      2.41   2.62     0.70
  SINCE SEP 1      5.03                      2.41   2.62     0.70
  SINCE JAN 1     35.24                     38.99  -3.75    37.16

DEGREE DAYS
 HEATING
  YESTERDAY        0                         0      0        0
  MONTH TO DATE    0                         0      0        0
  SINCE SEP 1      0                         0      0        0
  SINCE JUL 1      0                         0      0        1

 COOLING
  YESTERDAY        7                         8     -1        7
  MONTH TO DATE  216                       171     45      193
  SINCE SEP 1    216                       171     45      193
  SINCE JAN 1   1620                      1628     -8     1462
..................................................................


WIND (MPH)
  RESULTANT WIND SPEED   4   RESULTANT WIND DIRECTION  NW (310)
  HIGHEST WIND SPEED    13   HIGHEST WIND DIRECTION     W (280)
  HIGHEST GUST SPEED    17   HIGHEST GUST DIRECTION     W (290)
  AVERAGE WIND SPEED     5.3


SKY COVER
  AVERAGE SKY COVER 0.1


WEATHER CONDITIONS
 THE FOLLOWING WEATHER WAS RECORDED YESTERDAY.
  FOG
  HAZE


RELATIVE HUMIDITY (PERCENT)
 HIGHEST    93           500 AM
 LOWEST     43           400 PM
 AVERAGE    68

..........................................................


THE DEKALB PEACHTREE AIRPORT CLIMATE NORMALS FOR TODAY
                         NORMAL    RECORD    YEAR
 MAXIMUM TEMPERATURE (F)   82        MM        MM
 MINIMUM TEMPERATURE (F)   63        MM        MM


SUNRISE AND SUNSET
SEPTEMBER 18 2014.....SUNRISE   722 AM EDT   SUNSET   740 PM EDT
SEPTEMBER 19 2014.....SUNRISE   723 AM EDT   SUNSET   738 PM EDT


-  INDICATES NEGATIVE NUMBERS.
R  INDICATES RECORD WAS SET OR TIED.
MM INDICATES DATA IS MISSING.
T  INDICATES TRACE AMOUNT.




$$
