000
CDUS42 KFFC 300817
CLIPDK


CLIMATE REPORT
NATIONAL WEATHER SERVICE PEACHTREE CITY GA
417 AM EDT THU OCT 30 2014


...................................

...THE DEKALB PEACHTREE AIRPORT CLIMATE SUMMARY FOR OCTOBER 29 2014...

CLIMATE NORMAL PERIOD 1981 TO 2010
CLIMATE RECORD PERIOD 9999 TO 9999


WEATHER ITEM   OBSERVED TIME   RECORD YEAR NORMAL DEPARTURE LAST
                VALUE   (LST)  VALUE       VALUE  FROM      YEAR
                                                  NORMAL
..................................................................
TEMPERATURE (F)
 YESTERDAY
  MAXIMUM         70    155 PM  MM      MM  69      1       74
  MINIMUM         48   1159 PM  MM      MM  47      1       51
  AVERAGE         59                        58      1       63

PRECIPITATION (IN)
  YESTERDAY        0.07         MM      MM   0.11  -0.04     0.00
  MONTH TO DATE    3.09                      3.25  -0.16     3.04
  SINCE SEP 1      8.29                      7.81   0.48     6.11
  SINCE JAN 1     38.50                     44.39  -5.89    42.57

SNOWFALL (IN)
  YESTERDAY        0.0          MM      MM  MM     MM       MM
  MONTH TO DATE    0.0                      MM     MM        0.0
  SINCE SEP 1      0.0                      MM     MM        0.0
  SINCE JUL 1      0.0                      MM     MM        0.0
  SNOW DEPTH      MM

DEGREE DAYS
 HEATING
  YESTERDAY        6                         8     -2        2
  MONTH TO DATE   97                       127    -30      118
  SINCE SEP 1     97                       137    -40      119
  SINCE JUL 1     97                       137    -40      120

 COOLING
  YESTERDAY        0                         1     -1        0
  MONTH TO DATE   76                        49     27       51
  SINCE SEP 1    364                       296     68      291
  SINCE JAN 1   1768                      1753     15     1560
..................................................................


WIND (MPH)
  RESULTANT WIND SPEED   4   RESULTANT WIND DIRECTION   W (280)
  HIGHEST WIND SPEED    16   HIGHEST WIND DIRECTION    NW (320)
  HIGHEST GUST SPEED    20   HIGHEST GUST DIRECTION    NW (330)
  AVERAGE WIND SPEED     5.2


SKY COVER
  AVERAGE SKY COVER 0.3


WEATHER CONDITIONS
 THE FOLLOWING WEATHER WAS RECORDED YESTERDAY.
  LIGHT RAIN
  FOG


RELATIVE HUMIDITY (PERCENT)
 HIGHEST    93           200 AM
 LOWEST     71           900 PM
 AVERAGE    82

..........................................................


THE DEKALB PEACHTREE AIRPORT CLIMATE NORMALS FOR TODAY
                         NORMAL    RECORD    YEAR
 MAXIMUM TEMPERATURE (F)   68        MM        MM
 MINIMUM TEMPERATURE (F)   46        MM        MM


SUNRISE AND SUNSET
OCTOBER 30 2014.......SUNRISE   755 AM EDT   SUNSET   647 PM EDT
OCTOBER 31 2014.......SUNRISE   756 AM EDT   SUNSET   646 PM EDT


-  INDICATES NEGATIVE NUMBERS.
R  INDICATES RECORD WAS SET OR TIED.
MM INDICATES DATA IS MISSING.
T  INDICATES TRACE AMOUNT.




$$
