000
CDUS46 KPDT 180041
CLIPDT

CLIMATE REPORT
NATIONAL WEATHER SERVICE PENDLETON OR
528 PM PDT TUE OCT 17 2017


...................................

...THE PENDLETON OR CLIMATE SUMMARY FOR OCTOBER 17 2017...
VALID TODAY AS OF 0500 PM LOCAL TIME.

CLIMATE NORMAL PERIOD 1981 TO 2010
CLIMATE RECORD PERIOD 1890 TO 2017


WEATHER ITEM   OBSERVED TIME   RECORD YEAR NORMAL DEPARTURE LAST
                VALUE   (LST)  VALUE       VALUE  FROM      YEAR
                                                  NORMAL
..................................................................
TEMPERATURE (F)
 TODAY
  MAXIMUM         74   1158 AM  82    2003  63     11       62
  MINIMUM         42    554 AM  23    1897  40      2       45
                                      1892
  AVERAGE         58                        51      7       54

PRECIPITATION (IN)
  TODAY            0.00          0.44 1914   0.03  -0.03     0.04
  MONTH TO DATE    0.26                      0.45  -0.19     1.19
  SINCE OCT 1      0.26                      0.45  -0.19     1.19
  SINCE JAN 1     12.55                      9.11   3.44     9.26

SNOWFALL (IN)
  TODAY            0.0           0.0  2002   0.0    0.0      0.0
                                      2001
                                      1999
  MONTH TO DATE    0.0                       0.0    0.0      0.0
  SINCE JAN 1     25.9                       7.7   18.2       T
  SINCE JUL 1      0.0                       0.0    0.0      0.0
  SNOW DEPTH       0

DEGREE DAYS
 HEATING
  TODAY            7                        14     -7       11
  MONTH TO DATE  231                       181     50      189
  SINCE SEP 1    346                       293     53      306
  SINCE JUL 1    348                       315     33      308

 COOLING
  TODAY            0                         0      0        0
  MONTH TO DATE    0                         0      0        0
  SINCE SEP 1    113                        64     49       17
  SINCE JAN 1    894                       634    260      605
..................................................................


WIND (MPH)
  HIGHEST WIND SPEED    32   HIGHEST WIND DIRECTION     W (260)
  HIGHEST GUST SPEED    38   HIGHEST GUST DIRECTION     W (250)
  AVERAGE WIND SPEED     9.4


SKY COVER
  POSSIBLE SUNSHINE  MM
  AVERAGE SKY COVER 0.1


WEATHER CONDITIONS
THE FOLLOWING WEATHER WAS RECORDED TODAY.
  HAZE


RELATIVE HUMIDITY (PERCENT)
 HIGHEST    67           600 AM
 LOWEST     25           200 PM
 AVERAGE    46

..........................................................


THE PENDLETON OR CLIMATE NORMALS FOR TOMORROW
                         NORMAL    RECORD    YEAR
 MAXIMUM TEMPERATURE (F)   63        85      1940
 MINIMUM TEMPERATURE (F)   39        20      1917


SUNRISE AND SUNSET
OCTOBER 17 2017.......SUNRISE   715 AM PDT   SUNSET   606 PM PDT
OCTOBER 18 2017.......SUNRISE   716 AM PDT   SUNSET   604 PM PDT


-  INDICATES NEGATIVE NUMBERS.
R  INDICATES RECORD WAS SET OR TIED.
MM INDICATES DATA IS MISSING.
T  INDICATES TRACE AMOUNT.




$$
