000
CDUS46 KPDT 130044
CLIPDT

CLIMATE REPORT
NATIONAL WEATHER SERVICE PENDLETON OR
426 PM PST TUE DEC 12 2017


...................................

...THE PENDLETON OR CLIMATE SUMMARY FOR DECEMBER 12 2017...
VALID TODAY AS OF 0400 PM LOCAL TIME.

CLIMATE NORMAL PERIOD 1981 TO 2010
CLIMATE RECORD PERIOD 1890 TO 2017


WEATHER ITEM   OBSERVED TIME   RECORD YEAR NORMAL DEPARTURE LAST
                VALUE   (LST)  VALUE       VALUE  FROM      YEAR
                                                  NORMAL
..................................................................
TEMPERATURE (F)
 TODAY
  MAXIMUM         28    359 PM  75    1921  39    -11       38
  MINIMUM         25    856 AM -23    1919  27     -2       18
  AVERAGE         27                        33     -6       28

PRECIPITATION (IN)
  TODAY            0.00          0.66 2014   0.04  -0.04     0.12
  MONTH TO DATE    0.07                      0.58  -0.51     0.67
  SINCE OCT 1      3.04                      3.11  -0.07     3.90
  SINCE JAN 1     15.33                     11.77   3.56    11.97

SNOWFALL (IN)
  TODAY            0.0           3.4  2009   0.2   -0.2      0.3
  MONTH TO DATE    T                         2.0   -2.0      6.8
  SINCE JAN 1     25.9                      11.2   14.7      6.8
  SINCE JUL 1      T                         3.5   -3.5      6.8
  SNOW DEPTH       0

DEGREE DAYS
 HEATING
  TODAY           38                        32      6       37
  MONTH TO DATE  393                       368     25      433
  SINCE DEC 1    393                       368     25      433
  SINCE JUL 1   1601                      1621    -20     1457

 COOLING
  TODAY            0                         0      0        0
  MONTH TO DATE    0                         0      0        0
  SINCE DEC 1      0                         0      0        0
  SINCE JAN 1    894                       636    258      605
..................................................................


WIND (MPH)
  HIGHEST WIND SPEED     8   HIGHEST WIND DIRECTION    NW (310)
  HIGHEST GUST SPEED    10   HIGHEST GUST DIRECTION    SE (140)
  AVERAGE WIND SPEED     2.7


SKY COVER
  POSSIBLE SUNSHINE  MM
  AVERAGE SKY COVER 1.0


WEATHER CONDITIONS
THE FOLLOWING WEATHER WAS RECORDED TODAY.
  NO SIGNIFICANT WEATHER WAS OBSERVED.


RELATIVE HUMIDITY (PERCENT)
 HIGHEST    88           900 AM
 LOWEST     81           400 AM
 AVERAGE    85

..........................................................


THE PENDLETON OR CLIMATE NORMALS FOR TOMORROW
                         NORMAL    RECORD    YEAR
 MAXIMUM TEMPERATURE (F)   39        63      1924
 MINIMUM TEMPERATURE (F)   27       -28      1919


SUNRISE AND SUNSET
DECEMBER 12 2017......SUNRISE   727 AM PST   SUNSET   411 PM PST
DECEMBER 13 2017......SUNRISE   728 AM PST   SUNSET   411 PM PST


-  INDICATES NEGATIVE NUMBERS.
R  INDICATES RECORD WAS SET OR TIED.
MM INDICATES DATA IS MISSING.
T  INDICATES TRACE AMOUNT.




$$
