000
CDUS46 KPDT 140827
CLIPDT

CLIMATE REPORT
NATIONAL WEATHER SERVICE PENDLETON OR
1226 AM PST SUN FEB 14 2016


...................................

...THE PENDLETON OR CLIMATE SUMMARY FOR FEBRUARY 13 2016...

CLIMATE NORMAL PERIOD 1981 TO 2010
CLIMATE RECORD PERIOD 1890 TO 2016


WEATHER ITEM   OBSERVED TIME   RECORD YEAR NORMAL DEPARTURE LAST
                VALUE   (LST)  VALUE       VALUE  FROM      YEAR
                                                  NORMAL
..................................................................
TEMPERATURE (F)
 YESTERDAY
  MAXIMUM         52   1214 PM  69    1921  46      6       50
                                      1898
  MINIMUM         37    714 AM  -5    1929  30      7       34
  AVERAGE         45                        38      7       42

PRECIPITATION (IN)
  YESTERDAY        0.15          0.49 1984   0.04   0.11     0.00
  MONTH TO DATE    0.63                      0.51   0.12     0.76
  SINCE OCT 1      6.41                      5.94   0.47     6.18
  SINCE JAN 1      2.14                      1.94   0.20     1.48

SNOWFALL (IN)
  YESTERDAY        0.0           3.0  1937   0.2   -0.2      0.0
  MONTH TO DATE    0.0                       1.7   -1.7      0.0
  SINCE JAN 1      T                         5.4   -5.4      0.4
  SINCE JUL 1      4.1                      12.9   -8.8      7.2
  SNOW DEPTH       0

DEGREE DAYS
 HEATING
  YESTERDAY       20                        27     -7       23
  MONTH TO DATE  307                       358    -51      229
  SINCE DEC 1   2073                      2263   -190     2010
  SINCE JUL 1   3273                      3516   -243     3140

 COOLING
  YESTERDAY        0                         0      0        0
  MONTH TO DATE    0                         0      0        0
  SINCE DEC 1      0                         0      0        0
  SINCE JAN 1      0                         0      0        0
..................................................................


WIND (MPH)
  HIGHEST WIND SPEED    18   HIGHEST WIND DIRECTION     W (270)
  HIGHEST GUST SPEED    22   HIGHEST GUST DIRECTION    SW (240)
  AVERAGE WIND SPEED     8.6


SKY COVER
  POSSIBLE SUNSHINE  MM
  AVERAGE SKY COVER 0.7


WEATHER CONDITIONS
 THE FOLLOWING WEATHER WAS RECORDED YESTERDAY.
  LIGHT RAIN


RELATIVE HUMIDITY (PERCENT)
 HIGHEST    89           100 AM
 LOWEST     50           100 PM
 AVERAGE    70

..........................................................


THE PENDLETON OR CLIMATE NORMALS FOR TODAY
                         NORMAL    RECORD    YEAR
 MAXIMUM TEMPERATURE (F)   46        66      1898
 MINIMUM TEMPERATURE (F)   30        -4      1936
                                             1929


SUNRISE AND SUNSET
FEBRUARY 14 2016......SUNRISE   700 AM PST   SUNSET   520 PM PST
FEBRUARY 15 2016......SUNRISE   658 AM PST   SUNSET   522 PM PST


-  INDICATES NEGATIVE NUMBERS.
R  INDICATES RECORD WAS SET OR TIED.
MM INDICATES DATA IS MISSING.
T  INDICATES TRACE AMOUNT.




$$
