000
CDUS46 KPDT 230945
CLIPDT

CLIMATE REPORT
NATIONAL WEATHER SERVICE PENDLETON OR
244 AM PDT WED AUG 23 2017


...................................

...THE PENDLETON OR CLIMATE SUMMARY FOR AUGUST 22 2017...

CLIMATE NORMAL PERIOD 1981 TO 2010
CLIMATE RECORD PERIOD 1890 TO 2017


WEATHER ITEM   OBSERVED TIME   RECORD YEAR NORMAL DEPARTURE LAST
                VALUE   (LST)  VALUE       VALUE  FROM      YEAR
                                                  NORMAL
..................................................................
TEMPERATURE (F)
 YESTERDAY
  MAXIMUM         91    316 PM 103    1897  85      6       77
  MINIMUM         55    510 AM  37    1904  56     -1       52
  AVERAGE         73                        71      2       65

PRECIPITATION (IN)
  YESTERDAY        0.00          1.05 1989   0.01  -0.01     0.00
  MONTH TO DATE    0.07                      0.25  -0.18     0.07
  SINCE OCT 1     16.89                     11.96   4.93    11.66
  SINCE JAN 1     11.37                      7.96   3.41     7.39

SNOWFALL (IN)
  YESTERDAY        0.0           0.0  2002   0.0    0.0      0.0
                                      2001
                                      1999
  MONTH TO DATE    0.0                       0.0    0.0      0.0
  SINCE JAN 1     25.9                       7.7   18.2       T
  SINCE JUL 1      0.0                       0.0    0.0      0.0
  SNOW DEPTH       0

DEGREE DAYS
 HEATING
  YESTERDAY        0                         0      0        0
  MONTH TO DATE    1                         0      1        1
  SINCE JUN 1     76                        94    -18       70
  SINCE JUL 1      1                        11    -10        1

 COOLING
  YESTERDAY        8                         6      2        0
  MONTH TO DATE  250                       176     74      175
  SINCE JUN 1    672                       501    171      518
  SINCE JAN 1    700                       524    176      536
..................................................................


WIND (MPH)
  HIGHEST WIND SPEED    13   HIGHEST WIND DIRECTION    SW (240)
  HIGHEST GUST SPEED    15   HIGHEST GUST DIRECTION    SW (240)
  AVERAGE WIND SPEED     6.9


SKY COVER
  POSSIBLE SUNSHINE  MM
  AVERAGE SKY COVER 0.0


WEATHER CONDITIONS
 THE FOLLOWING WEATHER WAS RECORDED YESTERDAY.
  NO SIGNIFICANT WEATHER WAS OBSERVED.


RELATIVE HUMIDITY (PERCENT)
 HIGHEST    57           400 AM
 LOWEST     16           300 PM
 AVERAGE    37

..........................................................


THE PENDLETON OR CLIMATE NORMALS FOR TODAY
                         NORMAL    RECORD    YEAR
 MAXIMUM TEMPERATURE (F)   85       109      1894
 MINIMUM TEMPERATURE (F)   56        34      1910


SUNRISE AND SUNSET
AUGUST 23 2017........SUNRISE   606 AM PDT   SUNSET   749 PM PDT
AUGUST 24 2017........SUNRISE   607 AM PDT   SUNSET   747 PM PDT


-  INDICATES NEGATIVE NUMBERS.
R  INDICATES RECORD WAS SET OR TIED.
MM INDICATES DATA IS MISSING.
T  INDICATES TRACE AMOUNT.




$$
