000
CDUS46 KPDT 190850
CLIPDT

CLIMATE REPORT
NATIONAL WEATHER SERVICE PENDLETON OR
150 AM PDT FRI SEP 19 2014


...................................

...THE PENDLETON OR CLIMATE SUMMARY FOR SEPTEMBER 18 2014...

CLIMATE NORMAL PERIOD 1981 TO 2010
CLIMATE RECORD PERIOD 1890 TO 2014


WEATHER ITEM   OBSERVED TIME   RECORD YEAR NORMAL DEPARTURE LAST
                VALUE   (LST)  VALUE       VALUE  FROM      YEAR
                                                  NORMAL
..................................................................
TEMPERATURE (F)
 YESTERDAY
  MAXIMUM         81    139 PM  96    1898  77      4       71
  MINIMUM         56    516 AM  28    1911  49      7       49
  AVERAGE         69                        63      6       60

PRECIPITATION (IN)
  YESTERDAY        T             0.71 1941   0.02  -0.02     0.00
  MONTH TO DATE    T                         0.30  -0.30     1.35
  SINCE OCT 1     10.11                     12.39  -2.28    11.08
  SINCE JAN 1      8.32                      8.39  -0.07     6.64

SNOWFALL (IN)
  YESTERDAY        0.0           0.0  2002   0.0    0.0      0.0
                                      2001
                                      1999
  MONTH TO DATE    0.0                       0.0    0.0      0.0
  SINCE JAN 1     15.2                       7.7    7.5      0.2
  SINCE JUL 1      0.0                       0.0    0.0       T
  SNOW DEPTH       0

DEGREE DAYS
 HEATING
  YESTERDAY        0                         4     -4        5
  MONTH TO DATE   38                        43     -5       15
  SINCE SEP 1     38                        43     -5       15
  SINCE JUL 1     41                        65    -24       15

 COOLING
  YESTERDAY        4                         2      2        0
  MONTH TO DATE   35                        51    -16      120
  SINCE SEP 1     35                        51    -16      120
  SINCE JAN 1    796                       621    175      830
..................................................................


WIND (MPH)
  HIGHEST WIND SPEED    28   HIGHEST WIND DIRECTION     W (260)
  HIGHEST GUST SPEED    34   HIGHEST GUST DIRECTION     W (260)
  AVERAGE WIND SPEED    13.1


SKY COVER
  POSSIBLE SUNSHINE  MM
  AVERAGE SKY COVER 0.4


WEATHER CONDITIONS
 THE FOLLOWING WEATHER WAS RECORDED YESTERDAY.
  LIGHT RAIN
  HAZE


RELATIVE HUMIDITY (PERCENT)
 HIGHEST    56           900 PM
 LOWEST     28          1100 AM
 AVERAGE    42

..........................................................


THE PENDLETON OR CLIMATE NORMALS FOR TODAY
                         NORMAL    RECORD    YEAR
 MAXIMUM TEMPERATURE (F)   76        95      1918
                                             1906
 MINIMUM TEMPERATURE (F)   48        33      1944


SUNRISE AND SUNSET
SEPTEMBER 19 2014.....SUNRISE   639 AM PDT   SUNSET   659 PM PDT
SEPTEMBER 20 2014.....SUNRISE   640 AM PDT   SUNSET   657 PM PDT


-  INDICATES NEGATIVE NUMBERS.
R  INDICATES RECORD WAS SET OR TIED.
MM INDICATES DATA IS MISSING.
T  INDICATES TRACE AMOUNT.




$$
