000
CDUS46 KPDT 310828
CLIPDT

CLIMATE REPORT
NATIONAL WEATHER SERVICE PENDLETON OR
127 AM PDT TUE MAY 31 2016


...................................

...THE PENDLETON OR CLIMATE SUMMARY FOR MAY 30 2016...

CLIMATE NORMAL PERIOD 1981 TO 2010
CLIMATE RECORD PERIOD 1890 TO 2016


WEATHER ITEM   OBSERVED TIME   RECORD YEAR NORMAL DEPARTURE LAST
                VALUE   (LST)  VALUE       VALUE  FROM      YEAR
                                                  NORMAL
..................................................................
TEMPERATURE (F)
 YESTERDAY
  MAXIMUM         75    241 PM 102    1931  74      1       86
  MINIMUM         47   1120 PM  36    1978  49     -2       60
  AVERAGE         61                        61      0       73

PRECIPITATION (IN)
  YESTERDAY        0.00          0.56 1930   0.05  -0.05      T
  MONTH TO DATE    1.19                      1.30  -0.11     1.40
  SINCE OCT 1      9.86                     10.36  -0.50     9.23
  SINCE JAN 1      5.59                      6.36  -0.77     4.53

SNOWFALL (IN)
  YESTERDAY        0.0           0.0  2002   0.0    0.0      0.0
                                      2001
                                      2000
  MONTH TO DATE    0.0                       0.0    0.0      0.0
  SINCE JAN 1      T                         7.7   -7.7      0.4
  SINCE JUL 1      4.1                      15.2  -11.1      7.2
  SNOW DEPTH       0

DEGREE DAYS
 HEATING
  YESTERDAY        4                         5     -1        0
  MONTH TO DATE  155                       241    -86      157
  SINCE MAR 1    975                      1289   -314     1103
  SINCE JUL 1   4567                      5188   -621     4596

 COOLING
  YESTERDAY        0                         1     -1        8
  MONTH TO DATE   18                        21     -3       20
  SINCE MAR 1     18                        22     -4       20
  SINCE JAN 1     18                        22     -4       20
..................................................................


WIND (MPH)
  HIGHEST WIND SPEED    15   HIGHEST WIND DIRECTION    NE (30)
  HIGHEST GUST SPEED    19   HIGHEST GUST DIRECTION    NE (40)
  AVERAGE WIND SPEED     5.9


SKY COVER
  POSSIBLE SUNSHINE  MM
  AVERAGE SKY COVER 0.2


WEATHER CONDITIONS
 THE FOLLOWING WEATHER WAS RECORDED YESTERDAY.
  NO SIGNIFICANT WEATHER WAS OBSERVED.


RELATIVE HUMIDITY (PERCENT)
 HIGHEST    66           200 AM
 LOWEST     19           400 PM
 AVERAGE    43

..........................................................


THE PENDLETON OR CLIMATE NORMALS FOR TODAY
                         NORMAL    RECORD    YEAR
 MAXIMUM TEMPERATURE (F)   74       100      1986
 MINIMUM TEMPERATURE (F)   49        34      1916


SUNRISE AND SUNSET
MAY 31 2016...........SUNRISE   510 AM PDT   SUNSET   837 PM PDT
JUNE  1 2016..........SUNRISE   509 AM PDT   SUNSET   838 PM PDT


-  INDICATES NEGATIVE NUMBERS.
R  INDICATES RECORD WAS SET OR TIED.
MM INDICATES DATA IS MISSING.
T  INDICATES TRACE AMOUNT.




$$
