000
CDUS46 KPDT 270037
CLIPDT

CLIMATE REPORT
NATIONAL WEATHER SERVICE PENDLETON OR
436 PM PST FRI DEC 26 2014


...................................

...THE PENDLETON OR CLIMATE SUMMARY FOR DECEMBER 26 2014...
VALID TODAY AS OF 0400 PM LOCAL TIME.

CLIMATE NORMAL PERIOD 1981 TO 2010
CLIMATE RECORD PERIOD 1890 TO 2014


WEATHER ITEM   OBSERVED TIME   RECORD YEAR NORMAL DEPARTURE LAST
                VALUE   (LST)  VALUE       VALUE  FROM      YEAR
                                                  NORMAL
..................................................................
TEMPERATURE (F)
 TODAY
  MAXIMUM         42    231 PM  67    1980  39      3       40
  MINIMUM         29    740 AM  -9    1924  26      3       21
  AVERAGE         36                        32      4       31

PRECIPITATION (IN)
  TODAY            0.00          0.49 1933   0.04  -0.04     0.00
  MONTH TO DATE    2.46                      1.24   1.22     0.79
  SINCE OCT 1      4.36                      3.77   0.59     1.78
  SINCE JAN 1     12.90                     12.43   0.47     9.27

SNOWFALL (IN)
  TODAY            0.0           3.7  1996   0.2   -0.2      0.0
  MONTH TO DATE    T                         4.9   -4.9      6.5
  SINCE JAN 1     19.8                      14.1    5.7      6.7
  SINCE JUL 1      4.6                       6.4   -1.8      6.5
  SNOW DEPTH       0

DEGREE DAYS
 HEATING
  TODAY           29                        33     -4       34
  MONTH TO DATE  694                       826   -132      913
  SINCE DEC 1    694                       826   -132      913
  SINCE JUL 1   1824                      2079   -255     2296

 COOLING
  TODAY            0                         0      0        0
  MONTH TO DATE    0                         0      0        0
  SINCE DEC 1      0                         0      0        0
  SINCE JAN 1    839                       636    203      831
..................................................................


WIND (MPH)
  HIGHEST WIND SPEED    10   HIGHEST WIND DIRECTION    NW (300)
  HIGHEST GUST SPEED    13   HIGHEST GUST DIRECTION     W (290)
  AVERAGE WIND SPEED     4.7


SKY COVER
  POSSIBLE SUNSHINE  MM
  AVERAGE SKY COVER 0.2


WEATHER CONDITIONS
 THE FOLLOWING WEATHER WAS RECORDED TODAY.
  NO SIGNIFICANT WEATHER WAS OBSERVED.


RELATIVE HUMIDITY (PERCENT)
 HIGHEST    92           500 AM
 LOWEST     57           200 PM
 AVERAGE    75

..........................................................


THE PENDLETON OR CLIMATE NORMALS FOR TOMORROW
                         NORMAL    RECORD    YEAR
 MAXIMUM TEMPERATURE (F)   39        63      1980
                                             1917
 MINIMUM TEMPERATURE (F)   26         6      1924


SUNRISE AND SUNSET
DECEMBER 26 2014......SUNRISE   735 AM PST   SUNSET   417 PM PST
DECEMBER 27 2014......SUNRISE   735 AM PST   SUNSET   418 PM PST


-  INDICATES NEGATIVE NUMBERS.
R  INDICATES RECORD WAS SET OR TIED.
MM INDICATES DATA IS MISSING.
T  INDICATES TRACE AMOUNT.

$$
