000
CDUS46 KPDT 290833
CLIPDT

CLIMATE REPORT
NATIONAL WEATHER SERVICE PENDLETON OR
132 AM PDT SAT APR 29 2017


...................................

...THE PENDLETON OR CLIMATE SUMMARY FOR APRIL 28 2017...

CLIMATE NORMAL PERIOD 1981 TO 2010
CLIMATE RECORD PERIOD 1890 TO 2017


WEATHER ITEM   OBSERVED TIME   RECORD YEAR NORMAL DEPARTURE LAST
                VALUE   (LST)  VALUE       VALUE  FROM      YEAR
                                                  NORMAL
..................................................................
TEMPERATURE (F)
 YESTERDAY
  MAXIMUM         60    450 PM  95    1926  65     -5       67
  MINIMUM         39   1106 PM  24    1907  41     -2       49
  AVERAGE         50                        53     -3       58

PRECIPITATION (IN)
  YESTERDAY        0.00          0.81 1951   0.04  -0.04     0.01
  MONTH TO DATE    1.94                      1.12   0.82     0.41
  SINCE OCT 1     13.73                      8.98   4.75     8.67
  SINCE JAN 1      8.21                      4.98   3.23     4.40

SNOWFALL (IN)
  YESTERDAY        0.0           T    2001   0.0    0.0      0.0
  MONTH TO DATE    T                         0.0    0.0      0.0
  SINCE JAN 1     25.9                       7.7   18.2       T
  SINCE JUL 1     44.4                      15.2   29.2      4.1
  SNOW DEPTH       0

DEGREE DAYS
 HEATING
  YESTERDAY       15                        12      3        7
  MONTH TO DATE  433                       408     25      236
  SINCE MAR 1   1018                      1025     -7      799
  SINCE JUL 1   5320                      4924    396     4391

 COOLING
  YESTERDAY        0                         0      0        0
  MONTH TO DATE    0                         0      0        0
  SINCE MAR 1      0                         0      0        0
  SINCE JAN 1      0                         0      0        0
..................................................................


WIND (MPH)
  HIGHEST WIND SPEED    25   HIGHEST WIND DIRECTION     W (250)
  HIGHEST GUST SPEED    33   HIGHEST GUST DIRECTION     W (260)
  AVERAGE WIND SPEED    10.3


SKY COVER
  POSSIBLE SUNSHINE  MM
  AVERAGE SKY COVER 0.2


WEATHER CONDITIONS
 THE FOLLOWING WEATHER WAS RECORDED YESTERDAY.
  NO SIGNIFICANT WEATHER WAS OBSERVED.


RELATIVE HUMIDITY (PERCENT)
 HIGHEST    79          1100 PM
 LOWEST     40           500 PM
 AVERAGE    60

..........................................................


THE PENDLETON OR CLIMATE NORMALS FOR TODAY
                         NORMAL    RECORD    YEAR
 MAXIMUM TEMPERATURE (F)   65        91      1926
 MINIMUM TEMPERATURE (F)   41        25      1907


SUNRISE AND SUNSET
APRIL 29 2017.........SUNRISE   546 AM PDT   SUNSET   801 PM PDT
APRIL 30 2017.........SUNRISE   544 AM PDT   SUNSET   802 PM PDT


-  INDICATES NEGATIVE NUMBERS.
R  INDICATES RECORD WAS SET OR TIED.
MM INDICATES DATA IS MISSING.
T  INDICATES TRACE AMOUNT.

$$
