000
CDUS46 KPQR 261142
CLIPDX


CLIMATE REPORT
NATIONAL WEATHER SERVICE PORTLAND OREGON
442 AM PDT FRI MAY 26 2017


...................................

...THE PORTLAND OR CLIMATE SUMMARY FOR MAY 25 2017...

CLIMATE NORMAL PERIOD 1981 TO 2010
CLIMATE RECORD PERIOD 1940 TO 2017


WEATHER ITEM   OBSERVED TIME   RECORD YEAR NORMAL DEPARTURE LAST
                VALUE   (LST)  VALUE       VALUE  FROM      YEAR
                                                  NORMAL
..................................................................
TEMPERATURE (F)
 YESTERDAY
  MAXIMUM         75    533 PM  90    1947  70      5       68
  MINIMUM         49    319 AM  38    1975  51     -2       55
                                      1964
  AVERAGE         62                        60      2       62

PRECIPITATION (IN)
  YESTERDAY        0.00          0.63 1989   0.08  -0.08     0.00
  MONTH TO DATE    1.92                      1.96  -0.04     1.66
  SINCE OCT 1     47.93                     31.03  16.90    43.10
  SINCE JAN 1     28.18                     16.91  11.27    19.68

SNOWFALL (IN)
  YESTERDAY        0.0          MM      MM
  MONTH TO DATE    0.0
  SINCE MAR 1      T
  SINCE JUL 1     11.2

DEGREE DAYS
 HEATING
  YESTERDAY        3                         6     -3        3
  MONTH TO DATE  186                       193     -7       85
  SINCE MAR 1   1137                      1098     39      761
  SINCE JUL 1   4342                      4156    186     3364

 COOLING
  YESTERDAY        0                         1     -1        0
  MONTH TO DATE   25                         6     19       25
  SINCE MAR 1     25                         7     18       43
  SINCE JAN 1     25                         7     18       43
..................................................................


WIND (MPH)
  HIGHEST WIND SPEED    15   HIGHEST WIND DIRECTION    NW (310)
  HIGHEST GUST SPEED    19   HIGHEST GUST DIRECTION    NW (310)
  AVERAGE WIND SPEED     4.5


SKY COVER
  POSSIBLE SUNSHINE  MM
  AVERAGE SKY COVER 0.4


WEATHER CONDITIONS
 THE FOLLOWING WEATHER WAS RECORDED YESTERDAY.
  NO SIGNIFICANT WEATHER WAS OBSERVED.


RELATIVE HUMIDITY (PERCENT)
 HIGHEST    80           300 AM
 LOWEST     35           400 PM
 AVERAGE    58

..........................................................


THE PORTLAND OR CLIMATE NORMALS FOR TODAY
                         NORMAL    RECORD    YEAR
 MAXIMUM TEMPERATURE (F)   70        92      1947
 MINIMUM TEMPERATURE (F)   51        41      1973
                                             1964


SUNRISE AND SUNSET
MAY 26 2017...........SUNRISE   529 AM PDT   SUNSET   847 PM PDT
MAY 27 2017...........SUNRISE   528 AM PDT   SUNSET   848 PM PDT


-  INDICATES NEGATIVE NUMBERS.
R  INDICATES RECORD WAS SET OR TIED.
MM INDICATES DATA IS MISSING.
T  INDICATES TRACE AMOUNT.




$$
