000
CDUS46 KPQR 031148
CLIPDX


CLIMATE REPORT
NATIONAL WEATHER SERVICE PORTLAND OREGON
447 AM PDT FRI JUL 3 2015


...................................

...THE PORTLAND OR CLIMATE SUMMARY FOR JULY 2 2015...

CLIMATE NORMAL PERIOD 1981 TO 2010
CLIMATE RECORD PERIOD 1940 TO 2015


WEATHER ITEM   OBSERVED TIME   RECORD YEAR NORMAL DEPARTURE LAST
                VALUE   (LST)  VALUE       VALUE  FROM      YEAR
                                                  NORMAL
..................................................................
TEMPERATURE (F)
 YESTERDAY
  MAXIMUM         97    425 PM 102    1942  78     19       82
  MINIMUM         67    455 AM  43    1955  56     11       61
  AVERAGE         82                        67     15       72

PRECIPITATION (IN)
  YESTERDAY        0.00          0.81 1966   0.03  -0.03     0.00
  MONTH TO DATE    0.00                      0.06  -0.06     0.00
  SINCE OCT 1     29.47                     33.30  -3.83    28.91
  SINCE JAN 1     14.49                     19.18  -4.69    23.09

DEGREE DAYS
 HEATING
  YESTERDAY        0                         1     -1        0
  MONTH TO DATE    0                         2     -2        0
  SINCE JUN 1     19                        93    -74       62
  SINCE JUL 1      0                         2     -2        0

 COOLING
  YESTERDAY       17                         3     14        7
  MONTH TO DATE   31                         6     25       21
  SINCE JUN 1    216                        53    163       50
  SINCE JAN 1    238                        70    168       78
..................................................................


WIND (MPH)
  HIGHEST WIND SPEED    18   HIGHEST WIND DIRECTION    NW (310)
  HIGHEST GUST SPEED    23   HIGHEST GUST DIRECTION    NW (310)
  AVERAGE WIND SPEED     7.3


SKY COVER
  POSSIBLE SUNSHINE  MM
  AVERAGE SKY COVER 0.1


WEATHER CONDITIONS
 THE FOLLOWING WEATHER WAS RECORDED YESTERDAY.
  NO SIGNIFICANT WEATHER WAS OBSERVED.


RELATIVE HUMIDITY (PERCENT)
 HIGHEST    73           500 AM
 LOWEST     24           400 PM
 AVERAGE    49

..........................................................


THE PORTLAND OR CLIMATE NORMALS FOR TODAY
                         NORMAL    RECORD    YEAR
 MAXIMUM TEMPERATURE (F)   78        99      1970
 MINIMUM TEMPERATURE (F)   56        45      1954


SUNRISE AND SUNSET
JULY  3 2015..........SUNRISE   526 AM PDT   SUNSET   903 PM PDT
JULY  4 2015..........SUNRISE   527 AM PDT   SUNSET   902 PM PDT


-  INDICATES NEGATIVE NUMBERS.
R  INDICATES RECORD WAS SET OR TIED.
MM INDICATES DATA IS MISSING.
T  INDICATES TRACE AMOUNT.




$$
