000
CDUS46 KPQR 291147
CLIPDX


CLIMATE REPORT
NATIONAL WEATHER SERVICE PORTLAND OREGON
445 AM PDT SAT AUG 29 2015


...................................

...THE PORTLAND OR CLIMATE SUMMARY FOR AUGUST 28 2015...

CLIMATE NORMAL PERIOD 1981 TO 2010
CLIMATE RECORD PERIOD 1940 TO 2015


WEATHER ITEM   OBSERVED TIME   RECORD YEAR NORMAL DEPARTURE LAST
                VALUE   (LST)  VALUE       VALUE  FROM      YEAR
                                                  NORMAL
..................................................................
TEMPERATURE (F)
 YESTERDAY
  MAXIMUM         82    311 PM 102    1967  80      2       83
  MINIMUM         64    623 AM  45    1980  57      7       60
  AVERAGE         73                        68      5       72

PRECIPITATION (IN)
  YESTERDAY        T             0.61 1983   0.03  -0.03     0.00
  MONTH TO DATE    0.12                      0.57  -0.45     0.01
  SINCE OCT 1     30.16                     34.46  -4.30    29.97
  SINCE JAN 1     15.18                     20.34  -5.16    24.15

DEGREE DAYS
 HEATING
  YESTERDAY        0                         1     -1        0
  MONTH TO DATE    0                         1     -1        0
  SINCE JUN 1     19                       109    -90       63
  SINCE JUL 1      0                        18    -18        1

 COOLING
  YESTERDAY        8                         4      4        7
  MONTH TO DATE  226                       142     84      249
  SINCE JUN 1    698                       336    362      498
  SINCE JAN 1    720                       353    367      526
..................................................................


WIND (MPH)
  HIGHEST WIND SPEED    12   HIGHEST WIND DIRECTION     W (270)
  HIGHEST GUST SPEED    14   HIGHEST GUST DIRECTION    NE (40)
  AVERAGE WIND SPEED     4.8


SKY COVER
  POSSIBLE SUNSHINE  MM
  AVERAGE SKY COVER 0.9


WEATHER CONDITIONS
 THE FOLLOWING WEATHER WAS RECORDED YESTERDAY.
  LIGHT RAIN


RELATIVE HUMIDITY (PERCENT)
 HIGHEST    73           900 PM
 LOWEST     49          1200 AM
 AVERAGE    61

..........................................................


THE PORTLAND OR CLIMATE NORMALS FOR TODAY
                         NORMAL    RECORD    YEAR
 MAXIMUM TEMPERATURE (F)   80        95      1944
 MINIMUM TEMPERATURE (F)   57        44      1980
                                             1951


SUNRISE AND SUNSET
AUGUST 29 2015........SUNRISE   628 AM PDT   SUNSET   754 PM PDT
AUGUST 30 2015........SUNRISE   629 AM PDT   SUNSET   752 PM PDT


-  INDICATES NEGATIVE NUMBERS.
R  INDICATES RECORD WAS SET OR TIED.
MM INDICATES DATA IS MISSING.
T  INDICATES TRACE AMOUNT.




$$
