000
CDUS46 KPQR 011142
CLIPDX


CLIMATE REPORT
NATIONAL WEATHER SERVICE PORTLAND OREGON
441 AM PDT MON SEP 1 2014


...................................

...THE PORTLAND OR CLIMATE SUMMARY FOR AUGUST 31 2014...

CLIMATE NORMAL PERIOD 1981 TO 2010
CLIMATE RECORD PERIOD 1940 TO 2014


WEATHER ITEM   OBSERVED TIME   RECORD YEAR NORMAL DEPARTURE LAST
                VALUE   (LST)  VALUE       VALUE  FROM      YEAR
                                                  NORMAL
..................................................................
TEMPERATURE (F)
 YESTERDAY
  MAXIMUM         77    418 PM 102    1987  79     -2       89
  MINIMUM         58   1240 AM  44    1951  56      2       59
  AVERAGE         68                        68      0       74

PRECIPITATION (IN)
  YESTERDAY        0.00          0.52 1961   0.03  -0.03     0.00
  MONTH TO DATE    0.01                      0.67  -0.66     0.78
  SINCE OCT 1     29.97                     34.56  -4.59    37.21
  SINCE JAN 1     24.15                     20.44   3.71    15.28

DEGREE DAYS
 HEATING
  YESTERDAY        0                         1     -1        0
  MONTH TO DATE    0                         4     -4        3
  SINCE JUN 1     63                       118    -55       54
  SINCE JUL 1      1                        27    -26        5

 COOLING
  YESTERDAY        3                         4     -1        9
  MONTH TO DATE  258                       152    106      203
  SINCE JUN 1    507                       346    161      438
  SINCE JAN 1    535                       363    172      453
..................................................................


WIND (MPH)
  HIGHEST WIND SPEED    12   HIGHEST WIND DIRECTION     N (350)
  HIGHEST GUST SPEED    17   HIGHEST GUST DIRECTION     N (340)
  AVERAGE WIND SPEED     4.5


SKY COVER
  POSSIBLE SUNSHINE  MM
  AVERAGE SKY COVER 0.6


WEATHER CONDITIONS
 THE FOLLOWING WEATHER WAS RECORDED YESTERDAY.
  NO SIGNIFICANT WEATHER WAS OBSERVED.


RELATIVE HUMIDITY (PERCENT)
 HIGHEST    90           700 AM
 LOWEST     41           300 PM
 AVERAGE    66

..........................................................


THE PORTLAND OR CLIMATE NORMALS FOR TODAY
                         NORMAL    RECORD    YEAR
 MAXIMUM TEMPERATURE (F)   79        98      1988
 MINIMUM TEMPERATURE (F)   56        44      1973


SUNRISE AND SUNSET
SEPTEMBER  1 2014.....SUNRISE   632 AM PDT   SUNSET   748 PM PDT
SEPTEMBER  2 2014.....SUNRISE   633 AM PDT   SUNSET   746 PM PDT


-  INDICATES NEGATIVE NUMBERS.
R  INDICATES RECORD WAS SET OR TIED.
MM INDICATES DATA IS MISSING.
T  INDICATES TRACE AMOUNT.




$$
