000
CDUS46 KPQR 301143
CLIPDX


CLIMATE REPORT
NATIONAL WEATHER SERVICE PORTLAND OREGON
442 AM PDT SAT MAY 30 2015


...................................

...THE PORTLAND OR CLIMATE SUMMARY FOR MAY 29 2015...

CLIMATE NORMAL PERIOD 1981 TO 2010
CLIMATE RECORD PERIOD 1940 TO 2015


WEATHER ITEM   OBSERVED TIME   RECORD YEAR NORMAL DEPARTURE LAST
                VALUE   (LST)  VALUE       VALUE  FROM      YEAR
                                                  NORMAL
..................................................................
TEMPERATURE (F)
 YESTERDAY
  MAXIMUM         83    259 PM  90    1973  70     13       67
  MINIMUM         56    500 AM  41    1978  51      5       52
  AVERAGE         70                        61      9       60

PRECIPITATION (IN)
  YESTERDAY        0.00          0.57 1996   0.08  -0.08     0.01
  MONTH TO DATE    0.59                      2.30  -1.71     2.39
  SINCE OCT 1     29.07                     31.37  -2.30    26.58
  SINCE JAN 1     14.09                     17.25  -3.16    20.76

DEGREE DAYS
 HEATING
  YESTERDAY        0                         5     -5        5
  MONTH TO DATE  133                       213    -80      133
  SINCE MAR 1    876                      1118   -242      949
  SINCE JUL 1   3348                      4176   -828     4247

 COOLING
  YESTERDAY        5                         1      4        0
  MONTH TO DATE   15                        10      5       25
  SINCE MAR 1     17                        11      6       28
  SINCE JAN 1     17                        11      6       28
..................................................................


WIND (MPH)
  HIGHEST WIND SPEED    13   HIGHEST WIND DIRECTION    NW (310)
  HIGHEST GUST SPEED    16   HIGHEST GUST DIRECTION    NW (310)
  AVERAGE WIND SPEED     6.3


SKY COVER
  POSSIBLE SUNSHINE  MM
  AVERAGE SKY COVER 0.6


WEATHER CONDITIONS
 THE FOLLOWING WEATHER WAS RECORDED YESTERDAY.
  NO SIGNIFICANT WEATHER WAS OBSERVED.


RELATIVE HUMIDITY (PERCENT)
 HIGHEST    93           500 AM
 LOWEST     43           300 PM
 AVERAGE    68

..........................................................


THE PORTLAND OR CLIMATE NORMALS FOR TODAY
                         NORMAL    RECORD    YEAR
 MAXIMUM TEMPERATURE (F)   71        91      1986
 MINIMUM TEMPERATURE (F)   51        40      1955


SUNRISE AND SUNSET
MAY 30 2015...........SUNRISE   526 AM PDT   SUNSET   850 PM PDT
MAY 31 2015...........SUNRISE   525 AM PDT   SUNSET   851 PM PDT


-  INDICATES NEGATIVE NUMBERS.
R  INDICATES RECORD WAS SET OR TIED.
MM INDICATES DATA IS MISSING.
T  INDICATES TRACE AMOUNT.




$$
