000
CDUS46 KPQR 061142
CLIPDX


CLIMATE REPORT
NATIONAL WEATHER SERVICE PORTLAND OREGON
441 AM PDT FRI MAY 6 2016


...................................

...THE PORTLAND OR CLIMATE SUMMARY FOR MAY 5 2016...

CLIMATE NORMAL PERIOD 1981 TO 2010
CLIMATE RECORD PERIOD 1940 TO 2016


WEATHER ITEM   OBSERVED TIME   RECORD YEAR NORMAL DEPARTURE LAST
                VALUE   (LST)  VALUE       VALUE  FROM      YEAR
                                                  NORMAL
..................................................................
TEMPERATURE (F)
 YESTERDAY
  MAXIMUM         73    517 PM  87    1992  66      7       65
  MINIMUM         53    639 AM  35    1978  46      7       48
  AVERAGE         63                        56      7       57

PRECIPITATION (IN)
  YESTERDAY        0.00          1.07 1948   0.08  -0.08     0.02
  MONTH TO DATE    0.09                      0.39  -0.30     0.02
  SINCE OCT 1     41.53                     29.46  12.07    28.50
  SINCE JAN 1     18.11                     15.34   2.77    13.52

DEGREE DAYS
 HEATING
  YESTERDAY        2                         9     -7        8
  MONTH TO DATE    9                        49    -40       30
  SINCE MAR 1    685                       954   -269      773
  SINCE JUL 1   3288                      4012   -724     3245

 COOLING
  YESTERDAY        0                         0      0        0
  MONTH TO DATE    6                         0      6        0
  SINCE MAR 1     24                         1     23        2
  SINCE JAN 1     24                         1     23        2
..................................................................


WIND (MPH)
  HIGHEST WIND SPEED    18   HIGHEST WIND DIRECTION    NW (310)
  HIGHEST GUST SPEED    23   HIGHEST GUST DIRECTION    NW (320)
  AVERAGE WIND SPEED     7.1


SKY COVER
  POSSIBLE SUNSHINE  MM
  AVERAGE SKY COVER 0.8


WEATHER CONDITIONS
 THE FOLLOWING WEATHER WAS RECORDED YESTERDAY.
  NO SIGNIFICANT WEATHER WAS OBSERVED.


RELATIVE HUMIDITY (PERCENT)
 HIGHEST    77          1200 AM
 LOWEST     35           500 PM
 AVERAGE    56

..........................................................


THE PORTLAND OR CLIMATE NORMALS FOR TODAY
                         NORMAL    RECORD    YEAR
 MAXIMUM TEMPERATURE (F)   66        91      1987
 MINIMUM TEMPERATURE (F)   47        36      1965


SUNRISE AND SUNSET
MAY  6 2016...........SUNRISE   550 AM PDT   SUNSET   825 PM PDT
MAY  7 2016...........SUNRISE   549 AM PDT   SUNSET   826 PM PDT


-  INDICATES NEGATIVE NUMBERS.
R  INDICATES RECORD WAS SET OR TIED.
MM INDICATES DATA IS MISSING.
T  INDICATES TRACE AMOUNT.




$$
