000
CDUS46 KPQR 060228
CLIPDX


CLIMATE REPORT
NATIONAL WEATHER SERVICE PORTLAND OREGON
628 PM PST THU MAR 5 2015


...................................

...THE PORTLAND OR CLIMATE SUMMARY FOR MARCH 5 2015...
VALID TODAY AS OF 0600 PM LOCAL TIME.

CLIMATE NORMAL PERIOD 1981 TO 2010
CLIMATE RECORD PERIOD 1940 TO 2015


WEATHER ITEM   OBSERVED TIME   RECORD YEAR NORMAL DEPARTURE LAST
                VALUE   (LST)  VALUE       VALUE  FROM      YEAR
                                                  NORMAL
..................................................................
TEMPERATURE (F)
 TODAY
  MAXIMUM         61    453 PM  66    1984  55      6       59
                                      1965
  MINIMUM         32    611 AM  19    1955  38     -6       47
  AVERAGE         47                        46      1       53

PRECIPITATION (IN)
  TODAY            0.00          1.18 2014   0.13  -0.13     1.18
  MONTH TO DATE    T                         0.68  -0.68     1.96
  SINCE OCT 1     22.02                     23.34  -1.32    15.60
  SINCE JAN 1      7.04                      9.22  -2.18     9.78

DEGREE DAYS
 HEATING
  TODAY           18                        19     -1       12
  MONTH TO DATE   96                        95      1       83
  SINCE MAR 1     96                        95      1       83
  SINCE JUL 1   2568                      3153   -585     3381

 COOLING
  TODAY            0                         0      0        0
  MONTH TO DATE    0                         0      0        0
  SINCE MAR 1      0                         0      0        0
  SINCE JAN 1      0                         0      0        0
..................................................................


WIND (MPH)
  HIGHEST WIND SPEED     5   HIGHEST WIND DIRECTION     N (350)
  HIGHEST GUST SPEED     7   HIGHEST GUST DIRECTION    NW (310)
  AVERAGE WIND SPEED     0.4



WEATHER CONDITIONS
 THE FOLLOWING WEATHER WAS RECORDED TODAY.
  NO SIGNIFICANT WEATHER WAS OBSERVED.


RELATIVE HUMIDITY (PERCENT)
 HIGHEST    89           500 AM
 LOWEST     28           300 PM
 AVERAGE    59

..........................................................


THE PORTLAND OR CLIMATE NORMALS FOR TOMORROW
                         NORMAL    RECORD    YEAR
 MAXIMUM TEMPERATURE (F)   55        70      1965
 MINIMUM TEMPERATURE (F)   38        28      1976


SUNRISE AND SUNSET
MARCH  5 2015.........SUNRISE   642 AM PST   SUNSET   603 PM PST
MARCH  6 2015.........SUNRISE   640 AM PST   SUNSET   604 PM PST


-  INDICATES NEGATIVE NUMBERS.
R  INDICATES RECORD WAS SET OR TIED.
MM INDICATES DATA IS MISSING.
T  INDICATES TRACE AMOUNT.




$$
