450
CDUS46 KPQR 201146
CLIPDX


CLIMATE REPORT
NATIONAL WEATHER SERVICE PORTLAND OREGON
346 AM PST MON NOV 20 2017


...................................

...THE PORTLAND OR CLIMATE SUMMARY FOR NOVEMBER 19 2017...

CLIMATE NORMAL PERIOD 1981 TO 2010
CLIMATE RECORD PERIOD 1940 TO 2017


WEATHER ITEM   OBSERVED TIME   RECORD YEAR NORMAL DEPARTURE LAST
                VALUE   (LST)  VALUE       VALUE  FROM      YEAR
                                                  NORMAL
..................................................................
TEMPERATURE (F)
 YESTERDAY
  MAXIMUM         51    645 PM  62    1965  52     -1       55
  MINIMUM         35    852 AM  25    1956  40     -5       45
  AVERAGE         43                        46     -3       50

PRECIPITATION (IN)
  YESTERDAY        0.17          2.69 1996   0.20  -0.03     0.11
  MONTH TO DATE    3.33                      3.41  -0.08     2.64
  SINCE OCT 1      7.90                      6.41   1.49    10.95
  SINCE JAN 1     39.60                     28.32  11.28    34.55

SNOWFALL (IN)
  YESTERDAY       MM             3.0  1978
  MONTH TO DATE    0.0
  SINCE SEP 1      0.0
  SINCE JUL 1      0.0

DEGREE DAYS
 HEATING
  YESTERDAY       22                        19      3       15
  MONTH TO DATE  335                       321     14      198
  SINCE SEP 1    737                       712     25      529
  SINCE JUL 1    739                       739      0      535

 COOLING
  YESTERDAY        0                         0      0        0
  MONTH TO DATE    0                         0      0        0
  SINCE SEP 1    132                        61     71       30
  SINCE JAN 1    700                       424    276      548
..................................................................


WIND (MPH)
  HIGHEST WIND SPEED    16   HIGHEST WIND DIRECTION     E (110)
  HIGHEST GUST SPEED    19   HIGHEST GUST DIRECTION     S (180)
  AVERAGE WIND SPEED     7.8


SKY COVER
  POSSIBLE SUNSHINE  MM
  AVERAGE SKY COVER 0.9


WEATHER CONDITIONS
 THE FOLLOWING WEATHER WAS RECORDED YESTERDAY.
  LIGHT RAIN
  FOG
  FOG W/VISIBILITY <= 1/4 MILE


RELATIVE HUMIDITY (PERCENT)
 HIGHEST   100          1200 AM
 LOWEST     50           600 PM
 AVERAGE    75

..........................................................


THE PORTLAND OR CLIMATE NORMALS FOR TODAY
                         NORMAL    RECORD    YEAR
 MAXIMUM TEMPERATURE (F)   51        63      2002
 MINIMUM TEMPERATURE (F)   40        25      1964


SUNRISE AND SUNSET
NOVEMBER 20 2017......SUNRISE   717 AM PST   SUNSET   435 PM PST
NOVEMBER 21 2017......SUNRISE   718 AM PST   SUNSET   434 PM PST


-  INDICATES NEGATIVE NUMBERS.
R  INDICATES RECORD WAS SET OR TIED.
MM INDICATES DATA IS MISSING.
T  INDICATES TRACE AMOUNT.




$$
