000
CDUS46 KPQR 300220
CLIPDX


CLIMATE REPORT
NATIONAL WEATHER SERVICE PORTLAND OREGON
720 PM PDT THU SEP 29 2016


...................................

...THE PORTLAND OR CLIMATE SUMMARY FOR SEPTEMBER 29 2016...
VALID TODAY AS OF 0700 PM LOCAL TIME.

CLIMATE NORMAL PERIOD 1981 TO 2010
CLIMATE RECORD PERIOD 1940 TO 2016


WEATHER ITEM   OBSERVED TIME   RECORD YEAR NORMAL DEPARTURE LAST
                VALUE   (LST)  VALUE       VALUE  FROM      YEAR
                                                  NORMAL
..................................................................
TEMPERATURE (F)
 TODAY
  MAXIMUM         70    253 PM  89    2008  71     -1       81
                                      1993
                                      1987
  MINIMUM         53    644 AM  37    1954  50      3       48
  AVERAGE         62                        60      2       65

PRECIPITATION (IN)
  TODAY            0.00          1.44 2013   0.07  -0.07     0.00
  MONTH TO DATE    1.69                      1.41   0.28     1.26
  SINCE OCT 1     47.02                     35.97  11.05    31.96
  SINCE JAN 1     23.60                     21.85   1.75    16.98

DEGREE DAYS
 HEATING
  TODAY            3                         5     -2        0
  MONTH TO DATE   65                        71     -6       74
  SINCE SEP 1     65                        71     -6       74
  SINCE JUL 1     71                        98    -27       74

 COOLING
  TODAY            0                         1     -1        0
  MONTH TO DATE   30                        59    -29       51
  SINCE SEP 1     30                        59    -29       51
  SINCE JAN 1    548                       422    126      780
..................................................................


WIND (MPH)
  HIGHEST WIND SPEED    13   HIGHEST WIND DIRECTION    NW (310)
  HIGHEST GUST SPEED    19   HIGHEST GUST DIRECTION    NW (330)
  AVERAGE WIND SPEED     5.2



WEATHER CONDITIONS
 THE FOLLOWING WEATHER WAS RECORDED TODAY.
  NO SIGNIFICANT WEATHER WAS OBSERVED.


RELATIVE HUMIDITY (PERCENT)
 HIGHEST    77           500 AM
 LOWEST     37           200 PM
 AVERAGE    57

..........................................................


THE PORTLAND OR CLIMATE NORMALS FOR TOMORROW
                         NORMAL    RECORD    YEAR
 MAXIMUM TEMPERATURE (F)   71        88      1987
 MINIMUM TEMPERATURE (F)   50        35      1954


SUNRISE AND SUNSET
SEPTEMBER 29 2016.....SUNRISE   707 AM PDT   SUNSET   653 PM PDT
SEPTEMBER 30 2016.....SUNRISE   708 AM PDT   SUNSET   651 PM PDT


-  INDICATES NEGATIVE NUMBERS.
R  INDICATES RECORD WAS SET OR TIED.
MM INDICATES DATA IS MISSING.
T  INDICATES TRACE AMOUNT.




$$
