000
CDUS46 KPQR 301217
CLIPDX


CLIMATE REPORT
NATIONAL WEATHER SERVICE PORTLAND OREGON
516 AM PDT SAT JUL 30 2016


...................................

...THE PORTLAND OR CLIMATE SUMMARY FOR JULY 29 2016...

CLIMATE NORMAL PERIOD 1981 TO 2010
CLIMATE RECORD PERIOD 1940 TO 2016


WEATHER ITEM   OBSERVED TIME   RECORD YEAR NORMAL DEPARTURE LAST
                VALUE   (LST)  VALUE       VALUE  FROM      YEAR
                                                  NORMAL
..................................................................
TEMPERATURE (F)
 YESTERDAY
  MAXIMUM         94    308 PM 106    2009  82     12       97
  MINIMUM         65   1159 PM  50    1956  59      6       61
                                      1941
  AVERAGE         80                        71      9       79

PRECIPITATION (IN)
  YESTERDAY        0.00          0.17 2001   0.02  -0.02     0.00
  MONTH TO DATE    0.66                      0.62   0.04     0.57
  SINCE OCT 1     45.24                     33.86  11.38    30.04
  SINCE JAN 1     21.82                     19.74   2.08    15.06

DEGREE DAYS
 HEATING
  YESTERDAY        0                         0      0        0
  MONTH TO DATE    3                        15    -12        0
  SINCE JUN 1     70                       106    -36       19
  SINCE JUL 1      3                        15    -12        0

 COOLING
  YESTERDAY       15                         6      9       14
  MONTH TO DATE  132                       137     -5      251
  SINCE JUN 1    237                       184     53      436
  SINCE JAN 1    286                       201     85      458
..................................................................


WIND (MPH)
  HIGHEST WIND SPEED    20   HIGHEST WIND DIRECTION    NW (320)
  HIGHEST GUST SPEED    24   HIGHEST GUST DIRECTION    NW (320)
  AVERAGE WIND SPEED     7.3


SKY COVER
  POSSIBLE SUNSHINE  MM
  AVERAGE SKY COVER 0.1


WEATHER CONDITIONS
 THE FOLLOWING WEATHER WAS RECORDED YESTERDAY.
  NO SIGNIFICANT WEATHER WAS OBSERVED.


RELATIVE HUMIDITY (PERCENT)
 HIGHEST    73           400 AM
 LOWEST     28           300 PM
 AVERAGE    51

..........................................................


THE PORTLAND OR CLIMATE NORMALS FOR TODAY
                         NORMAL    RECORD    YEAR
 MAXIMUM TEMPERATURE (F)   82       107      1965
 MINIMUM TEMPERATURE (F)   59        47      1945


SUNRISE AND SUNSET
JULY 30 2016..........SUNRISE   552 AM PDT   SUNSET   840 PM PDT
JULY 31 2016..........SUNRISE   554 AM PDT   SUNSET   839 PM PDT


-  INDICATES NEGATIVE NUMBERS.
R  INDICATES RECORD WAS SET OR TIED.
MM INDICATES DATA IS MISSING.
T  INDICATES TRACE AMOUNT.




$$
