000
CDUS46 KPQR 141141
CLIPDX


CLIMATE REPORT
NATIONAL WEATHER SERVICE PORTLAND OREGON
440 AM PDT MON JUL 14 2014


...................................

...THE PORTLAND OR CLIMATE SUMMARY FOR JULY 13 2014...

CLIMATE NORMAL PERIOD 1981 TO 2010
CLIMATE RECORD PERIOD 1940 TO 2014


WEATHER ITEM   OBSERVED TIME   RECORD YEAR NORMAL DEPARTURE LAST
                VALUE   (LST)  VALUE       VALUE  FROM      YEAR
                                                  NORMAL
..................................................................
TEMPERATURE (F)
 YESTERDAY
  MAXIMUM         74    720 PM 101    1941  81     -7       82
  MINIMUM         62    601 AM  48    1968  58      4       53
  AVERAGE         68                        69     -1       68

PRECIPITATION (IN)
  YESTERDAY        0.01          0.15 1957   0.02  -0.01     0.00
  MONTH TO DATE    0.01                      0.34  -0.33     0.00
  SINCE OCT 1     28.92                     33.58  -4.66    36.43
  SINCE JAN 1     23.10                     19.46   3.64    14.50

DEGREE DAYS
 HEATING
  YESTERDAY        0                         1     -1        0
  MONTH TO DATE    0                        13    -13        1
  SINCE JUN 1     62                       104    -42       50
  SINCE JUL 1      0                        13    -13        1

 COOLING
  YESTERDAY        3                         5     -2        3
  MONTH TO DATE  102                        48     54       62
  SINCE JUN 1    131                        95     36      129
  SINCE JAN 1    159                       112     47      144
..................................................................


WIND (MPH)
  HIGHEST WIND SPEED    16   HIGHEST WIND DIRECTION     W (260)
  HIGHEST GUST SPEED    19   HIGHEST GUST DIRECTION     W (250)
  AVERAGE WIND SPEED     5.8


SKY COVER
  POSSIBLE SUNSHINE  MM
  AVERAGE SKY COVER 0.6


WEATHER CONDITIONS
 THE FOLLOWING WEATHER WAS RECORDED YESTERDAY.
  THUNDERSTORM
  LIGHT RAIN


RELATIVE HUMIDITY (PERCENT)
 HIGHEST    84           300 AM
 LOWEST     68          1200 AM
 AVERAGE    76

..........................................................


THE PORTLAND OR CLIMATE NORMALS FOR TODAY
                         NORMAL    RECORD    YEAR
 MAXIMUM TEMPERATURE (F)   81       103      1941
 MINIMUM TEMPERATURE (F)   58        51      1969
                                             1943


SUNRISE AND SUNSET
JULY 14 2014..........SUNRISE   535 AM PDT   SUNSET   857 PM PDT
JULY 15 2014..........SUNRISE   536 AM PDT   SUNSET   856 PM PDT


-  INDICATES NEGATIVE NUMBERS.
R  INDICATES RECORD WAS SET OR TIED.
MM INDICATES DATA IS MISSING.
T  INDICATES TRACE AMOUNT.




$$
