000
CDUS46 KPQR 251155
CLIPDX


CLIMATE REPORT
NATIONAL WEATHER SERVICE PORTLAND OREGON
454 AM PDT SAT MAR 25 2017


...................................

...THE PORTLAND OR CLIMATE SUMMARY FOR MARCH 24 2017...

CLIMATE NORMAL PERIOD 1981 TO 2010
CLIMATE RECORD PERIOD 1940 TO 2017


WEATHER ITEM   OBSERVED TIME   RECORD YEAR NORMAL DEPARTURE LAST
                VALUE   (LST)  VALUE       VALUE  FROM      YEAR
                                                  NORMAL
..................................................................
TEMPERATURE (F)
 YESTERDAY
  MAXIMUM         53    423 PM  72    1960  58     -5       57
  MINIMUM         46   1126 PM  29    1969  41      5       45
                                      1945
  AVERAGE         50                        49      1       51

PRECIPITATION (IN)
  YESTERDAY        0.77          0.88 2007   0.11   0.66     0.03
  MONTH TO DATE    6.34                      2.93   3.41     4.59
  SINCE OCT 1     40.58                     25.59  14.99    39.34
  SINCE JAN 1     20.83                     11.47   9.36    15.92

SNOWFALL (IN)
  YESTERDAY       MM             T    1942
  MONTH TO DATE    T
  SINCE MAR 1      T
  SINCE JUL 1     11.2

DEGREE DAYS
 HEATING
  YESTERDAY       15                        16     -1       14
  MONTH TO DATE  424                       417      7      357
  SINCE MAR 1    424                       417      7      357
  SINCE JUL 1   3629                      3475    154     2960

 COOLING
  YESTERDAY        0                         0      0        0
  MONTH TO DATE    0                         0      0        0
  SINCE MAR 1      0                         0      0        0
  SINCE JAN 1      0                         0      0        0
..................................................................


WIND (MPH)
  HIGHEST WIND SPEED    20   HIGHEST WIND DIRECTION    SW (210)
  HIGHEST GUST SPEED    25   HIGHEST GUST DIRECTION     S (200)
  AVERAGE WIND SPEED    10.8


SKY COVER
  POSSIBLE SUNSHINE  MM
  AVERAGE SKY COVER 0.9


WEATHER CONDITIONS
 THE FOLLOWING WEATHER WAS RECORDED YESTERDAY.
  RAIN
  LIGHT RAIN
  FOG


RELATIVE HUMIDITY (PERCENT)
 HIGHEST   100           200 AM
 LOWEST     71          1200 PM
 AVERAGE    86

..........................................................


THE PORTLAND OR CLIMATE NORMALS FOR TODAY
                         NORMAL    RECORD    YEAR
 MAXIMUM TEMPERATURE (F)   58        74      1966
 MINIMUM TEMPERATURE (F)   41        30      1970


SUNRISE AND SUNSET
MARCH 25 2017.........SUNRISE   703 AM PDT   SUNSET   730 PM PDT
MARCH 26 2017.........SUNRISE   701 AM PDT   SUNSET   731 PM PDT


-  INDICATES NEGATIVE NUMBERS.
R  INDICATES RECORD WAS SET OR TIED.
MM INDICATES DATA IS MISSING.
T  INDICATES TRACE AMOUNT.




$$
