000
CDUS46 KPQR 241146
CLIPDX


CLIMATE REPORT
NATIONAL WEATHER SERVICE PORTLAND OREGON
446 AM PDT FRI OCT 24 2014


...................................

...THE PORTLAND OR CLIMATE SUMMARY FOR OCTOBER 23 2014...

CLIMATE NORMAL PERIOD 1981 TO 2010
CLIMATE RECORD PERIOD 1940 TO 2014


WEATHER ITEM   OBSERVED TIME   RECORD YEAR NORMAL DEPARTURE LAST
                VALUE   (LST)  VALUE       VALUE  FROM      YEAR
                                                  NORMAL
..................................................................
TEMPERATURE (F)
 YESTERDAY
  MAXIMUM         59   1123 AM  75    2007  61     -2       70
  MINIMUM         52   1159 PM  32    1964  45      7       43
  AVERAGE         56                        53      3       57

PRECIPITATION (IN)
  YESTERDAY        0.42          0.79 1951   0.12   0.30     0.00
  MONTH TO DATE    3.78                      1.94   1.84     0.87
  SINCE OCT 1      3.78                      1.94   1.84     0.87
  SINCE JAN 1     28.91                     23.85   5.06    21.77

DEGREE DAYS
 HEATING
  YESTERDAY        9                        12     -3        8
  MONTH TO DATE   88                       207   -119      241
  SINCE SEP 1    105                       283   -178      326
  SINCE JUL 1    106                       310   -204      331

 COOLING
  YESTERDAY        0                         0      0        0
  MONTH TO DATE   17                         0     17        0
  SINCE SEP 1    118                        59     59       86
  SINCE JAN 1    653                       422    231      539
..................................................................


WIND (MPH)
  HIGHEST WIND SPEED    14   HIGHEST WIND DIRECTION     E (100)
  HIGHEST GUST SPEED    15   HIGHEST GUST DIRECTION     S (170)
  AVERAGE WIND SPEED     8.2


SKY COVER
  POSSIBLE SUNSHINE  MM
  AVERAGE SKY COVER 0.9


WEATHER CONDITIONS
 THE FOLLOWING WEATHER WAS RECORDED YESTERDAY.
  THUNDERSTORM
  RAIN
  LIGHT RAIN
  FOG


RELATIVE HUMIDITY (PERCENT)
 HIGHEST   100           400 AM
 LOWEST     80           300 PM
 AVERAGE    90

..........................................................


THE PORTLAND OR CLIMATE NORMALS FOR TODAY
                         NORMAL    RECORD    YEAR
 MAXIMUM TEMPERATURE (F)   60        73      1974
                                             1965
                                             1962
 MINIMUM TEMPERATURE (F)   44        30      1958


SUNRISE AND SUNSET
OCTOBER 24 2014.......SUNRISE   739 AM PDT   SUNSET   609 PM PDT
OCTOBER 25 2014.......SUNRISE   740 AM PDT   SUNSET   608 PM PDT


-  INDICATES NEGATIVE NUMBERS.
R  INDICATES RECORD WAS SET OR TIED.
MM INDICATES DATA IS MISSING.
T  INDICATES TRACE AMOUNT.




$$
