000
CDUS41 KPBZ 140702
CLIPHD


CLIMATE REPORT
NATIONAL WEATHER SERVICE PITTSBURGH PA
302 AM EDT MON JUL 14 2014


...................................

...THE NEW PHILADELPHIA OH CLIMATE SUMMARY FOR JULY 13 2014...

CLIMATE NORMAL PERIOD 1981 TO 2010
CLIMATE RECORD PERIOD 1946 TO 2014


WEATHER ITEM   OBSERVED TIME   RECORD YEAR NORMAL DEPARTURE LAST
                VALUE   (LST)  VALUE       VALUE  FROM      YEAR
                                                  NORMAL
..................................................................
TEMPERATURE (F)
 YESTERDAY
  MAXIMUM         83    552 PM  93    1983  84     -1       84
  MINIMUM         69            46    1970  62      7       61
  AVERAGE         76                        73      3       73

PRECIPITATION (IN)
  YESTERDAY        1.03         MM      MM   0.14   0.89     0.00
  MONTH TO DATE    2.29                      1.49   0.80     2.05
  SINCE JUN 1      7.16                      5.22   1.94     9.61
  SINCE JAN 1     22.34                     20.82   1.52    19.65

DEGREE DAYS
 HEATING
  YESTERDAY        0                         0      0        0
  MONTH TO DATE    3                         0      3        0
  SINCE JUN 1     13                        35    -22       22
  SINCE JUL 1      3                         0      3        0

 COOLING
  YESTERDAY       11                         8      3        8
  MONTH TO DATE   89                        95     -6      102
  SINCE JUN 1    266                       238     28      247
  SINCE JAN 1    332                       281     51      345
..................................................................


WIND (MPH)
  HIGHEST WIND SPEED    14   HIGHEST WIND DIRECTION     S (190)
  HIGHEST GUST SPEED    23   HIGHEST GUST DIRECTION    SW (240)
  AVERAGE WIND SPEED     5.8


SKY COVER
  POSSIBLE SUNSHINE  MM
  AVERAGE SKY COVER 0.5


WEATHER CONDITIONS
 THE FOLLOWING WEATHER WAS RECORDED YESTERDAY.
  THUNDERSTORM
  HEAVY RAIN
  RAIN
  LIGHT RAIN
  FOG
  HAZE


RELATIVE HUMIDITY (PERCENT)
 HIGHEST    93          1000 PM
 LOWEST     69           500 PM
 AVERAGE    81

..........................................................


THE NEW PHILADELPHIA OH CLIMATE NORMALS FOR TODAY
                         NORMAL    RECORD    YEAR
 MAXIMUM TEMPERATURE (F)   84        95      1966
 MINIMUM TEMPERATURE (F)   62        50      1976


SUNRISE AND SUNSET
JULY 14 2014..........SUNRISE   607 AM EDT   SUNSET   855 PM EDT
JULY 15 2014..........SUNRISE   608 AM EDT   SUNSET   855 PM EDT


-  INDICATES NEGATIVE NUMBERS.
R  INDICATES RECORD WAS SET OR TIED.
MM INDICATES DATA IS MISSING.
T  INDICATES TRACE AMOUNT.




$$
