000
CDUS41 KPBZ 292116
CLIPHD


CLIMATE REPORT
NATIONAL WEATHER SERVICE PITTSBURGH PA
515 PM EDT MON AUG 29 2016


...................................

...THE NEW PHILADELPHIA OH CLIMATE SUMMARY FOR AUGUST 29 2016...
VALID TODAY AS OF 0500 PM LOCAL TIME.

CLIMATE NORMAL PERIOD 1981 TO 2010
CLIMATE RECORD PERIOD 1946 TO 2016


WEATHER ITEM   OBSERVED TIME   RECORD YEAR NORMAL DEPARTURE LAST
                VALUE   (LST)  VALUE       VALUE  FROM      YEAR
                                                  NORMAL
..................................................................
TEMPERATURE (F)
 TODAY
  MAXIMUM         91    326 PM  92    1993  81     10       88
  MINIMUM         67    617 AM  36    1982  58      9       48
  AVERAGE         79                        70      9       68

PRECIPITATION (IN)
  TODAY            0.00         MM      MM   0.13  -0.13     0.00
  MONTH TO DATE    3.09                      3.33  -0.24     0.13
  SINCE JUN 1      6.95                     11.09  -4.14     8.38
  SINCE JAN 1     21.60                     26.69  -5.09    21.60

DEGREE DAYS
 HEATING
  TODAY            0                         0      0        0
  MONTH TO DATE    0                         0      0       13
  SINCE JUN 1      7                        38    -31       36
  SINCE JUL 1      0                         3     -3       13

 COOLING
  TODAY           14                         5      9        3
  MONTH TO DATE  361                       190    171      129
  SINCE JUN 1   1028                       567    461      535
  SINCE JAN 1   1107                       610    497      696
..................................................................


WIND (MPH)
  HIGHEST WIND SPEED    12   HIGHEST WIND DIRECTION     N (20)
  HIGHEST GUST SPEED    16   HIGHEST GUST DIRECTION     N (20)
  AVERAGE WIND SPEED     3.4


SKY COVER
  POSSIBLE SUNSHINE  MM
  AVERAGE SKY COVER 0.1


WEATHER CONDITIONS
 THE FOLLOWING WEATHER WAS RECORDED TODAY.
  FOG
  HAZE


RELATIVE HUMIDITY (PERCENT)
 HIGHEST    90           700 AM
 LOWEST     29           400 PM
 AVERAGE    60

..........................................................


THE NEW PHILADELPHIA OH CLIMATE NORMALS FOR TOMORROW
                         NORMAL    RECORD    YEAR
 MAXIMUM TEMPERATURE (F)   81        95      1991
 MINIMUM TEMPERATURE (F)   58        37      1982


SUNRISE AND SUNSET
AUGUST 29 2016........SUNRISE   651 AM EDT   SUNSET   802 PM EDT
AUGUST 30 2016........SUNRISE   651 AM EDT   SUNSET   800 PM EDT


-  INDICATES NEGATIVE NUMBERS.
R  INDICATES RECORD WAS SET OR TIED.
MM INDICATES DATA IS MISSING.
T  INDICATES TRACE AMOUNT.




$$
