176
CDUS41 KPBZ 140801
CLIPHD


CLIMATE REPORT
NATIONAL WEATHER SERVICE PITTSBURGH PA
301 AM EST SUN FEB 14 2016


...................................

...THE NEW PHILADELPHIA OH CLIMATE SUMMARY FOR FEBRUARY 13 2016...

CLIMATE NORMAL PERIOD 1981 TO 2010
CLIMATE RECORD PERIOD 1946 TO 2016


WEATHER ITEM   OBSERVED TIME   RECORD YEAR NORMAL DEPARTURE LAST
                VALUE   (LST)  VALUE       VALUE  FROM      YEAR
                                                  NORMAL
..................................................................
TEMPERATURE (F)
 YESTERDAY
  MAXIMUM         15    125 AM  70    1984  40    -25       24
  MINIMUM          5            -5    1981  22    -17        2
  AVERAGE         10                        31    -21       13

PRECIPITATION (IN)
  YESTERDAY        T            MM      MM   0.09  -0.09      T
  MONTH TO DATE    0.95                      1.08  -0.13     0.86
  SINCE JUN 1     20.07                     26.98  -6.91    27.39
  SINCE JAN 1      1.99                      3.68  -1.69     2.66

DEGREE DAYS
 HEATING
  YESTERDAY       55                        34     21       52
  MONTH TO DATE  459                       450      9      498
  SINCE DEC 1   2270                      2564   -294     2593
  SINCE JUL 1   3166                      3722   -556     3827

 COOLING
  YESTERDAY        0                         0      0        0
  MONTH TO DATE    0                         0      0        0
  SINCE DEC 1      0                         0      0        0
  SINCE JAN 1      0                         0      0        0
..................................................................


WIND (MPH)
  HIGHEST WIND SPEED    20   HIGHEST WIND DIRECTION     W (290)
  HIGHEST GUST SPEED    28   HIGHEST GUST DIRECTION    NW (320)
  AVERAGE WIND SPEED     8.5


SKY COVER
  POSSIBLE SUNSHINE  MM
  AVERAGE SKY COVER 0.5


WEATHER CONDITIONS
 THE FOLLOWING WEATHER WAS RECORDED YESTERDAY.
  LIGHT SNOW
  FOG
  HAZE


RELATIVE HUMIDITY (PERCENT)
 HIGHEST    76           700 AM
 LOWEST     48           400 PM
 AVERAGE    62

..........................................................


THE NEW PHILADELPHIA OH CLIMATE NORMALS FOR TODAY
                         NORMAL    RECORD    YEAR
 MAXIMUM TEMPERATURE (F)   41        68      1990
 MINIMUM TEMPERATURE (F)   22        -2      1981


SUNRISE AND SUNSET
FEBRUARY 14 2016......SUNRISE   721 AM EST   SUNSET   559 PM EST
FEBRUARY 15 2016......SUNRISE   720 AM EST   SUNSET   600 PM EST


-  INDICATES NEGATIVE NUMBERS.
R  INDICATES RECORD WAS SET OR TIED.
MM INDICATES DATA IS MISSING.
T  INDICATES TRACE AMOUNT.




$$
