000
CDUS41 KPBZ 280801
CLIPHD


CLIMATE REPORT
NATIONAL WEATHER SERVICE PITTSBURGH PA
300 AM EST TUE FEB 28 2017


...................................

...THE NEW PHILADELPHIA OH CLIMATE SUMMARY FOR FEBRUARY 27 2017...

CLIMATE NORMAL PERIOD 1981 TO 2010
CLIMATE RECORD PERIOD 1946 TO 2017


WEATHER ITEM   OBSERVED TIME   RECORD YEAR NORMAL DEPARTURE LAST
                VALUE   (LST)  VALUE       VALUE  FROM      YEAR
                                                  NORMAL
..................................................................
TEMPERATURE (F)
 YESTERDAY
  MAXIMUM         46   1250 PM  62    1976  44      2       45
  MINIMUM         27           -14    1963  24      3       29
  AVERAGE         37                        34      3       37

PRECIPITATION (IN)
  YESTERDAY        0.00         MM      MM   0.09  -0.09     0.00
  MONTH TO DATE    1.70                      2.26  -0.56     3.15
  SINCE JUN 1     25.84                     28.16  -2.32    22.27
  SINCE JAN 1      5.26                      4.86   0.40     4.19

DEGREE DAYS
 HEATING
  YESTERDAY       28                        31     -3       28
  MONTH TO DATE  653                       904   -251      874
  SINCE DEC 1   2610                      3018   -408     2685
  SINCE JUL 1   3477                      4176   -699     3581

 COOLING
  YESTERDAY        0                         0      0        0
  MONTH TO DATE    0                         0      0        0
  SINCE DEC 1      0                         0      0        0
  SINCE JAN 1      0                         0      0        0
..................................................................


WIND (MPH)
  HIGHEST WIND SPEED    15   HIGHEST WIND DIRECTION     S (170)
  HIGHEST GUST SPEED    21   HIGHEST GUST DIRECTION     S (190)
  AVERAGE WIND SPEED     5.0


SKY COVER
  POSSIBLE SUNSHINE  MM
  AVERAGE SKY COVER 0.9


WEATHER CONDITIONS
 THE FOLLOWING WEATHER WAS RECORDED YESTERDAY.
  NO SIGNIFICANT WEATHER WAS OBSERVED.


RELATIVE HUMIDITY (PERCENT)
 HIGHEST    92          1000 PM
 LOWEST     45          1000 AM
 AVERAGE    69

..........................................................


THE NEW PHILADELPHIA OH CLIMATE NORMALS FOR TODAY
                         NORMAL    RECORD    YEAR
 MAXIMUM TEMPERATURE (F)   45        69      1998
 MINIMUM TEMPERATURE (F)   24       -13      1963


SUNRISE AND SUNSET
FEBRUARY 28 2017......SUNRISE   700 AM EST   SUNSET   616 PM EST
MARCH  1 2017.........SUNRISE   659 AM EST   SUNSET   617 PM EST


-  INDICATES NEGATIVE NUMBERS.
R  INDICATES RECORD WAS SET OR TIED.
MM INDICATES DATA IS MISSING.
T  INDICATES TRACE AMOUNT.




$$
