000
CDUS41 KPBZ 222139
CLIPHD


CLIMATE REPORT
NATIONAL WEATHER SERVICE PITTSBURGH PA
534 PM EDT SAT APR 22 2017


...................................

...THE NEW PHILADELPHIA OH CLIMATE SUMMARY FOR APRIL 22 2017...
VALID TODAY AS OF 0500 PM LOCAL TIME.

CLIMATE NORMAL PERIOD 1981 TO 2010
CLIMATE RECORD PERIOD 1946 TO 2017


WEATHER ITEM   OBSERVED TIME   RECORD YEAR NORMAL DEPARTURE LAST
                VALUE   (LST)  VALUE       VALUE  FROM      YEAR
                                                  NORMAL
..................................................................
TEMPERATURE (F)
 TODAY
  MAXIMUM         58    307 PM  87    1985  66     -8       69
  MINIMUM         44    657 AM  24    1978  41      3       49
  AVERAGE         51                        53     -2       59

PRECIPITATION (IN)
  TODAY            0.06         MM      MM   0.11  -0.05     0.59
  MONTH TO DATE    2.86                      2.44   0.42     3.05
  SINCE JUN 1     34.11                     33.74   0.37    28.63
  SINCE JAN 1     13.53                     10.44   3.09    10.55

DEGREE DAYS
 HEATING
  TODAY           14                        12      2        6
  MONTH TO DATE  229                       342   -113      371
  SINCE MAR 1    982                      1121   -139      935
  SINCE JUL 1   4479                      5328   -849     4549

 COOLING
  TODAY            0                         0      0        0
  MONTH TO DATE   16                         0     16        0
  SINCE MAR 1     16                         1     15        0
  SINCE JAN 1     16                         1     15        0
..................................................................


WIND (MPH)
  HIGHEST WIND SPEED    14   HIGHEST WIND DIRECTION     N (20)
  HIGHEST GUST SPEED    20   HIGHEST GUST DIRECTION    NE (30)
  AVERAGE WIND SPEED     9.1


SKY COVER
  POSSIBLE SUNSHINE  MM
  AVERAGE SKY COVER 0.6


WEATHER CONDITIONS
 THE FOLLOWING WEATHER WAS RECORDED TODAY.
  LIGHT RAIN


RELATIVE HUMIDITY (PERCENT)
 HIGHEST    76           600 AM
 LOWEST     51           200 PM
 AVERAGE    64

..........................................................


THE NEW PHILADELPHIA OH CLIMATE NORMALS FOR TOMORROW
                         NORMAL    RECORD    YEAR
 MAXIMUM TEMPERATURE (F)   66        88      1985
 MINIMUM TEMPERATURE (F)   41        24      1982


SUNRISE AND SUNSET
APRIL 22 2017.........SUNRISE   637 AM EDT   SUNSET   812 PM EDT
APRIL 23 2017.........SUNRISE   635 AM EDT   SUNSET   813 PM EDT


-  INDICATES NEGATIVE NUMBERS.
R  INDICATES RECORD WAS SET OR TIED.
MM INDICATES DATA IS MISSING.
T  INDICATES TRACE AMOUNT.




$$
