000
CDUS41 KPBZ 280701
CLIPHD


CLIMATE REPORT
NATIONAL WEATHER SERVICE PITTSBURGH PA
300 AM EDT THU JUL 28 2016


...................................

...THE NEW PHILADELPHIA OH CLIMATE SUMMARY FOR JULY 27 2016...

CLIMATE NORMAL PERIOD 1981 TO 2010
CLIMATE RECORD PERIOD 1946 TO 2016


WEATHER ITEM   OBSERVED TIME   RECORD YEAR NORMAL DEPARTURE LAST
                VALUE   (LST)  VALUE       VALUE  FROM      YEAR
                                                  NORMAL
..................................................................
TEMPERATURE (F)
 YESTERDAY
  MAXIMUM         95R   451 PM  93    1993  84     11       87
  MINIMUM         73            45    1962  62     11       65
  AVERAGE         84                        73     11       76

PRECIPITATION (IN)
  YESTERDAY        0.00         MM      MM   0.15  -0.15     0.00
  MONTH TO DATE    1.17                      3.44  -2.27     3.17
  SINCE JUN 1      2.34                      7.17  -4.83     8.25
  SINCE JAN 1     16.99                     22.77  -5.78    21.47

DEGREE DAYS
 HEATING
  YESTERDAY        0                         0      0        0
  MONTH TO DATE    0                         0      0        0
  SINCE JUN 1      7                        35    -28       23
  SINCE JUL 1      0                         0      0        0

 COOLING
  YESTERDAY       19                         8     11       11
  MONTH TO DATE  345                       207    138      142
  SINCE JUN 1    615                       350    265      368
  SINCE JAN 1    694                       393    301      529
..................................................................


WIND (MPH)
  HIGHEST WIND SPEED    12   HIGHEST WIND DIRECTION    NW (300)
  HIGHEST GUST SPEED    18   HIGHEST GUST DIRECTION    NW (310)
  AVERAGE WIND SPEED     2.6


SKY COVER
  POSSIBLE SUNSHINE  MM
  AVERAGE SKY COVER 0.6


WEATHER CONDITIONS
 THE FOLLOWING WEATHER WAS RECORDED YESTERDAY.
  NO SIGNIFICANT WEATHER WAS OBSERVED.


RELATIVE HUMIDITY (PERCENT)
 HIGHEST    68           500 AM
 LOWEST     28           400 PM
 AVERAGE    48

..........................................................


THE NEW PHILADELPHIA OH CLIMATE NORMALS FOR TODAY
                         NORMAL    RECORD    YEAR
 MAXIMUM TEMPERATURE (F)   84        96      1964
 MINIMUM TEMPERATURE (F)   62        44      1962


SUNRISE AND SUNSET
JULY 28 2016..........SUNRISE   620 AM EDT   SUNSET   844 PM EDT
JULY 29 2016..........SUNRISE   621 AM EDT   SUNSET   843 PM EDT


-  INDICATES NEGATIVE NUMBERS.
R  INDICATES RECORD WAS SET OR TIED.
MM INDICATES DATA IS MISSING.
T  INDICATES TRACE AMOUNT.




$$
