000
CDUS41 KPBZ 240701
CLIPHD


CLIMATE REPORT
NATIONAL WEATHER SERVICE PITTSBURGH PA
300 AM EDT SUN SEP 24 2017


...................................

...THE NEW PHILADELPHIA OH CLIMATE SUMMARY FOR SEPTEMBER 23 2017...

CLIMATE NORMAL PERIOD 1981 TO 2010
CLIMATE RECORD PERIOD 1948 TO 2017


WEATHER ITEM   OBSERVED TIME   RECORD YEAR NORMAL DEPARTURE LAST
                VALUE   (LST)  VALUE       VALUE  FROM      YEAR
                                                  NORMAL
..................................................................
TEMPERATURE (F)
 YESTERDAY
  MAXIMUM         93R   253 PM  90    2016  73     20       90
                                      2010
  MINIMUM         55            30    1995  49      6       59
  AVERAGE         74                        61     13       75

PRECIPITATION (IN)
  YESTERDAY        0.00          1.29 1989   0.09  -0.09     0.00
  MONTH TO DATE    0.80                      2.67  -1.87     1.63
  SINCE JUN 1     10.94                     14.02  -3.08     9.49
  SINCE JAN 1     31.69                     29.62   2.07    24.14

DEGREE DAYS
 HEATING
  YESTERDAY        0                         5     -5        0
  MONTH TO DATE   60                        53      7        0
  SINCE SEP 1     60                        53      7        0
  SINCE JUL 1     70                        63      7        0

 COOLING
  YESTERDAY        9                         1      8       10
  MONTH TO DATE   73                        59     14      182
  SINCE SEP 1     73                        59     14      182
  SINCE JAN 1    741                       681     60     1310
..................................................................


WIND (MPH)
  HIGHEST WIND SPEED    12   HIGHEST WIND DIRECTION     E (80)
  HIGHEST GUST SPEED    16   HIGHEST GUST DIRECTION    NE (60)
  AVERAGE WIND SPEED     1.9


SKY COVER
  POSSIBLE SUNSHINE  MM
  AVERAGE SKY COVER 0.0


WEATHER CONDITIONS
 THE FOLLOWING WEATHER WAS RECORDED YESTERDAY.
  FOG
  FOG W/VISIBILITY <= 1/4 MILE


RELATIVE HUMIDITY (PERCENT)
 HIGHEST   100           300 AM
 LOWEST     28           100 PM
 AVERAGE    64

..........................................................


THE NEW PHILADELPHIA OH CLIMATE NORMALS FOR TODAY
                         NORMAL    RECORD    YEAR
 MAXIMUM TEMPERATURE (F)   73        91      1970
 MINIMUM TEMPERATURE (F)   49        30      1974


SUNRISE AND SUNSET
SEPTEMBER 24 2017.....SUNRISE   715 AM EDT   SUNSET   719 PM EDT
SEPTEMBER 25 2017.....SUNRISE   716 AM EDT   SUNSET   717 PM EDT


-  INDICATES NEGATIVE NUMBERS.
R  INDICATES RECORD WAS SET OR TIED.
MM INDICATES DATA IS MISSING.
T  INDICATES TRACE AMOUNT.




$$
