000
CDUS41 KPBZ 030808
CLIPHD


CLIMATE REPORT
NATIONAL WEATHER SERVICE PITTSBURGH PA
308 AM EST TUE MAR 3 2015


...................................

...THE NEW PHILADELPHIA OH CLIMATE SUMMARY FOR MARCH 2 2015...

CLIMATE NORMAL PERIOD 1981 TO 2010
CLIMATE RECORD PERIOD 1946 TO 2015


WEATHER ITEM   OBSERVED TIME   RECORD YEAR NORMAL DEPARTURE LAST
                VALUE   (LST)  VALUE       VALUE  FROM      YEAR
                                                  NORMAL
..................................................................
TEMPERATURE (F)
 YESTERDAY
  MAXIMUM         33   1206 AM  74    1972  45    -12       34
  MINIMUM         13             0    1980  25    -12       13
  AVERAGE         23                        35    -12       24

PRECIPITATION (IN)
  YESTERDAY        T            MM      MM   0.09  -0.09     0.11
  MONTH TO DATE    0.34                      0.17   0.17     0.11
  SINCE JUN 1     28.14                     28.43  -0.29    28.54
  SINCE JAN 1      3.41                      5.13  -1.72     3.90

DEGREE DAYS
 HEATING
  YESTERDAY       42                        30     12       41
  MONTH TO DATE   78                        60     18       73
  SINCE MAR 1     78                        60     18       73
  SINCE JUL 1   4696                      4267    429     4706

 COOLING
  YESTERDAY        0                         0      0        0
  MONTH TO DATE    0                         0      0        0
  SINCE MAR 1      0                         0      0        0
  SINCE JAN 1      0                         0      0        0
..................................................................


WIND (MPH)
  HIGHEST WIND SPEED    16   HIGHEST WIND DIRECTION    NW (310)
  HIGHEST GUST SPEED    21   HIGHEST GUST DIRECTION    NW (300)
  AVERAGE WIND SPEED     6.1


SKY COVER
  POSSIBLE SUNSHINE  MM
  AVERAGE SKY COVER 0.6


WEATHER CONDITIONS
 THE FOLLOWING WEATHER WAS RECORDED YESTERDAY.
  LIGHT SNOW
  HAZE


RELATIVE HUMIDITY (PERCENT)
 HIGHEST    78           100 AM
 LOWEST     39           600 PM
 AVERAGE    59

..........................................................


THE NEW PHILADELPHIA OH CLIMATE NORMALS FOR TODAY
                         NORMAL    RECORD    YEAR
 MAXIMUM TEMPERATURE (F)   46        74      1991
 MINIMUM TEMPERATURE (F)   25         1      1980


SUNRISE AND SUNSET
MARCH  3 2015.........SUNRISE   657 AM EST   SUNSET   619 PM EST
MARCH  4 2015.........SUNRISE   655 AM EST   SUNSET   620 PM EST


-  INDICATES NEGATIVE NUMBERS.
R  INDICATES RECORD WAS SET OR TIED.
MM INDICATES DATA IS MISSING.
T  INDICATES TRACE AMOUNT.




$$
