000
CDUS41 KPBZ 040701
CLIPHD


CLIMATE REPORT
NATIONAL WEATHER SERVICE PITTSBURGH PA
300 AM EDT TUE AUG 4 2015


...................................

...THE NEW PHILADELPHIA OH CLIMATE SUMMARY FOR AUGUST 3 2015...

CLIMATE NORMAL PERIOD 1981 TO 2010
CLIMATE RECORD PERIOD 1946 TO 2015


WEATHER ITEM   OBSERVED TIME   RECORD YEAR NORMAL DEPARTURE LAST
                VALUE   (LST)  VALUE       VALUE  FROM      YEAR
                                                  NORMAL
..................................................................
TEMPERATURE (F)
 YESTERDAY
  MAXIMUM         82    525 PM  97    1991  84     -2       78
  MINIMUM         63            47    1965  61      2       59
  AVERAGE         73                        72      1       69

PRECIPITATION (IN)
  YESTERDAY        T            MM      MM   0.08  -0.08     0.03
  MONTH TO DATE    0.01                      0.26  -0.25     0.08
  SINCE JUN 1      8.26                      8.02   0.24     9.83
  SINCE JAN 1     21.48                     23.62  -2.14    25.01

DEGREE DAYS
 HEATING
  YESTERDAY        0                         0      0        0
  MONTH TO DATE    0                         0      0        0
  SINCE JUN 1     23                        38    -15       29
  SINCE JUL 1      0                         3     -3       19

 COOLING
  YESTERDAY        8                         7      1        4
  MONTH TO DATE   18                        23     -5       12
  SINCE JUN 1    424                       400     24      341
  SINCE JAN 1    585                       443    142      407
..................................................................


WIND (MPH)
  HIGHEST WIND SPEED    15   HIGHEST WIND DIRECTION     W (260)
  HIGHEST GUST SPEED    22   HIGHEST GUST DIRECTION     W (260)
  AVERAGE WIND SPEED     6.3


SKY COVER
  POSSIBLE SUNSHINE  MM
  AVERAGE SKY COVER 0.3


WEATHER CONDITIONS
 THE FOLLOWING WEATHER WAS RECORDED YESTERDAY.
  THUNDERSTORM


RELATIVE HUMIDITY (PERCENT)
 HIGHEST    90          1000 PM
 LOWEST     58          1200 PM
 AVERAGE    74

..........................................................


THE NEW PHILADELPHIA OH CLIMATE NORMALS FOR TODAY
                         NORMAL    RECORD    YEAR
 MAXIMUM TEMPERATURE (F)   84        94      1995
 MINIMUM TEMPERATURE (F)   61        47      1966


SUNRISE AND SUNSET
AUGUST  4 2015........SUNRISE   626 AM EDT   SUNSET   837 PM EDT
AUGUST  5 2015........SUNRISE   626 AM EDT   SUNSET   836 PM EDT


-  INDICATES NEGATIVE NUMBERS.
R  INDICATES RECORD WAS SET OR TIED.
MM INDICATES DATA IS MISSING.
T  INDICATES TRACE AMOUNT.




$$
