000
CDUS41 KPBZ 250808
CLIPHD


CLIMATE REPORT
NATIONAL WEATHER SERVICE PITTSBURGH PA
307 AM EST THU DEC 25 2014


...................................

...THE NEW PHILADELPHIA OH CLIMATE SUMMARY FOR DECEMBER 24 2014...

CLIMATE NORMAL PERIOD 1981 TO 2010
CLIMATE RECORD PERIOD 1946 TO 2014


WEATHER ITEM   OBSERVED TIME   RECORD YEAR NORMAL DEPARTURE LAST
                VALUE   (LST)  VALUE       VALUE  FROM      YEAR
                                                  NORMAL
..................................................................
TEMPERATURE (F)
 YESTERDAY
  MAXIMUM         61R   356 PM  57    1988  38     23       30
  MINIMUM         43           -13    1989  22     21       14
  AVERAGE         52                        30     22       22

PRECIPITATION (IN)
  YESTERDAY        0.23         MM      MM   0.09   0.14      T
  MONTH TO DATE    2.40                      2.11   0.29     3.17
  SINCE JUN 1     24.31                     22.74   1.57    24.37
  SINCE JAN 1     39.49                     38.34   1.15    34.41

DEGREE DAYS
 HEATING
  YESTERDAY       13                        35    -22       43
  MONTH TO DATE  674                       757    -83      741
  SINCE DEC 1    674                       757    -83      741
  SINCE JUL 1   1908                      1915     -7     1977

 COOLING
  YESTERDAY        0                         0      0        0
  MONTH TO DATE    0                         0      0        0
  SINCE DEC 1      0                         0      0        0
  SINCE JAN 1    630                       697    -67      755
..................................................................


WIND (MPH)
  HIGHEST WIND SPEED    23   HIGHEST WIND DIRECTION     W (260)
  HIGHEST GUST SPEED    37   HIGHEST GUST DIRECTION     W (250)
  AVERAGE WIND SPEED     8.3


SKY COVER
  POSSIBLE SUNSHINE  MM
  AVERAGE SKY COVER 0.9


WEATHER CONDITIONS
 THE FOLLOWING WEATHER WAS RECORDED YESTERDAY.
  LIGHT RAIN
  FOG


RELATIVE HUMIDITY (PERCENT)
 HIGHEST   100           100 AM
 LOWEST     75           500 PM
 AVERAGE    88

..........................................................


THE NEW PHILADELPHIA OH CLIMATE NORMALS FOR TODAY
                         NORMAL    RECORD    YEAR
 MAXIMUM TEMPERATURE (F)   38        65      1982
 MINIMUM TEMPERATURE (F)   22       -13      1989


SUNRISE AND SUNSET
DECEMBER 25 2014......SUNRISE   747 AM EST   SUNSET   504 PM EST
DECEMBER 26 2014......SUNRISE   748 AM EST   SUNSET   505 PM EST


-  INDICATES NEGATIVE NUMBERS.
R  INDICATES RECORD WAS SET OR TIED.
MM INDICATES DATA IS MISSING.
T  INDICATES TRACE AMOUNT.




$$
