000
CDUS41 KPBZ 292121
CLIPHD


CLIMATE REPORT
NATIONAL WEATHER SERVICE PITTSBURGH PA
518 PM EDT MON JUN 29 2015


...................................

...THE NEW PHILADELPHIA OH CLIMATE SUMMARY FOR JUNE 29 2015...
VALID TODAY AS OF 0500 PM LOCAL TIME.

CLIMATE NORMAL PERIOD 1981 TO 2010
CLIMATE RECORD PERIOD 1946 TO 2015


WEATHER ITEM   OBSERVED TIME   RECORD YEAR NORMAL DEPARTURE LAST
                VALUE   (LST)  VALUE       VALUE  FROM      YEAR
                                                  NORMAL
..................................................................
TEMPERATURE (F)
 TODAY
  MAXIMUM         71   1141 AM  98    1971  83    -12       86
  MINIMUM         52    455 AM  49    1992  60     -8       70
  AVERAGE         62                        71     -9       78

PRECIPITATION (IN)
  TODAY            0.03         MM      MM   0.07  -0.04     0.15
  MONTH TO DATE    4.74                      3.65   1.09     4.87
  SINCE JUN 1      4.74                      3.65   1.09     4.87
  SINCE JAN 1     17.96                     19.25  -1.29    20.05

DEGREE DAYS
 HEATING
  TODAY            3                         0      3        0
  MONTH TO DATE   23                        33    -10       10
  SINCE JUN 1     23                        33    -10       10
  SINCE JUL 1   5920                      5642    278     6170

 COOLING
  TODAY            0                         7     -7       13
  MONTH TO DATE  222                       137     85      165
  SINCE JUN 1    222                       137     85      165
  SINCE JAN 1    383                       180    203      231
..................................................................


WIND (MPH)
  HIGHEST WIND SPEED     8   HIGHEST WIND DIRECTION    SE (150)
  HIGHEST GUST SPEED    14   HIGHEST GUST DIRECTION     S (160)
  AVERAGE WIND SPEED     2.3


SKY COVER
  POSSIBLE SUNSHINE  MM
  AVERAGE SKY COVER 0.3


WEATHER CONDITIONS
 THE FOLLOWING WEATHER WAS RECORDED TODAY.
  LIGHT RAIN
  FOG


RELATIVE HUMIDITY (PERCENT)
 HIGHEST   100          1200 AM
 LOWEST     66          1100 AM
 AVERAGE    83

..........................................................


THE NEW PHILADELPHIA OH CLIMATE NORMALS FOR TOMORROW
                         NORMAL    RECORD    YEAR
 MAXIMUM TEMPERATURE (F)   83        93      1964
 MINIMUM TEMPERATURE (F)   60        42      1988


SUNRISE AND SUNSET
JUNE 29 2015..........SUNRISE   558 AM EDT   SUNSET   900 PM EDT
JUNE 30 2015..........SUNRISE   558 AM EDT   SUNSET   900 PM EDT


-  INDICATES NEGATIVE NUMBERS.
R  INDICATES RECORD WAS SET OR TIED.
MM INDICATES DATA IS MISSING.
T  INDICATES TRACE AMOUNT.




$$
