000
CDUS41 KPBZ 300704
CLIPHD


CLIMATE REPORT
NATIONAL WEATHER SERVICE PITTSBURGH PA
304 AM EDT TUE MAY 30 2017


...................................

...THE NEW PHILADELPHIA OH CLIMATE SUMMARY FOR MAY 29 2017...

CLIMATE NORMAL PERIOD 1981 TO 2010
CLIMATE RECORD PERIOD 1946 TO 2017


WEATHER ITEM   OBSERVED TIME   RECORD YEAR NORMAL DEPARTURE LAST
                VALUE   (LST)  VALUE       VALUE  FROM      YEAR
                                                  NORMAL
..................................................................
TEMPERATURE (F)
 YESTERDAY
  MAXIMUM         80    323 PM  90    1977  76      4       84
  MINIMUM         59            35    1964  52      7       66
  AVERAGE         70                        64      6       75

PRECIPITATION (IN)
  YESTERDAY        0.18          1.08 1990   0.14   0.04     0.00
  MONTH TO DATE    5.10                      3.86   1.24     3.13
  SINCE JUN 1     40.94                     38.59   2.35    32.73
  SINCE JAN 1     20.36                     15.29   5.07    14.65

DEGREE DAYS
 HEATING
  YESTERDAY        0                         4     -4        0
  MONTH TO DATE  168                       188    -20      173
  SINCE MAR 1   1186                      1396   -210     1197
  SINCE JUL 1   4683                      5603   -920     4811

 COOLING
  YESTERDAY        5                         2      3       10
  MONTH TO DATE   38                        29      9       58
  SINCE MAR 1     63                        36     27       58
  SINCE JAN 1     63                        36     27       58
..................................................................


WIND (MPH)
  HIGHEST WIND SPEED    18   HIGHEST WIND DIRECTION     W (280)
  HIGHEST GUST SPEED    26   HIGHEST GUST DIRECTION     W (280)
  AVERAGE WIND SPEED     4.9


SKY COVER
  POSSIBLE SUNSHINE  MM
  AVERAGE SKY COVER 0.3


WEATHER CONDITIONS
 THE FOLLOWING WEATHER WAS RECORDED YESTERDAY.
  THUNDERSTORM
  HEAVY RAIN
  RAIN
  LIGHT RAIN
  FOG


RELATIVE HUMIDITY (PERCENT)
 HIGHEST   100           300 AM
 LOWEST     37           200 PM
 AVERAGE    69

..........................................................


THE NEW PHILADELPHIA OH CLIMATE NORMALS FOR TODAY
                         NORMAL    RECORD    YEAR
 MAXIMUM TEMPERATURE (F)   76        92      2011
 MINIMUM TEMPERATURE (F)   52        33      1961


SUNRISE AND SUNSET
MAY 30 2017...........SUNRISE   558 AM EDT   SUNSET   849 PM EDT
MAY 31 2017...........SUNRISE   558 AM EDT   SUNSET   849 PM EDT


-  INDICATES NEGATIVE NUMBERS.
R  INDICATES RECORD WAS SET OR TIED.
MM INDICATES DATA IS MISSING.
T  INDICATES TRACE AMOUNT.




$$
