000
CDUS41 KPBZ 062139
CLIPHD


CLIMATE REPORT
NATIONAL WEATHER SERVICE PITTSBURGH PA
539 PM EDT FRI MAY 6 2016


...................................

...THE NEW PHILADELPHIA OH CLIMATE SUMMARY FOR MAY 6 2016...
VALID TODAY AS OF 0500 PM LOCAL TIME.

CLIMATE NORMAL PERIOD 1981 TO 2010
CLIMATE RECORD PERIOD 1946 TO 2016


WEATHER ITEM   OBSERVED TIME   RECORD YEAR NORMAL DEPARTURE LAST
                VALUE   (LST)  VALUE       VALUE  FROM      YEAR
                                                  NORMAL
..................................................................
TEMPERATURE (F)
 TODAY
  MAXIMUM         69    249 PM  86    2015  69      0       86
  MINIMUM         43    515 AM  25    1968  45     -2       59
  AVERAGE         56                        57     -1       73

PRECIPITATION (IN)
  TODAY            0.00         MM      MM   0.12  -0.12     0.00
  MONTH TO DATE    0.85                      0.67   0.18     0.49
  SINCE JUN 1     30.45                     35.40  -4.95    35.47
  SINCE JAN 1     12.37                     12.10   0.27    10.74

DEGREE DAYS
 HEATING
  TODAY            9                         8      1        0
  MONTH TO DATE   49                        54     -5       13
  SINCE MAR 1   1073                      1262   -189     1205
  SINCE JUL 1   4687                      5469   -782     5823

 COOLING
  TODAY            0                         0      0        8
  MONTH TO DATE    0                         0      0       15
  SINCE MAR 1      0                         7     -7       18
  SINCE JAN 1      0                         7     -7       18
..................................................................


WIND (MPH)
  HIGHEST WIND SPEED    23   HIGHEST WIND DIRECTION    NW (330)
  HIGHEST GUST SPEED    35   HIGHEST GUST DIRECTION     N (350)
  AVERAGE WIND SPEED     8.9


SKY COVER
  POSSIBLE SUNSHINE  MM
  AVERAGE SKY COVER 0.2


WEATHER CONDITIONS
 THE FOLLOWING WEATHER WAS RECORDED TODAY.
  FOG


RELATIVE HUMIDITY (PERCENT)
 HIGHEST    96           500 AM
 LOWEST     29           200 PM
 AVERAGE    63

..........................................................


THE NEW PHILADELPHIA OH CLIMATE NORMALS FOR TOMORROW
                         NORMAL    RECORD    YEAR
 MAXIMUM TEMPERATURE (F)   70        89      2015
 MINIMUM TEMPERATURE (F)   45        25      1970


SUNRISE AND SUNSET
MAY  6 2016...........SUNRISE   618 AM EDT   SUNSET   827 PM EDT
MAY  7 2016...........SUNRISE   617 AM EDT   SUNSET   828 PM EDT


-  INDICATES NEGATIVE NUMBERS.
R  INDICATES RECORD WAS SET OR TIED.
MM INDICATES DATA IS MISSING.
T  INDICATES TRACE AMOUNT.




$$
