024
CDUS41 KPHI 180600
CLIPHL


CLIMATE REPORT
NATIONAL WEATHER SERVICE MOUNT HOLLY NJ
1257 AM EST THU JAN 18 2018


...................................

...THE PHILADELPHIA PA CLIMATE SUMMARY FOR JANUARY 17 2018...

CLIMATE NORMAL PERIOD 1981 TO 2010
CLIMATE RECORD PERIOD 1872 TO 2018


WEATHER ITEM   OBSERVED TIME   RECORD YEAR NORMAL DEPARTURE LAST
                VALUE   (LST)  VALUE       VALUE  FROM      YEAR
                                                  NORMAL
..................................................................
TEMPERATURE (F)
 YESTERDAY
  MAXIMUM         40   1234 AM  63    1913  40      0       45
  MINIMUM         21   1150 PM  -7    1982  25     -4       38
  AVERAGE         31                        33     -2       42

PRECIPITATION (IN)
  YESTERDAY        0.07          1.66 1978   0.10  -0.03     0.15
  MONTH TO DATE    1.85                      1.66   0.19     1.53
  SINCE DEC 1      3.16                      5.22  -2.06     4.25
  SINCE JAN 1      1.85                      1.66   0.19     1.53

SNOWFALL (IN)
  YESTERDAY        0.2           4.4  1978   0.2    0.0      0.0
  MONTH TO DATE    4.3                       3.1    1.2      4.9
  SINCE DEC 1     12.9                       6.5    6.4      5.2
  SINCE JUL 1     12.9                       6.8    6.1      5.2
  SNOW DEPTH       T

DEGREE DAYS
 HEATING
  YESTERDAY       34                        32      2       23
  MONTH TO DATE  633                       542     91      487
  SINCE DEC 1   1524                      1396    128     1291
  SINCE JUL 1   2159                      2212    -53     1922

 COOLING
  YESTERDAY        0                         0      0        0
  MONTH TO DATE    0                         0      0        0
  SINCE DEC 1      0                         0      0        0
  SINCE JAN 1      0                         0      0        0
..................................................................


WIND (MPH)
  HIGHEST WIND SPEED    21   HIGHEST WIND DIRECTION     N (340)
  HIGHEST GUST SPEED    27   HIGHEST GUST DIRECTION     N (350)
  AVERAGE WIND SPEED    12.1


SKY COVER
  POSSIBLE SUNSHINE  MM
  AVERAGE SKY COVER 0.9


WEATHER CONDITIONS
 THE FOLLOWING WEATHER WAS RECORDED YESTERDAY.
  LIGHT RAIN
  LIGHT SNOW
  FOG


RELATIVE HUMIDITY (PERCENT)
 HIGHEST    89           300 AM
 LOWEST     46           500 PM
 AVERAGE    68

..........................................................


THE PHILADELPHIA PA CLIMATE NORMALS FOR TODAY
                         NORMAL    RECORD    YEAR
 MAXIMUM TEMPERATURE (F)   40        64      2006
                                             1990
 MINIMUM TEMPERATURE (F)   25        -4      1982


SUNRISE AND SUNSET
JANUARY 18 2018.......SUNRISE   719 AM EST   SUNSET   504 PM EST
JANUARY 19 2018.......SUNRISE   719 AM EST   SUNSET   505 PM EST


-  INDICATES NEGATIVE NUMBERS.
R  INDICATES RECORD WAS SET OR TIED.
MM INDICATES DATA IS MISSING.
T  INDICATES TRACE AMOUNT.




$$
