000
CDUS41 KPHI 180627
CLIPHL


CLIMATE REPORT
NATIONAL WEATHER SERVICE MOUNT HOLLY NJ
127 AM EST THU DEC 18 2014


...................................

...THE PHILADELPHIA PA CLIMATE SUMMARY FOR DECEMBER 17 2014...

CLIMATE NORMAL PERIOD 1981 TO 2010
CLIMATE RECORD PERIOD 1872 TO 2014


WEATHER ITEM   OBSERVED TIME   RECORD YEAR NORMAL DEPARTURE LAST
                VALUE   (LST)  VALUE       VALUE  FROM      YEAR
                                                  NORMAL
..................................................................
TEMPERATURE (F)
 YESTERDAY
  MAXIMUM         53    152 PM  65    2000  44      9       35
  MINIMUM         39   1159 PM   7    1919  30      9       25
                                      1876
  AVERAGE         46                        37      9       30

PRECIPITATION (IN)
  YESTERDAY        0.00          2.23 1888   0.11  -0.11     0.05
  MONTH TO DATE    2.27                      2.08   0.19     3.48
  SINCE DEC 1      2.27                      2.08   0.19     3.48
  SINCE JAN 1     46.37                     40.05   6.32    54.16

SNOWFALL (IN)
  YESTERDAY        0.0           7.3  1932   0.1   -0.1      0.1
  MONTH TO DATE    0.1                       1.4   -1.3     11.2
  SINCE DEC 1      0.1                       1.4   -1.3     11.2
  SINCE JUL 1      0.1                       1.7   -1.6     11.2
  SNOW DEPTH       0

DEGREE DAYS
 HEATING
  YESTERDAY       19                        28     -9       35
  MONTH TO DATE  401                       436    -35      469
  SINCE DEC 1    401                       436    -35      469
  SINCE JUL 1   1179                      1252    -73     1275

 COOLING
  YESTERDAY        0                         0      0        0
  MONTH TO DATE    0                         0      0        0
  SINCE DEC 1      0                         0      0        0
  SINCE JAN 1   1311                      1301     10     1411
..................................................................


WIND (MPH)
  HIGHEST WIND SPEED    25   HIGHEST WIND DIRECTION     W (280)
  HIGHEST GUST SPEED    33   HIGHEST GUST DIRECTION     W (280)
  AVERAGE WIND SPEED    12.7


SKY COVER
  POSSIBLE SUNSHINE  MM
  AVERAGE SKY COVER 0.6


WEATHER CONDITIONS
 THE FOLLOWING WEATHER WAS RECORDED YESTERDAY.
  FOG
  HAZE


RELATIVE HUMIDITY (PERCENT)
 HIGHEST    89           300 AM
 LOWEST     45           900 PM
 AVERAGE    67

..........................................................


THE PHILADELPHIA PA CLIMATE NORMALS FOR TODAY
                         NORMAL    RECORD    YEAR
 MAXIMUM TEMPERATURE (F)   44        70      2006
 MINIMUM TEMPERATURE (F)   29         4      1919


SUNRISE AND SUNSET
DECEMBER 18 2014......SUNRISE   717 AM EST   SUNSET   438 PM EST
DECEMBER 19 2014......SUNRISE   718 AM EST   SUNSET   438 PM EST


-  INDICATES NEGATIVE NUMBERS.
R  INDICATES RECORD WAS SET OR TIED.
MM INDICATES DATA IS MISSING.
T  INDICATES TRACE AMOUNT.




$$
