000
CDUS41 KPHI 300630
CLIPHL


CLIMATE REPORT
NATIONAL WEATHER SERVICE MOUNT HOLLY NJ
230 AM EDT MON MAY 30 2016


...................................

...THE PHILADELPHIA PA CLIMATE SUMMARY FOR MAY 29 2016...

CLIMATE NORMAL PERIOD 1981 TO 2010
CLIMATE RECORD PERIOD 1872 TO 2016


WEATHER ITEM   OBSERVED TIME   RECORD YEAR NORMAL DEPARTURE LAST
                VALUE   (LST)  VALUE       VALUE  FROM      YEAR
                                                  NORMAL
..................................................................
TEMPERATURE (F)
 YESTERDAY
  MAXIMUM         87    253 PM  95    1991  78      9       87
  MINIMUM         66    534 AM  42    1884  58      8       66
  AVERAGE         77                        68      9       77

PRECIPITATION (IN)
  YESTERDAY        0.59          2.25 1990   0.12   0.47     0.00
  MONTH TO DATE    5.73                      3.45   2.28     1.19
  SINCE MAR 1      9.49                     10.80  -1.31    10.29
  SINCE JAN 1     16.48                     16.48   0.00    17.17

SNOWFALL (IN)
  YESTERDAY        0.0           0.0  1870   0.0    0.0      0.0
  MONTH TO DATE    0.0                       0.0    0.0      0.0
  SINCE MAR 1      1.3                       3.4   -2.1     12.0
  SINCE JUL 1     27.5                      22.4    5.1     27.0
  SNOW DEPTH       0

DEGREE DAYS
 HEATING
  YESTERDAY        0                         2     -2        0
  MONTH TO DATE  145                       109     36       32
  SINCE MAR 1    901                      1117   -216     1111
  SINCE JUL 1   3587                      4599  -1012     4764

 COOLING
  YESTERDAY       12                         4      8       12
  MONTH TO DATE   68                        67      1      167
  SINCE MAR 1     91                        80     11      170
  SINCE JAN 1     91                        80     11      170
..................................................................


WIND (MPH)
  HIGHEST WIND SPEED    16   HIGHEST WIND DIRECTION     S (200)
  HIGHEST GUST SPEED    21   HIGHEST GUST DIRECTION     S (200)
  AVERAGE WIND SPEED     6.9


SKY COVER
  POSSIBLE SUNSHINE  MM
  AVERAGE SKY COVER 0.7


WEATHER CONDITIONS
 THE FOLLOWING WEATHER WAS RECORDED YESTERDAY.
  RAIN
  LIGHT RAIN
  FOG


RELATIVE HUMIDITY (PERCENT)
 HIGHEST    93           800 PM
 LOWEST     27           100 PM
 AVERAGE    60

..........................................................


THE PHILADELPHIA PA CLIMATE NORMALS FOR TODAY
                         NORMAL    RECORD    YEAR
 MAXIMUM TEMPERATURE (F)   78        97      1991
 MINIMUM TEMPERATURE (F)   59        41      1961


SUNRISE AND SUNSET
MAY 30 2016...........SUNRISE   535 AM EDT   SUNSET   822 PM EDT
MAY 31 2016...........SUNRISE   535 AM EDT   SUNSET   823 PM EDT


-  INDICATES NEGATIVE NUMBERS.
R  INDICATES RECORD WAS SET OR TIED.
MM INDICATES DATA IS MISSING.
T  INDICATES TRACE AMOUNT.




$$
