000
CDUS41 KPHI 230635
CLIPHL


CLIMATE REPORT
NATIONAL WEATHER SERVICE MOUNT HOLLY NJ
134 AM EST THU FEB 23 2017


...................................

...THE PHILADELPHIA PA CLIMATE SUMMARY FOR FEBRUARY 22 2017...

CLIMATE NORMAL PERIOD 1981 TO 2010
CLIMATE RECORD PERIOD 1872 TO 2017


WEATHER ITEM   OBSERVED TIME   RECORD YEAR NORMAL DEPARTURE LAST
                VALUE   (LST)  VALUE       VALUE  FROM      YEAR
                                                  NORMAL
..................................................................
TEMPERATURE (F)
 YESTERDAY
  MAXIMUM         58    415 PM  68    1997  46     12       53
                                      1974
  MINIMUM         41    644 AM   7    1963  29     12       38
  AVERAGE         50                        37     13       46

PRECIPITATION (IN)
  YESTERDAY        T             1.88 2003   0.10  -0.10     0.00
  MONTH TO DATE    0.79                      2.07  -1.28     2.07
  SINCE DEC 1      6.42                      8.66  -2.24     9.84
  SINCE JAN 1      3.70                      5.10  -1.40     4.70

SNOWFALL (IN)
  YESTERDAY        0.0           7.0  2001   0.3   -0.3      0.0
  MONTH TO DATE    2.0                       7.4   -5.4      3.3
  SINCE DEC 1      8.0                      17.3   -9.3     26.2
  SINCE JUL 1      8.0                      17.6   -9.6     26.2
  SNOW DEPTH       0

DEGREE DAYS
 HEATING
  YESTERDAY       15                        28    -13       19
  MONTH TO DATE  505                       657   -152      624
  SINCE DEC 1   2124                      2504   -380     1992
  SINCE JUL 1   2755                      3320   -565     2552

 COOLING
  YESTERDAY        0                         0      0        0
  MONTH TO DATE    0                         0      0        0
  SINCE DEC 1      0                         0      0        2
  SINCE JAN 1      0                         0      0        0
..................................................................


WIND (MPH)
  HIGHEST WIND SPEED     9   HIGHEST WIND DIRECTION    SW (220)
  HIGHEST GUST SPEED    11   HIGHEST GUST DIRECTION    SW (230)
  AVERAGE WIND SPEED     4.3


SKY COVER
  POSSIBLE SUNSHINE  MM
  AVERAGE SKY COVER 0.9


WEATHER CONDITIONS
 THE FOLLOWING WEATHER WAS RECORDED YESTERDAY.
  LIGHT RAIN


RELATIVE HUMIDITY (PERCENT)
 HIGHEST    93          1100 PM
 LOWEST     57           200 PM
 AVERAGE    75

..........................................................


THE PHILADELPHIA PA CLIMATE NORMALS FOR TODAY
                         NORMAL    RECORD    YEAR
 MAXIMUM TEMPERATURE (F)   46        75      1874
 MINIMUM TEMPERATURE (F)   29         6      1963


SUNRISE AND SUNSET
FEBRUARY 23 2017......SUNRISE   643 AM EST   SUNSET   547 PM EST
FEBRUARY 24 2017......SUNRISE   641 AM EST   SUNSET   548 PM EST


-  INDICATES NEGATIVE NUMBERS.
R  INDICATES RECORD WAS SET OR TIED.
MM INDICATES DATA IS MISSING.
T  INDICATES TRACE AMOUNT.




$$
