000
CDUS41 KPHI 230546
CLIPHL


CLIMATE REPORT
NATIONAL WEATHER SERVICE MOUNT HOLLY NJ
145 AM EDT WED AUG 23 2017


...................................

...THE PHILADELPHIA PA CLIMATE SUMMARY FOR AUGUST 22 2017...

CLIMATE NORMAL PERIOD 1981 TO 2010
CLIMATE RECORD PERIOD 1872 TO 2017


WEATHER ITEM   OBSERVED TIME   RECORD YEAR NORMAL DEPARTURE LAST
                VALUE   (LST)  VALUE       VALUE  FROM      YEAR
                                                  NORMAL
..................................................................
TEMPERATURE (F)
 YESTERDAY
  MAXIMUM         92    419 PM  97    1916  85      7       83
  MINIMUM         73   1126 PM  52    1940  67      6       66
  AVERAGE         83                        76      7       75

PRECIPITATION (IN)
  YESTERDAY        2.06          2.73 2009   0.12   1.94     0.00
  MONTH TO DATE    5.21                      2.57   2.64     1.70
  SINCE JUN 1     12.42                     10.35   2.07     7.45
  SINCE JAN 1     30.37                     27.09   3.28    24.85

SNOWFALL (IN)
  YESTERDAY        0.0           0.0    MM   0.0    0.0      0.0
  MONTH TO DATE    0.0                       0.0    0.0      0.0
  SINCE JUN 1      0.0                       0.0    0.0      0.0
  SINCE JUL 1      0.0                       0.0    0.0      0.0
  SNOW DEPTH       0

DEGREE DAYS
 HEATING
  YESTERDAY        0                         0      0        0
  MONTH TO DATE    0                         0      0        0
  SINCE JUN 1      8                        11     -3        0
  SINCE JUL 1      0                         0      0        0

 COOLING
  YESTERDAY       18                        11      7       10
  MONTH TO DATE  266                       269     -3      369
  SINCE JUN 1   1020                       935     85     1162
  SINCE JAN 1   1131                      1026    105     1276
..................................................................


WIND (MPH)
  HIGHEST WIND SPEED    37   HIGHEST WIND DIRECTION     W (280)
  HIGHEST GUST SPEED    47   HIGHEST GUST DIRECTION     W (270)
  AVERAGE WIND SPEED    13.1


SKY COVER
  POSSIBLE SUNSHINE  MM
  AVERAGE SKY COVER 0.7


WEATHER CONDITIONS
 THE FOLLOWING WEATHER WAS RECORDED YESTERDAY.
  THUNDERSTORM
  HEAVY RAIN
  RAIN
  LIGHT RAIN
  FOG
  FOG W/VISIBILITY <= 1/4 MILE
  HAZE


RELATIVE HUMIDITY (PERCENT)
 HIGHEST    94           200 AM
 LOWEST     49           500 PM
 AVERAGE    72

..........................................................


THE PHILADELPHIA PA CLIMATE NORMALS FOR TODAY
                         NORMAL    RECORD    YEAR
 MAXIMUM TEMPERATURE (F)   85        94      1916
 MINIMUM TEMPERATURE (F)   67        53      1952


SUNRISE AND SUNSET
AUGUST 23 2017........SUNRISE   621 AM EDT   SUNSET   746 PM EDT
AUGUST 24 2017........SUNRISE   622 AM EDT   SUNSET   744 PM EDT


-  INDICATES NEGATIVE NUMBERS.
R  INDICATES RECORD WAS SET OR TIED.
MM INDICATES DATA IS MISSING.
T  INDICATES TRACE AMOUNT.




$$
