000
CDUS41 KPHI 290645
CLIPHL


CLIMATE REPORT
NATIONAL WEATHER SERVICE MOUNT HOLLY NJ
245 AM EDT FRI MAY 29 2015


...................................

...THE PHILADELPHIA PA CLIMATE SUMMARY FOR MAY 28 2015...

CLIMATE NORMAL PERIOD 1981 TO 2010
CLIMATE RECORD PERIOD 1872 TO 2015


WEATHER ITEM   OBSERVED TIME   RECORD YEAR NORMAL DEPARTURE LAST
                VALUE   (LST)  VALUE       VALUE  FROM      YEAR
                                                  NORMAL
..................................................................
TEMPERATURE (F)
 YESTERDAY
  MAXIMUM         89    239 PM  94    1941  77     12       74
  MINIMUM         70    517 AM  41    1961  58     12       55
  AVERAGE         80                        68     12       65

PRECIPITATION (IN)
  YESTERDAY        T             2.28 1982   0.12  -0.12     0.61
  MONTH TO DATE    1.19                      3.33  -2.14     2.91
  SINCE MAR 1     10.29                     10.68  -0.39    13.83
  SINCE JAN 1     17.17                     16.36   0.81    22.50

SNOWFALL (IN)
  YESTERDAY        0.0           0.0  1870   0.0    0.0      0.0
  MONTH TO DATE    0.0                       0.0    0.0      0.0
  SINCE MAR 1     12.0                       3.4    8.6      8.5
  SINCE JUL 1     27.0                      22.4    4.6     68.0
  SNOW DEPTH       0

DEGREE DAYS
 HEATING
  YESTERDAY        0                         2     -2        0
  MONTH TO DATE   32                       107    -75       46
  SINCE MAR 1   1111                      1115     -4     1186
  SINCE JUL 1   4764                      4597    167     4842

 COOLING
  YESTERDAY       15                         4     11        0
  MONTH TO DATE  155                        63     92       72
  SINCE MAR 1    158                        76     82       81
  SINCE JAN 1    158                        76     82       81
..................................................................


WIND (MPH)
  HIGHEST WIND SPEED    25   HIGHEST WIND DIRECTION    SW (240)
  HIGHEST GUST SPEED    31   HIGHEST GUST DIRECTION    SW (240)
  AVERAGE WIND SPEED     7.4


SKY COVER
  POSSIBLE SUNSHINE  MM
  AVERAGE SKY COVER 0.8


WEATHER CONDITIONS
 THE FOLLOWING WEATHER WAS RECORDED YESTERDAY.
  NO SIGNIFICANT WEATHER WAS OBSERVED.


RELATIVE HUMIDITY (PERCENT)
 HIGHEST    93          1200 AM
 LOWEST     46           200 PM
 AVERAGE    70

..........................................................


THE PHILADELPHIA PA CLIMATE NORMALS FOR TODAY
                         NORMAL    RECORD    YEAR
 MAXIMUM TEMPERATURE (F)   78        95      1991
 MINIMUM TEMPERATURE (F)   58        42      1884


SUNRISE AND SUNSET
MAY 29 2015...........SUNRISE   536 AM EDT   SUNSET   821 PM EDT
MAY 30 2015...........SUNRISE   536 AM EDT   SUNSET   822 PM EDT


-  INDICATES NEGATIVE NUMBERS.
R  INDICATES RECORD WAS SET OR TIED.
MM INDICATES DATA IS MISSING.
T  INDICATES TRACE AMOUNT.




$$
