000
CDUS41 KPHI 060627
CLIPHL


CLIMATE REPORT
NATIONAL WEATHER SERVICE MOUNT HOLLY NJ
227 AM EDT FRI MAY 6 2016


...................................

...THE PHILADELPHIA PA CLIMATE SUMMARY FOR MAY 5 2016...

CLIMATE NORMAL PERIOD 1981 TO 2010
CLIMATE RECORD PERIOD 1872 TO 2016


WEATHER ITEM   OBSERVED TIME   RECORD YEAR NORMAL DEPARTURE LAST
                VALUE   (LST)  VALUE       VALUE  FROM      YEAR
                                                  NORMAL
..................................................................
TEMPERATURE (F)
 YESTERDAY
  MAXIMUM         58    838 PM  90    1928  71    -13       85
  MINIMUM         50    833 AM  33    1966  51     -1       62
  AVERAGE         54                        60     -6       74

PRECIPITATION (IN)
  YESTERDAY        T             1.80 1948   0.11  -0.11     0.00
  MONTH TO DATE    1.24                      0.54   0.70     0.00
  SINCE MAR 1      5.00                      7.89  -2.89     9.10
  SINCE JAN 1     11.99                     13.57  -1.58    15.98

SNOWFALL (IN)
  YESTERDAY        0.0           0.0  1870   0.0    0.0      0.0
  MONTH TO DATE    0.0                       0.0    0.0      0.0
  SINCE MAR 1      1.3                       3.4   -2.1     12.0
  SINCE JUL 1     27.5                      22.4    5.1     27.0
  SNOW DEPTH       0

DEGREE DAYS
 HEATING
  YESTERDAY       11                         6      5        0
  MONTH TO DATE   54                        31     23       12
  SINCE MAR 1    810                      1039   -229     1091
  SINCE JUL 1   3496                      4521  -1025     4744

 COOLING
  YESTERDAY        0                         1     -1        9
  MONTH TO DATE    0                         5     -5       14
  SINCE MAR 1     23                        18      5       17
  SINCE JAN 1     23                        18      5       17
..................................................................


WIND (MPH)
  HIGHEST WIND SPEED    18   HIGHEST WIND DIRECTION    NE (30)
  HIGHEST GUST SPEED    25   HIGHEST GUST DIRECTION    NE (50)
  AVERAGE WIND SPEED    11.1


SKY COVER
  POSSIBLE SUNSHINE  MM
  AVERAGE SKY COVER 1.0


WEATHER CONDITIONS
 THE FOLLOWING WEATHER WAS RECORDED YESTERDAY.
  LIGHT RAIN
  FOG


RELATIVE HUMIDITY (PERCENT)
 HIGHEST    83          1200 AM
 LOWEST     62           400 PM
 AVERAGE    73

..........................................................


THE PHILADELPHIA PA CLIMATE NORMALS FOR TODAY
                         NORMAL    RECORD    YEAR
 MAXIMUM TEMPERATURE (F)   71        90      1986
 MINIMUM TEMPERATURE (F)   51        36      1891


SUNRISE AND SUNSET
MAY  6 2016...........SUNRISE   555 AM EDT   SUNSET   801 PM EDT
MAY  7 2016...........SUNRISE   554 AM EDT   SUNSET   802 PM EDT


-  INDICATES NEGATIVE NUMBERS.
R  INDICATES RECORD WAS SET OR TIED.
MM INDICATES DATA IS MISSING.
T  INDICATES TRACE AMOUNT.




$$
