754
CDUS41 KPHI 090630
CLIPHL


CLIMATE REPORT
NATIONAL WEATHER SERVICE MOUNT HOLLY NJ
129 AM EST FRI DEC 9 2016


...................................

...THE PHILADELPHIA PA CLIMATE SUMMARY FOR DECEMBER 8 2016...

CLIMATE NORMAL PERIOD 1981 TO 2010
CLIMATE RECORD PERIOD 1872 TO 2016


WEATHER ITEM   OBSERVED TIME   RECORD YEAR NORMAL DEPARTURE LAST
                VALUE   (LST)  VALUE       VALUE  FROM      YEAR
                                                  NORMAL
..................................................................
TEMPERATURE (F)
 YESTERDAY
  MAXIMUM         46    302 PM  67    1980  47     -1       50
  MINIMUM         32   1159 PM  14    1882  32      0       36
  AVERAGE         39                        40     -1       43

PRECIPITATION (IN)
  YESTERDAY        0.00          1.22 1972   0.12  -0.12     0.00
  MONTH TO DATE    0.94                      0.99  -0.05     0.86
  SINCE DEC 1      0.94                      0.99  -0.05     0.86
  SINCE JAN 1     33.54                     38.96  -5.42    42.72

SNOWFALL (IN)
  YESTERDAY        0.0           8.6  2013   0.0    0.0      0.0
  MONTH TO DATE    T                         0.5   -0.5      0.0
  SINCE DEC 1      T                         0.5   -0.5      0.0
  SINCE JUL 1      T                         0.8   -0.8      0.0
  SNOW DEPTH       0

DEGREE DAYS
 HEATING
  YESTERDAY       26                        25      1       22
  MONTH TO DATE  160                       193    -33      143
  SINCE DEC 1    160                       193    -33      143
  SINCE JUL 1    791                      1009   -218      703

 COOLING
  YESTERDAY        0                         0      0        0
  MONTH TO DATE    0                         0      0        0
  SINCE DEC 1      0                         0      0        0
  SINCE JAN 1   1726                      1301    425     1718
..................................................................


WIND (MPH)
  HIGHEST WIND SPEED    23   HIGHEST WIND DIRECTION     W (280)
  HIGHEST GUST SPEED    31   HIGHEST GUST DIRECTION     W (280)
  AVERAGE WIND SPEED    11.8


SKY COVER
  POSSIBLE SUNSHINE  MM
  AVERAGE SKY COVER 0.7


WEATHER CONDITIONS
 THE FOLLOWING WEATHER WAS RECORDED YESTERDAY.
  NO SIGNIFICANT WEATHER WAS OBSERVED.


RELATIVE HUMIDITY (PERCENT)
 HIGHEST    92           100 AM
 LOWEST     31           300 PM
 AVERAGE    62

..........................................................


THE PHILADELPHIA PA CLIMATE NORMALS FOR TODAY
                         NORMAL    RECORD    YEAR
 MAXIMUM TEMPERATURE (F)   47        70      1966
 MINIMUM TEMPERATURE (F)   32         6      1876


SUNRISE AND SUNSET
DECEMBER  9 2016......SUNRISE   711 AM EST   SUNSET   436 PM EST
DECEMBER 10 2016......SUNRISE   712 AM EST   SUNSET   436 PM EST


-  INDICATES NEGATIVE NUMBERS.
R  INDICATES RECORD WAS SET OR TIED.
MM INDICATES DATA IS MISSING.
T  INDICATES TRACE AMOUNT.




$$
