000
CDUS41 KPHI 202132
CLIPHL


CLIMATE REPORT
NATIONAL WEATHER SERVICE MOUNT HOLLY NJ
432 PM EST THU NOV 20 2014


...................................

...THE PHILADELPHIA PA CLIMATE SUMMARY FOR NOVEMBER 20 2014...
VALID TODAY AS OF 0400 PM LOCAL TIME.

CLIMATE NORMAL PERIOD 1981 TO 2010
CLIMATE RECORD PERIOD 1872 TO 2014


WEATHER ITEM   OBSERVED TIME   RECORD YEAR NORMAL DEPARTURE LAST
                VALUE   (LST)  VALUE       VALUE  FROM      YEAR
                                                  NORMAL
..................................................................
TEMPERATURE (F)
 TODAY
  MAXIMUM         50    319 PM  76    1985  54     -4       47
  MINIMUM         35    726 AM  21    1984  38     -3       32
  AVERAGE         43                        46     -3       40

PRECIPITATION (IN)
  TODAY            0.00          2.59 1876   0.10  -0.10     0.00
  MONTH TO DATE    2.75                      1.90   0.85     0.42
  SINCE SEP 1      6.97                      8.86  -1.89     6.13
  SINCE JAN 1     42.78                     36.88   5.90    48.37

SNOWFALL (IN)
  TODAY            0.0           3.2  1961   0.0    0.0      0.0
  MONTH TO DATE    T                         0.1   -0.1       T
  SINCE SEP 1      T                         0.1   -0.1       T
  SINCE JUL 1      T                         0.1   -0.1       T
  SNOW DEPTH       0

DEGREE DAYS
 HEATING
  TODAY           22                        19      3       25
  MONTH TO DATE  372                       314     58      319
  SINCE SEP 1    562                       606    -44      548
  SINCE JUL 1    562                       607    -45      548

 COOLING
  TODAY            0                         0      0        0
  MONTH TO DATE    0                         0      0        0
  SINCE SEP 1    213                       183     30      195
  SINCE JAN 1   1311                      1300     11     1411
..................................................................


WIND (MPH)
  HIGHEST WIND SPEED    22   HIGHEST WIND DIRECTION     W (260)
  HIGHEST GUST SPEED    27   HIGHEST GUST DIRECTION     W (260)
  AVERAGE WIND SPEED    12.7


SKY COVER
  POSSIBLE SUNSHINE  MM
  AVERAGE SKY COVER 0.6


WEATHER CONDITIONS
 THE FOLLOWING WEATHER WAS RECORDED TODAY.
  NO SIGNIFICANT WEATHER WAS OBSERVED.


RELATIVE HUMIDITY (PERCENT)
 HIGHEST    52           400 AM
 LOWEST     36           100 PM
 AVERAGE    44

..........................................................


THE PHILADELPHIA PA CLIMATE NORMALS FOR TOMORROW
                         NORMAL    RECORD    YEAR
 MAXIMUM TEMPERATURE (F)   54        74      1931
                                             1900
 MINIMUM TEMPERATURE (F)   38        19      1879


SUNRISE AND SUNSET
NOVEMBER 20 2014......SUNRISE   651 AM EST   SUNSET   441 PM EST
NOVEMBER 21 2014......SUNRISE   653 AM EST   SUNSET   441 PM EST


-  INDICATES NEGATIVE NUMBERS.
R  INDICATES RECORD WAS SET OR TIED.
MM INDICATES DATA IS MISSING.
T  INDICATES TRACE AMOUNT.




$$
