000
CDUS43 KUNR 250832
CLIPHP


CLIMATE REPORT
NATIONAL WEATHER SERVICE RAPID CITY SD
231 AM MDT SUN JUN 25 2017


...................................

...THE PHILIP SD CLIMATE SUMMARY FOR JUNE 24 2017...

CLIMATE NORMAL PERIOD 1981 TO 2010
CLIMATE RECORD PERIOD 9999 TO 9999


WEATHER ITEM   OBSERVED TIME   NORMAL DEPARTURE LAST
                VALUE   (LST)  VALUE  FROM      YEAR
                                      NORMAL
......................................................
TEMPERATURE (F)
 YESTERDAY
  MAXIMUM         78    215 PM  84     -6      103
  MINIMUM         41    254 AM  56    -15       63
  AVERAGE         60            70    -10       83

PRECIPITATION (IN)
  YESTERDAY        0.00          0.10  -0.10     0.00
  MONTH TO DATE    1.48          2.39  -0.91     0.50
  SINCE JUN 1      1.48          2.39  -0.91     0.50
  SINCE JAN 1      6.32          9.31  -2.99     7.22

DEGREE DAYS
 HEATING
  YESTERDAY        5             1      4        0
  MONTH TO DATE   13            58    -45        7
  SINCE JUN 1     13            58    -45        7
  SINCE JUL 1   6665          7192   -527     6323

 COOLING
  YESTERDAY        0             6     -6       18
  MONTH TO DATE  129            85     44      189
  SINCE JUN 1    129            85     44      189
  SINCE JAN 1    142           112     30      203
......................................................


WIND (MPH)
  HIGHEST WIND SPEED    29   HIGHEST WIND DIRECTION    NW (310)
  HIGHEST GUST SPEED    37   HIGHEST GUST DIRECTION     N (340)
  AVERAGE WIND SPEED    13.9


SKY COVER
  AVERAGE SKY COVER 0.1


WEATHER CONDITIONS
 THE FOLLOWING WEATHER WAS RECORDED YESTERDAY.
  NO SIGNIFICANT WEATHER WAS OBSERVED.


RELATIVE HUMIDITY (PERCENT)
 HIGHEST    70           200 AM
 LOWEST     19           500 PM
 AVERAGE    45

..........................................................




SUNRISE AND SUNSET
JUNE 25 2017..........SUNRISE   505 AM MDT   SUNSET   834 PM MDT
JUNE 26 2017..........SUNRISE   505 AM MDT   SUNSET   834 PM MDT


-  INDICATES NEGATIVE NUMBERS.
R  INDICATES RECORD WAS SET OR TIED.
MM INDICATES DATA IS MISSING.
T  INDICATES TRACE AMOUNT.




$$
