000
CDUS43 KUNR 280832
CLIPHP


CLIMATE REPORT
NATIONAL WEATHER SERVICE RAPID CITY SD
232 AM MDT FRI APR 28 2017


...................................

...THE PHILIP SD CLIMATE SUMMARY FOR APRIL 27 2017...

CLIMATE NORMAL PERIOD 1981 TO 2010
CLIMATE RECORD PERIOD 9999 TO 9999


WEATHER ITEM   OBSERVED TIME   NORMAL DEPARTURE LAST
                VALUE   (LST)  VALUE  FROM      YEAR
                                      NORMAL
......................................................
TEMPERATURE (F)
 YESTERDAY
  MAXIMUM         49    431 PM  65    -16       42
  MINIMUM         22    502 AM  37    -15       33
  AVERAGE         36            50    -14       38

PRECIPITATION (IN)
  YESTERDAY        0.00          0.09  -0.09     0.63
  MONTH TO DATE    1.76          1.56   0.20     3.96
  SINCE MAR 1      2.56          2.83  -0.27     4.67
  SINCE JAN 1      3.63          3.61   0.02     5.35

DEGREE DAYS
 HEATING
  YESTERDAY       29            15     14       27
  MONTH TO DATE  450           521    -71      444
  SINCE MAR 1   1263          1459   -196     1175
  SINCE JUL 1   6323          6824   -501     5987

 COOLING
  YESTERDAY        0             0      0        0
  MONTH TO DATE    0             0      0        1
  SINCE MAR 1      0             0      0        1
  SINCE JAN 1      0             0      0        1
......................................................


WIND (MPH)
  HIGHEST WIND SPEED    15   HIGHEST WIND DIRECTION     E (80)
  HIGHEST GUST SPEED    19   HIGHEST GUST DIRECTION     E (80)
  AVERAGE WIND SPEED     7.1


SKY COVER
  AVERAGE SKY COVER 0.3


WEATHER CONDITIONS
 THE FOLLOWING WEATHER WAS RECORDED YESTERDAY.
  FOG


RELATIVE HUMIDITY (PERCENT)
 HIGHEST   100           700 AM
 LOWEST     56           400 PM
 AVERAGE    78

..........................................................




SUNRISE AND SUNSET
APRIL 28 2017.........SUNRISE   542 AM MDT   SUNSET   747 PM MDT
APRIL 29 2017.........SUNRISE   540 AM MDT   SUNSET   748 PM MDT


-  INDICATES NEGATIVE NUMBERS.
R  INDICATES RECORD WAS SET OR TIED.
MM INDICATES DATA IS MISSING.
T  INDICATES TRACE AMOUNT.




$$
