000
CDUS43 KUNR 020854
CLIPHP


CLIMATE REPORT
NATIONAL WEATHER SERVICE RAPID CITY SD
252 AM MDT TUE JUN 2 2015


...................................

...THE PHILIP SD CLIMATE SUMMARY FOR JUNE 1 2015...

CLIMATE NORMAL PERIOD 1981 TO 2010
CLIMATE RECORD PERIOD 9999 TO 9999


WEATHER ITEM   OBSERVED TIME   NORMAL DEPARTURE LAST
                VALUE   (LST)  VALUE  FROM      YEAR
                                      NORMAL
......................................................
TEMPERATURE (F)
 YESTERDAY
  MAXIMUM         87    354 PM  75     12       72
  MINIMUM         47    356 AM  50     -3       54
  AVERAGE         67            62      5       63

PRECIPITATION (IN)
  YESTERDAY        0.00          0.10  -0.10     0.23
  MONTH TO DATE    0.00          0.10  -0.10     0.23
  SINCE JUN 1      0.00          0.10  -0.10     0.23
  SINCE JAN 1      6.98          7.02  -0.04     5.05

DEGREE DAYS
 HEATING
  YESTERDAY        0             4     -4        2
  MONTH TO DATE    0             4     -4        2
  SINCE JUN 1      0             4     -4        2
  SINCE JUL 1   6674          7138   -464     7469

 COOLING
  YESTERDAY        2             2      0        0
  MONTH TO DATE    2             2      0        0
  SINCE JUN 1      2             2      0        0
  SINCE JAN 1      8            29    -21       40
......................................................


WIND (MPH)
  HIGHEST WIND SPEED    26   HIGHEST WIND DIRECTION     W (290)
  HIGHEST GUST SPEED    38   HIGHEST GUST DIRECTION     W (280)
  AVERAGE WIND SPEED     7.9


SKY COVER
  AVERAGE SKY COVER 0.0


WEATHER CONDITIONS
 THE FOLLOWING WEATHER WAS RECORDED YESTERDAY.
  THUNDERSTORM


RELATIVE HUMIDITY (PERCENT)
 HIGHEST   100           400 AM
 LOWEST     40           300 PM
 AVERAGE    70

..........................................................




SUNRISE AND SUNSET
JUNE  2 2015..........SUNRISE   506 AM MDT   SUNSET   823 PM MDT
JUNE  3 2015..........SUNRISE   506 AM MDT   SUNSET   824 PM MDT


-  INDICATES NEGATIVE NUMBERS.
R  INDICATES RECORD WAS SET OR TIED.
MM INDICATES DATA IS MISSING.
T  INDICATES TRACE AMOUNT.




$$
