000
CDUS43 KUNR 210834
CLIPHP


CLIMATE REPORT
NATIONAL WEATHER SERVICE RAPID CITY SD
134 AM MST FRI NOV 21 2014


...................................

...THE PHILIP SD CLIMATE SUMMARY FOR NOVEMBER 20 2014...

CLIMATE NORMAL PERIOD 1981 TO 2010
CLIMATE RECORD PERIOD 9999 TO 9999


WEATHER ITEM   OBSERVED TIME   NORMAL DEPARTURE LAST
                VALUE   (LST)  VALUE  FROM      YEAR
                                      NORMAL
......................................................
TEMPERATURE (F)
 YESTERDAY
  MAXIMUM         29    341 PM  45    -16       39
  MINIMUM         10   1115 PM  19     -9       16
  AVERAGE         20            32    -12       28

PRECIPITATION (IN)
  YESTERDAY        0.00          0.02  -0.02      T
  MONTH TO DATE    0.26          0.48  -0.22     0.41
  SINCE SEP 1      2.76          3.40  -0.64     4.86
  SINCE JAN 1     16.19         16.78  -0.59    15.27

DEGREE DAYS
 HEATING
  YESTERDAY       45            33     12       37
  MONTH TO DATE  768           570    198      555
  SINCE SEP 1   1367          1248    119     1135
  SINCE JUL 1   1386          1273    113     1138

 COOLING
  YESTERDAY        0             0      0        0
  MONTH TO DATE    0             0      0        0
  SINCE SEP 1     70            83    -13      182
  SINCE JAN 1    649           818   -169      945
......................................................


WIND (MPH)
  HIGHEST WIND SPEED    13   HIGHEST WIND DIRECTION    SE (120)
  HIGHEST GUST SPEED    15   HIGHEST GUST DIRECTION     E (110)
  AVERAGE WIND SPEED     4.9


SKY COVER
  AVERAGE SKY COVER 0.3


WEATHER CONDITIONS
 THE FOLLOWING WEATHER WAS RECORDED YESTERDAY.
  NO SIGNIFICANT WEATHER WAS OBSERVED.


RELATIVE HUMIDITY (PERCENT)
 HIGHEST    92          1100 PM
 LOWEST     68          1000 AM
 AVERAGE    80

..........................................................




SUNRISE AND SUNSET
NOVEMBER 21 2014......SUNRISE   649 AM MST   SUNSET   415 PM MST
NOVEMBER 22 2014......SUNRISE   651 AM MST   SUNSET   414 PM MST


-  INDICATES NEGATIVE NUMBERS.
R  INDICATES RECORD WAS SET OR TIED.
MM INDICATES DATA IS MISSING.
T  INDICATES TRACE AMOUNT.




$$
