000
CDUS43 KUNR 200834
CLIPHP


CLIMATE REPORT
NATIONAL WEATHER SERVICE RAPID CITY SD
233 AM MDT FRI OCT 20 2017


...................................

...THE PHILIP SD CLIMATE SUMMARY FOR OCTOBER 19 2017...

CLIMATE NORMAL PERIOD 1981 TO 2010
CLIMATE RECORD PERIOD 9999 TO 9999


WEATHER ITEM   OBSERVED TIME   NORMAL DEPARTURE LAST
                VALUE   (LST)  VALUE  FROM      YEAR
                                      NORMAL
......................................................
TEMPERATURE (F)
 YESTERDAY
  MAXIMUM         86    210 PM  62     24       65
  MINIMUM         48    203 AM  33     15       39
  AVERAGE         67            47     20       52

PRECIPITATION (IN)
  YESTERDAY        0.00          0.05  -0.05     0.25
  MONTH TO DATE    1.38          0.96   0.42     0.41
  SINCE SEP 1      2.41          2.45  -0.04     0.64
  SINCE JAN 1     10.27         15.83  -5.56    12.65

DEGREE DAYS
 HEATING
  YESTERDAY        0            18    -18       13
  MONTH TO DATE  258           267     -9      223
  SINCE SEP 1    408           428    -20      315
  SINCE JUL 1    414           453    -39      334

 COOLING
  YESTERDAY        2             0      2        0
  MONTH TO DATE    2             0      2       12
  SINCE SEP 1    111            79     32       74
  SINCE JAN 1    907           814     93      904
......................................................


WIND (MPH)
  HIGHEST WIND SPEED    25   HIGHEST WIND DIRECTION     S (190)
  HIGHEST GUST SPEED    31   HIGHEST GUST DIRECTION     S (190)
  AVERAGE WIND SPEED    10.0


SKY COVER
  AVERAGE SKY COVER 0.0


WEATHER CONDITIONS
 THE FOLLOWING WEATHER WAS RECORDED YESTERDAY.
  NO SIGNIFICANT WEATHER WAS OBSERVED.


RELATIVE HUMIDITY (PERCENT)
 HIGHEST    61           200 AM
 LOWEST      9           200 PM
 AVERAGE    35

..........................................................




SUNRISE AND SUNSET
OCTOBER 20 2017.......SUNRISE   708 AM MDT   SUNSET   554 PM MDT
OCTOBER 21 2017.......SUNRISE   709 AM MDT   SUNSET   552 PM MDT


-  INDICATES NEGATIVE NUMBERS.
R  INDICATES RECORD WAS SET OR TIED.
MM INDICATES DATA IS MISSING.
T  INDICATES TRACE AMOUNT.




$$
