953
CDUS43 KUNR 220833
CLIPHP


CLIMATE REPORT
NATIONAL WEATHER SERVICE RAPID CITY SD
233 AM MDT TUE AUG 22 2017


...................................

...THE PHILIP SD CLIMATE SUMMARY FOR AUGUST 21 2017...

CLIMATE NORMAL PERIOD 1981 TO 2010
CLIMATE RECORD PERIOD 9999 TO 9999


WEATHER ITEM   OBSERVED TIME   NORMAL DEPARTURE LAST
                VALUE   (LST)  VALUE  FROM      YEAR
                                      NORMAL
......................................................
TEMPERATURE (F)
 YESTERDAY
  MAXIMUM         86    251 PM  88     -2       87
  MINIMUM         50   1159 PM  57     -7       46
  AVERAGE         68            73     -5       67

PRECIPITATION (IN)
  YESTERDAY        0.02          0.05  -0.03     0.00
  MONTH TO DATE    0.30          1.01  -0.71     2.17
  SINCE JUN 1      2.96          5.97  -3.01     4.61
  SINCE JAN 1      7.80         12.89  -5.09    11.33

DEGREE DAYS
 HEATING
  YESTERDAY        0             1     -1        0
  MONTH TO DATE    6             1      5        9
  SINCE JUN 1     29            72    -43       20
  SINCE JUL 1      6             9     -3       13

 COOLING
  YESTERDAY        3             8     -5        2
  MONTH TO DATE  100           210   -110      202
  SINCE JUN 1    710           638     72      755
  SINCE JAN 1    723           665     58      769
......................................................


WIND (MPH)
  HIGHEST WIND SPEED    24   HIGHEST WIND DIRECTION    NW (330)
  HIGHEST GUST SPEED    31   HIGHEST GUST DIRECTION    NW (330)
  AVERAGE WIND SPEED    10.2


SKY COVER
  AVERAGE SKY COVER 0.4


WEATHER CONDITIONS
 THE FOLLOWING WEATHER WAS RECORDED YESTERDAY.
  LIGHT RAIN
  FOG


RELATIVE HUMIDITY (PERCENT)
 HIGHEST   100           800 AM
 LOWEST     23           500 PM
 AVERAGE    62

..........................................................




SUNRISE AND SUNSET
AUGUST 22 2017........SUNRISE   558 AM MDT   SUNSET   739 PM MDT
AUGUST 23 2017........SUNRISE   600 AM MDT   SUNSET   737 PM MDT


-  INDICATES NEGATIVE NUMBERS.
R  INDICATES RECORD WAS SET OR TIED.
MM INDICATES DATA IS MISSING.
T  INDICATES TRACE AMOUNT.




$$
