000
CDUS43 KUNR 310843
CLIPHP


CLIMATE REPORT
NATIONAL WEATHER SERVICE RAPID CITY SD
243 AM MDT TUE MAY 31 2016


...................................

...THE PHILIP SD CLIMATE SUMMARY FOR MAY 30 2016...

CLIMATE NORMAL PERIOD 1981 TO 2010
CLIMATE RECORD PERIOD 9999 TO 9999


WEATHER ITEM   OBSERVED TIME   NORMAL DEPARTURE LAST
                VALUE   (LST)  VALUE  FROM      YEAR
                                      NORMAL
......................................................
TEMPERATURE (F)
 YESTERDAY
  MAXIMUM         85    145 PM  75     10       63
  MINIMUM         50   1159 PM  49      1       34
  AVERAGE         68            62      6       49

PRECIPITATION (IN)
  YESTERDAY        0.03          0.10  -0.07     0.00
  MONTH TO DATE    1.37          2.93  -1.56     6.44
  SINCE MAR 1      6.04          6.04   0.00     6.87
  SINCE JAN 1      6.72          6.82  -0.10     6.98

DEGREE DAYS
 HEATING
  YESTERDAY        0             4     -4       16
  MONTH TO DATE  257           262     -5      299
  SINCE MAR 1   1496          1764   -268     1530
  SINCE JUL 1   6308          7129   -821     6670

 COOLING
  YESTERDAY        3             1      2        0
  MONTH TO DATE   13            25    -12        3
  SINCE MAR 1     14            28    -14        6
  SINCE JAN 1     14            28    -14        6
......................................................


WIND (MPH)
  HIGHEST WIND SPEED    37   HIGHEST WIND DIRECTION    NW (320)
  HIGHEST GUST SPEED    45   HIGHEST GUST DIRECTION    NW (320)
  AVERAGE WIND SPEED    12.2


SKY COVER
  AVERAGE SKY COVER 0.2


WEATHER CONDITIONS
 THE FOLLOWING WEATHER WAS RECORDED YESTERDAY.
  THUNDERSTORM
  HEAVY RAIN


RELATIVE HUMIDITY (PERCENT)
 HIGHEST   100           300 AM
 LOWEST     33           200 PM
 AVERAGE    67

..........................................................




SUNRISE AND SUNSET
MAY 31 2016...........SUNRISE   507 AM MDT   SUNSET   822 PM MDT
JUNE  1 2016..........SUNRISE   506 AM MDT   SUNSET   823 PM MDT


-  INDICATES NEGATIVE NUMBERS.
R  INDICATES RECORD WAS SET OR TIED.
MM INDICATES DATA IS MISSING.
T  INDICATES TRACE AMOUNT.




$$
