000
CDUS43 KUNR 280833
CLIPHP


CLIMATE REPORT
NATIONAL WEATHER SERVICE RAPID CITY SD
231 AM MDT MON JUL 28 2014


...................................

...THE PHILIP SD CLIMATE SUMMARY FOR JULY 27 2014...

CLIMATE NORMAL PERIOD 1981 TO 2010
CLIMATE RECORD PERIOD 9999 TO 9999


WEATHER ITEM   OBSERVED TIME   NORMAL DEPARTURE LAST
                VALUE   (LST)  VALUE  FROM      YEAR
                                      NORMAL
......................................................
TEMPERATURE (F)
 YESTERDAY
  MAXIMUM         84    158 PM  91     -7       77
  MINIMUM         52    401 AM  61     -9       47
  AVERAGE         68            76     -8       62

PRECIPITATION (IN)
  YESTERDAY        0.00          0.05  -0.05     0.00
  MONTH TO DATE    0.11          1.83  -1.72     1.12
  SINCE JUN 1      4.11          4.76  -0.65     3.02
  SINCE JAN 1      8.93         11.68  -2.75     8.58

DEGREE DAYS
 HEATING
  YESTERDAY        0             0      0        3
  MONTH TO DATE   16             3     13        3
  SINCE JUN 1     94            66     28       67
  SINCE JUL 1     16             3     13        3

 COOLING
  YESTERDAY        3            11     -8        0
  MONTH TO DATE  233           260    -27      300
  SINCE JUN 1    289           383    -94      427
  SINCE JAN 1    329           410    -81      448
......................................................


WIND (MPH)
  HIGHEST WIND SPEED    23   HIGHEST WIND DIRECTION     N (340)
  HIGHEST GUST SPEED    31   HIGHEST GUST DIRECTION     N (340)
  AVERAGE WIND SPEED    10.8


SKY COVER
  AVERAGE SKY COVER 0.0


WEATHER CONDITIONS
 THE FOLLOWING WEATHER WAS RECORDED YESTERDAY.
  NO SIGNIFICANT WEATHER WAS OBSERVED.


RELATIVE HUMIDITY (PERCENT)
 HIGHEST    83           400 AM
 LOWEST     34           100 PM
 AVERAGE    59

..........................................................




SUNRISE AND SUNSET
JULY 28 2014..........SUNRISE   530 AM MDT   SUNSET   815 PM MDT
JULY 29 2014..........SUNRISE   531 AM MDT   SUNSET   814 PM MDT


-  INDICATES NEGATIVE NUMBERS.
R  INDICATES RECORD WAS SET OR TIED.
MM INDICATES DATA IS MISSING.
T  INDICATES TRACE AMOUNT.




$$
