000
CDUS43 KUNR 010832
CLIPHP


CLIMATE REPORT
NATIONAL WEATHER SERVICE RAPID CITY SD
230 AM MDT SAT AUG 1 2015


...................................

...THE PHILIP SD CLIMATE SUMMARY FOR JULY 31 2015...

CLIMATE NORMAL PERIOD 1981 TO 2010
CLIMATE RECORD PERIOD 9999 TO 9999


WEATHER ITEM   OBSERVED TIME   NORMAL DEPARTURE LAST
                VALUE   (LST)  VALUE  FROM      YEAR
                                      NORMAL
......................................................
TEMPERATURE (F)
 YESTERDAY
  MAXIMUM         92    235 PM  91      1       92
  MINIMUM         53    500 AM  61     -8       54
  AVERAGE         73            76     -3       73

PRECIPITATION (IN)
  YESTERDAY        T             0.05  -0.05     0.00
  MONTH TO DATE    0.62          2.03  -1.41     0.11
  SINCE JUN 1      6.45          4.96   1.49     4.11
  SINCE JAN 1     13.43         11.88   1.55     8.93

DEGREE DAYS
 HEATING
  YESTERDAY        0             0      0        0
  MONTH TO DATE    0             3     -3       16
  SINCE JUN 1     12            71    -59       94
  SINCE JUL 1      0             8     -8       16

 COOLING
  YESTERDAY        8            11     -3        8
  MONTH TO DATE  281           305    -24      250
  SINCE JUN 1    391           428    -37      306
  SINCE JAN 1    397           455    -58      346
......................................................


WIND (MPH)
  HIGHEST WIND SPEED    20   HIGHEST WIND DIRECTION     S (170)
  HIGHEST GUST SPEED    24   HIGHEST GUST DIRECTION     S (170)
  AVERAGE WIND SPEED     5.8


SKY COVER
  AVERAGE SKY COVER 0.0


WEATHER CONDITIONS
 THE FOLLOWING WEATHER WAS RECORDED YESTERDAY.
  THUNDERSTORM
  RAIN
  LIGHT RAIN


RELATIVE HUMIDITY (PERCENT)
 HIGHEST    93           300 AM
 LOWEST     27           500 PM
 AVERAGE    60

..........................................................




SUNRISE AND SUNSET
AUGUST  1 2015........SUNRISE   534 AM MDT   SUNSET   811 PM MDT
AUGUST  2 2015........SUNRISE   535 AM MDT   SUNSET   809 PM MDT


-  INDICATES NEGATIVE NUMBERS.
R  INDICATES RECORD WAS SET OR TIED.
MM INDICATES DATA IS MISSING.
T  INDICATES TRACE AMOUNT.




$$
