000
CDUS45 KPSR 250803
CLIPHX

CDUS45 KPSR DDHHMM
CLIPHX

CLIMATE REPORT
NATIONAL WEATHER SERVICE PHOENIX AZ
101 AM MST MON MAY 25 2015

...................................

...THE PHOENIX AZ CLIMATE SUMMARY FOR MAY 24 2015...

CLIMATE NORMAL PERIOD 1981 TO 2010
CLIMATE RECORD PERIOD 1895 TO 2015


WEATHER ITEM   OBSERVED TIME   RECORD YEAR NORMAL DEPARTURE LAST
                VALUE   (LST)  VALUE       VALUE  FROM      YEAR
                                                  NORMAL
..................................................................
TEMPERATURE (F)
 YESTERDAY
  MAXIMUM         85    426 PM 109    2001  97    -12       91
                                      1983
  MINIMUM         66    626 AM  52    1909  72     -6       69
  AVERAGE         76                        84     -8       80

PRECIPITATION (IN)
  YESTERDAY        0.00          0.34 1994   0.00   0.00     0.00
  MONTH TO DATE    1.17                      0.09   1.08     0.00
  SINCE OCT 1      3.54                      5.30  -1.76     3.81
  SINCE JAN 1      2.50                      3.19  -0.69     0.99

SNOWFALL (IN)
  YESTERDAY        0.0
  MONTH TO DATE    0.0
  SINCE JAN 1      0.0
  SINCE JUL 1      0.0
  SNOW DEPTH       0

DEGREE DAYS
 HEATING
  YESTERDAY        0                         0      0        0
  MONTH TO DATE    0                         0      0        0
  SINCE MAR 1     25                       101    -76       12
  SINCE JUL 1    520                       934   -414      546

 COOLING
  YESTERDAY       11                        20     -9       15
  MONTH TO DATE  285                       387   -102      384
  SINCE MAR 1    827                       725    102      827
  SINCE JAN 1    875                       742    133      889
..................................................................


WIND (MPH)
  HIGHEST WIND SPEED    16   HIGHEST WIND DIRECTION     W (260)
  HIGHEST GUST SPEED    20   HIGHEST GUST DIRECTION     W (270)
  AVERAGE WIND SPEED     5.6


SKY COVER
  AVERAGE SKY COVER 0.3


WEATHER CONDITIONS
 THE FOLLOWING WEATHER WAS RECORDED YESTERDAY.
  NO SIGNIFICANT WEATHER WAS OBSERVED.


RELATIVE HUMIDITY (PERCENT)
 HIGHEST    42           500 AM
 LOWEST     17           700 PM
 AVERAGE    30

..........................................................


THE PHOENIX AZ CLIMATE NORMALS FOR TODAY
                         NORMAL    RECORD    YEAR
 MAXIMUM TEMPERATURE (F)   98       108      2001
 MINIMUM TEMPERATURE (F)   72        48      1965


SUNRISE AND SUNSET
MAY 25 2015...........SUNRISE   522 AM MST   SUNSET   728 PM MST
MAY 26 2015...........SUNRISE   522 AM MST   SUNSET   729 PM MST


-  INDICATES NEGATIVE NUMBERS.
R  INDICATES RECORD WAS SET OR TIED.
MM INDICATES DATA IS MISSING.
T  INDICATES TRACE AMOUNT.

&&
.....................................................................

DEW POINT
  HIGHEST DEW POINT    43
   LOWEST DEW POINT    34
  AVERAGE DEW POINT    39
.....................................................................

$$
