000
CDUS45 KPSR 200905
CLIPHX

CLIMATE REPORT
NATIONAL WEATHER SERVICE PHOENIX AZ
203 AM MST SUN APR 20 2014


...................................

...THE PHOENIX AZ CLIMATE SUMMARY FOR APRIL 19 2014...

CLIMATE NORMAL PERIOD 1981 TO 2010
CLIMATE RECORD PERIOD 1895 TO 2014


WEATHER ITEM   OBSERVED TIME   RECORD YEAR NORMAL DEPARTURE LAST
                VALUE   (LST)  VALUE       VALUE  FROM      YEAR
                                                  NORMAL
..................................................................
TEMPERATURE (F)
 YESTERDAY
  MAXIMUM         89    232 PM 103    1989  86      3       82
  MINIMUM         63    611 AM  37    1968  61      2       58
  AVERAGE         76                        74      2       70

PRECIPITATION (IN)
  YESTERDAY        0.00          0.82 1951   0.01  -0.01     0.00
  MONTH TO DATE    T                         0.23  -0.23     0.06
  SINCE OCT 1      3.81                      5.16  -1.35     3.53
  SINCE JAN 1      0.99                      3.05  -2.06     2.61

SNOWFALL (IN)
  YESTERDAY        0.0
  MONTH TO DATE    0.0
  SINCE JAN 1      0.0
  SINCE JUL 1      0.0
  SNOW DEPTH       0

DEGREE DAYS
 HEATING
  YESTERDAY        0                         0      0        0
  MONTH TO DATE    5                        17    -12        0
  SINCE MAR 1     12                        98    -86       34
  SINCE JUL 1    546                       931   -385      881

 COOLING
  YESTERDAY       11                         9      2        5
  MONTH TO DATE  176                       132     44      148
  SINCE MAR 1    313                       219     94      328
  SINCE JAN 1    375                       236    139      336
..................................................................


WIND (MPH)
  HIGHEST WIND SPEED    16   HIGHEST WIND DIRECTION    SE (140)
  HIGHEST GUST SPEED    21   HIGHEST GUST DIRECTION    SE (150)
  AVERAGE WIND SPEED     3.0


SKY COVER
  AVERAGE SKY COVER 0.5


WEATHER CONDITIONS
 THE FOLLOWING WEATHER WAS RECORDED YESTERDAY.
  NO SIGNIFICANT WEATHER WAS OBSERVED.


RELATIVE HUMIDITY (PERCENT)
 HIGHEST    45           300 AM
 LOWEST     16           600 PM
 AVERAGE    31

..........................................................


THE PHOENIX AZ CLIMATE NORMALS FOR TODAY
                         NORMAL    RECORD    YEAR
 MAXIMUM TEMPERATURE (F)   87       105      1989
 MINIMUM TEMPERATURE (F)   61        38      1933


SUNRISE AND SUNSET
APRIL 20 2014.........SUNRISE   552 AM MST   SUNSET   703 PM MST
APRIL 21 2014.........SUNRISE   551 AM MST   SUNSET   703 PM MST


-  INDICATES NEGATIVE NUMBERS.
R  INDICATES RECORD WAS SET OR TIED.
MM INDICATES DATA IS MISSING.
T  INDICATES TRACE AMOUNT.

&&
.....................................................................

DEW POINT
  HIGHEST DEW POINT    45
   LOWEST DEW POINT    34
  AVERAGE DEW POINT    41
.....................................................................

$$
