000
CDUS45 KPSR 040803
CLIPHX

CDUS45 KPSR DDHHMM
CLIPHX

CLIMATE REPORT
NATIONAL WEATHER SERVICE PHOENIX AZ
103 AM MST TUE AUG 4 2015

...................................

...THE PHOENIX AZ CLIMATE SUMMARY FOR AUGUST 3 2015...

CLIMATE NORMAL PERIOD 1981 TO 2010
CLIMATE RECORD PERIOD 1895 TO 2015


WEATHER ITEM   OBSERVED TIME   RECORD YEAR NORMAL DEPARTURE LAST
                VALUE   (LST)  VALUE       VALUE  FROM      YEAR
                                                  NORMAL
..................................................................
TEMPERATURE (F)
 YESTERDAY
  MAXIMUM        110    430 PM 114    2009 105      5      103
                                      1975
  MINIMUM         87    606 AM  66    1956  84      3       80
  AVERAGE         99                        94      5       92

PRECIPITATION (IN)
  YESTERDAY        0.00          2.12 1943   0.04  -0.04      T
  MONTH TO DATE    0.00                      0.11  -0.11      T
  SINCE OCT 1      4.92                      6.50  -1.58     3.87
  SINCE JAN 1      3.88                      4.39  -0.51     1.05

SNOWFALL (IN)
  YESTERDAY        0.0
  MONTH TO DATE    0.0
  SINCE JAN 1      0.0
  SINCE JUL 1      0.0
  SNOW DEPTH       0

DEGREE DAYS
 HEATING
  YESTERDAY        0                         0      0        0
  MONTH TO DATE    0                         0      0        0
  SINCE JUN 1      0                         0      0        0
  SINCE JUL 1      0                         0      0        0

 COOLING
  YESTERDAY       34                        29      5       27
  MONTH TO DATE   93                        87      6       77
  SINCE JUN 1   1895                      1785    110     1916
  SINCE JAN 1   2920                      2671    249     2991
..................................................................


WIND (MPH)
  HIGHEST WIND SPEED    20   HIGHEST WIND DIRECTION     W (290)
  HIGHEST GUST SPEED    23   HIGHEST GUST DIRECTION     W (290)
  AVERAGE WIND SPEED     6.8


SKY COVER
  AVERAGE SKY COVER 0.2


WEATHER CONDITIONS
 THE FOLLOWING WEATHER WAS RECORDED YESTERDAY.
  NO SIGNIFICANT WEATHER WAS OBSERVED.


RELATIVE HUMIDITY (PERCENT)
 HIGHEST    36           600 AM
 LOWEST     11           400 PM
 AVERAGE    24

..........................................................


THE PHOENIX AZ CLIMATE NORMALS FOR TODAY
                         NORMAL    RECORD    YEAR
 MAXIMUM TEMPERATURE (F)  105       116      1975
 MINIMUM TEMPERATURE (F)   84        68      1962
                                             1956
                                             1950


SUNRISE AND SUNSET
AUGUST  4 2015........SUNRISE   543 AM MST   SUNSET   725 PM MST
AUGUST  5 2015........SUNRISE   543 AM MST   SUNSET   724 PM MST


-  INDICATES NEGATIVE NUMBERS.
R  INDICATES RECORD WAS SET OR TIED.
MM INDICATES DATA IS MISSING.
T  INDICATES TRACE AMOUNT.

&&
.....................................................................

DEW POINT
  HIGHEST DEW POINT    58
   LOWEST DEW POINT    40
  AVERAGE DEW POINT    51
.....................................................................

$$
