000
CDUS45 KPSR 140856
CLIPHX

CLIMATE REPORT
NATIONAL WEATHER SERVICE PHOENIX AZ
153 AM MST SUN FEB 14 2016


...................................

...THE PHOENIX AZ CLIMATE SUMMARY FOR FEBRUARY 13 2016...

CLIMATE NORMAL PERIOD 1981 TO 2010
CLIMATE RECORD PERIOD 1895 TO 2016


WEATHER ITEM   OBSERVED TIME   RECORD YEAR NORMAL DEPARTURE LAST
                VALUE   (LST)  VALUE       VALUE  FROM      YEAR
                                                  NORMAL
..................................................................
TEMPERATURE (F)
 YESTERDAY
  MAXIMUM         87    359 PM  88    1957  70     17       80
  MINIMUM         53    615 AM  27    1948  48      5       55
  AVERAGE         70                        59     11       68

PRECIPITATION (IN)
  YESTERDAY        0.00          1.42 2003   0.03  -0.03     0.00
  MONTH TO DATE    0.00                      0.37  -0.37     0.00
  SINCE OCT 1      2.48                      3.39  -0.91     1.85
  SINCE JAN 1      1.31                      1.28   0.03     0.81

SNOWFALL (IN)
  YESTERDAY        0.0
  MONTH TO DATE    0.0
  SINCE JAN 1      0.0
  SINCE JUL 1      0.0
  SNOW DEPTH       0

DEGREE DAYS
 HEATING
  YESTERDAY        0                         6     -6        0
  MONTH TO DATE   86                        86      0       11
  SINCE DEC 1    692                       653     39      427
  SINCE JUL 1    813                       756     57      481

 COOLING
  YESTERDAY        5                         0      5        3
  MONTH TO DATE   32                         0     32       30
  SINCE DEC 1     32                         3     29       40
  SINCE JAN 1     32                         2     30       30
..................................................................


WIND (MPH)
  HIGHEST WIND SPEED    10   HIGHEST WIND DIRECTION     W (270)
  HIGHEST GUST SPEED    14   HIGHEST GUST DIRECTION     W (260)
  AVERAGE WIND SPEED     4.3


SKY COVER
  AVERAGE SKY COVER 0.2


WEATHER CONDITIONS
 THE FOLLOWING WEATHER WAS RECORDED YESTERDAY.
  NO SIGNIFICANT WEATHER WAS OBSERVED.


RELATIVE HUMIDITY (PERCENT)
 HIGHEST    43           600 AM
 LOWEST      9           400 PM
 AVERAGE    26

..........................................................


THE PHOENIX AZ CLIMATE NORMALS FOR TODAY
                         NORMAL    RECORD    YEAR
 MAXIMUM TEMPERATURE (F)   71        85      2014
                                             1957
                                             1947
 MINIMUM TEMPERATURE (F)   49        28      1966


SUNRISE AND SUNSET
FEBRUARY 14 2016......SUNRISE   713 AM MST   SUNSET   611 PM MST
FEBRUARY 15 2016......SUNRISE   712 AM MST   SUNSET   612 PM MST


-  INDICATES NEGATIVE NUMBERS.
R  INDICATES RECORD WAS SET OR TIED.
MM INDICATES DATA IS MISSING.
T  INDICATES TRACE AMOUNT.

&&
.....................................................................

DEW POINT
  HIGHEST DEW POINT    37
   LOWEST DEW POINT    20
  AVERAGE DEW POINT    30
.....................................................................

$$
