000
CDUS45 KPSR 160821
CLIPHX

CLIMATE REPORT
NATIONAL WEATHER SERVICE PHOENIX AZ
119 AM MST TUE SEP 16 2014


...................................

...THE PHOENIX AZ CLIMATE SUMMARY FOR SEPTEMBER 15 2014...

CLIMATE NORMAL PERIOD 1981 TO 2010
CLIMATE RECORD PERIOD 1895 TO 2014


WEATHER ITEM   OBSERVED TIME   RECORD YEAR NORMAL DEPARTURE LAST
                VALUE   (LST)  VALUE       VALUE  FROM      YEAR
                                                  NORMAL
..................................................................
TEMPERATURE (F)
 YESTERDAY
  MAXIMUM        105    317 PM 110    2000 100      5      105
  MINIMUM         87    705 AM  53    1915  77     10       82
  AVERAGE         96                        89      7       94

PRECIPITATION (IN)
  YESTERDAY        0.00          0.07 1944   0.02  -0.02     0.00
  MONTH TO DATE    3.30                      0.35   2.95     0.86
  SINCE OCT 1      8.34                      7.74   0.60     6.52
  SINCE JAN 1      5.52                      5.63  -0.11     5.60

SNOWFALL (IN)
  YESTERDAY        0.0
  MONTH TO DATE    0.0
  SINCE JAN 1      0.0
  SINCE JUL 1      0.0
  SNOW DEPTH       0

DEGREE DAYS
 HEATING
  YESTERDAY        0                         0      0        0
  MONTH TO DATE    0                         0      0        0
  SINCE SEP 1      0                         0      0        0
  SINCE JUL 1      0                         0      0        0

 COOLING
  YESTERDAY       31                        24      7       29
  MONTH TO DATE  404                       387     17      392
  SINCE SEP 1    404                       387     17      392
  SINCE JAN 1   4149                      3856    293     4280
..................................................................


WIND (MPH)
  HIGHEST WIND SPEED    16   HIGHEST WIND DIRECTION    NE (60)
  HIGHEST GUST SPEED    21   HIGHEST GUST DIRECTION    NE (50)
  AVERAGE WIND SPEED     6.9


SKY COVER
  AVERAGE SKY COVER 0.3


WEATHER CONDITIONS
 THE FOLLOWING WEATHER WAS RECORDED YESTERDAY.
  NO SIGNIFICANT WEATHER WAS OBSERVED.


RELATIVE HUMIDITY (PERCENT)
 HIGHEST    39           600 AM
 LOWEST     21           500 PM
 AVERAGE    30

..........................................................


THE PHOENIX AZ CLIMATE NORMALS FOR TODAY
                         NORMAL    RECORD    YEAR
 MAXIMUM TEMPERATURE (F)  100       109      1928
 MINIMUM TEMPERATURE (F)   77        56      1906


SUNRISE AND SUNSET
SEPTEMBER 16 2014.....SUNRISE   612 AM MST   SUNSET   633 PM MST
SEPTEMBER 17 2014.....SUNRISE   613 AM MST   SUNSET   632 PM MST


-  INDICATES NEGATIVE NUMBERS.
R  INDICATES RECORD WAS SET OR TIED.
MM INDICATES DATA IS MISSING.
T  INDICATES TRACE AMOUNT.

&&
.....................................................................

DEW POINT
  HIGHEST DEW POINT    67
   LOWEST DEW POINT    56
  AVERAGE DEW POINT    58
.....................................................................

$$
