000
CDUS45 KPSR 282311
CLIPHX

CLIMATE REPORT
NATIONAL WEATHER SERVICE PHOENIX AZ
410 PM MST THU AUG 28 2014


...................................

...THE PHOENIX AZ CLIMATE SUMMARY FOR AUGUST 28 2014...
VALID TODAY AS OF 0400 PM LOCAL TIME.

CLIMATE NORMAL PERIOD 1981 TO 2010
CLIMATE RECORD PERIOD 1895 TO 2014


WEATHER ITEM   OBSERVED TIME   RECORD YEAR NORMAL DEPARTURE LAST
                VALUE   (LST)  VALUE       VALUE  FROM      YEAR
                                                  NORMAL
..................................................................
TEMPERATURE (F)
 TODAY
  MAXIMUM        105    351 PM 113    2009 104      1      107
                                      2005
                                      1998
  MINIMUM         83    607 AM  64    2008  82      1       83
                                      1920
  AVERAGE         94                        93      1       95

PRECIPITATION (IN)
  TODAY            0.00          0.94 2008   0.03  -0.03     0.00
  MONTH TO DATE    1.17                      0.92   0.25     0.36
  SINCE OCT 1      5.04                      7.31  -2.27     5.66
  SINCE JAN 1      2.22                      5.20  -2.98     4.74

SNOWFALL (IN)
  TODAY            0.0
  MONTH TO DATE    0.0
  SINCE JAN 1      0.0
  SINCE JUL 1      0.0
  SNOW DEPTH       0

DEGREE DAYS
 HEATING
  TODAY            0                         0      0        0
  MONTH TO DATE    0                         0      0        0
  SINCE JUN 1      0                         0      0        0
  SINCE JUL 1      0                         0      0        0

 COOLING
  TODAY           29                        28      1       30
  MONTH TO DATE  736                       802    -66      851
  SINCE JUN 1   2575                      2500     75     2712
  SINCE JAN 1   3650                      3386    264     3810
..................................................................


WIND (MPH)
  HIGHEST WIND SPEED    15   HIGHEST WIND DIRECTION    NW (300)
  HIGHEST GUST SPEED    20   HIGHEST GUST DIRECTION    NW (330)
  AVERAGE WIND SPEED     4.9


SKY COVER
  AVERAGE SKY COVER 0.2


WEATHER CONDITIONS
 THE FOLLOWING WEATHER WAS RECORDED TODAY.
  NO SIGNIFICANT WEATHER WAS OBSERVED.


RELATIVE HUMIDITY (PERCENT)
 HIGHEST    48           600 AM
 LOWEST     12           400 PM
 AVERAGE    30

..........................................................


THE PHOENIX AZ CLIMATE NORMALS FOR TOMORROW
                         NORMAL    RECORD    YEAR
 MAXIMUM TEMPERATURE (F)  104       113      2009
                                             2007
                                             1981
 MINIMUM TEMPERATURE (F)   82        64      1920


SUNRISE AND SUNSET
AUGUST 28 2014........SUNRISE   559 AM MST   SUNSET   658 PM MST
AUGUST 29 2014........SUNRISE   600 AM MST   SUNSET   657 PM MST


-  INDICATES NEGATIVE NUMBERS.
R  INDICATES RECORD WAS SET OR TIED.
MM INDICATES DATA IS MISSING.
T  INDICATES TRACE AMOUNT.

$$
