000
CDUS45 KPSR 260817
CLIPHX

CDUS45 KPSR DDHHMM
CLIPHX

CLIMATE REPORT
NATIONAL WEATHER SERVICE PHOENIX AZ
116 AM MST THU MAY 26 2016


...................................

...THE PHOENIX AZ CLIMATE SUMMARY FOR MAY 25 2016...

CLIMATE NORMAL PERIOD 1981 TO 2010
CLIMATE RECORD PERIOD 1895 TO 2016


WEATHER ITEM   OBSERVED TIME   RECORD YEAR NORMAL DEPARTURE LAST
                VALUE   (LST)  VALUE       VALUE  FROM      YEAR
                                                  NORMAL
..................................................................
TEMPERATURE (F)
 YESTERDAY
  MAXIMUM         91    502 PM 108    2001  98     -7       92
  MINIMUM         66    610 AM  48    1965  72     -6       67
  AVERAGE         79                        85     -6       80

PRECIPITATION (IN)
  YESTERDAY        0.00          0.05 1992   0.00   0.00     0.00
  MONTH TO DATE    0.05                      0.09  -0.04     1.17
  SINCE OCT 1      3.04                      5.30  -2.26     3.54
  SINCE JAN 1      1.87                      3.19  -1.32     2.50

SNOWFALL (IN)
  YESTERDAY        0.0
  MONTH TO DATE    0.0
  SINCE JAN 1      0.0
  SINCE JUL 1      0.0
  SNOW DEPTH       0

DEGREE DAYS
 HEATING
  YESTERDAY        0                         0      0        0
  MONTH TO DATE    0                         0      0        0
  SINCE MAR 1     16                       101    -85       25
  SINCE JUL 1    829                       934   -105      520

 COOLING
  YESTERDAY       14                        20     -6       15
  MONTH TO DATE  369                       407    -38      300
  SINCE MAR 1    794                       745     49      842
  SINCE JAN 1    907                       762    145      890
..................................................................


WIND (MPH)
  HIGHEST WIND SPEED    26   HIGHEST WIND DIRECTION     W (270)
  HIGHEST GUST SPEED    30   HIGHEST GUST DIRECTION     W (280)
  AVERAGE WIND SPEED     8.7


SKY COVER
  AVERAGE SKY COVER 0.1


WEATHER CONDITIONS
 THE FOLLOWING WEATHER WAS RECORDED YESTERDAY.
  NO SIGNIFICANT WEATHER WAS OBSERVED.


RELATIVE HUMIDITY (PERCENT)
 HIGHEST    29           500 AM
 LOWEST      6           500 PM
 AVERAGE    18

..........................................................


THE PHOENIX AZ CLIMATE NORMALS FOR TODAY
                         NORMAL    RECORD    YEAR
 MAXIMUM TEMPERATURE (F)   98       112      1951
 MINIMUM TEMPERATURE (F)   72        48      1916


SUNRISE AND SUNSET
MAY 26 2016...........SUNRISE   521 AM MST   SUNSET   729 PM MST
MAY 27 2016...........SUNRISE   521 AM MST   SUNSET   730 PM MST


-  INDICATES NEGATIVE NUMBERS.
R  INDICATES RECORD WAS SET OR TIED.
MM INDICATES DATA IS MISSING.
T  INDICATES TRACE AMOUNT.

&&
.....................................................................

DEW POINT
  HIGHEST DEW POINT    34
   LOWEST DEW POINT    16
  AVERAGE DEW POINT    28
.....................................................................

$$
