000
CDUS43 KILX 050650
CLIPIA


CLIMATE REPORT
NATIONAL WEATHER SERVICE LINCOLN IL
1238 AM CST THU MAR 5 2015


...................................

...THE PEORIA IL CLIMATE SUMMARY FOR MARCH 4 2015...

CLIMATE NORMAL PERIOD 1981 TO 2010
CLIMATE RECORD PERIOD 1883 TO 2015


WEATHER ITEM   OBSERVED TIME   RECORD YEAR NORMAL DEPARTURE LAST
                VALUE   (LST)  VALUE       VALUE  FROM      YEAR
                                                  NORMAL
..................................................................
TEMPERATURE (F)
 YESTERDAY
  MAXIMUM         30   1247 AM  77    1961  45    -15       31
  MINIMUM         13    733 AM  -6    1978  27    -14       12
  AVERAGE         22                        36    -14       22

PRECIPITATION (IN)
  YESTERDAY        0.00          1.48 1976   0.09  -0.09     0.00
  MONTH TO DATE    0.27                      0.33  -0.06     0.32
  SINCE MAR 1      0.27                      0.33  -0.06     0.32
  SINCE JAN 1      3.99                      3.90   0.09     5.19

SNOWFALL (IN)
  YESTERDAY        0.0           5.6  1965   0.1   -0.1      0.0
  MONTH TO DATE    2.7                       0.5    2.2      3.2
  SINCE MAR 1      2.7                       0.5    2.2      3.2
  SINCE JUL 1     27.0                      21.8    5.2     53.4
  SNOW DEPTH       2

DEGREE DAYS
 HEATING
  YESTERDAY       43                        29     14       43
  MONTH TO DATE  152                       119     33      200
  SINCE MAR 1    152                       119     33      200
  SINCE JUL 1   4858                      4635    223     5379

 COOLING
  YESTERDAY        0                         0      0        0
  MONTH TO DATE    0                         0      0        0
  SINCE MAR 1      0                         0      0        0
  SINCE JAN 1      0                         0      0        0
..................................................................


WIND (MPH)
  HIGHEST WIND SPEED    18   HIGHEST WIND DIRECTION    NW (310)
  HIGHEST GUST SPEED    25   HIGHEST GUST DIRECTION     N (340)
  AVERAGE WIND SPEED     9.4


SKY COVER
  POSSIBLE SUNSHINE  MM
  AVERAGE SKY COVER 0.3


WEATHER CONDITIONS
 THE FOLLOWING WEATHER WAS RECORDED YESTERDAY.
  NO SIGNIFICANT WEATHER WAS OBSERVED.


RELATIVE HUMIDITY (PERCENT)
 HIGHEST    75           100 AM
 LOWEST     41           400 PM
 AVERAGE    58

..........................................................


THE PEORIA IL CLIMATE NORMALS FOR TODAY
                         NORMAL    RECORD    YEAR
 MAXIMUM TEMPERATURE (F)   45        70      1946
                                             1918
 MINIMUM TEMPERATURE (F)   27        -8      1960


SUNRISE AND SUNSET
MARCH  5 2015.........SUNRISE   627 AM CST   SUNSET   554 PM CST
MARCH  6 2015.........SUNRISE   625 AM CST   SUNSET   555 PM CST


-  INDICATES NEGATIVE NUMBERS.
R  INDICATES RECORD WAS SET OR TIED.
MM INDICATES DATA IS MISSING.
T  INDICATES TRACE AMOUNT.




$$
