000
CDUS43 KILX 252202
CLIPIA


CLIMATE REPORT
NATIONAL WEATHER SERVICE LINCOLN IL
451 PM CDT WED MAY 25 2016


...................................

...THE PEORIA IL CLIMATE SUMMARY FOR MAY 25 2016...
VALID TODAY AS OF 0400 PM LOCAL TIME.

CLIMATE NORMAL PERIOD 1981 TO 2010
CLIMATE RECORD PERIOD 1883 TO 2016


WEATHER ITEM   OBSERVED TIME   RECORD YEAR NORMAL DEPARTURE LAST
                VALUE   (LST)  VALUE       VALUE  FROM      YEAR
                                                  NORMAL
..................................................................
TEMPERATURE (F)
 TODAY
  MAXIMUM         86    232 PM  93    1911  76     10       83
  MINIMUM         64    521 AM  30    1925  54     10       68
  AVERAGE         75                        65     10       76

PRECIPITATION (IN)
  TODAY            0.00          2.79 2011   0.14  -0.14     0.14
  MONTH TO DATE    2.56                      3.55  -0.99     3.86
  SINCE MAR 1      7.43                      9.98  -2.55     7.89
  SINCE JAN 1      8.81                     13.55  -4.74    11.61

SNOWFALL (IN)
  TODAY            0.0           0.0    MM   0.0    0.0      0.0
  MONTH TO DATE    0.0                       0.0    0.0      0.0
  SINCE MAR 1      0.2                       3.3   -3.1      2.7
  SINCE JUL 1     15.3                      24.6   -9.3     27.0
  SNOW DEPTH       0

DEGREE DAYS
 HEATING
  TODAY            0                         3     -3        0
  MONTH TO DATE  147                       133     14       74
  SINCE MAR 1   1058                      1282   -224     1091
  SINCE JUL 1   4641                      5798  -1157     5797

 COOLING
  TODAY           10                         3      7       11
  MONTH TO DATE   32                        45    -13      108
  SINCE MAR 1     50                        59     -9      119
  SINCE JAN 1     50                        59     -9      119
..................................................................


WIND (MPH)
  HIGHEST WIND SPEED    24   HIGHEST WIND DIRECTION     S (190)
  HIGHEST GUST SPEED    29   HIGHEST GUST DIRECTION     S (190)
  AVERAGE WIND SPEED    10.4


SKY COVER
  POSSIBLE SUNSHINE  MM
  AVERAGE SKY COVER 0.1


WEATHER CONDITIONS
 THE FOLLOWING WEATHER WAS RECORDED TODAY.
  NO SIGNIFICANT WEATHER WAS OBSERVED.


RELATIVE HUMIDITY (PERCENT)
 HIGHEST    87           200 AM
 LOWEST     51          1200 PM
 AVERAGE    69

..........................................................


THE PEORIA IL CLIMATE NORMALS FOR TOMORROW
                         NORMAL    RECORD    YEAR
 MAXIMUM TEMPERATURE (F)   76        95      1911
 MINIMUM TEMPERATURE (F)   55        34      1979


SUNRISE AND SUNSET
MAY 25 2016...........SUNRISE   533 AM CDT   SUNSET   818 PM CDT
MAY 26 2016...........SUNRISE   533 AM CDT   SUNSET   819 PM CDT


-  INDICATES NEGATIVE NUMBERS.
R  INDICATES RECORD WAS SET OR TIED.
MM INDICATES DATA IS MISSING.
T  INDICATES TRACE AMOUNT.




$$
