000
CDUS43 KILX 240634
CLIPIA


CLIMATE REPORT
NATIONAL WEATHER SERVICE LINCOLN IL
133 AM CDT SUN SEP 24 2017


...................................

...THE PEORIA IL CLIMATE SUMMARY FOR SEPTEMBER 23 2017...

CLIMATE NORMAL PERIOD 1981 TO 2010
CLIMATE RECORD PERIOD 1883 TO 2017


WEATHER ITEM   OBSERVED TIME   RECORD YEAR NORMAL DEPARTURE LAST
                VALUE   (LST)  VALUE       VALUE  FROM      YEAR
                                                  NORMAL
..................................................................
TEMPERATURE (F)
 YESTERDAY
  MAXIMUM         93R   254 PM  92    1937  74     19       87
                                      1892
                                      1891
  MINIMUM         68    616 AM  29    1995  52     16       67
  AVERAGE         81                        63     18       77

PRECIPITATION (IN)
  YESTERDAY        0.00          2.67 1961   0.10  -0.10      T
  MONTH TO DATE    0.54                      2.47  -1.93     3.86
  SINCE SEP 1      0.54                      2.47  -1.93     3.86
  SINCE JAN 1     26.27                     27.42  -1.15    28.87

SNOWFALL (IN)
  YESTERDAY        0.0           0.0    MM   0.0    0.0      0.0
  MONTH TO DATE    0.0                       0.0    0.0      0.0
  SINCE SEP 1      0.0                       0.0    0.0      0.0
  SINCE JUL 1      0.0                       0.0    0.0      0.0
  SNOW DEPTH       0

DEGREE DAYS
 HEATING
  YESTERDAY        0                         4     -4        0
  MONTH TO DATE   21                        45    -24        0
  SINCE SEP 1     21                        45    -24        0
  SINCE JUL 1     21                        51    -30        4

 COOLING
  YESTERDAY       16                         2     14       12
  MONTH TO DATE  141                       104     37      190
  SINCE SEP 1    141                       104     37      190
  SINCE JAN 1   1067                      1011     56     1347
..................................................................


WIND (MPH)
  HIGHEST WIND SPEED    12   HIGHEST WIND DIRECTION    SE (150)
  HIGHEST GUST SPEED    16   HIGHEST GUST DIRECTION     S (160)
  AVERAGE WIND SPEED     3.7


SKY COVER
  POSSIBLE SUNSHINE  MM
  AVERAGE SKY COVER 0.0


WEATHER CONDITIONS
 THE FOLLOWING WEATHER WAS RECORDED YESTERDAY.
  NO SIGNIFICANT WEATHER WAS OBSERVED.


RELATIVE HUMIDITY (PERCENT)
 HIGHEST    90           500 AM
 LOWEST     36           300 PM
 AVERAGE    63

..........................................................


THE PEORIA IL CLIMATE NORMALS FOR TODAY
                         NORMAL    RECORD    YEAR
 MAXIMUM TEMPERATURE (F)   74        92      2007
                                             1933
                                             1891
 MINIMUM TEMPERATURE (F)   51        33      1989


SUNRISE AND SUNSET
SEPTEMBER 24 2017.....SUNRISE   648 AM CDT   SUNSET   652 PM CDT
SEPTEMBER 25 2017.....SUNRISE   649 AM CDT   SUNSET   650 PM CDT


-  INDICATES NEGATIVE NUMBERS.
R  INDICATES RECORD WAS SET OR TIED.
MM INDICATES DATA IS MISSING.
T  INDICATES TRACE AMOUNT.




$$
