000
CDUS43 KILX 282128
CLIPIA


CLIMATE REPORT
NATIONAL WEATHER SERVICE LINCOLN IL
428 PM CDT TUE MAR 28 2017


...................................

...THE PEORIA IL CLIMATE SUMMARY FOR MARCH 28 2017...
VALID TODAY AS OF 0400 PM LOCAL TIME.

CLIMATE NORMAL PERIOD 1981 TO 2010
CLIMATE RECORD PERIOD 1883 TO 2017


WEATHER ITEM   OBSERVED TIME   RECORD YEAR NORMAL DEPARTURE LAST
                VALUE   (LST)  VALUE       VALUE  FROM      YEAR
                                                  NORMAL
..................................................................
TEMPERATURE (F)
 TODAY
  MAXIMUM         54    150 PM  83    1985  56     -2       57
                                      1910
  MINIMUM         47    931 AM  12    1887  35     12       37
  AVERAGE         51                        45      6       47

PRECIPITATION (IN)
  TODAY            0.00          1.21 1985   0.10  -0.10     0.00
  MONTH TO DATE    2.03                      2.48  -0.45     2.07
  SINCE MAR 1      2.03                      2.48  -0.45     2.07
  SINCE JAN 1      4.69                      6.05  -1.36     3.45

SNOWFALL (IN)
  TODAY            0.0           3.0  1894   0.1   -0.1      0.0
  MONTH TO DATE    4.2                       2.6    1.6      0.2
  SINCE MAR 1      4.2                       2.6    1.6      0.2
  SINCE JUL 1     13.9                      23.9  -10.0     15.3
  SNOW DEPTH       0

DEGREE DAYS
 HEATING
  TODAY           14                        20     -6       18
  MONTH TO DATE  630                       700    -70      510
  SINCE MAR 1    630                       700    -70      510
  SINCE JUL 1   4237                      5216   -979     4093

 COOLING
  TODAY            0                         0      0        0
  MONTH TO DATE    0                         0      0        0
  SINCE MAR 1      0                         0      0        0
  SINCE JAN 1      0                         0      0        0
..................................................................


WIND (MPH)
  HIGHEST WIND SPEED    10   HIGHEST WIND DIRECTION     E (70)
  HIGHEST GUST SPEED    14   HIGHEST GUST DIRECTION    NE (40)
  AVERAGE WIND SPEED     6.4


SKY COVER
  POSSIBLE SUNSHINE  MM
  AVERAGE SKY COVER 1.0


WEATHER CONDITIONS
 THE FOLLOWING WEATHER WAS RECORDED TODAY.
  FOG


RELATIVE HUMIDITY (PERCENT)
 HIGHEST    93          1200 AM
 LOWEST     66           200 PM
 AVERAGE    80

..........................................................


THE PEORIA IL CLIMATE NORMALS FOR TOMORROW
                         NORMAL    RECORD    YEAR
 MAXIMUM TEMPERATURE (F)   56        86      1986
                                             1895
 MINIMUM TEMPERATURE (F)   36        13      1887


SUNRISE AND SUNSET
MARCH 28 2017.........SUNRISE   648 AM CDT   SUNSET   720 PM CDT
MARCH 29 2017.........SUNRISE   647 AM CDT   SUNSET   721 PM CDT


-  INDICATES NEGATIVE NUMBERS.
R  INDICATES RECORD WAS SET OR TIED.
MM INDICATES DATA IS MISSING.
T  INDICATES TRACE AMOUNT.




$$
