000
CDUS43 KILX 212237
CLIPIA


CLIMATE REPORT
NATIONAL WEATHER SERVICE LINCOLN IL
437 PM CST SUN DEC 21 2014


...................................

...THE PEORIA IL CLIMATE SUMMARY FOR DECEMBER 21 2014...
VALID TODAY AS OF 0400 PM LOCAL TIME.

CLIMATE NORMAL PERIOD 1981 TO 2010
CLIMATE RECORD PERIOD 1883 TO 2014


WEATHER ITEM   OBSERVED TIME   RECORD YEAR NORMAL DEPARTURE LAST
                VALUE   (LST)  VALUE       VALUE  FROM      YEAR
                                                  NORMAL
..................................................................
TEMPERATURE (F)
 TODAY
  MAXIMUM         40    238 PM  60    1967  34      6       33
                                      1941
  MINIMUM         36    804 AM -18    1989  19     17       28
                                      1963
  AVERAGE         38                        27     11       31

PRECIPITATION (IN)
  TODAY            0.00          1.95 1949   0.07  -0.07     0.28
  MONTH TO DATE    0.55                      1.74  -1.19     1.28
  SINCE DEC 1      0.55                      1.74  -1.19     1.28
  SINCE JAN 1     39.09                     35.81   3.28    43.35

SNOWFALL (IN)
  TODAY            0.0           2.8  1983   0.3   -0.3      0.0
  MONTH TO DATE    T                         4.6   -4.6      7.7
  SINCE DEC 1      T                         4.6   -4.6      7.7
  SINCE JUL 1      1.3                       5.7   -4.4      8.3
  SNOW DEPTH       0

DEGREE DAYS
 HEATING
  TODAY           27                        38    -11       34
  MONTH TO DATE  662                       739    -77      814
  SINCE DEC 1    662                       739    -77      814
  SINCE JUL 1   1903                      1887     16     1996

 COOLING
  TODAY            0                         0      0        0
  MONTH TO DATE    0                         0      0        0
  SINCE DEC 1      0                         0      0        0
  SINCE JAN 1   1156                      1039    117     1174
..................................................................


WIND (MPH)
  HIGHEST WIND SPEED    20   HIGHEST WIND DIRECTION     S (180)
  HIGHEST GUST SPEED    27   HIGHEST GUST DIRECTION     S (170)
  AVERAGE WIND SPEED    10.2


SKY COVER
  POSSIBLE SUNSHINE  MM
  AVERAGE SKY COVER 1.0


WEATHER CONDITIONS
 THE FOLLOWING WEATHER WAS RECORDED TODAY.
  HAZE


RELATIVE HUMIDITY (PERCENT)
 HIGHEST    82           600 AM
 LOWEST     70          1100 AM
 AVERAGE    76

..........................................................


THE PEORIA IL CLIMATE NORMALS FOR TOMORROW
                         NORMAL    RECORD    YEAR
 MAXIMUM TEMPERATURE (F)   34        58      1933
 MINIMUM TEMPERATURE (F)   19       -23      1989


SUNRISE AND SUNSET
DECEMBER 21 2014......SUNRISE   719 AM CST   SUNSET   435 PM CST
DECEMBER 22 2014......SUNRISE   720 AM CST   SUNSET   435 PM CST


-  INDICATES NEGATIVE NUMBERS.
R  INDICATES RECORD WAS SET OR TIED.
MM INDICATES DATA IS MISSING.
T  INDICATES TRACE AMOUNT.




$$
