000
CDUS45 KPIH 290729
CLIPIH


CLIMATE REPORT
NATIONAL WEATHER SERVICE POCATELLO ID
128 AM MDT SUN MAY 29 2016


...................................

...THE POCATELLO ID CLIMATE SUMMARY FOR MAY 28 2016...

CLIMATE NORMAL PERIOD 1981 TO 2010
CLIMATE RECORD PERIOD 1939 TO 2016


WEATHER ITEM   OBSERVED TIME   RECORD YEAR NORMAL DEPARTURE LAST
                VALUE   (LST)  VALUE       VALUE  FROM      YEAR
                                                  NORMAL
..................................................................
TEMPERATURE (F)
 YESTERDAY
  MAXIMUM         68    337 PM  97    2003  71     -3       68
  MINIMUM         39    517 AM  32    1991  43     -4       43
                                      1955
  AVERAGE         54                        57     -3       56

PRECIPITATION (IN)
  YESTERDAY        0.00          1.16 1946   0.05  -0.05      T
  MONTH TO DATE    1.28                      1.32  -0.04     2.69
  SINCE OCT 1     10.71                      8.91   1.80     6.84
  SINCE JAN 1      7.14                      5.69   1.45     4.45

SNOWFALL (IN)
  YESTERDAY        0.0
  MONTH TO DATE    T
  SINCE MAR 1      5.3
  SINCE JUL 1     33.5
  SNOW DEPTH       0

DEGREE DAYS
 HEATING
  YESTERDAY       11                         8      3        9
  MONTH TO DATE  310                       329    -19      277
  SINCE MAR 1   1483                      1750   -267     1467
  SINCE JUL 1   6325                      7023   -698     5808

 COOLING
  YESTERDAY        0                         0      0        0
  MONTH TO DATE    0                         0      0        0
  SINCE MAR 1      0                         0      0        0
  SINCE JAN 1      0                         0      0        0
..................................................................


WIND (MPH)
  HIGHEST WIND SPEED    23   HIGHEST WIND DIRECTION     W (260)
  HIGHEST GUST SPEED    28   HIGHEST GUST DIRECTION     W (250)
  AVERAGE WIND SPEED    11.6


SKY COVER
  POSSIBLE SUNSHINE  MM
  AVERAGE SKY COVER 0.0


WEATHER CONDITIONS
 THE FOLLOWING WEATHER WAS RECORDED YESTERDAY.
  NO SIGNIFICANT WEATHER WAS OBSERVED.


RELATIVE HUMIDITY (PERCENT)
 HIGHEST    70          1100 PM
 LOWEST     22           200 PM
 AVERAGE    46

..........................................................


THE POCATELLO ID CLIMATE NORMALS FOR TODAY
                         NORMAL    RECORD    YEAR
 MAXIMUM TEMPERATURE (F)   72        96      2003
 MINIMUM TEMPERATURE (F)   43        29      1982


SUNRISE AND SUNSET
MAY 29 2016...........SUNRISE   556 AM MDT   SUNSET   901 PM MDT
MAY 30 2016...........SUNRISE   555 AM MDT   SUNSET   901 PM MDT


-  INDICATES NEGATIVE NUMBERS.
R  INDICATES RECORD WAS SET OR TIED.
MM INDICATES DATA IS MISSING.
T  INDICATES TRACE AMOUNT.




$$
