000
CDUS45 KPIH 010733
CLIPIH


CLIMATE REPORT
NATIONAL WEATHER SERVICE POCATELLO ID
132 AM MDT TUE SEP 1 2015


...................................

...THE POCATELLO ID CLIMATE SUMMARY FOR AUGUST 31 2015...

CLIMATE NORMAL PERIOD 1981 TO 2010
CLIMATE RECORD PERIOD 1939 TO 2015


WEATHER ITEM   OBSERVED TIME   RECORD YEAR NORMAL DEPARTURE LAST
                VALUE   (LST)  VALUE       VALUE  FROM      YEAR
                                                  NORMAL
..................................................................
TEMPERATURE (F)
 YESTERDAY
  MAXIMUM         82    441 PM  97    1955  83     -1       71
  MINIMUM         46    422 AM  32    2006  47     -1       50
                                      1993
                                      1969
  AVERAGE         64                        65     -1       61

PRECIPITATION (IN)
  YESTERDAY        0.00          0.38 1963   0.02  -0.02      T
  MONTH TO DATE    0.63                      0.61   0.02     2.18
  SINCE OCT 1      9.31                     11.29  -1.98    10.15
  SINCE JAN 1      6.92                      8.07  -1.15     8.78

SNOWFALL (IN)
  YESTERDAY        0.0
  MONTH TO DATE    0.0
  SINCE JUN 1      0.0
  SINCE JUL 1      0.0
  SNOW DEPTH       0

DEGREE DAYS
 HEATING
  YESTERDAY        1                         2     -1        4
  MONTH TO DATE   16                        23     -7       33
  SINCE JUN 1     67                       177   -110      145
  SINCE JUL 1     39                        46     -7       35

 COOLING
  YESTERDAY        0                         2     -2        0
  MONTH TO DATE  161                       147     14      119
  SINCE JUN 1    457                       365     92      386
  SINCE JAN 1    461                       370     91      386
..................................................................


WIND (MPH)
  HIGHEST WIND SPEED    17   HIGHEST WIND DIRECTION    SW (230)
  HIGHEST GUST SPEED    20   HIGHEST GUST DIRECTION    SW (240)
  AVERAGE WIND SPEED     7.5


SKY COVER
  POSSIBLE SUNSHINE  MM
  AVERAGE SKY COVER 0.0


WEATHER CONDITIONS
 THE FOLLOWING WEATHER WAS RECORDED YESTERDAY.
  NO SIGNIFICANT WEATHER WAS OBSERVED.


RELATIVE HUMIDITY (PERCENT)
 HIGHEST    56           200 AM
 LOWEST     13           500 PM
 AVERAGE    35

..........................................................


THE POCATELLO ID CLIMATE NORMALS FOR TODAY
                         NORMAL    RECORD    YEAR
 MAXIMUM TEMPERATURE (F)   83        95      1995
                                             1950
 MINIMUM TEMPERATURE (F)   47        29      2006


SUNRISE AND SUNSET
SEPTEMBER  1 2015.....SUNRISE   655 AM MDT   SUNSET   805 PM MDT
SEPTEMBER  2 2015.....SUNRISE   656 AM MDT   SUNSET   804 PM MDT


-  INDICATES NEGATIVE NUMBERS.
R  INDICATES RECORD WAS SET OR TIED.
MM INDICATES DATA IS MISSING.
T  INDICATES TRACE AMOUNT.




$$
