000
CDUS45 KPIH 230732
CLIPIH


CLIMATE REPORT
NATIONAL WEATHER SERVICE POCATELLO ID
132 AM MDT MON OCT 23 2017


...................................

...THE POCATELLO ID CLIMATE SUMMARY FOR OCTOBER 22 2017...

CLIMATE NORMAL PERIOD 1981 TO 2010
CLIMATE RECORD PERIOD 1939 TO 2017


WEATHER ITEM   OBSERVED TIME   RECORD YEAR NORMAL DEPARTURE LAST
                VALUE   (LST)  VALUE       VALUE  FROM      YEAR
                                                  NORMAL
..................................................................
TEMPERATURE (F)
 YESTERDAY
  MAXIMUM         64    208 PM  83    2003  58      6       61
  MINIMUM         43   1204 AM  17    1949  32     11       31
  AVERAGE         54                        45      9       46

PRECIPITATION (IN)
  YESTERDAY        0.00          0.73 1975   0.02  -0.02     0.00
  MONTH TO DATE    0.49                      0.61  -0.12     1.49
  SINCE OCT 1      0.49                      0.61  -0.12     1.49
  SINCE JAN 1     14.99                      9.52   5.47    11.17

SNOWFALL (IN)
  YESTERDAY        0.0
  MONTH TO DATE    0.1
  SINCE SEP 1      0.1
  SINCE JUL 1      0.1
  SNOW DEPTH       0

DEGREE DAYS
 HEATING
  YESTERDAY       11                        20     -9       19
  MONTH TO DATE  454                       359     95      344
  SINCE SEP 1    697                       562    135      549
  SINCE JUL 1    701                       608     93      587

 COOLING
  YESTERDAY        0                         0      0        0
  MONTH TO DATE    0                         0      0        0
  SINCE SEP 1     66                        22     44       17
  SINCE JAN 1    575                       392    183      416
..................................................................


WIND (MPH)
  HIGHEST WIND SPEED    33   HIGHEST WIND DIRECTION    SW (230)
  HIGHEST GUST SPEED    40   HIGHEST GUST DIRECTION    SW (240)
  AVERAGE WIND SPEED    19.6


SKY COVER
  POSSIBLE SUNSHINE  MM
  AVERAGE SKY COVER 0.7


WEATHER CONDITIONS
 THE FOLLOWING WEATHER WAS RECORDED YESTERDAY.
  NO SIGNIFICANT WEATHER WAS OBSERVED.


RELATIVE HUMIDITY (PERCENT)
 HIGHEST    76          1200 AM
 LOWEST     36          1000 AM
 AVERAGE    56

..........................................................


THE POCATELLO ID CLIMATE NORMALS FOR TODAY
                         NORMAL    RECORD    YEAR
 MAXIMUM TEMPERATURE (F)   58        75      1960
 MINIMUM TEMPERATURE (F)   31        18      2008
                                             1949


SUNRISE AND SUNSET
OCTOBER 23 2017.......SUNRISE   754 AM MDT   SUNSET   635 PM MDT
OCTOBER 24 2017.......SUNRISE   755 AM MDT   SUNSET   633 PM MDT


-  INDICATES NEGATIVE NUMBERS.
R  INDICATES RECORD WAS SET OR TIED.
MM INDICATES DATA IS MISSING.
T  INDICATES TRACE AMOUNT.




$$
