000
CDUS45 KPIH 282322
CLIPIH


CLIMATE REPORT
NATIONAL WEATHER SERVICE POCATELLO ID
421 PM MST SUN DEC 28 2014


...................................

...THE POCATELLO ID CLIMATE SUMMARY FOR DECEMBER 28 2014...
VALID TODAY AS OF 0400 PM LOCAL TIME.

CLIMATE NORMAL PERIOD 1981 TO 2010
CLIMATE RECORD PERIOD 1939 TO 2014


WEATHER ITEM   OBSERVED TIME   RECORD YEAR NORMAL DEPARTURE LAST
                VALUE   (LST)  VALUE       VALUE  FROM      YEAR
                                                  NORMAL
..................................................................
TEMPERATURE (F)
 TODAY
  MAXIMUM         29    346 PM  53    1945  32     -3       31
  MINIMUM         25   1154 AM -15    1954  15     10       18
  AVERAGE         27                        23      4       25

PRECIPITATION (IN)
  TODAY            0.01          0.31 1996   0.04  -0.03     0.00
                                      1972
  MONTH TO DATE    0.77                      1.13  -0.36     0.43
  SINCE OCT 1      2.39                      3.11  -0.72     1.37
  SINCE JAN 1     12.65                     12.02   0.63     6.17

SNOWFALL (IN)
  TODAY            T
  MONTH TO DATE    6.8
  SINCE DEC 1      6.8
  SINCE JUL 1     11.4
  SNOW DEPTH       3

DEGREE DAYS
 HEATING
  TODAY           38                        42     -4       40
  MONTH TO DATE  827                      1135   -308     1279
  SINCE DEC 1    827                      1135   -308     1279
  SINCE JUL 1   2354                      2863   -509     2891

 COOLING
  TODAY            0                         0      0        0
  MONTH TO DATE    0                         0      0        0
  SINCE DEC 1      0                         0      0        0
  SINCE JAN 1    421                       392     29      688
..................................................................


WIND (MPH)
  HIGHEST WIND SPEED    24   HIGHEST WIND DIRECTION     S (180)
  HIGHEST GUST SPEED    32   HIGHEST GUST DIRECTION     S (180)
  AVERAGE WIND SPEED    18.2


SKY COVER
  POSSIBLE SUNSHINE  MM
  AVERAGE SKY COVER 0.9


WEATHER CONDITIONS
 THE FOLLOWING WEATHER WAS RECORDED TODAY.
  LIGHT SNOW
  FOG
  HAZE


RELATIVE HUMIDITY (PERCENT)
 HIGHEST    92           900 AM
 LOWEST     75           200 AM
 AVERAGE    84

..........................................................


THE POCATELLO ID CLIMATE NORMALS FOR TOMORROW
                         NORMAL    RECORD    YEAR
 MAXIMUM TEMPERATURE (F)   32        49      1996
 MINIMUM TEMPERATURE (F)   15       -17      1990


SUNRISE AND SUNSET
DECEMBER 28 2014......SUNRISE   801 AM MST   SUNSET   503 PM MST
DECEMBER 29 2014......SUNRISE   801 AM MST   SUNSET   504 PM MST


-  INDICATES NEGATIVE NUMBERS.
R  INDICATES RECORD WAS SET OR TIED.
MM INDICATES DATA IS MISSING.
T  INDICATES TRACE AMOUNT.




$$
