000
CDUS45 KPIH 230734
CLIPIH


CLIMATE REPORT
NATIONAL WEATHER SERVICE POCATELLO ID
1232 AM MST SUN NOV 23 2014


...................................

...THE POCATELLO ID CLIMATE SUMMARY FOR NOVEMBER 22 2014...

CLIMATE NORMAL PERIOD 1981 TO 2010
CLIMATE RECORD PERIOD 1939 TO 2014


WEATHER ITEM   OBSERVED TIME   RECORD YEAR NORMAL DEPARTURE LAST
                VALUE   (LST)  VALUE       VALUE  FROM      YEAR
                                                  NORMAL
..................................................................
TEMPERATURE (F)
 YESTERDAY
  MAXIMUM         43   1113 AM  60    1939  41      2       40
  MINIMUM         34   1159 PM   0    1982  22     12        6
  AVERAGE         39                        31      8       23

PRECIPITATION (IN)
  YESTERDAY        0.32          0.45 1996   0.04   0.28     0.00
  MONTH TO DATE    1.36                      0.78   0.58     0.42
  SINCE OCT 1      1.40                      1.65  -0.25     0.91
  SINCE JAN 1     11.66                     10.56   1.10     5.71

SNOWFALL (IN)
  YESTERDAY        0.0
  MONTH TO DATE    4.6
  SINCE SEP 1      4.6
  SINCE JUL 1      4.6
  SNOW DEPTH       T

DEGREE DAYS
 HEATING
  YESTERDAY       26                        34     -8       42
  MONTH TO DATE  740                       634    106      576
  SINCE SEP 1   1307                      1395    -88     1344
  SINCE JUL 1   1342                      1441    -99     1344

 COOLING
  YESTERDAY        0                         0      0        0
  MONTH TO DATE    0                         0      0        0
  SINCE SEP 1     35                        22     13       61
  SINCE JAN 1    421                       392     29      688
..................................................................


WIND (MPH)
  HIGHEST WIND SPEED    36   HIGHEST WIND DIRECTION    SW (240)
  HIGHEST GUST SPEED    44   HIGHEST GUST DIRECTION    SW (230)
  AVERAGE WIND SPEED    21.0


SKY COVER
  POSSIBLE SUNSHINE  MM
  AVERAGE SKY COVER 0.8


WEATHER CONDITIONS
 THE FOLLOWING WEATHER WAS RECORDED YESTERDAY.
  RAIN
  LIGHT RAIN
  FOG


RELATIVE HUMIDITY (PERCENT)
 HIGHEST   100          1100 PM
 LOWEST     53          1200 AM
 AVERAGE    77

..........................................................


THE POCATELLO ID CLIMATE NORMALS FOR TODAY
                         NORMAL    RECORD    YEAR
 MAXIMUM TEMPERATURE (F)   40        58      2011
                                             1998
 MINIMUM TEMPERATURE (F)   21        -5      1985


SUNRISE AND SUNSET
NOVEMBER 23 2014......SUNRISE   733 AM MST   SUNSET   501 PM MST
NOVEMBER 24 2014......SUNRISE   734 AM MST   SUNSET   500 PM MST


-  INDICATES NEGATIVE NUMBERS.
R  INDICATES RECORD WAS SET OR TIED.
MM INDICATES DATA IS MISSING.
T  INDICATES TRACE AMOUNT.




$$
