000
CDUS45 KPIH 072325
CLIPIH


CLIMATE REPORT
NATIONAL WEATHER SERVICE POCATELLO ID
523 PM MDT TUE JUL 7 2015


...................................

...THE POCATELLO ID CLIMATE SUMMARY FOR JULY 7 2015...
VALID TODAY AS OF 0500 PM LOCAL TIME.

CLIMATE NORMAL PERIOD 1981 TO 2010
CLIMATE RECORD PERIOD 1939 TO 2015


WEATHER ITEM   OBSERVED TIME   RECORD YEAR NORMAL DEPARTURE LAST
                VALUE   (LST)  VALUE       VALUE  FROM      YEAR
                                                  NORMAL
..................................................................
TEMPERATURE (F)
 TODAY
  MAXIMUM         89    356 PM  98    2002  86      3       93
  MINIMUM         59    541 AM  39    1996  51      8       56
                                      1993
  AVERAGE         74                        68      6       75

PRECIPITATION (IN)
  TODAY            0.00          0.14 2011   0.02  -0.02     0.00
                                      1981
  MONTH TO DATE    0.01                      0.13  -0.12      T
  SINCE OCT 1      7.31                     10.17  -2.86     7.51
  SINCE JAN 1      4.92                      6.95  -2.03     6.14

SNOWFALL (IN)
  TODAY            0.0
  MONTH TO DATE    0.0
  SINCE JUN 1      0.0
  SINCE JUL 1      0.0
  SNOW DEPTH       0

DEGREE DAYS
 HEATING
  TODAY            0                         1     -1        0
  MONTH TO DATE    0                         8     -8        2
  SINCE JUN 1     28                       139   -111      112
  SINCE JUL 1      0                         8     -8        2

 COOLING
  TODAY            9                         5      4       10
  MONTH TO DATE   86                        28     58       49
  SINCE JUN 1    221                        74    147       69
  SINCE JAN 1    225                        79    146       69
..................................................................


WIND (MPH)
  HIGHEST WIND SPEED    14   HIGHEST WIND DIRECTION    NE (40)
  HIGHEST GUST SPEED    19   HIGHEST GUST DIRECTION    NE (40)
  AVERAGE WIND SPEED     4.7


SKY COVER
  POSSIBLE SUNSHINE  MM
  AVERAGE SKY COVER 0.2


WEATHER CONDITIONS
 THE FOLLOWING WEATHER WAS RECORDED TODAY.
  NO SIGNIFICANT WEATHER WAS OBSERVED.


RELATIVE HUMIDITY (PERCENT)
 HIGHEST    80           400 AM
 LOWEST     16           400 PM
 AVERAGE    48

..........................................................


THE POCATELLO ID CLIMATE NORMALS FOR TOMORROW
                         NORMAL    RECORD    YEAR
 MAXIMUM TEMPERATURE (F)   86        99      1975
 MINIMUM TEMPERATURE (F)   51        34      1981


SUNRISE AND SUNSET
JULY  7 2015..........SUNRISE   559 AM MDT   SUNSET   911 PM MDT
JULY  8 2015..........SUNRISE   600 AM MDT   SUNSET   911 PM MDT


-  INDICATES NEGATIVE NUMBERS.
R  INDICATES RECORD WAS SET OR TIED.
MM INDICATES DATA IS MISSING.
T  INDICATES TRACE AMOUNT.




$$
