000
CDUS45 KPIH 020750
CLIPIH


CLIMATE REPORT
NATIONAL WEATHER SERVICE POCATELLO ID
140 AM MDT SUN AUG 2 2015


...................................

...THE POCATELLO ID CLIMATE SUMMARY FOR AUGUST 1 2015...

CLIMATE NORMAL PERIOD 1981 TO 2010
CLIMATE RECORD PERIOD 1939 TO 2015


WEATHER ITEM   OBSERVED TIME   RECORD YEAR NORMAL DEPARTURE LAST
                VALUE   (LST)  VALUE       VALUE  FROM      YEAR
                                                  NORMAL
..................................................................
TEMPERATURE (F)
 YESTERDAY
  MAXIMUM         97    342 PM  99    2004  90      7       93
                                      1992
  MINIMUM         48    543 AM  40    2001  53     -5       54
  AVERAGE         73                        71      2       74

PRECIPITATION (IN)
  YESTERDAY        0.00          0.36 2011   0.02  -0.02     0.00
  MONTH TO DATE    0.00                      0.02  -0.02     0.00
  SINCE OCT 1      8.68                     10.70  -2.02     7.97
  SINCE JAN 1      6.29                      7.48  -1.19     6.60

SNOWFALL (IN)
  YESTERDAY        0.0
  MONTH TO DATE    0.0
  SINCE JUN 1      0.0
  SINCE JUL 1      0.0
  SNOW DEPTH       0

DEGREE DAYS
 HEATING
  YESTERDAY        0                         0      0        0
  MONTH TO DATE    0                         0      0        0
  SINCE JUN 1     51                       151   -100      112
  SINCE JUL 1     23                        20      3        2

 COOLING
  YESTERDAY        8                         6      2        9
  MONTH TO DATE    8                         6      2        9
  SINCE JUN 1    304                       224     80      276
  SINCE JAN 1    308                       229     79      276
..................................................................


WIND (MPH)
  HIGHEST WIND SPEED    10   HIGHEST WIND DIRECTION     W (280)
  HIGHEST GUST SPEED    14   HIGHEST GUST DIRECTION     N (340)
  AVERAGE WIND SPEED     3.5


SKY COVER
  POSSIBLE SUNSHINE  MM
  AVERAGE SKY COVER 0.0


WEATHER CONDITIONS
 THE FOLLOWING WEATHER WAS RECORDED YESTERDAY.
  NO SIGNIFICANT WEATHER WAS OBSERVED.


RELATIVE HUMIDITY (PERCENT)
 HIGHEST    71           300 AM
 LOWEST      8           300 PM
 AVERAGE    40

..........................................................


THE POCATELLO ID CLIMATE NORMALS FOR TODAY
                         NORMAL    RECORD    YEAR
 MAXIMUM TEMPERATURE (F)   90       104      1969
 MINIMUM TEMPERATURE (F)   53        43      1991


SUNRISE AND SUNSET
AUGUST  2 2015........SUNRISE   622 AM MDT   SUNSET   850 PM MDT
AUGUST  3 2015........SUNRISE   623 AM MDT   SUNSET   849 PM MDT


-  INDICATES NEGATIVE NUMBERS.
R  INDICATES RECORD WAS SET OR TIED.
MM INDICATES DATA IS MISSING.
T  INDICATES TRACE AMOUNT.




$$
