000
CDUS45 KPIH 160730
CLIPIH


CLIMATE REPORT
NATIONAL WEATHER SERVICE POCATELLO ID
128 AM MDT WED AUG 16 2017


...................................

...THE POCATELLO ID CLIMATE SUMMARY FOR AUGUST 15 2017...

CLIMATE NORMAL PERIOD 1981 TO 2010
CLIMATE RECORD PERIOD 1939 TO 2017


WEATHER ITEM   OBSERVED TIME   RECORD YEAR NORMAL DEPARTURE LAST
                VALUE   (LST)  VALUE       VALUE  FROM      YEAR
                                                  NORMAL
..................................................................
TEMPERATURE (F)
 YESTERDAY
  MAXIMUM         80    528 PM 101    2003  88     -8       94
  MINIMUM         48    557 AM  35    1974  51     -3       51
  AVERAGE         64                        70     -6       73

PRECIPITATION (IN)
  YESTERDAY        0.00          0.33 1983   0.02  -0.02     0.00
  MONTH TO DATE    0.33                      0.28   0.05     0.24
  SINCE OCT 1     18.09                     10.96   7.13    11.15
  SINCE JAN 1     11.53                      7.74   3.79     7.58

SNOWFALL (IN)
  YESTERDAY        0.0
  MONTH TO DATE    0.0
  SINCE JUN 1      0.0
  SINCE JUL 1      0.0
  SNOW DEPTH       0

DEGREE DAYS
 HEATING
  YESTERDAY        1                         1      0        0
  MONTH TO DATE    4                         2      2        3
  SINCE JUN 1     93                       153    -60       63
  SINCE JUL 1      4                        22    -18       20

 COOLING
  YESTERDAY        0                         5     -5        8
  MONTH TO DATE   90                        87      3       64
  SINCE JUN 1    429                       305    124      350
  SINCE JAN 1    431                       310    121      350
..................................................................


WIND (MPH)
  HIGHEST WIND SPEED    13   HIGHEST WIND DIRECTION    NW (330)
  HIGHEST GUST SPEED    16   HIGHEST GUST DIRECTION    NW (320)
  AVERAGE WIND SPEED     4.8


SKY COVER
  POSSIBLE SUNSHINE  MM
  AVERAGE SKY COVER 0.3


WEATHER CONDITIONS
 THE FOLLOWING WEATHER WAS RECORDED YESTERDAY.
  NO SIGNIFICANT WEATHER WAS OBSERVED.


RELATIVE HUMIDITY (PERCENT)
 HIGHEST   100           300 AM
 LOWEST     23           500 PM
 AVERAGE    62

..........................................................


THE POCATELLO ID CLIMATE NORMALS FOR TODAY
                         NORMAL    RECORD    YEAR
 MAXIMUM TEMPERATURE (F)   88        97      1966
                                             1958
 MINIMUM TEMPERATURE (F)   51        39      1968


SUNRISE AND SUNSET
AUGUST 16 2017........SUNRISE   638 AM MDT   SUNSET   830 PM MDT
AUGUST 17 2017........SUNRISE   639 AM MDT   SUNSET   829 PM MDT


-  INDICATES NEGATIVE NUMBERS.
R  INDICATES RECORD WAS SET OR TIED.
MM INDICATES DATA IS MISSING.
T  INDICATES TRACE AMOUNT.




$$
