000
CDUS45 KPIH 210737
CLIPIH


CLIMATE REPORT
NATIONAL WEATHER SERVICE POCATELLO ID
1235 AM MST SUN JAN 21 2018


...................................

...THE POCATELLO ID CLIMATE SUMMARY FOR JANUARY 20 2018...

CLIMATE NORMAL PERIOD 1981 TO 2010
CLIMATE RECORD PERIOD 1939 TO 2018


WEATHER ITEM   OBSERVED TIME   RECORD YEAR NORMAL DEPARTURE LAST
                VALUE   (LST)  VALUE       VALUE  FROM      YEAR
                                                  NORMAL
..................................................................
TEMPERATURE (F)
 YESTERDAY
  MAXIMUM         36    258 PM  53    1953  33      3       38
  MINIMUM         26   1159 PM -19    1984  16     10       23
  AVERAGE         31                        24      7       31

PRECIPITATION (IN)
  YESTERDAY        T             0.55 1999   0.03  -0.03      T
  MONTH TO DATE    0.67                      0.68  -0.01     1.98
  SINCE OCT 1      3.46                      3.90  -0.44     8.54
  SINCE JAN 1      0.67                      0.68  -0.01     1.98

SNOWFALL (IN)
  YESTERDAY        T
  MONTH TO DATE    T
  SINCE DEC 1     12.8
  SINCE JUL 1     13.8
  SNOW DEPTH       0

DEGREE DAYS
 HEATING
  YESTERDAY       34                        41     -7       34
  MONTH TO DATE  626                       820   -194     1000
  SINCE DEC 1   1841                      2077   -236     2397
  SINCE JUL 1   3475                      3805   -330     3832

 COOLING
  YESTERDAY        0                         0      0        0
  MONTH TO DATE    0                         0      0        0
  SINCE DEC 1      0                         0      0        0
  SINCE JAN 1      0                         0      0        0
..................................................................


WIND (MPH)
  HIGHEST WIND SPEED    20   HIGHEST WIND DIRECTION    SW (230)
  HIGHEST GUST SPEED    24   HIGHEST GUST DIRECTION    SW (220)
  AVERAGE WIND SPEED     9.7


SKY COVER
  POSSIBLE SUNSHINE  MM
  AVERAGE SKY COVER 0.7


WEATHER CONDITIONS
 THE FOLLOWING WEATHER WAS RECORDED YESTERDAY.
  LIGHT SNOW


RELATIVE HUMIDITY (PERCENT)
 HIGHEST    85           700 AM
 LOWEST     56           400 PM
 AVERAGE    71

..........................................................


THE POCATELLO ID CLIMATE NORMALS FOR TODAY
                         NORMAL    RECORD    YEAR
 MAXIMUM TEMPERATURE (F)   33        50      1994
                                             1943
 MINIMUM TEMPERATURE (F)   16       -25      1962


SUNRISE AND SUNSET
JANUARY 21 2018.......SUNRISE   755 AM MST   SUNSET   529 PM MST
JANUARY 22 2018.......SUNRISE   754 AM MST   SUNSET   530 PM MST


-  INDICATES NEGATIVE NUMBERS.
R  INDICATES RECORD WAS SET OR TIED.
MM INDICATES DATA IS MISSING.
T  INDICATES TRACE AMOUNT.




$$
