000
CDUS43 KABR 281030
CLIPIR


CLIMATE REPORT
NATIONAL WEATHER SERVICE ABERDEEN SD
429 AM CST FRI NOV 28 2014


...................................

...THE PIERRE SD CLIMATE SUMMARY FOR NOVEMBER 27 2014...

CLIMATE NORMAL PERIOD 1981 TO 2010
CLIMATE RECORD PERIOD 1892 TO 2014


WEATHER ITEM   OBSERVED TIME   RECORD YEAR NORMAL DEPARTURE LAST
                VALUE   (LST)  VALUE       VALUE  FROM      YEAR
                                                  NORMAL
..................................................................
TEMPERATURE (F)
 YESTERDAY
  MAXIMUM         26    857 PM  70    1949  38    -12       43
  MINIMUM          8    306 AM  -8    1985  18    -10        8
  AVERAGE         17                        28    -11       26

PRECIPITATION (IN)
  YESTERDAY        0.00          0.45 2005   0.02  -0.02     0.00
  MONTH TO DATE    0.80                      0.70   0.10     0.24
  SINCE SEP 1      1.71                      4.22  -2.51     6.16
  SINCE JAN 1     17.93                     19.40  -1.47    23.08

SNOWFALL (IN)
  YESTERDAY        0.0           6.0  2005   0.2   -0.2      0.0
  MONTH TO DATE    9.0                       4.7    4.3      1.5
  SINCE OCT 1      9.0                       5.7    3.3      2.0
  SINCE JUL 1      9.0                       5.7    3.3      2.0
  SNOW DEPTH       1

DEGREE DAYS
 HEATING
  YESTERDAY       48                        37     11       39
  MONTH TO DATE 1012                       824    188      838
  SINCE SEP 1   1561                      1485     76     1507
  SINCE JUL 1   1589                      1505     84     1516

 COOLING
  YESTERDAY        0                         0      0        0
  MONTH TO DATE    0                         0      0        0
  SINCE SEP 1     86                        91     -5      167
  SINCE JAN 1    622                       868   -246      853
..................................................................


WIND (MPH)
  RESULTANT WIND SPEED  13   RESULTANT WIND DIRECTION  SE (120)
  HIGHEST WIND SPEED    23   HIGHEST WIND DIRECTION    SE (150)
  HIGHEST GUST SPEED    28   HIGHEST GUST DIRECTION    SE (130)
  AVERAGE WIND SPEED    13.1




RELATIVE HUMIDITY (PERCENT)
 HIGHEST    92           700 AM
 LOWEST     62           300 PM
 AVERAGE    77

..........................................................


THE PIERRE SD CLIMATE NORMALS FOR TODAY
                         NORMAL    RECORD    YEAR
 MAXIMUM TEMPERATURE (F)   37        66      2002
 MINIMUM TEMPERATURE (F)   17        -7      1985


SUNRISE AND SUNSET
NOVEMBER 28 2014......SUNRISE   754 AM CST   SUNSET   504 PM CST
NOVEMBER 29 2014......SUNRISE   755 AM CST   SUNSET   504 PM CST


-  INDICATES NEGATIVE NUMBERS.
R  INDICATES RECORD WAS SET OR TIED.
MM INDICATES DATA IS MISSING.
T  INDICATES TRACE AMOUNT.




$$
