000
CDUS43 KABR 211039
CLIPIR


CLIMATE REPORT
NATIONAL WEATHER SERVICE ABERDEEN SD
539 AM CDT THU SEP 21 2017


...................................

...THE PIERRE SD CLIMATE SUMMARY FOR SEPTEMBER 20 2017...

CLIMATE NORMAL PERIOD 1981 TO 2010
CLIMATE RECORD PERIOD 1892 TO 2017


WEATHER ITEM   OBSERVED TIME   RECORD YEAR NORMAL DEPARTURE LAST
                VALUE   (LST)  VALUE       VALUE  FROM      YEAR
                                                  NORMAL
..................................................................
TEMPERATURE (F)
 YESTERDAY
  MAXIMUM         76    441 PM 104    1937  74      2       85
  MINIMUM         44    638 AM  33    1983  47     -3       60
  AVERAGE         60                        61     -1       73

PRECIPITATION (IN)
  YESTERDAY        0.00          2.65 1989   0.06  -0.06     0.00
  MONTH TO DATE    0.55                      1.21  -0.66     0.92
  SINCE SEP 1      0.55                      1.21  -0.66     0.92
  SINCE JAN 1     10.99                     16.39  -5.40    16.64

DEGREE DAYS
 HEATING
  YESTERDAY        5                         6     -1        0
  MONTH TO DATE   55                        71    -16       49
  SINCE SEP 1     55                        71    -16       49
  SINCE JUL 1     60                        91    -31       69

 COOLING
  YESTERDAY        0                         2     -2        8
  MONTH TO DATE   99                        77     22       68
  SINCE SEP 1     99                        77     22       68
  SINCE JAN 1    857                       854      3      932
..................................................................


WIND (MPH)
  RESULTANT WIND SPEED   5   RESULTANT WIND DIRECTION  SW (240)
  HIGHEST WIND SPEED    28   HIGHEST WIND DIRECTION    NW (320)
  HIGHEST GUST SPEED    34   HIGHEST GUST DIRECTION    NW (320)
  AVERAGE WIND SPEED     9.6




RELATIVE HUMIDITY (PERCENT)
 HIGHEST    89           700 AM
 LOWEST     14           500 PM
 AVERAGE    52

..........................................................


THE PIERRE SD CLIMATE NORMALS FOR TODAY
                         NORMAL    RECORD    YEAR
 MAXIMUM TEMPERATURE (F)   74        99      1937
 MINIMUM TEMPERATURE (F)   47        31      1995


SUNRISE AND SUNSET
SEPTEMBER 21 2017.....SUNRISE   727 AM CDT   SUNSET   740 PM CDT
SEPTEMBER 22 2017.....SUNRISE   729 AM CDT   SUNSET   738 PM CDT


-  INDICATES NEGATIVE NUMBERS.
R  INDICATES RECORD WAS SET OR TIED.
MM INDICATES DATA IS MISSING.
T  INDICATES TRACE AMOUNT.




$$
