878
CDUS43 KABR 231032
CLIPIR


CLIMATE REPORT
NATIONAL WEATHER SERVICE ABERDEEN SD
532 AM CDT SUN APR 23 2017


...................................

...THE PIERRE SD CLIMATE SUMMARY FOR APRIL 22 2017...

CLIMATE NORMAL PERIOD 1981 TO 2010
CLIMATE RECORD PERIOD 1892 TO 2017


WEATHER ITEM   OBSERVED TIME   RECORD YEAR NORMAL DEPARTURE LAST
                VALUE   (LST)  VALUE       VALUE  FROM      YEAR
                                                  NORMAL
..................................................................
TEMPERATURE (F)
 YESTERDAY
  MAXIMUM         68    533 PM  90    1990  63      5       71
  MINIMUM         35    604 AM  19    2015  37     -2       33
  AVERAGE         52                        50      2       52

PRECIPITATION (IN)
  YESTERDAY        0.00          0.67 1968   0.06  -0.06     0.00
  MONTH TO DATE    1.73                      1.21   0.52     2.62
  SINCE MAR 1      2.07                      2.44  -0.37     3.94
  SINCE JAN 1      3.30                      3.45  -0.15     4.94

SNOWFALL (IN)
  YESTERDAY        0.0           7.5  2001   0.2   -0.2      0.0
  MONTH TO DATE    T                         3.5   -3.5       T
  SINCE OCT 1     32.6                      31.3    1.3     28.7
  SINCE JUL 1     32.6                      31.3    1.3     28.7
  SNOW DEPTH       0

DEGREE DAYS
 HEATING
  YESTERDAY       13                        15     -2       13
  MONTH TO DATE  350                       435    -85      379
  SINCE MAR 1   1220                      1382   -162     1135
  SINCE JUL 1   6376                      6880   -504     5969

 COOLING
  YESTERDAY        0                         0      0        0
  MONTH TO DATE    1                         0      1        4
  SINCE MAR 1      1                         0      1        4
  SINCE JAN 1      1                         0      1        4
..................................................................


WIND (MPH)
  RESULTANT WIND SPEED   5   RESULTANT WIND DIRECTION  SW (220)
  HIGHEST WIND SPEED    17   HIGHEST WIND DIRECTION    SW (220)
  HIGHEST GUST SPEED    22   HIGHEST GUST DIRECTION    SW (230)
  AVERAGE WIND SPEED     6.5




RELATIVE HUMIDITY (PERCENT)
 HIGHEST    85           100 AM
 LOWEST     27           400 PM
 AVERAGE    56

..........................................................


THE PIERRE SD CLIMATE NORMALS FOR TODAY
                         NORMAL    RECORD    YEAR
 MAXIMUM TEMPERATURE (F)   63        88      2009
 MINIMUM TEMPERATURE (F)   37        16      2013


SUNRISE AND SUNSET
APRIL 23 2017.........SUNRISE   644 AM CDT   SUNSET   836 PM CDT
APRIL 24 2017.........SUNRISE   642 AM CDT   SUNSET   837 PM CDT


-  INDICATES NEGATIVE NUMBERS.
R  INDICATES RECORD WAS SET OR TIED.
MM INDICATES DATA IS MISSING.
T  INDICATES TRACE AMOUNT.




$$
