000
CDUS43 KABR 041035
CLIPIR


CLIMATE REPORT
NATIONAL WEATHER SERVICE ABERDEEN SD
434 AM CST SUN DEC 4 2016


...................................

...THE PIERRE SD CLIMATE SUMMARY FOR DECEMBER 3 2016...

CLIMATE NORMAL PERIOD 1981 TO 2010
CLIMATE RECORD PERIOD 1892 TO 2016


WEATHER ITEM   OBSERVED TIME   RECORD YEAR NORMAL DEPARTURE LAST
                VALUE   (LST)  VALUE       VALUE  FROM      YEAR
                                                  NORMAL
..................................................................
TEMPERATURE (F)
 YESTERDAY
  MAXIMUM         38    316 PM  76    1941  35      3       33
  MINIMUM         18   1252 AM  -6    1950  15      3       12
  AVERAGE         28                        25      3       23

PRECIPITATION (IN)
  YESTERDAY        0.00          0.81 1955   0.02  -0.02     0.00
  MONTH TO DATE    T                         0.06  -0.06     0.07
  SINCE DEC 1      T                         0.06  -0.06     0.07
  SINCE JAN 1     19.31                     19.52  -0.21    21.56

SNOWFALL (IN)
  YESTERDAY        0.0           9.5  1955   0.2   -0.2      0.0
  MONTH TO DATE    T                         0.5   -0.5      0.8
  SINCE OCT 1     10.1                       6.8    3.3      5.9
  SINCE JUL 1     10.1                       6.8    3.3      5.9
  SNOW DEPTH      MM

DEGREE DAYS
 HEATING
  YESTERDAY       37                        40     -3       42
  MONTH TO DATE  115                       119     -4      114
  SINCE DEC 1    115                       119     -4      114
  SINCE JUL 1   1252                      1739   -487     1411

 COOLING
  YESTERDAY        0                         0      0        0
  MONTH TO DATE    0                         0      0        0
  SINCE DEC 1      0                         0      0        0
  SINCE JAN 1    961                       868     93      839
..................................................................


WIND (MPH)
  RESULTANT WIND SPEED   6   RESULTANT WIND DIRECTION   S (180)
  HIGHEST WIND SPEED    18   HIGHEST WIND DIRECTION    SE (150)
  HIGHEST GUST SPEED    24   HIGHEST GUST DIRECTION    SE (150)
  AVERAGE WIND SPEED     9.2




RELATIVE HUMIDITY (PERCENT)
 HIGHEST    92           600 AM
 LOWEST     64           300 PM
 AVERAGE    78

..........................................................


THE PIERRE SD CLIMATE NORMALS FOR TODAY
                         NORMAL    RECORD    YEAR
 MAXIMUM TEMPERATURE (F)   34        66      1975
 MINIMUM TEMPERATURE (F)   15        -5      2002


SUNRISE AND SUNSET
DECEMBER  4 2016......SUNRISE   801 AM CST   SUNSET   502 PM CST
DECEMBER  5 2016......SUNRISE   802 AM CST   SUNSET   502 PM CST


-  INDICATES NEGATIVE NUMBERS.
R  INDICATES RECORD WAS SET OR TIED.
MM INDICATES DATA IS MISSING.
T  INDICATES TRACE AMOUNT.




$$
