000
CDUS43 KABR 300907
CLIPIR


CLIMATE REPORT
NATIONAL WEATHER SERVICE ABERDEEN SD
406 AM CDT SAT APR 30 2016


...................................

...THE PIERRE SD CLIMATE SUMMARY FOR APRIL 29 2016...

CLIMATE NORMAL PERIOD 1981 TO 2010
CLIMATE RECORD PERIOD 1892 TO 2016


WEATHER ITEM   OBSERVED TIME   RECORD YEAR NORMAL DEPARTURE LAST
                VALUE   (LST)  VALUE       VALUE  FROM      YEAR
                                                  NORMAL
..................................................................
TEMPERATURE (F)
 YESTERDAY
  MAXIMUM         53   1047 AM  91    2001  66    -13       74
  MINIMUM         37    523 AM  18    1958  39     -2       32
  AVERAGE         45                        52     -7       53

PRECIPITATION (IN)
  YESTERDAY        0.00          1.05 1953   0.08  -0.08     0.00
  MONTH TO DATE    3.92                      1.73   2.19     0.47
  SINCE MAR 1      5.24                      2.96   2.28     0.80
  SINCE JAN 1      6.24                      3.97   2.27     1.15

SNOWFALL (IN)
  YESTERDAY        0.0           1.6  1950   0.1   -0.1      0.0
  MONTH TO DATE    T                         4.1   -4.1      0.0
  SINCE OCT 1     28.7                      31.9   -3.2     27.1
  SINCE JUL 1     28.7                      31.9   -3.2     27.1
  SNOW DEPTH       0

DEGREE DAYS
 HEATING
  YESTERDAY       20                        13      7       12
  MONTH TO DATE  491                       533    -42      457
  SINCE MAR 1   1247                      1480   -233     1203
  SINCE JUL 1   6081                      6978   -897     6712

 COOLING
  YESTERDAY        0                         0      0        0
  MONTH TO DATE    6                         0      6        0
  SINCE MAR 1      6                         0      6        5
  SINCE JAN 1      6                         0      6        5
..................................................................


WIND (MPH)
  RESULTANT WIND SPEED   7   RESULTANT WIND DIRECTION   E (90)
  HIGHEST WIND SPEED    20   HIGHEST WIND DIRECTION     E (70)
  HIGHEST GUST SPEED    24   HIGHEST GUST DIRECTION     E (80)
  AVERAGE WIND SPEED     9.2




RELATIVE HUMIDITY (PERCENT)
 HIGHEST    92           300 AM
 LOWEST     54          1100 AM
 AVERAGE    73

..........................................................


THE PIERRE SD CLIMATE NORMALS FOR TODAY
                         NORMAL    RECORD    YEAR
 MAXIMUM TEMPERATURE (F)   66        96      1992
 MINIMUM TEMPERATURE (F)   40        23      1966


SUNRISE AND SUNSET
APRIL 30 2016.........SUNRISE   633 AM CDT   SUNSET   845 PM CDT
MAY  1 2016...........SUNRISE   631 AM CDT   SUNSET   846 PM CDT


-  INDICATES NEGATIVE NUMBERS.
R  INDICATES RECORD WAS SET OR TIED.
MM INDICATES DATA IS MISSING.
T  INDICATES TRACE AMOUNT.




$$
