000
CDUS43 KABR 030912
CLIPIR


CLIMATE REPORT
NATIONAL WEATHER SERVICE ABERDEEN SD
411 AM CDT FRI JUL 3 2015


...................................

...THE PIERRE SD CLIMATE SUMMARY FOR JULY 2 2015...

CLIMATE NORMAL PERIOD 1981 TO 2010
CLIMATE RECORD PERIOD 1892 TO 2015


WEATHER ITEM   OBSERVED TIME   RECORD YEAR NORMAL DEPARTURE LAST
                VALUE   (LST)  VALUE       VALUE  FROM      YEAR
                                                  NORMAL
..................................................................
TEMPERATURE (F)
 YESTERDAY
  MAXIMUM         79    431 PM 105    1936  86     -7       73
  MINIMUM         61    805 AM  43    1968  60      1       47
  AVERAGE         70                        73     -3       60

PRECIPITATION (IN)
  YESTERDAY        0.82          2.13 1981   0.09   0.73     0.00
  MONTH TO DATE    0.82                      0.17   0.65     0.05
  SINCE JUN 1      6.98                      3.74   3.24     4.44
  SINCE JAN 1     14.33                     10.94   3.39    12.37

DEGREE DAYS
 HEATING
  YESTERDAY        0                         0      0        5
  MONTH TO DATE    0                         0      0        9
  SINCE JUN 1      5                        53    -48       76
  SINCE JUL 1      0                         0      0        9

 COOLING
  YESTERDAY        5                         9     -4        0
  MONTH TO DATE   12                        17     -5        0
  SINCE JUN 1    147                       151     -4       59
  SINCE JAN 1    161                       183    -22      107
..................................................................


WIND (MPH)
  RESULTANT WIND SPEED   2   RESULTANT WIND DIRECTION  NE (40)
  HIGHEST WIND SPEED    20   HIGHEST WIND DIRECTION     E (80)
  HIGHEST GUST SPEED    23   HIGHEST GUST DIRECTION     E (80)
  AVERAGE WIND SPEED     6.2




RELATIVE HUMIDITY (PERCENT)
 HIGHEST   100           400 AM
 LOWEST     62           400 PM
 AVERAGE    81

..........................................................


THE PIERRE SD CLIMATE NORMALS FOR TODAY
                         NORMAL    RECORD    YEAR
 MAXIMUM TEMPERATURE (F)   87       110      1949
 MINIMUM TEMPERATURE (F)   60        43      1967


SUNRISE AND SUNSET
JULY  3 2015..........SUNRISE   602 AM CDT   SUNSET   929 PM CDT
JULY  4 2015..........SUNRISE   602 AM CDT   SUNSET   928 PM CDT


-  INDICATES NEGATIVE NUMBERS.
R  INDICATES RECORD WAS SET OR TIED.
MM INDICATES DATA IS MISSING.
T  INDICATES TRACE AMOUNT.




$$
