000
CDUS43 KABR 241027
CLIPIR


CLIMATE REPORT
NATIONAL WEATHER SERVICE ABERDEEN SD
527 AM CDT THU JUL 24 2014


...................................

...THE PIERRE SD CLIMATE SUMMARY FOR JULY 23 2014...

CLIMATE NORMAL PERIOD 1981 TO 2010
CLIMATE RECORD PERIOD 1892 TO 2014


WEATHER ITEM   OBSERVED TIME   RECORD YEAR NORMAL DEPARTURE LAST
                VALUE   (LST)  VALUE       VALUE  FROM      YEAR
                                                  NORMAL
..................................................................
TEMPERATURE (F)
 YESTERDAY
  MAXIMUM         88    417 PM 115    1940  90     -2       81
  MINIMUM         64    557 AM  49    2004  63      1       56
  AVERAGE         76                        76      0       69

PRECIPITATION (IN)
  YESTERDAY        0.00          2.04 1997   0.08  -0.08      T
  MONTH TO DATE    0.32                      1.93  -1.61     2.41
  SINCE JUN 1      4.71                      5.50  -0.79     5.37
  SINCE JAN 1     12.64                     12.70  -0.06    14.23

DEGREE DAYS
 HEATING
  YESTERDAY        0                         0      0        0
  MONTH TO DATE   19                         0     19        0
  SINCE JUN 1     86                        53     33       60
  SINCE JUL 1     19                         0     19        0

 COOLING
  YESTERDAY       11                        11      0        4
  MONTH TO DATE  167                       234    -67      238
  SINCE JUN 1    226                       368   -142      357
  SINCE JAN 1    274                       400   -126      379
..................................................................


WIND (MPH)
  RESULTANT WIND SPEED  15   RESULTANT WIND DIRECTION  SE (120)
  HIGHEST WIND SPEED    25   HIGHEST WIND DIRECTION    SE (130)
  HIGHEST GUST SPEED    32   HIGHEST GUST DIRECTION    SE (130)
  AVERAGE WIND SPEED    15.3




RELATIVE HUMIDITY (PERCENT)
 HIGHEST    87           300 AM
 LOWEST     30           600 PM
 AVERAGE    59

..........................................................


THE PIERRE SD CLIMATE NORMALS FOR TODAY
                         NORMAL    RECORD    YEAR
 MAXIMUM TEMPERATURE (F)   90       112      1952
 MINIMUM TEMPERATURE (F)   63        53      2004


SUNRISE AND SUNSET
JULY 24 2014..........SUNRISE   620 AM CDT   SUNSET   915 PM CDT
JULY 25 2014..........SUNRISE   621 AM CDT   SUNSET   914 PM CDT


-  INDICATES NEGATIVE NUMBERS.
R  INDICATES RECORD WAS SET OR TIED.
MM INDICATES DATA IS MISSING.
T  INDICATES TRACE AMOUNT.




$$
