278
CDUS43 KABR 261031
CLIPIR


CLIMATE REPORT
NATIONAL WEATHER SERVICE ABERDEEN SD
531 AM CDT SUN MAR 26 2017


...................................

...THE PIERRE SD CLIMATE SUMMARY FOR MARCH 25 2017...

CLIMATE NORMAL PERIOD 1981 TO 2010
CLIMATE RECORD PERIOD 1892 TO 2017


WEATHER ITEM   OBSERVED TIME   RECORD YEAR NORMAL DEPARTURE LAST
                VALUE   (LST)  VALUE       VALUE  FROM      YEAR
                                                  NORMAL
..................................................................
TEMPERATURE (F)
 YESTERDAY
  MAXIMUM         56    524 PM  82    1939  49      7       54
  MINIMUM         26    225 AM  -2    1964  27     -1       29
  AVERAGE         41                        38      3       42

PRECIPITATION (IN)
  YESTERDAY        0.00          0.67 1942   0.04  -0.04     0.07
                                      2001
  MONTH TO DATE    0.33                      0.92  -0.59     1.01
  SINCE MAR 1      0.33                      0.92  -0.59     1.01
  SINCE JAN 1      1.56                      1.93  -0.37     2.01

SNOWFALL (IN)
  YESTERDAY        0.0           3.0  1942   0.1   -0.1       T
  MONTH TO DATE    4.5                       5.0   -0.5      1.5
  SINCE OCT 1     32.6                      26.8    5.8     28.7
  SINCE JUL 1     32.6                      26.8    5.8     28.7
  SNOW DEPTH       0

DEGREE DAYS
 HEATING
  YESTERDAY       24                        27     -3       23
  MONTH TO DATE  750                       793    -43      617
  SINCE MAR 1    750                       793    -43      617
  SINCE JUL 1   5906                      6291   -385     5451

 COOLING
  YESTERDAY        0                         0      0        0
  MONTH TO DATE    0                         0      0        0
  SINCE MAR 1      0                         0      0        0
  SINCE JAN 1      0                         0      0        0
..................................................................


WIND (MPH)
  RESULTANT WIND SPEED  12   RESULTANT WIND DIRECTION  SE (130)
  HIGHEST WIND SPEED    21   HIGHEST WIND DIRECTION    SE (120)
  HIGHEST GUST SPEED    27   HIGHEST GUST DIRECTION    SE (130)
  AVERAGE WIND SPEED    13.1




RELATIVE HUMIDITY (PERCENT)
 HIGHEST   100           700 AM
 LOWEST     38           300 PM
 AVERAGE    69

..........................................................


THE PIERRE SD CLIMATE NORMALS FOR TODAY
                         NORMAL    RECORD    YEAR
 MAXIMUM TEMPERATURE (F)   50        79      2012
                                             1993
 MINIMUM TEMPERATURE (F)   27        -3      1964


SUNRISE AND SUNSET
MARCH 26 2017.........SUNRISE   733 AM CDT   SUNSET   801 PM CDT
MARCH 27 2017.........SUNRISE   731 AM CDT   SUNSET   803 PM CDT


-  INDICATES NEGATIVE NUMBERS.
R  INDICATES RECORD WAS SET OR TIED.
MM INDICATES DATA IS MISSING.
T  INDICATES TRACE AMOUNT.




$$
