000
CDUS41 KPBZ 192214
CLIPIT

CLIMATE REPORT
NATIONAL WEATHER SERVICE PITTSBURGH PA
514 PM EST FRI JAN 19 2018

...................................

...THE PITTSBURGH PA CLIMATE SUMMARY FOR JANUARY 19 2018...
VALID TODAY AS OF 0500 PM LOCAL TIME.

CLIMATE NORMAL PERIOD 1981 TO 2010
CLIMATE RECORD PERIOD 1871 TO 2018

WEATHER ITEM   OBSERVED TIME   RECORD YEAR NORMAL DEPARTURE LAST
                VALUE   (LST)  VALUE       VALUE  FROM      YEAR
                                                  NORMAL
..................................................................
TEMPERATURE (F)
 TODAY
  MAXIMUM         39    359 PM  69    1907  36      3       42
  MINIMUM         22    835 AM -22    1994  21      1       31
  AVERAGE         31                        28      3       37

PRECIPITATION (IN)
  TODAY            0.00          1.17 1996   0.09  -0.09      T
  MONTH TO DATE    3.42                      1.68   1.74     1.97
  SINCE JUN 1     26.86                     24.77   2.09    23.36
  SINCE JAN 1      3.42                      1.68   1.74     1.97

SNOWFALL (IN)
  TODAY            0.0           9.7  1936   0.4   -0.4      0.0
  MONTH TO DATE   13.3                       6.9    6.4      2.4
  SINCE OCT 1     26.6                      17.6    9.0     10.5
  SINCE JUL 1     26.6                      17.6    9.0     10.5
  SNOW DEPTH       0

DEGREE DAYS
 HEATING
  TODAY           34                        37     -3       28
  MONTH TO DATE  884                       699    185      618
  SINCE DEC 1   1941                      1711    230     1587
  SINCE JUL 1   2944                      2874     70     2434

 COOLING
  TODAY            0                         0      0        0
  MONTH TO DATE    0                         0      0        0
  SINCE DEC 1      0                         0      0        0
  SINCE JAN 1      0                         0      0        0
..................................................................

WIND (MPH)
  HIGHEST WIND SPEED    18   HIGHEST WIND DIRECTION    SW (210)
  HIGHEST GUST SPEED    23   HIGHEST GUST DIRECTION    SW (210)
  AVERAGE WIND SPEED    10.9


SKY COVER
  POSSIBLE SUNSHINE  MM
  AVERAGE SKY COVER 0.3


WEATHER CONDITIONS
 THE FOLLOWING WEATHER WAS RECORDED TODAY.
  NO SIGNIFICANT WEATHER WAS OBSERVED.


RELATIVE HUMIDITY (PERCENT)
 HIGHEST    62           700 AM
 LOWEST     40           300 PM
 AVERAGE    51

..........................................................


THE PITTSBURGH PA CLIMATE NORMALS FOR TOMORROW
                         NORMAL    RECORD    YEAR
 MAXIMUM TEMPERATURE (F)   36        68      1951
 MINIMUM TEMPERATURE (F)   21       -18      1985


SUNRISE AND SUNSET
JANUARY 19 2018.......SUNRISE   740 AM EST   SUNSET   523 PM EST
JANUARY 20 2018.......SUNRISE   740 AM EST   SUNSET   525 PM EST


-  INDICATES NEGATIVE NUMBERS.
R  INDICATES RECORD WAS SET OR TIED.
MM INDICATES DATA IS MISSING.
T  INDICATES TRACE AMOUNT.

&&

SNOW DEPTH IS MEASURED AT 7 AM EST OR 8 AM EDT.

$$
