000
CDUS41 KPBZ 280832
CLIPIT


CLIMATE REPORT
NATIONAL WEATHER SERVICE PITTSBURGH PA
331 AM EST FRI NOV 28 2014


...................................

...THE PITTSBURGH PA CLIMATE SUMMARY FOR NOVEMBER 27 2014...

CLIMATE NORMAL PERIOD 1981 TO 2010
CLIMATE RECORD PERIOD 1871 TO 2014


WEATHER ITEM   OBSERVED TIME   RECORD YEAR NORMAL DEPARTURE LAST
                VALUE   (LST)  VALUE       VALUE  FROM      YEAR
                                                  NORMAL
..................................................................
TEMPERATURE (F)
 YESTERDAY
  MAXIMUM         34    203 PM  75    1990  46    -12       33
  MINIMUM         28    902 PM   7    1930  31     -3       23
  AVERAGE         31                        39     -8       28

PRECIPITATION (IN)
  YESTERDAY        0.03          1.30 1878   0.11  -0.08     0.01
  MONTH TO DATE    1.87                      2.90  -1.03     2.97
  SINCE JUN 1     19.02                     19.91  -0.89    21.05
  SINCE JAN 1     34.11                     35.01  -0.90    33.39

SNOWFALL (IN)
  YESTERDAY        0.3           2.5  1931   0.1    0.2      1.2
  MONTH TO DATE    1.2                       1.7   -0.5      9.3
  SINCE OCT 1      1.2                       2.1   -0.9      9.4
  SINCE JUL 1      1.2                       2.1   -0.9      9.4
  SNOW DEPTH       0

DEGREE DAYS
 HEATING
  YESTERDAY       34                        26      8       37
  MONTH TO DATE  707                       580    127      649
  SINCE SEP 1   1146                      1068     78     1044
  SINCE JUL 1   1167                      1081     86     1055

 COOLING
  YESTERDAY        0                         0      0        0
  MONTH TO DATE    0                         0      0        0
  SINCE SEP 1     79                        84     -5      112
  SINCE JAN 1    700                       736    -36      831
..................................................................


WIND (MPH)
  HIGHEST WIND SPEED    20   HIGHEST WIND DIRECTION    NW (300)
  HIGHEST GUST SPEED    23   HIGHEST GUST DIRECTION    NW (300)
  AVERAGE WIND SPEED     7.9


SKY COVER
  POSSIBLE SUNSHINE  MM
  AVERAGE SKY COVER 1.0


WEATHER CONDITIONS
 THE FOLLOWING WEATHER WAS RECORDED YESTERDAY.
  LIGHT SNOW
  FOG


RELATIVE HUMIDITY (PERCENT)
 HIGHEST    92          1200 AM
 LOWEST     82          1100 AM
 AVERAGE    87

..........................................................


THE PITTSBURGH PA CLIMATE NORMALS FOR TODAY
                         NORMAL    RECORD    YEAR
 MAXIMUM TEMPERATURE (F)   46        73      1990
 MINIMUM TEMPERATURE (F)   31         8      1930


SUNRISE AND SUNSET
NOVEMBER 28 2014......SUNRISE   722 AM EST   SUNSET   456 PM EST
NOVEMBER 29 2014......SUNRISE   723 AM EST   SUNSET   455 PM EST


-  INDICATES NEGATIVE NUMBERS.
R  INDICATES RECORD WAS SET OR TIED.
MM INDICATES DATA IS MISSING.
T  INDICATES TRACE AMOUNT.






&&
SNOW DEPTH IS MEASURED AT 7 AM EST OR 8 AM EDT.
$$
