000
CDUS41 KPBZ 120723
CLIPIT


CLIMATE REPORT
NATIONAL WEATHER SERVICE PITTSBURGH PA
323 AM EDT SAT JUL 12 2014


...................................

...THE PITTSBURGH PA CLIMATE SUMMARY FOR JULY 11 2014...

CLIMATE NORMAL PERIOD 1981 TO 2010
CLIMATE RECORD PERIOD 1871 TO 2014


WEATHER ITEM   OBSERVED TIME   RECORD YEAR NORMAL DEPARTURE LAST
                VALUE   (LST)  VALUE       VALUE  FROM      YEAR
                                                  NORMAL
..................................................................
TEMPERATURE (F)
 YESTERDAY
  MAXIMUM         84    430 PM  97    1876  83      1       77
  MINIMUM         60    358 AM  47    1996  63     -3       64
  AVERAGE         72                        73     -1       71

PRECIPITATION (IN)
  YESTERDAY        0.00          2.96 1971   0.13  -0.13     0.00
  MONTH TO DATE    1.19                      1.41  -0.22     3.95
  SINCE JUN 1      5.24                      5.71  -0.47     9.43
  SINCE JAN 1     20.33                     20.81  -0.48    21.77

SNOWFALL (IN)
  YESTERDAY        0.0           0.0  2002   0.0    0.0      0.0
                                      2001
  MONTH TO DATE    0.0                       0.0    0.0      0.0
  SINCE OCT 1     63.4                      41.4   22.0     57.4
  SINCE JUL 1      0.0                       0.0    0.0      0.0
  SNOW DEPTH       0

DEGREE DAYS
 HEATING
  YESTERDAY        0                         0      0        0
  MONTH TO DATE    1                         0      1        0
  SINCE JUN 1     10                        38    -28       16
  SINCE JUL 1      1                         0      1        0

 COOLING
  YESTERDAY        7                         8     -1        6
  MONTH TO DATE   83                        85     -2      112
  SINCE JUN 1    268                       235     33      266
  SINCE JAN 1    342                       287     55      370
..................................................................


WIND (MPH)
  HIGHEST WIND SPEED     9   HIGHEST WIND DIRECTION     W (260)
  HIGHEST GUST SPEED    13   HIGHEST GUST DIRECTION     W (250)
  AVERAGE WIND SPEED     2.3


SKY COVER
  POSSIBLE SUNSHINE  MM
  AVERAGE SKY COVER 0.3


WEATHER CONDITIONS
 THE FOLLOWING WEATHER WAS RECORDED YESTERDAY.
  NO SIGNIFICANT WEATHER WAS OBSERVED.


RELATIVE HUMIDITY (PERCENT)
 HIGHEST    87           700 AM
 LOWEST     40           400 PM
 AVERAGE    64

..........................................................


THE PITTSBURGH PA CLIMATE NORMALS FOR TODAY
                         NORMAL    RECORD    YEAR
 MAXIMUM TEMPERATURE (F)   83        98      1936
 MINIMUM TEMPERATURE (F)   63        49      1978


SUNRISE AND SUNSET
JULY 12 2014..........SUNRISE   601 AM EDT   SUNSET   852 PM EDT
JULY 13 2014..........SUNRISE   602 AM EDT   SUNSET   851 PM EDT


-  INDICATES NEGATIVE NUMBERS.
R  INDICATES RECORD WAS SET OR TIED.
MM INDICATES DATA IS MISSING.
T  INDICATES TRACE AMOUNT.





&&
SNOW DEPTH IS MEASURED AT 7 AM EST OR 8 AM EDT.
$$
