000
CDUS41 KPBZ 252131
CLIPIT

CLIMATE REPORT
NATIONAL WEATHER SERVICE PITTSBURGH PA
531 PM EDT THU AUG 25 2016

...................................

...THE PITTSBURGH PA CLIMATE SUMMARY FOR AUGUST 25 2016...
VALID TODAY AS OF 0500 PM LOCAL TIME.

CLIMATE NORMAL PERIOD 1981 TO 2010
CLIMATE RECORD PERIOD 1871 TO 2016

WEATHER ITEM   OBSERVED TIME   RECORD YEAR NORMAL DEPARTURE LAST
                VALUE   (LST)  VALUE       VALUE  FROM      YEAR
                                                  NORMAL
..................................................................
TEMPERATURE (F)
 TODAY
  MAXIMUM         88    348 PM  94    1993  81      7       71
                                      1948
                                      1903
  MINIMUM         72    655 AM  45    1986  61     11       55
                                      1977
  AVERAGE         80                        71      9       63

PRECIPITATION (IN)
  TODAY            0.10          2.59 1879   0.11  -0.01     0.00
  MONTH TO DATE    2.94                      2.82   0.12     2.19
  SINCE JUN 1      9.16                     10.95  -1.79    13.14
  SINCE JAN 1     22.78                     26.05  -3.27    27.62

SNOWFALL (IN)
  TODAY            0.0           0.0  2002   0.0    0.0      0.0
                                      2001
                                      2001
  MONTH TO DATE    0.0                       0.0    0.0      0.0
  SINCE OCT 1     29.6                      41.9  -12.3     47.5
  SINCE JUL 1      0.0                       0.0    0.0      0.0
  SNOW DEPTH       0

DEGREE DAYS
 HEATING
  TODAY            0                         0      0        2
  MONTH TO DATE    0                         0      0        2
  SINCE JUN 1     15                        42    -27       27
  SINCE JUL 1      1                         4     -3        2

 COOLING
  TODAY           15                         6      9        0
  MONTH TO DATE  281                       174    107      180
  SINCE JUN 1    836                       565    271      639
  SINCE JAN 1    906                       617    289      773
..................................................................

WIND (MPH)
  HIGHEST WIND SPEED    18   HIGHEST WIND DIRECTION    SW (230)
  HIGHEST GUST SPEED    29   HIGHEST GUST DIRECTION    SW (230)
  AVERAGE WIND SPEED     8.6


SKY COVER
  POSSIBLE SUNSHINE  MM
  AVERAGE SKY COVER 0.9


WEATHER CONDITIONS
 THE FOLLOWING WEATHER WAS RECORDED TODAY.
  LIGHT RAIN
  FOG


RELATIVE HUMIDITY (PERCENT)
 HIGHEST    93           700 AM
 LOWEST     50           300 PM
 AVERAGE    72

..........................................................


THE PITTSBURGH PA CLIMATE NORMALS FOR TOMORROW
                         NORMAL    RECORD    YEAR
 MAXIMUM TEMPERATURE (F)   81        98      1993
 MINIMUM TEMPERATURE (F)   60        48      1958


SUNRISE AND SUNSET
AUGUST 25 2016........SUNRISE   642 AM EDT   SUNSET   803 PM EDT
AUGUST 26 2016........SUNRISE   643 AM EDT   SUNSET   801 PM EDT


-  INDICATES NEGATIVE NUMBERS.
R  INDICATES RECORD WAS SET OR TIED.
MM INDICATES DATA IS MISSING.
T  INDICATES TRACE AMOUNT.

&&

SNOW DEPTH IS MEASURED AT 7 AM EST OR 8 AM EDT.

$$
