000
CDUS41 KPBZ 202212
CLIPIT

CLIMATE REPORT
NATIONAL WEATHER SERVICE PITTSBURGH PA
511 PM EST MON FEB 20 2017

...................................

...THE PITTSBURGH PA CLIMATE SUMMARY FOR FEBRUARY 20 2017...
VALID TODAY AS OF 0500 PM LOCAL TIME.

CLIMATE NORMAL PERIOD 1981 TO 2010
CLIMATE RECORD PERIOD 1871 TO 2017

WEATHER ITEM   OBSERVED TIME   RECORD YEAR NORMAL DEPARTURE LAST
                VALUE   (LST)  VALUE       VALUE  FROM      YEAR
                                                  NORMAL
..................................................................
TEMPERATURE (F)
 TODAY
  MAXIMUM         61    354 PM  68    1891  41     20       67
  MINIMUM         34    613 AM -10    2015  24     10       48
  AVERAGE         48                        32     16       58

PRECIPITATION (IN)
  TODAY            0.00          0.68 1898   0.08  -0.08     0.00
                                      1890
  MONTH TO DATE    1.16                      1.70  -0.54     1.99
  SINCE JUN 1     26.09                     27.49  -1.40    29.86
  SINCE JAN 1      4.70                      4.40   0.30     3.78

SNOWFALL (IN)
  TODAY            0.0          10.4  1947   0.4   -0.4      0.0
  MONTH TO DATE    6.7                       7.3   -0.6      8.9
  SINCE OCT 1     22.3                      29.8   -7.5     23.8
  SINCE JUL 1     22.3                      29.8   -7.5     23.8
  SNOW DEPTH       0

DEGREE DAYS
 HEATING
  TODAY           17                        33    -16        7
  MONTH TO DATE  561                       694   -133      692
  SINCE DEC 1   2465                      2840   -375     2499
  SINCE JUL 1   3312                      4003   -691     3353

 COOLING
  TODAY            0                         0      0        0
  MONTH TO DATE    0                         0      0        0
  SINCE DEC 1      0                         0      0        0
  SINCE JAN 1      0                         0      0        0
..................................................................

WIND (MPH)
  HIGHEST WIND SPEED     7   HIGHEST WIND DIRECTION    SW (220)
  HIGHEST GUST SPEED     9   HIGHEST GUST DIRECTION     S (180)
  AVERAGE WIND SPEED     1.5


SKY COVER
  POSSIBLE SUNSHINE  MM
  AVERAGE SKY COVER 0.6


WEATHER CONDITIONS
 THE FOLLOWING WEATHER WAS RECORDED TODAY.
  FOG
  FOG W/VISIBILITY <= 1/4 MILE


RELATIVE HUMIDITY (PERCENT)
 HIGHEST   100           400 AM
 LOWEST     32           400 PM
 AVERAGE    66

..........................................................


THE PITTSBURGH PA CLIMATE NORMALS FOR TOMORROW
                         NORMAL    RECORD    YEAR
 MAXIMUM TEMPERATURE (F)   41        73      1997
 MINIMUM TEMPERATURE (F)   24        -6      1968


SUNRISE AND SUNSET
FEBRUARY 20 2017......SUNRISE   707 AM EST   SUNSET   602 PM EST
FEBRUARY 21 2017......SUNRISE   706 AM EST   SUNSET   603 PM EST


-  INDICATES NEGATIVE NUMBERS.
R  INDICATES RECORD WAS SET OR TIED.
MM INDICATES DATA IS MISSING.
T  INDICATES TRACE AMOUNT.

&&

SNOW DEPTH IS MEASURED AT 7 AM EST OR 8 AM EDT.

$$
