000
CDUS41 KPBZ 302111
CLIPIT


CLIMATE REPORT
NATIONAL WEATHER SERVICE PITTSBURGH PA
511 PM EDT TUE SEP 30 2014


...................................

...THE PITTSBURGH PA CLIMATE SUMMARY FOR SEPTEMBER 30 2014...
VALID TODAY AS OF 0500 PM LOCAL TIME.

CLIMATE NORMAL PERIOD 1981 TO 2010
CLIMATE RECORD PERIOD 1871 TO 2014


WEATHER ITEM   OBSERVED TIME   RECORD YEAR NORMAL DEPARTURE LAST
                VALUE   (LST)  VALUE       VALUE  FROM      YEAR
                                                  NORMAL
..................................................................
TEMPERATURE (F)
 TODAY
  MAXIMUM         71   1030 AM  92    1881  68      3       70
  MINIMUM         52    638 AM  36    1993  48      4       54
                                      1947
                                      1935
  AVERAGE         62                        58      4       62

PRECIPITATION (IN)
  TODAY            0.12          1.18 1959   0.09   0.03     0.00
  MONTH TO DATE    0.60                      3.11  -2.51     2.31
  SINCE JUN 1     14.89                     14.72   0.17    15.73
  SINCE JAN 1     29.98                     29.82   0.16    28.07

SNOWFALL (IN)
  TODAY            0.0           T    1893   0.0    0.0      0.0
  MONTH TO DATE    0.0                       0.0    0.0      0.0
  SINCE OCT 1     63.4                      41.9   21.5     57.4
  SINCE JUL 1      0.0                       0.0    0.0      0.0
  SNOW DEPTH       0

DEGREE DAYS
 HEATING
  TODAY            3                         8     -5        3
  MONTH TO DATE   92                       102    -10       98
  SINCE SEP 1     92                       101     -9       98
  SINCE JUL 1    113                       114     -1      109

 COOLING
  TODAY            0                         1     -1        0
  MONTH TO DATE   75                        76     -1       76
  SINCE SEP 1     75                        76     -1       76
  SINCE JAN 1    696                       728    -32      795
..................................................................


WIND (MPH)
  HIGHEST WIND SPEED    28   HIGHEST WIND DIRECTION    NW (320)
  HIGHEST GUST SPEED    35   HIGHEST GUST DIRECTION    NW (320)
  AVERAGE WIND SPEED     3.1


SKY COVER
  POSSIBLE SUNSHINE  MM
  AVERAGE SKY COVER 0.3


WEATHER CONDITIONS
 THE FOLLOWING WEATHER WAS RECORDED TODAY.
  LIGHT RAIN
  FOG
  HAZE


RELATIVE HUMIDITY (PERCENT)
 HIGHEST   100           800 AM
 LOWEST     61          1100 AM
 AVERAGE    81

..........................................................


THE PITTSBURGH PA CLIMATE NORMALS FOR TOMORROW
                         NORMAL    RECORD    YEAR
 MAXIMUM TEMPERATURE (F)   68        89      1881
 MINIMUM TEMPERATURE (F)   48        30      1899


SUNRISE AND SUNSET
SEPTEMBER 30 2014.....SUNRISE   716 AM EDT   SUNSET   705 PM EDT
OCTOBER  1 2014.......SUNRISE   717 AM EDT   SUNSET   703 PM EDT


-  INDICATES NEGATIVE NUMBERS.
R  INDICATES RECORD WAS SET OR TIED.
MM INDICATES DATA IS MISSING.
T  INDICATES TRACE AMOUNT.





&&
SNOW DEPTH IS MEASURED AT 7 AM EST OR 8 AM EDT.
$$
