000
CDUS41 KPBZ 280715
CLIPIT

CLIMATE REPORT
NATIONAL WEATHER SERVICE PITTSBURGH PA
314 AM EDT THU MAY 28 2015

...................................

...THE PITTSBURGH PA CLIMATE SUMMARY FOR MAY 27 2015...

CLIMATE NORMAL PERIOD 1981 TO 2010
CLIMATE RECORD PERIOD 1871 TO 2015

WEATHER ITEM   OBSERVED TIME   RECORD YEAR NORMAL DEPARTURE LAST
                VALUE   (LST)  VALUE       VALUE  FROM      YEAR
                                                  NORMAL
..................................................................
TEMPERATURE (F)
 YESTERDAY
  MAXIMUM         81    512 PM  92    1880  74      7       84
  MINIMUM         65    423 AM  34    1961  53     12       63
  AVERAGE         73                        63     10       74

PRECIPITATION (IN)
  YESTERDAY        0.45          1.62 1956   0.14   0.31     1.31
  MONTH TO DATE    2.40                      3.37  -0.97     4.17
  SINCE JUN 1     35.91                     37.61  -1.70    39.25
  SINCE JAN 1     14.16                     14.52  -0.36    14.94

SNOWFALL (IN)
  YESTERDAY        0.0           T    1961   0.0    0.0      0.0
  MONTH TO DATE    0.0                       0.0    0.0      0.0
  SINCE OCT 1     47.5                      41.9    5.6     63.4
  SINCE JUL 1     47.5                      41.9    5.6     63.4
  SNOW DEPTH       0

DEGREE DAYS
 HEATING
  YESTERDAY        0                         4     -4        0
  MONTH TO DATE   91                       182    -91      150
  SINCE MAR 1   1348                      1401    -53     1477
  SINCE JUL 1   6016                      5658    358     6008

 COOLING
  YESTERDAY        8                         2      6        9
  MONTH TO DATE  105                        34     71       47
  SINCE MAR 1    106                        44     62       57
  SINCE JAN 1    106                        44     62       57
..................................................................

WIND (MPH)
  HIGHEST WIND SPEED    21   HIGHEST WIND DIRECTION     W (250)
  HIGHEST GUST SPEED    28   HIGHEST GUST DIRECTION    SW (240)
  AVERAGE WIND SPEED     8.2


SKY COVER
  POSSIBLE SUNSHINE  MM
  AVERAGE SKY COVER 0.6


WEATHER CONDITIONS
 THE FOLLOWING WEATHER WAS RECORDED YESTERDAY.
  THUNDERSTORM
  HEAVY RAIN
  LIGHT RAIN
  FOG


RELATIVE HUMIDITY (PERCENT)
 HIGHEST    93           700 AM
 LOWEST     49           300 PM
 AVERAGE    71

..........................................................


THE PITTSBURGH PA CLIMATE NORMALS FOR TODAY
                         NORMAL    RECORD    YEAR
 MAXIMUM TEMPERATURE (F)   74        92      1911
                                             1881
                                             1875
 MINIMUM TEMPERATURE (F)   53        35      1971


SUNRISE AND SUNSET
MAY 28 2015...........SUNRISE   555 AM EDT   SUNSET   842 PM EDT
MAY 29 2015...........SUNRISE   554 AM EDT   SUNSET   843 PM EDT


-  INDICATES NEGATIVE NUMBERS.
R  INDICATES RECORD WAS SET OR TIED.
MM INDICATES DATA IS MISSING.
T  INDICATES TRACE AMOUNT.

&&

SNOW DEPTH IS MEASURED AT 7 AM EST OR 8 AM EDT.

$$
