000
CDUS41 KPBZ 270829
CLIPIT


CLIMATE REPORT
NATIONAL WEATHER SERVICE PITTSBURGH PA
329 AM EST FRI FEB 27 2015


...................................

...THE PITTSBURGH PA CLIMATE SUMMARY FOR FEBRUARY 26 2015...

CLIMATE NORMAL PERIOD 1981 TO 2010
CLIMATE RECORD PERIOD 1871 TO 2015


WEATHER ITEM   OBSERVED TIME   RECORD YEAR NORMAL DEPARTURE LAST
                VALUE   (LST)  VALUE       VALUE  FROM      YEAR
                                                  NORMAL
..................................................................
TEMPERATURE (F)
 YESTERDAY
  MAXIMUM         22   1240 PM  76    2000  42    -20       24
  MINIMUM         10   1159 PM  -6    1963  25    -15       14
  AVERAGE         16                        34    -18       19

PRECIPITATION (IN)
  YESTERDAY        0.20          2.01 1887   0.08   0.12     0.03
  MONTH TO DATE    1.75                      2.21  -0.46     2.25
  SINCE JUN 1     25.75                     28.00  -2.25    28.74
  SINCE JAN 1      4.00                      4.91  -0.91     4.43

SNOWFALL (IN)
  YESTERDAY        0.4           5.7  1894   0.4    0.0      0.7
  MONTH TO DATE   15.2                       9.5    5.7     15.9
  SINCE OCT 1     37.0                      32.0    5.0     58.2
  SINCE JUL 1     37.0                      32.0    5.0     58.2
  SNOW DEPTH       3

DEGREE DAYS
 HEATING
  YESTERDAY       49                        31     18       46
  MONTH TO DATE 1192                       886    306      993
  SINCE DEC 1   3323                      3032    291     3262
  SINCE JUL 1   4561                      4195    366     4430

 COOLING
  YESTERDAY        0                         0      0        0
  MONTH TO DATE    0                         0      0        0
  SINCE DEC 1      0                         0      0        0
  SINCE JAN 1      0                         0      0        0
..................................................................


WIND (MPH)
  HIGHEST WIND SPEED    16   HIGHEST WIND DIRECTION    NW (330)
  HIGHEST GUST SPEED    20   HIGHEST GUST DIRECTION    NW (330)
  AVERAGE WIND SPEED    10.4


SKY COVER
  POSSIBLE SUNSHINE  MM
  AVERAGE SKY COVER 1.0


WEATHER CONDITIONS
 THE FOLLOWING WEATHER WAS RECORDED YESTERDAY.
  LIGHT SNOW
  FOG
  HAZE


RELATIVE HUMIDITY (PERCENT)
 HIGHEST    83          1100 PM
 LOWEST     51           400 AM
 AVERAGE    67

..........................................................


THE PITTSBURGH PA CLIMATE NORMALS FOR TODAY
                         NORMAL    RECORD    YEAR
 MAXIMUM TEMPERATURE (F)   43        72      1880
 MINIMUM TEMPERATURE (F)   25        -9      1963


SUNRISE AND SUNSET
FEBRUARY 27 2015......SUNRISE   658 AM EST   SUNSET   610 PM EST
FEBRUARY 28 2015......SUNRISE   656 AM EST   SUNSET   611 PM EST


-  INDICATES NEGATIVE NUMBERS.
R  INDICATES RECORD WAS SET OR TIED.
MM INDICATES DATA IS MISSING.
T  INDICATES TRACE AMOUNT.





&&
SNOW DEPTH IS MEASURED AT 7 AM EST OR 8 AM EDT.
$$
