000
CDUS41 KPBZ 212113
CLIPIT


CLIMATE REPORT
NATIONAL WEATHER SERVICE PITTSBURGH PA
513 PM EDT TUE OCT 21 2014


...................................

...THE PITTSBURGH PA CLIMATE SUMMARY FOR OCTOBER 21 2014...
VALID TODAY AS OF 0500 PM LOCAL TIME.

CLIMATE NORMAL PERIOD 1981 TO 2010
CLIMATE RECORD PERIOD 1871 TO 2014


WEATHER ITEM   OBSERVED TIME   RECORD YEAR NORMAL DEPARTURE LAST
                VALUE   (LST)  VALUE       VALUE  FROM      YEAR
                                                  NORMAL
..................................................................
TEMPERATURE (F)
 TODAY
  MAXIMUM         54    135 PM  82    1949  61     -7       66
  MINIMUM         48    359 PM  23    1952  41      7       40
  AVERAGE         51                        51      0       53

PRECIPITATION (IN)
  TODAY            0.05          1.39 1970   0.07  -0.02     0.00
  MONTH TO DATE    1.64                      1.50   0.14     1.92
  SINCE JUN 1     16.90                     16.22   0.68    17.65
  SINCE JAN 1     31.99                     31.32   0.67    29.99

SNOWFALL (IN)
  TODAY            0.0           T    1987   0.0    0.0      0.0
  MONTH TO DATE    T                         0.1   -0.1      0.0
  SINCE OCT 1      T                         0.1   -0.1      0.0
  SINCE JUL 1      T                         0.1   -0.1      0.0
  SNOW DEPTH       0

DEGREE DAYS
 HEATING
  TODAY           14                        14      0       12
  MONTH TO DATE  205                       233    -28      107
  SINCE SEP 1    297                       334    -37      205
  SINCE JUL 1    318                       347    -29      216

 COOLING
  TODAY            0                         0      0        0
  MONTH TO DATE    4                         6     -2       36
  SINCE SEP 1     79                        82     -3      112
  SINCE JAN 1    700                       734    -34      831
..................................................................


WIND (MPH)
  HIGHEST WIND SPEED    22   HIGHEST WIND DIRECTION    NW (330)
  HIGHEST GUST SPEED    25   HIGHEST GUST DIRECTION    NW (320)
  AVERAGE WIND SPEED     8.6


SKY COVER
  POSSIBLE SUNSHINE  MM
  AVERAGE SKY COVER 0.8


WEATHER CONDITIONS
 THE FOLLOWING WEATHER WAS RECORDED TODAY.
  LIGHT RAIN
  FOG


RELATIVE HUMIDITY (PERCENT)
 HIGHEST    93           400 AM
 LOWEST     77          1100 AM
 AVERAGE    85

..........................................................


THE PITTSBURGH PA CLIMATE NORMALS FOR TOMORROW
                         NORMAL    RECORD    YEAR
 MAXIMUM TEMPERATURE (F)   61        84      1947
                                             1900
 MINIMUM TEMPERATURE (F)   41        29      1997
                                             1987
                                             1976


SUNRISE AND SUNSET
OCTOBER 21 2014.......SUNRISE   738 AM EDT   SUNSET   632 PM EDT
OCTOBER 22 2014.......SUNRISE   739 AM EDT   SUNSET   631 PM EDT


-  INDICATES NEGATIVE NUMBERS.
R  INDICATES RECORD WAS SET OR TIED.
MM INDICATES DATA IS MISSING.
T  INDICATES TRACE AMOUNT.






&&
SNOW DEPTH IS MEASURED AT 7 AM EST OR 8 AM EDT.
$$
