000
CDUS41 KPBZ 302114
CLIPIT


CLIMATE REPORT
NATIONAL WEATHER SERVICE PITTSBURGH PA
513 PM EDT WED JUL 30 2014


...................................

...THE PITTSBURGH PA CLIMATE SUMMARY FOR JULY 30 2014...
VALID TODAY AS OF 0500 PM LOCAL TIME.

CLIMATE NORMAL PERIOD 1981 TO 2010
CLIMATE RECORD PERIOD 1871 TO 2014


WEATHER ITEM   OBSERVED TIME   RECORD YEAR NORMAL DEPARTURE LAST
                VALUE   (LST)  VALUE       VALUE  FROM      YEAR
                                                  NORMAL
..................................................................
TEMPERATURE (F)
 TODAY
  MAXIMUM         73   1240 PM  94    1988  82     -9       78
                                      1940
                                      1887
  MINIMUM         53    355 AM  50    1968  63    -10       53
                                      1956
  AVERAGE         63                        73    -10       66

PRECIPITATION (IN)
  TODAY            0.14          1.32 1892   0.12   0.02     0.00
  MONTH TO DATE    5.19                      3.71   1.48     6.14
  SINCE JUN 1      9.24                      8.01   1.23    11.62
  SINCE JAN 1     24.33                     23.11   1.22    23.96

SNOWFALL (IN)
  TODAY            0.0           0.0  2002   0.0    0.0      0.0
                                      2001
  MONTH TO DATE    0.0                       0.0    0.0      0.0
  SINCE OCT 1     63.4                      41.4   22.0     57.4
  SINCE JUL 1      0.0                       0.0    0.0      0.0
  SNOW DEPTH       0

DEGREE DAYS
 HEATING
  TODAY            2                         0      2        0
  MONTH TO DATE   11                         0     11        1
  SINCE JUN 1     20                        38    -18       17
  SINCE JUL 1     11                         0     11        1

 COOLING
  TODAY            0                         8     -8        1
  MONTH TO DATE  185                       237    -52      265
  SINCE JUN 1    370                       387    -17      419
  SINCE JAN 1    444                       439      5      523
..................................................................


WIND (MPH)
  HIGHEST WIND SPEED    18   HIGHEST WIND DIRECTION    SW (210)
  HIGHEST GUST SPEED    24   HIGHEST GUST DIRECTION    SW (220)
  AVERAGE WIND SPEED     4.5


SKY COVER
  POSSIBLE SUNSHINE  MM
  AVERAGE SKY COVER 0.5


WEATHER CONDITIONS
 THE FOLLOWING WEATHER WAS RECORDED TODAY.
  THUNDERSTORM
  LIGHT RAIN
  FOG


RELATIVE HUMIDITY (PERCENT)
 HIGHEST    89           400 AM
 LOWEST     57          1200 PM
 AVERAGE    73

..........................................................


THE PITTSBURGH PA CLIMATE NORMALS FOR TOMORROW
                         NORMAL    RECORD    YEAR
 MAXIMUM TEMPERATURE (F)   82        96      1975
 MINIMUM TEMPERATURE (F)   63        50      1965


SUNRISE AND SUNSET
JULY 30 2014..........SUNRISE   616 AM EDT   SUNSET   838 PM EDT
JULY 31 2014..........SUNRISE   617 AM EDT   SUNSET   837 PM EDT


-  INDICATES NEGATIVE NUMBERS.
R  INDICATES RECORD WAS SET OR TIED.
MM INDICATES DATA IS MISSING.
T  INDICATES TRACE AMOUNT.





&&
SNOW DEPTH IS MEASURED AT 7 AM EST OR 8 AM EDT.
$$
