000
CDUS41 KPBZ 282113
CLIPIT

CLIMATE REPORT
NATIONAL WEATHER SERVICE PITTSBURGH PA
512 PM EDT SAT MAY 28 2016

...................................

...THE PITTSBURGH PA CLIMATE SUMMARY FOR MAY 28 2016...
VALID TODAY AS OF 0500 PM LOCAL TIME.

CLIMATE NORMAL PERIOD 1981 TO 2010
CLIMATE RECORD PERIOD 1871 TO 2016

WEATHER ITEM   OBSERVED TIME   RECORD YEAR NORMAL DEPARTURE LAST
                VALUE   (LST)  VALUE       VALUE  FROM      YEAR
                                                  NORMAL
..................................................................
TEMPERATURE (F)
 TODAY
  MAXIMUM         88    359 PM  92    1911  74     14       81
                                      1881
                                      1875
  MINIMUM         66    556 AM  35    1971  53     13       61
  AVERAGE         77                        64     13       71

PRECIPITATION (IN)
  TODAY            0.00          2.00 2000   0.14  -0.14     0.00
  MONTH TO DATE    3.61                      3.51   0.10     2.40
  SINCE JUN 1     39.70                     37.75   1.95    35.91
  SINCE JAN 1     13.62                     14.66  -1.04    14.16

SNOWFALL (IN)
  TODAY            0.0           0.0  2002   0.0    0.0      0.0
                                      2001
  MONTH TO DATE    T                         0.0    0.0      0.0
  SINCE OCT 1     29.6                      41.9  -12.3     47.5
  SINCE JUL 1     29.6                      41.9  -12.3     47.5
  SNOW DEPTH       0

DEGREE DAYS
 HEATING
  TODAY            0                         4     -4        0
  MONTH TO DATE  178                       186     -8       91
  SINCE MAR 1   1104                      1405   -301     1348
  SINCE JUL 1   4670                      5662   -992     6016

 COOLING
  TODAY           12                         2     10        6
  MONTH TO DATE   44                        36      8      111
  SINCE MAR 1     47                        46      1      112
  SINCE JAN 1     47                        46      1      112
..................................................................

WIND (MPH)
  HIGHEST WIND SPEED    13   HIGHEST WIND DIRECTION    SW (240)
  HIGHEST GUST SPEED    17   HIGHEST GUST DIRECTION    SW (210)
  AVERAGE WIND SPEED     4.3


SKY COVER
  POSSIBLE SUNSHINE  MM
  AVERAGE SKY COVER 0.5


WEATHER CONDITIONS
 THE FOLLOWING WEATHER WAS RECORDED TODAY.
  FOG
  HAZE


RELATIVE HUMIDITY (PERCENT)
 HIGHEST    87           500 AM
 LOWEST     43           200 PM
 AVERAGE    65

..........................................................


THE PITTSBURGH PA CLIMATE NORMALS FOR TOMORROW
                         NORMAL    RECORD    YEAR
 MAXIMUM TEMPERATURE (F)   74        95      1881
 MINIMUM TEMPERATURE (F)   53        39      1884


SUNRISE AND SUNSET
MAY 28 2016...........SUNRISE   554 AM EDT   SUNSET   843 PM EDT
MAY 29 2016...........SUNRISE   554 AM EDT   SUNSET   843 PM EDT


-  INDICATES NEGATIVE NUMBERS.
R  INDICATES RECORD WAS SET OR TIED.
MM INDICATES DATA IS MISSING.
T  INDICATES TRACE AMOUNT.

&&

SNOW DEPTH IS MEASURED AT 7 AM EST OR 8 AM EDT.

$$
