000
CDUS41 KPBZ 282113
CLIPIT


CLIMATE REPORT
NATIONAL WEATHER SERVICE PITTSBURGH PA
512 PM EDT THU AUG 28 2014


...................................

...THE PITTSBURGH PA CLIMATE SUMMARY FOR AUGUST 28 2014...
VALID TODAY AS OF 0500 PM LOCAL TIME.

CLIMATE NORMAL PERIOD 1981 TO 2010
CLIMATE RECORD PERIOD 1871 TO 2014


WEATHER ITEM   OBSERVED TIME   RECORD YEAR NORMAL DEPARTURE LAST
                VALUE   (LST)  VALUE       VALUE  FROM      YEAR
                                                  NORMAL
..................................................................
TEMPERATURE (F)
 TODAY
  MAXIMUM         74    353 PM  98    1948  80     -6       83
  MINIMUM         59    630 AM  44    1968  60     -1       72
                                      1965
  AVERAGE         67                        70     -3       78

PRECIPITATION (IN)
  TODAY            0.00          2.30 1992   0.11  -0.11     0.69
  MONTH TO DATE    3.98                      3.15   0.83     1.78
  SINCE JUN 1     13.22                     11.28   1.94    13.42
  SINCE JAN 1     28.31                     26.38   1.93    25.76

SNOWFALL (IN)
  TODAY            0.0           0.0  2002   0.0    0.0      0.0
                                      2001
  MONTH TO DATE    0.0                       0.0    0.0      0.0
  SINCE OCT 1     63.4                      41.4   22.0     57.4
  SINCE JUL 1      0.0                       0.0    0.0      0.0
  SNOW DEPTH       0

DEGREE DAYS
 HEATING
  TODAY            0                         1     -1        0
  MONTH TO DATE   10                         1      9       10
  SINCE JUN 1     30                        43    -13       27
  SINCE JUL 1     21                         5     16       11

 COOLING
  TODAY            2                         6     -4       13
  MONTH TO DATE  156                       192    -36      158
  SINCE JUN 1    529                       583    -54      579
  SINCE JAN 1    603                       635    -32      683
..................................................................


WIND (MPH)
  HIGHEST WIND SPEED    16   HIGHEST WIND DIRECTION    NW (330)
  HIGHEST GUST SPEED    21   HIGHEST GUST DIRECTION    NW (320)
  AVERAGE WIND SPEED     9.5


SKY COVER
  POSSIBLE SUNSHINE  MM
  AVERAGE SKY COVER 0.4


WEATHER CONDITIONS
 THE FOLLOWING WEATHER WAS RECORDED TODAY.
  NO SIGNIFICANT WEATHER WAS OBSERVED.


RELATIVE HUMIDITY (PERCENT)
 HIGHEST    90           400 AM
 LOWEST     46           300 PM
 AVERAGE    68

..........................................................


THE PITTSBURGH PA CLIMATE NORMALS FOR TOMORROW
                         NORMAL    RECORD    YEAR
 MAXIMUM TEMPERATURE (F)   80        96      1881
                                             1880
 MINIMUM TEMPERATURE (F)   60        39      1982


SUNRISE AND SUNSET
AUGUST 28 2014........SUNRISE   644 AM EDT   SUNSET   759 PM EDT
AUGUST 29 2014........SUNRISE   645 AM EDT   SUNSET   758 PM EDT


-  INDICATES NEGATIVE NUMBERS.
R  INDICATES RECORD WAS SET OR TIED.
MM INDICATES DATA IS MISSING.
T  INDICATES TRACE AMOUNT.





&&
SNOW DEPTH IS MEASURED AT 7 AM EST OR 8 AM EDT.
$$
