000
CDUS41 KPBZ 282124
CLIPIT

CLIMATE REPORT
NATIONAL WEATHER SERVICE PITTSBURGH PA
523 PM EDT WED JUN 28 2017

...................................

...THE PITTSBURGH PA CLIMATE SUMMARY FOR JUNE 28 2017...
VALID TODAY AS OF 0500 PM LOCAL TIME.

CLIMATE NORMAL PERIOD 1981 TO 2010
CLIMATE RECORD PERIOD 1871 TO 2017

WEATHER ITEM   OBSERVED TIME   RECORD YEAR NORMAL DEPARTURE LAST
                VALUE   (LST)  VALUE       VALUE  FROM      YEAR
                                                  NORMAL
..................................................................
TEMPERATURE (F)
 TODAY
  MAXIMUM         75    346 PM  96    1971  82     -7       82
  MINIMUM         49    457 AM  47    1988  61    -12       62
  AVERAGE         62                        72    -10       72

PRECIPITATION (IN)
  TODAY            0.00          2.03 1904   0.14  -0.14     0.00
  MONTH TO DATE    3.20                      4.02  -0.82     3.10
  SINCE JUN 1      3.20                      4.02  -0.82     3.10
  SINCE JAN 1     21.91                     19.12   2.79    16.72

SNOWFALL (IN)
  TODAY            0.0           0.0  2002   0.0    0.0      0.0
                                      2001
  MONTH TO DATE    0.0                       0.0    0.0      0.0
  SINCE OCT 1     32.0                      41.9   -9.9     29.6
  SINCE JUL 1     32.0                      41.9   -9.9     29.6
  SNOW DEPTH       0

DEGREE DAYS
 HEATING
  TODAY            3                         0      3        0
  MONTH TO DATE   26                        38    -12       13
  SINCE JUN 1     26                        38    -12       13
  SINCE JUL 1   4648                      5710  -1062     4683

 COOLING
  TODAY            0                         7     -7        7
  MONTH TO DATE  157                       136     21      217
  SINCE JUN 1    157                       136     21      217
  SINCE JAN 1    231                       188     43      287
..................................................................

WIND (MPH)
  HIGHEST WIND SPEED    14   HIGHEST WIND DIRECTION    SW (210)
  HIGHEST GUST SPEED    18   HIGHEST GUST DIRECTION    SW (240)
  AVERAGE WIND SPEED     4.0


SKY COVER
  POSSIBLE SUNSHINE  MM
  AVERAGE SKY COVER 0.3


WEATHER CONDITIONS
 THE FOLLOWING WEATHER WAS RECORDED TODAY.
  NO SIGNIFICANT WEATHER WAS OBSERVED.


RELATIVE HUMIDITY (PERCENT)
 HIGHEST    89           200 AM
 LOWEST     35           100 PM
 AVERAGE    62

..........................................................


THE PITTSBURGH PA CLIMATE NORMALS FOR TOMORROW
                         NORMAL    RECORD    YEAR
 MAXIMUM TEMPERATURE (F)   82        97      2012
 MINIMUM TEMPERATURE (F)   62        50      1992


SUNRISE AND SUNSET
JUNE 28 2017..........SUNRISE   553 AM EDT   SUNSET   855 PM EDT
JUNE 29 2017..........SUNRISE   553 AM EDT   SUNSET   855 PM EDT


-  INDICATES NEGATIVE NUMBERS.
R  INDICATES RECORD WAS SET OR TIED.
MM INDICATES DATA IS MISSING.
T  INDICATES TRACE AMOUNT.

&&

SNOW DEPTH IS MEASURED AT 7 AM EST OR 8 AM EDT.

$$
