000
CDUS41 KRLX 182218
CLIPKB


CLIMATE REPORT
NATIONAL WEATHER SERVICE CHARLESTON WV
516 PM EST THU DEC 18 2014


...................................

...THE PARKERSBURG WV CLIMATE SUMMARY FOR DECEMBER 18 2014...
VALID TODAY AS OF 0500 PM LOCAL TIME.

CLIMATE NORMAL PERIOD 1981 TO 2010
CLIMATE RECORD PERIOD 1889 TO 2014


WEATHER ITEM   OBSERVED TIME   RECORD YEAR NORMAL DEPARTURE LAST
                VALUE   (LST)  VALUE       VALUE  FROM      YEAR
                                                  NORMAL
..................................................................
TEMPERATURE (F)
 TODAY
  MAXIMUM         30    350 PM  72    1924  42    -12       36
  MINIMUM         28   1051 AM  -2    1989  26      2       27
  AVERAGE         29                        34     -5       32

PRECIPITATION (IN)
  TODAY            0.00          0.09 2009   0.09  -0.09     0.00
  MONTH TO DATE    2.76                      1.86   0.90     2.74
  SINCE DEC 1      2.76                      1.86   0.90     2.74
  SINCE JAN 1        MM                     39.95     MM    42.56

DEGREE DAYS
 HEATING
  TODAY           36                        31      5       33
  MONTH TO DATE  474                       510    -36      533
  SINCE DEC 1    474                       510    -36      533
  SINCE JUL 1     MM                      1495     MM     1635

 COOLING
  TODAY            0                         0      0        0
  MONTH TO DATE    0                         0      0        0
  SINCE DEC 1      0                         0      0        0
  SINCE JAN 1     MM                       955     MM      955
..................................................................


WIND (MPH)
  HIGHEST WIND SPEED    14   HIGHEST WIND DIRECTION     W (290)
  HIGHEST GUST SPEED    19   HIGHEST GUST DIRECTION     W (290)
  AVERAGE WIND SPEED     5.1


SKY COVER
  POSSIBLE SUNSHINE  MM
  AVERAGE SKY COVER 1.0


WEATHER CONDITIONS
 THE FOLLOWING WEATHER WAS RECORDED TODAY.
  HAZE


RELATIVE HUMIDITY (PERCENT)
 HIGHEST    69          1200 AM
 LOWEST     63           700 AM
 AVERAGE    66

..........................................................


THE PARKERSBURG WV CLIMATE NORMALS FOR TOMORROW
                         NORMAL    RECORD    YEAR
 MAXIMUM TEMPERATURE (F)   42        68      1895
 MINIMUM TEMPERATURE (F)   26         3      1985


SUNRISE AND SUNSET
DECEMBER 18 2014......SUNRISE   740 AM EST   SUNSET   504 PM EST
DECEMBER 19 2014......SUNRISE   741 AM EST   SUNSET   505 PM EST


-  INDICATES NEGATIVE NUMBERS.
R  INDICATES RECORD WAS SET OR TIED.
MM INDICATES DATA IS MISSING.
T  INDICATES TRACE AMOUNT.




$$
