878
CDUS41 KRLX 220824
CLIPKB


CLIMATE REPORT
NATIONAL WEATHER SERVICE CHARLESTON WV
321 AM EST WED FEB 22 2017


...................................

...THE PARKERSBURG WV CLIMATE SUMMARY FOR FEBRUARY 21 2017...

CLIMATE NORMAL PERIOD 1981 TO 2010
CLIMATE RECORD PERIOD 1889 TO 2017


WEATHER ITEM   OBSERVED TIME   RECORD YEAR NORMAL DEPARTURE LAST
                VALUE   (LST)  VALUE       VALUE  FROM      YEAR
                                                  NORMAL
..................................................................
TEMPERATURE (F)
 YESTERDAY
  MAXIMUM         72R   128 PM  72    1997  46     26       60
  MINIMUM         41    653 AM  -1    1963  27     14       41
  AVERAGE         57                        36     21       51

PRECIPITATION (IN)
  YESTERDAY        0.00          1.21 2011   0.10  -0.10     0.55
  MONTH TO DATE    2.16                      2.00   0.16     2.72
  SINCE JAN 1      6.72                      4.95   1.77     4.47

SNOWFALL (IN)
  YESTERDAY       MM
  MONTH TO DATE   MM
  SINCE SEP 1     MM
  SNOW DEPTH      MM

DEGREE DAYS
 HEATING
  YESTERDAY        8                        29    -21       14
  MONTH TO DATE  496                       651   -155      659
  SINCE DEC 1   2179                      2611   -432     2287
  SINCE JUL 1   2933                      3596   -663     3049

 COOLING
  YESTERDAY        0                         0      0        0
  MONTH TO DATE    0                         0      0        0
  SINCE DEC 1      0                         0      0        0
  SINCE JAN 1      0                         0      0        0
..................................................................


WIND (MPH)
  HIGHEST WIND SPEED    16   HIGHEST WIND DIRECTION     S (190)
  HIGHEST GUST SPEED    21   HIGHEST GUST DIRECTION     S (200)
  AVERAGE WIND SPEED     4.0


SKY COVER
  POSSIBLE SUNSHINE  MM
  AVERAGE SKY COVER 0.1


WEATHER CONDITIONS
 THE FOLLOWING WEATHER WAS RECORDED YESTERDAY.
  HAZE


RELATIVE HUMIDITY (PERCENT)
 HIGHEST    79           700 AM
 LOWEST     31           100 PM
 AVERAGE    55

..........................................................


THE PARKERSBURG WV CLIMATE NORMALS FOR TODAY
                         NORMAL    RECORD    YEAR
 MAXIMUM TEMPERATURE (F)   46        72      1922
 MINIMUM TEMPERATURE (F)   27        -5      1963


SUNRISE AND SUNSET
FEBRUARY 22 2017......SUNRISE   708 AM EST   SUNSET   611 PM EST
FEBRUARY 23 2017......SUNRISE   707 AM EST   SUNSET   612 PM EST


-  INDICATES NEGATIVE NUMBERS.
R  INDICATES RECORD WAS SET OR TIED.
MM INDICATES DATA IS MISSING.
T  INDICATES TRACE AMOUNT.




$$
