000
CDUS41 KRLX 282129
CLIPKB


CLIMATE REPORT
NATIONAL WEATHER SERVICE CHARLESTON WV
528 PM EDT THU MAY 28 2015


...................................

...THE PARKERSBURG WV CLIMATE SUMMARY FOR MAY 28 2015...
VALID TODAY AS OF 0500 PM LOCAL TIME.

CLIMATE NORMAL PERIOD 1981 TO 2010
CLIMATE RECORD PERIOD 1889 TO 2015


WEATHER ITEM   OBSERVED TIME   RECORD YEAR NORMAL DEPARTURE LAST
                VALUE   (LST)  VALUE       VALUE  FROM      YEAR
                                                  NORMAL
..................................................................
TEMPERATURE (F)
 TODAY
  MAXIMUM         84    358 PM  92    1941  77      7       MM
  MINIMUM         61    524 AM  36    1994  54      7       MM
  AVERAGE         73                        66      7       MM

PRECIPITATION (IN)
  TODAY            0.00          0.57 2000   0.15  -0.15    MM
  MONTH TO DATE    1.77                      3.86  -2.09    MM
  SINCE MAR 1     14.14                     10.86   3.28    MM
  SINCE JAN 1     18.03                     16.51   1.52    MM

DEGREE DAYS
 HEATING
  TODAY            0                         3     -3       MM
  MONTH TO DATE   75                       140    -65       MM
  SINCE MAR 1   1124                      1156    -32       MM
  SINCE JUL 1   5342                      4946    396       MM

 COOLING
  TODAY            8                         3      5       MM
  MONTH TO DATE  124                        52     72       MM
  SINCE MAR 1    136                        73     63       MM
  SINCE JAN 1    136                        73     63       MM
..................................................................


WIND (MPH)
  HIGHEST WIND SPEED     8   HIGHEST WIND DIRECTION     E (100)
  HIGHEST GUST SPEED    13   HIGHEST GUST DIRECTION     E (110)
  AVERAGE WIND SPEED     1.7


SKY COVER
  POSSIBLE SUNSHINE  MM
  AVERAGE SKY COVER 0.1


WEATHER CONDITIONS
 THE FOLLOWING WEATHER WAS RECORDED TODAY.
  NO SIGNIFICANT WEATHER WAS OBSERVED.


RELATIVE HUMIDITY (PERCENT)
 HIGHEST    90           400 AM
 LOWEST     47           400 PM
 AVERAGE    69

..........................................................


THE PARKERSBURG WV CLIMATE NORMALS FOR TOMORROW
                         NORMAL    RECORD    YEAR
 MAXIMUM TEMPERATURE (F)   77        96      1914
 MINIMUM TEMPERATURE (F)   55        38      1894


SUNRISE AND SUNSET
MAY 28 2015...........SUNRISE   603 AM EDT   SUNSET   843 PM EDT
MAY 29 2015...........SUNRISE   602 AM EDT   SUNSET   844 PM EDT


-  INDICATES NEGATIVE NUMBERS.
R  INDICATES RECORD WAS SET OR TIED.
MM INDICATES DATA IS MISSING.
T  INDICATES TRACE AMOUNT.




$$
