000
CDUS41 KRLX 282116
CLIPKB


CLIMATE REPORT
NATIONAL WEATHER SERVICE CHARLESTON WV
515 PM EDT WED JUN 28 2017


...................................

...THE PARKERSBURG WV CLIMATE SUMMARY FOR JUNE 28 2017...
VALID TODAY AS OF 0500 PM LOCAL TIME.

CLIMATE NORMAL PERIOD 1981 TO 2010
CLIMATE RECORD PERIOD 1889 TO 2017


WEATHER ITEM   OBSERVED TIME   RECORD YEAR NORMAL DEPARTURE LAST
                VALUE   (LST)  VALUE       VALUE  FROM      YEAR
                                                  NORMAL
..................................................................
TEMPERATURE (F)
 TODAY
  MAXIMUM         79    337 PM  98    2012  85     -6       85
                                      1934
  MINIMUM         49    553 AM  48    1988  63    -14       67
  AVERAGE         64                        74    -10       76

PRECIPITATION (IN)
  TODAY            0.00          2.15 2007   0.12  -0.12     0.00
  MONTH TO DATE    5.92                      3.77   2.15     3.84
  SINCE JUN 1      5.92                      3.77   2.15     3.84
  SINCE JAN 1     26.51                     20.72   5.79    20.37

DEGREE DAYS
 HEATING
  TODAY            1                         0      1        0
  MONTH TO DATE   19                        18      1        7
  SINCE JUN 1     19                        18      1        7
  SINCE JUL 1   3994                      4971   -977     4148

 COOLING
  TODAY            0                         9     -9       11
  MONTH TO DATE  167                       175     -8      227
  SINCE JUN 1    167                       175     -8      227
  SINCE JAN 1    287                       259     28      315
..................................................................


WIND (MPH)
  HIGHEST WIND SPEED    12   HIGHEST WIND DIRECTION     S (170)
  HIGHEST GUST SPEED    16   HIGHEST GUST DIRECTION     S (200)
  AVERAGE WIND SPEED     2.8


SKY COVER
  POSSIBLE SUNSHINE  MM
  AVERAGE SKY COVER 0.0


WEATHER CONDITIONS
 THE FOLLOWING WEATHER WAS RECORDED TODAY.
  NO SIGNIFICANT WEATHER WAS OBSERVED.


RELATIVE HUMIDITY (PERCENT)
 HIGHEST   100           600 AM
 LOWEST     35          1100 AM
 AVERAGE    68

..........................................................


THE PARKERSBURG WV CLIMATE NORMALS FOR TOMORROW
                         NORMAL    RECORD    YEAR
 MAXIMUM TEMPERATURE (F)   85        98      2012
                                             1944
                                             1934
 MINIMUM TEMPERATURE (F)   63        52      2004
                                             1958
                                             1956


SUNRISE AND SUNSET
JUNE 28 2017..........SUNRISE   601 AM EDT   SUNSET   857 PM EDT
JUNE 29 2017..........SUNRISE   602 AM EDT   SUNSET   857 PM EDT


-  INDICATES NEGATIVE NUMBERS.
R  INDICATES RECORD WAS SET OR TIED.
MM INDICATES DATA IS MISSING.
T  INDICATES TRACE AMOUNT.




$$
