895
CDUS41 KRLX 162236
CLIPKB


CLIMATE REPORT
NATIONAL WEATHER SERVICE CHARLESTON WV
535 PM EST MON JAN 16 2017


...................................

...THE PARKERSBURG WV CLIMATE SUMMARY FOR JANUARY 16 2017...
VALID TODAY AS OF 0500 PM LOCAL TIME.

CLIMATE NORMAL PERIOD 1981 TO 2010
CLIMATE RECORD PERIOD 1889 TO 2017


WEATHER ITEM   OBSERVED TIME   RECORD YEAR NORMAL DEPARTURE LAST
                VALUE   (LST)  VALUE       VALUE  FROM      YEAR
                                                  NORMAL
..................................................................
TEMPERATURE (F)
 TODAY
  MAXIMUM         54    212 PM  66    1949  40     14       43
  MINIMUM         33    450 AM -11    1972  23     10       32
  AVERAGE         44                        31     13       38

PRECIPITATION (IN)
  TODAY            T             0.20 2013   0.10  -0.10     0.01
  MONTH TO DATE    2.25                      1.51   0.74     1.28
  SINCE DEC 1      6.96                      4.61   2.35     5.92
  SINCE JAN 1      2.25                      1.51   0.74     1.28

DEGREE DAYS
 HEATING
  TODAY           21                        34    -13       27
  MONTH TO DATE  487                       537    -50      518
  SINCE DEC 1   1347                      1462   -115     1061
  SINCE JUL 1   2101                      2447   -346     1823

 COOLING
  TODAY            0                         0      0        0
  MONTH TO DATE    0                         0      0        0
  SINCE DEC 1      0                         0      0        0
  SINCE JAN 1      0                         0      0        0
..................................................................


WIND (MPH)
  HIGHEST WIND SPEED     7   HIGHEST WIND DIRECTION     E (80)
  HIGHEST GUST SPEED     8   HIGHEST GUST DIRECTION     S (190)
  AVERAGE WIND SPEED     0.6


SKY COVER
  POSSIBLE SUNSHINE  MM
  AVERAGE SKY COVER 0.8


WEATHER CONDITIONS
 THE FOLLOWING WEATHER WAS RECORDED TODAY.
  FOG
  HAZE


RELATIVE HUMIDITY (PERCENT)
 HIGHEST    96          1200 AM
 LOWEST     66           300 PM
 AVERAGE    81

..........................................................


THE PARKERSBURG WV CLIMATE NORMALS FOR TOMORROW
                         NORMAL    RECORD    YEAR
 MAXIMUM TEMPERATURE (F)   40        68      1932
 MINIMUM TEMPERATURE (F)   23       -15      1977


SUNRISE AND SUNSET
JANUARY 16 2017.......SUNRISE   743 AM EST   SUNSET   528 PM EST
JANUARY 17 2017.......SUNRISE   743 AM EST   SUNSET   529 PM EST


-  INDICATES NEGATIVE NUMBERS.
R  INDICATES RECORD WAS SET OR TIED.
MM INDICATES DATA IS MISSING.
T  INDICATES TRACE AMOUNT.




$$
