000
CDUS41 KRLX 210724
CLIPKB


CLIMATE REPORT
NATIONAL WEATHER SERVICE CHARLESTON WV
323 AM EDT MON APR 21 2014


...................................

...THE PARKERSBURG WV CLIMATE SUMMARY FOR APRIL 20 2014...

CLIMATE NORMAL PERIOD 1981 TO 2010
CLIMATE RECORD PERIOD 1889 TO 2014


WEATHER ITEM   OBSERVED TIME   RECORD YEAR NORMAL DEPARTURE LAST
                VALUE   (LST)  VALUE       VALUE  FROM      YEAR
                                                  NORMAL
..................................................................
TEMPERATURE (F)
 YESTERDAY
  MAXIMUM         MM        MM  91    1976  68     MM       54
  MINIMUM         38        MM  25    1926  43     -5       34
  AVERAGE         MM                        56     MM       44

PRECIPITATION (IN)
  YESTERDAY        0.00          0.53 2001   0.11  -0.11     0.00
  MONTH TO DATE    1.96                      2.15  -0.19     1.05
  SINCE JAN 1      7.37                     11.53  -4.16     9.26

SNOWFALL (IN)
  YESTERDAY       MM
  MONTH TO DATE   MM
  SINCE SEP 1     MM
  SINCE JUL 1     MM
  SNOW DEPTH      MM

DEGREE DAYS
 HEATING
  YESTERDAY       MM                        10     MM       21
  MONTH TO DATE  200                       258    -58      216
  SINCE MAR 1    785                       929   -144     1028
  SINCE JUL 1   4548                      4719   -171     4764

 COOLING
  YESTERDAY       MM                         1     MM        0
  MONTH TO DATE    5                        10     -5       29
  SINCE MAR 1      5                        13     -8       29
  SINCE JAN 1      5                        13     -8       29
..................................................................


WIND (MPH)
  HIGHEST WIND SPEED     9   HIGHEST WIND DIRECTION     E (90)
  HIGHEST GUST SPEED    MM   HIGHEST GUST DIRECTION    MM
  AVERAGE WIND SPEED     3.5


SKY COVER
  POSSIBLE SUNSHINE  MM
  AVERAGE SKY COVER 0.0


WEATHER CONDITIONS
 THE FOLLOWING WEATHER WAS RECORDED YESTERDAY.
  HAZE


RELATIVE HUMIDITY (PERCENT)
 HIGHEST    79           600 AM
 LOWEST     16          1200 PM
 AVERAGE    48

..........................................................


THE PARKERSBURG WV CLIMATE NORMALS FOR TODAY
                         NORMAL    RECORD    YEAR
 MAXIMUM TEMPERATURE (F)   68        91      1985
 MINIMUM TEMPERATURE (F)   44        27      1953


SUNRISE AND SUNSET
APRIL 21 2014.........SUNRISE   640 AM EDT   SUNSET   809 PM EDT
APRIL 22 2014.........SUNRISE   639 AM EDT   SUNSET   810 PM EDT


-  INDICATES NEGATIVE NUMBERS.
R  INDICATES RECORD WAS SET OR TIED.
MM INDICATES DATA IS MISSING.
T  INDICATES TRACE AMOUNT.




$$
