000
CDUS41 KRLX 260716
CLIPKB


CLIMATE REPORT
NATIONAL WEATHER SERVICE CHARLESTON WV
316 AM EDT MON SEP 26 2016


...................................

...THE PARKERSBURG WV CLIMATE SUMMARY FOR SEPTEMBER 25 2016...

CLIMATE NORMAL PERIOD 1981 TO 2010
CLIMATE RECORD PERIOD 1889 TO 2016


WEATHER ITEM   OBSERVED TIME   RECORD YEAR NORMAL DEPARTURE LAST
                VALUE   (LST)  VALUE       VALUE  FROM      YEAR
                                                  NORMAL
..................................................................
TEMPERATURE (F)
 YESTERDAY
  MAXIMUM         86    304 PM  95    2007  74     12       72
  MINIMUM         53    625 AM  35    1983  51      2       51
  AVERAGE         70                        63      7       62

PRECIPITATION (IN)
  YESTERDAY        0.00          0.60 2011   0.10  -0.10     0.00
  MONTH TO DATE    0.73                      2.58  -1.85     2.92
  SINCE JAN 1     26.62                     31.37  -4.75    30.89

SNOWFALL (IN)
  YESTERDAY       MM
  MONTH TO DATE   MM
  SINCE SEP 1     MM
  SNOW DEPTH      MM

DEGREE DAYS
 HEATING
  YESTERDAY        0                         4     -4        3
  MONTH TO DATE    0                        45    -45       29
  SINCE SEP 1      0                        45    -45       29
  SINCE JUL 1      0                        50    -50       32

 COOLING
  YESTERDAY        5                         2      3        0
  MONTH TO DATE  230                        98    132      144
  SINCE SEP 1    230                        98    132      144
  SINCE JAN 1   1308                       928    380     1020
..................................................................


WIND (MPH)
  HIGHEST WIND SPEED     7   HIGHEST WIND DIRECTION    NE (40)
  HIGHEST GUST SPEED    11   HIGHEST GUST DIRECTION    NE (50)
  AVERAGE WIND SPEED     1.6


SKY COVER
  POSSIBLE SUNSHINE  MM
  AVERAGE SKY COVER 0.0


WEATHER CONDITIONS
 THE FOLLOWING WEATHER WAS RECORDED YESTERDAY.
  NO SIGNIFICANT WEATHER WAS OBSERVED.


RELATIVE HUMIDITY (PERCENT)
 HIGHEST    93           600 AM
 LOWEST     20           500 PM
 AVERAGE    57

..........................................................


THE PARKERSBURG WV CLIMATE NORMALS FOR TODAY
                         NORMAL    RECORD    YEAR
 MAXIMUM TEMPERATURE (F)   73        92      1900
 MINIMUM TEMPERATURE (F)   51        36      1940


SUNRISE AND SUNSET
SEPTEMBER 26 2016.....SUNRISE   718 AM EDT   SUNSET   715 PM EDT
SEPTEMBER 27 2016.....SUNRISE   718 AM EDT   SUNSET   714 PM EDT


-  INDICATES NEGATIVE NUMBERS.
R  INDICATES RECORD WAS SET OR TIED.
MM INDICATES DATA IS MISSING.
T  INDICATES TRACE AMOUNT.




$$
