000
CDUS46 KLOX 280112
CLIPMD


CLIMATE REPORT
NATIONAL WEATHER SERVICE LOS ANGELES/OXNARD CA
612 PM PDT WED MAY 27 2015


...................................

...THE PALMDALE AIRPORT CA CLIMATE SUMMARY FOR MAY 27 2015...
VALID TODAY AS OF 0600 PM LOCAL TIME.

CLIMATE NORMAL PERIOD 1981 TO 2010
CLIMATE RECORD PERIOD 1931 TO 2015


WEATHER ITEM   OBSERVED TIME   RECORD YEAR NORMAL DEPARTURE LAST
                VALUE   (LST)  VALUE       VALUE  FROM      YEAR
                                                  NORMAL
..................................................................
TEMPERATURE (F)
 TODAY
  MAXIMUM         87    312 PM 102    1984  86      1       95
  MINIMUM         56    504 AM  41    1934  55      1       64
  AVERAGE         72                        71      1       80

PRECIPITATION (IN)
  TODAY            0.00          0.20 1937   0.00   0.00     0.00
  MONTH TO DATE    0.10                      0.23  -0.13     0.96
  SINCE OCT 1      4.22                      7.66  -3.44     4.99
  SINCE JAN 1      1.65                      5.21  -3.56     3.05

SNOWFALL (IN)
  TODAY            0.0           0.0  1973  MM               0.0
  MONTH TO DATE    0.0                      MM               0.0
  SINCE MAR 1      0.0                      MM               0.0
  SINCE JUL 1      0.0                      MM               0.0
  SNOW DEPTH       0

DEGREE DAYS
 HEATING
  TODAY            0                         1     -1        0
  MONTH TO DATE   98                        64     34       35
  SINCE MAR 1    444                       669   -225      433
  SINCE JUL 1   2099                      2914   -815     2331

 COOLING
  TODAY            7                         7      0       15
  MONTH TO DATE   42                       118    -76      140
  SINCE MAR 1     77                       141    -64      183
  SINCE JAN 1     77                       141    -64      184
..................................................................


WIND (MPH)
  HIGHEST WIND SPEED    23   HIGHEST WIND DIRECTION     W (250)
  HIGHEST GUST SPEED    27   HIGHEST GUST DIRECTION    SW (230)
  AVERAGE WIND SPEED     9.8


SKY COVER
  POSSIBLE SUNSHINE  MM
  AVERAGE SKY COVER 0.0


WEATHER CONDITIONS
 THE FOLLOWING WEATHER WAS RECORDED TODAY.
  NO SIGNIFICANT WEATHER WAS OBSERVED.


RELATIVE HUMIDITY (PERCENT)
 HIGHEST    62           400 AM
 LOWEST     17          1200 PM
 AVERAGE    40

..........................................................


THE PALMDALE AIRPORT CA CLIMATE NORMALS FOR TOMORROW
                         NORMAL    RECORD    YEAR
 MAXIMUM TEMPERATURE (F)   87       106      2003
 MINIMUM TEMPERATURE (F)   55        39      1964


SUNRISE AND SUNSET
MAY 27 2015...........SUNRISE   542 AM PDT   SUNSET   757 PM PDT
MAY 28 2015...........SUNRISE   542 AM PDT   SUNSET   757 PM PDT


-  INDICATES NEGATIVE NUMBERS.
R  INDICATES RECORD WAS SET OR TIED.
MM INDICATES DATA IS MISSING.
T  INDICATES TRACE AMOUNT.




$$
