000
CDUS46 KLOX 010904
CLIPMD


CLIMATE REPORT
NATIONAL WEATHER SERVICE LOS ANGELES/OXNARD CA
203 AM PDT WED OCT 1 2014


...................................

...THE PALMDALE AIRPORT CA CLIMATE SUMMARY FOR SEPTEMBER 30 2014...

CLIMATE NORMAL PERIOD 1981 TO 2010
CLIMATE RECORD PERIOD 1931 TO 2014


WEATHER ITEM   OBSERVED TIME   RECORD YEAR NORMAL DEPARTURE LAST
                VALUE   (LST)  VALUE       VALUE  FROM      YEAR
                                                  NORMAL
..................................................................
TEMPERATURE (F)
 YESTERDAY
  MAXIMUM         87    305 PM  99    2001  85      2       87
  MINIMUM         52    616 AM  35    1950  53     -1       53
  AVERAGE         70                        69      1       70

PRECIPITATION (IN)
  YESTERDAY        0.00          0.29 1932   0.01  -0.01     0.00
  MONTH TO DATE    0.12                      0.29  -0.17      T
  SINCE JUL 1      0.16                      0.53  -0.37     0.13
  SINCE JAN 1      3.21                      5.85  -2.64     0.99

SNOWFALL (IN)
  YESTERDAY        0.0           0.0  1973  MM               0.0
  MONTH TO DATE    0.0                      MM               0.0
  SINCE SEP 1      0.0                      MM               0.0
  SINCE JUL 1      0.0                      MM               0.0
  SNOW DEPTH       0

DEGREE DAYS
 HEATING
  YESTERDAY        0                         1     -1        0
  MONTH TO DATE    1                        10     -9       14
  SINCE SEP 1      1                        12    -11       14
  SINCE JUL 1      1                        12    -11       14

 COOLING
  YESTERDAY        5                         5      0        5
  MONTH TO DATE  388                       275    113      349
  SINCE SEP 1    388                       275    113      349
  SINCE JAN 1   2101                      1757    344     2114
..................................................................


WIND (MPH)
  HIGHEST WIND SPEED    23   HIGHEST WIND DIRECTION     W (250)
  HIGHEST GUST SPEED    26   HIGHEST GUST DIRECTION     W (250)
  AVERAGE WIND SPEED     8.1


SKY COVER
  POSSIBLE SUNSHINE  MM
  AVERAGE SKY COVER 0.0


WEATHER CONDITIONS
 THE FOLLOWING WEATHER WAS RECORDED YESTERDAY.
  NO SIGNIFICANT WEATHER WAS OBSERVED.


RELATIVE HUMIDITY (PERCENT)
 HIGHEST    63           600 AM
 LOWEST     11           100 PM
 AVERAGE    37

..........................................................


THE PALMDALE AIRPORT CA CLIMATE NORMALS FOR TODAY
                         NORMAL    RECORD    YEAR
 MAXIMUM TEMPERATURE (F)   85       100      1980
 MINIMUM TEMPERATURE (F)   52        36      1971


SUNRISE AND SUNSET
OCTOBER  1 2014.......SUNRISE   647 AM PDT   SUNSET   636 PM PDT
OCTOBER  2 2014.......SUNRISE   648 AM PDT   SUNSET   635 PM PDT


-  INDICATES NEGATIVE NUMBERS.
R  INDICATES RECORD WAS SET OR TIED.
MM INDICATES DATA IS MISSING.
T  INDICATES TRACE AMOUNT.




$$
