000
CDUS46 KLOX 210112
CLIPMD


CLIMATE REPORT
NATIONAL WEATHER SERVICE LOS ANGELES/OXNARD CA
612 PM PDT WED SEP 20 2017


...................................

...THE PALMDALE AIRPORT CA CLIMATE SUMMARY FOR SEPTEMBER 20 2017...
VALID TODAY AS OF 0600 PM LOCAL TIME.

CLIMATE NORMAL PERIOD 1981 TO 2010
CLIMATE RECORD PERIOD 1931 TO 2017


WEATHER ITEM   OBSERVED TIME   RECORD YEAR NORMAL DEPARTURE LAST
                VALUE   (LST)  VALUE       VALUE  FROM      YEAR
                                                  NORMAL
..................................................................
TEMPERATURE (F)
 TODAY
  MAXIMUM         81    116 PM 101    1995  89     -8       90
  MINIMUM         52    532 AM  34    1978  56     -4       67
  AVERAGE         67                        72     -5       79

PRECIPITATION (IN)
  TODAY            0.00          0.64 2005   0.01  -0.01     0.00
  MONTH TO DATE    0.40                      0.18   0.22     0.00
  SINCE OCT 1      6.35                      8.19  -1.84     4.28
  SINCE JAN 1      4.56                      5.74  -1.18     2.47

SNOWFALL (IN)
  TODAY            0.0           0.0  1973  MM               0.0
  MONTH TO DATE    0.0                      MM               0.0
  SINCE SEP 1      0.0                      MM               0.0
  SINCE JUL 1      0.0                      MM               0.0
  SNOW DEPTH       0

DEGREE DAYS
 HEATING
  TODAY            0                         0      0        0
  MONTH TO DATE    0                         0      0        4
  SINCE SEP 1      0                         0      0        4
  SINCE JUL 1      0                         0      0        4

 COOLING
  TODAY            2                         8     -6       14
  MONTH TO DATE  262                       212     50      202
  SINCE SEP 1    262                       212     50      202
  SINCE JAN 1   2175                      1694    481     1966
..................................................................


WIND (MPH)
  HIGHEST WIND SPEED    28   HIGHEST WIND DIRECTION    SW (230)
  HIGHEST GUST SPEED    34   HIGHEST GUST DIRECTION    SW (230)
  AVERAGE WIND SPEED    11.1


SKY COVER
  POSSIBLE SUNSHINE  MM
  AVERAGE SKY COVER 0.0


WEATHER CONDITIONS
 THE FOLLOWING WEATHER WAS RECORDED TODAY.
  NO SIGNIFICANT WEATHER WAS OBSERVED.


RELATIVE HUMIDITY (PERCENT)
 HIGHEST    69          1200 AM
 LOWEST     25           900 AM
 AVERAGE    47

..........................................................


THE PALMDALE AIRPORT CA CLIMATE NORMALS FOR TOMORROW
                         NORMAL    RECORD    YEAR
 MAXIMUM TEMPERATURE (F)   89       101      1949
 MINIMUM TEMPERATURE (F)   55        40      1978


SUNRISE AND SUNSET
SEPTEMBER 20 2017.....SUNRISE   639 AM PDT   SUNSET   651 PM PDT
SEPTEMBER 21 2017.....SUNRISE   640 AM PDT   SUNSET   650 PM PDT


-  INDICATES NEGATIVE NUMBERS.
R  INDICATES RECORD WAS SET OR TIED.
MM INDICATES DATA IS MISSING.
T  INDICATES TRACE AMOUNT.




$$
