000
CDUS46 KLOX 010129
CLIPMD


CLIMATE REPORT
NATIONAL WEATHER SERVICE LOS ANGELES/OXNARD CA
629 PM PDT TUE MAY 31 2016


...................................

...THE PALMDALE AIRPORT CA CLIMATE SUMMARY FOR MAY 31 2016...
VALID TODAY AS OF 0600 PM LOCAL TIME.

CLIMATE NORMAL PERIOD 1981 TO 2010
CLIMATE RECORD PERIOD 1931 TO 2016


WEATHER ITEM   OBSERVED TIME   RECORD YEAR NORMAL DEPARTURE LAST
                VALUE   (LST)  VALUE       VALUE  FROM      YEAR
                                                  NORMAL
..................................................................
TEMPERATURE (F)
 TODAY
  MAXIMUM         99    329 PM 104    2001  87     12       94
  MINIMUM         67    521 AM  41    2011  56     11       64
                                      1966
  AVERAGE         83                        72     11       79

PRECIPITATION (IN)
  TODAY            0.00          T    1998   0.00   0.00     0.00
  MONTH TO DATE    T                         0.25  -0.25     0.10
  SINCE OCT 1      4.28                      7.68  -3.40     4.22
  SINCE JAN 1      2.47                      5.23  -2.76     1.65

SNOWFALL (IN)
  TODAY            0.0          MM      MM  MM               0.0
  MONTH TO DATE    0.0                      MM               0.0
  SINCE MAR 1      0.0                      MM               0.0
  SINCE JUL 1      T                        MM               0.0
  SNOW DEPTH       0

DEGREE DAYS
 HEATING
  TODAY            0                         1     -1        0
  MONTH TO DATE   61                        68     -7       98
  SINCE MAR 1    444                       673   -229      444
  SINCE JUL 1   2605                      2918   -313     2099

 COOLING
  TODAY           18                         8     10       14
  MONTH TO DATE  124                       147    -23       90
  SINCE MAR 1    144                       170    -26      125
  SINCE JAN 1    144                       170    -26      125
..................................................................


WIND (MPH)
  HIGHEST WIND SPEED    22   HIGHEST WIND DIRECTION     W (280)
  HIGHEST GUST SPEED    28   HIGHEST GUST DIRECTION     W (280)
  AVERAGE WIND SPEED     9.2


SKY COVER
  POSSIBLE SUNSHINE  MM
  AVERAGE SKY COVER 0.0


WEATHER CONDITIONS
 THE FOLLOWING WEATHER WAS RECORDED TODAY.
  NO SIGNIFICANT WEATHER WAS OBSERVED.


RELATIVE HUMIDITY (PERCENT)
 HIGHEST    29           300 AM
 LOWEST      8           300 PM
 AVERAGE    19

..........................................................


THE PALMDALE AIRPORT CA CLIMATE NORMALS FOR TOMORROW
                         NORMAL    RECORD    YEAR
 MAXIMUM TEMPERATURE (F)   88       102      1960
 MINIMUM TEMPERATURE (F)   56        40      1971


SUNRISE AND SUNSET
MAY 31 2016...........SUNRISE   541 AM PDT   SUNSET   800 PM PDT
JUNE  1 2016..........SUNRISE   540 AM PDT   SUNSET   800 PM PDT


-  INDICATES NEGATIVE NUMBERS.
R  INDICATES RECORD WAS SET OR TIED.
MM INDICATES DATA IS MISSING.
T  INDICATES TRACE AMOUNT.




$$
