000
CDUS46 KLOX 250113
CLIPMD


CLIMATE REPORT
NATIONAL WEATHER SERVICE LOS ANGELES/OXNARD CA
513 PM PST FRI NOV 24 2017


...................................

...THE PALMDALE AIRPORT CA CLIMATE SUMMARY FOR NOVEMBER 24 2017...
VALID TODAY AS OF 0500 PM LOCAL TIME.

CLIMATE NORMAL PERIOD 1981 TO 2010
CLIMATE RECORD PERIOD 1931 TO 2017


WEATHER ITEM   OBSERVED TIME   RECORD YEAR NORMAL DEPARTURE LAST
                VALUE   (LST)  VALUE       VALUE  FROM      YEAR
                                                  NORMAL
..................................................................
TEMPERATURE (F)
 TODAY
  MAXIMUM         86R   253 PM  78    1949  63     23       62
  MINIMUM         47    643 AM  12    1938  34     13       31
  AVERAGE         67                        48     19       47

PRECIPITATION (IN)
  TODAY            0.00          0.44 2001   0.02  -0.02     0.00
  MONTH TO DATE    T                         0.59  -0.59     0.17
  SINCE OCT 1      T                         1.19  -1.19     0.24
  SINCE JAN 1      4.56                      7.04  -2.48     2.71

SNOWFALL (IN)
  TODAY            0.0           0.0  1973  MM               0.0
  MONTH TO DATE    0.0                      MM               0.0
  SINCE SEP 1      0.0                      MM               0.0
  SINCE JUL 1      0.0                      MM               0.0
  SNOW DEPTH       0

DEGREE DAYS
 HEATING
  TODAY            0                        17    -17       18
  MONTH TO DATE  151                       294   -143      199
  SINCE SEP 1    224                       421   -197      254
  SINCE JUL 1    224                       421   -197      254

 COOLING
  TODAY            2                         0      2        0
  MONTH TO DATE    3                         0      3        0
  SINCE SEP 1    356                       332     24      322
  SINCE JAN 1   2269                      1814    455     2086
..................................................................


WIND (MPH)
  HIGHEST WIND SPEED    16   HIGHEST WIND DIRECTION    NW (300)
  HIGHEST GUST SPEED    29   HIGHEST GUST DIRECTION    NW (310)
  AVERAGE WIND SPEED     6.6


SKY COVER
  POSSIBLE SUNSHINE  MM
  AVERAGE SKY COVER 0.0


WEATHER CONDITIONS
 THE FOLLOWING WEATHER WAS RECORDED TODAY.
  NO SIGNIFICANT WEATHER WAS OBSERVED.


RELATIVE HUMIDITY (PERCENT)
 HIGHEST    56           700 AM
 LOWEST     15           100 PM
 AVERAGE    36

..........................................................


THE PALMDALE AIRPORT CA CLIMATE NORMALS FOR TOMORROW
                         NORMAL    RECORD    YEAR
 MAXIMUM TEMPERATURE (F)   63        82      1949
 MINIMUM TEMPERATURE (F)   33        15      1938


SUNRISE AND SUNSET
NOVEMBER 24 2017......SUNRISE   635 AM PST   SUNSET   443 PM PST
NOVEMBER 25 2017......SUNRISE   636 AM PST   SUNSET   443 PM PST


-  INDICATES NEGATIVE NUMBERS.
R  INDICATES RECORD WAS SET OR TIED.
MM INDICATES DATA IS MISSING.
T  INDICATES TRACE AMOUNT.




$$
