000
CDUS46 KLOX 190900
CLIPMD


CLIMATE REPORT
NATIONAL WEATHER SERVICE LOS ANGELES/OXNARD CA
100 AM PST MON FEB 19 2018


...................................

...THE PALMDALE AIRPORT CA CLIMATE SUMMARY FOR FEBRUARY 18 2018...

CLIMATE NORMAL PERIOD 1981 TO 2010
CLIMATE RECORD PERIOD 1931 TO 2018


WEATHER ITEM   OBSERVED TIME   RECORD YEAR NORMAL DEPARTURE LAST
                VALUE   (LST)  VALUE       VALUE  FROM      YEAR
                                                  NORMAL
..................................................................
TEMPERATURE (F)
 YESTERDAY
  MAXIMUM         60    412 PM  77    1950  62     -2       57
  MINIMUM         44   1159 PM  21    1938  36      8       44
  AVERAGE         52                        49      3       51

PRECIPITATION (IN)
  YESTERDAY        0.00          0.77 1993   0.07  -0.07     0.02
  MONTH TO DATE    T                         1.12  -1.12     1.71
  SINCE OCT 1      0.60                      5.14  -4.54     5.82
  SINCE JAN 1      0.60                      2.69  -2.09     4.03

SNOWFALL (IN)
  YESTERDAY        0.0           T    1960  MM              MM
  MONTH TO DATE    0.0                      MM               0.0
  SINCE DEC 1      0.0                      MM               0.0
  SINCE JUL 1      0.0                      MM               0.0
  SNOW DEPTH       0

DEGREE DAYS
 HEATING
  YESTERDAY       13                        16     -3       14
  MONTH TO DATE  201                       312   -111      184
  SINCE DEC 1   1154                      1569   -415     1354
  SINCE JUL 1   1439                      2096   -657     1737

 COOLING
  YESTERDAY        0                         0      0        0
  MONTH TO DATE    0                         0      0        0
  SINCE DEC 1      0                         0      0        0
  SINCE JAN 1      0                         0      0        0
..................................................................


WIND (MPH)
  HIGHEST WIND SPEED    33   HIGHEST WIND DIRECTION     W (290)
  HIGHEST GUST SPEED    41   HIGHEST GUST DIRECTION     W (290)
  AVERAGE WIND SPEED    11.0


SKY COVER
  POSSIBLE SUNSHINE  MM
  AVERAGE SKY COVER 0.1


WEATHER CONDITIONS
 THE FOLLOWING WEATHER WAS RECORDED YESTERDAY.
  NO SIGNIFICANT WEATHER WAS OBSERVED.


RELATIVE HUMIDITY (PERCENT)
 HIGHEST    66          1100 PM
 LOWEST     28          1200 AM
 AVERAGE    47

..........................................................


THE PALMDALE AIRPORT CA CLIMATE NORMALS FOR TODAY
                         NORMAL    RECORD    YEAR
 MAXIMUM TEMPERATURE (F)   62        80      1981
 MINIMUM TEMPERATURE (F)   36        21      1955


SUNRISE AND SUNSET
FEBRUARY 19 2018......SUNRISE   633 AM PST   SUNSET   539 PM PST
FEBRUARY 20 2018......SUNRISE   632 AM PST   SUNSET   540 PM PST


-  INDICATES NEGATIVE NUMBERS.
R  INDICATES RECORD WAS SET OR TIED.
MM INDICATES DATA IS MISSING.
T  INDICATES TRACE AMOUNT.




$$
