000
CDUS46 KLOX 190948
CLIPMD


CLIMATE REPORT
NATIONAL WEATHER SERVICE LOS ANGELES/OXNARD CA
147 AM PST SUN FEB 19 2017


...................................

...THE PALMDALE AIRPORT CA CLIMATE SUMMARY FOR FEBRUARY 18 2017...

CLIMATE NORMAL PERIOD 1981 TO 2010
CLIMATE RECORD PERIOD 1931 TO 2017


WEATHER ITEM   OBSERVED TIME   RECORD YEAR NORMAL DEPARTURE LAST
                VALUE   (LST)  VALUE       VALUE  FROM      YEAR
                                                  NORMAL
..................................................................
TEMPERATURE (F)
 YESTERDAY
  MAXIMUM         57    341 PM  77    1950  62     -5       61
  MINIMUM         44    420 AM  21    1938  36      8       39
  AVERAGE         51                        49      2       50

PRECIPITATION (IN)
  YESTERDAY        0.02          0.77 1993   0.07  -0.05      T
  MONTH TO DATE    1.71                      1.12   0.59     0.09
  SINCE OCT 1      5.82                      5.14   0.68     3.26
  SINCE JAN 1      4.03                      2.69   1.34     1.45

SNOWFALL (IN)
  YESTERDAY       MM             T    1960  MM              MM
  MONTH TO DATE    0.0                      MM               0.0
  SINCE DEC 1      0.0                      MM                T
  SINCE JUL 1      0.0                      MM                T
  SNOW DEPTH       0

DEGREE DAYS
 HEATING
  YESTERDAY       14                        16     -2       15
  MONTH TO DATE  184                       312   -128      265
  SINCE DEC 1   1354                      1569   -215     1534
  SINCE JUL 1   1737                      2096   -359     2057

 COOLING
  YESTERDAY        0                         0      0        0
  MONTH TO DATE    0                         0      0        0
  SINCE DEC 1      0                         0      0        0
  SINCE JAN 1      0                         0      0        0
..................................................................


WIND (MPH)
  HIGHEST WIND SPEED    18   HIGHEST WIND DIRECTION     W (290)
  HIGHEST GUST SPEED    22   HIGHEST GUST DIRECTION     W (290)
  AVERAGE WIND SPEED     6.8


SKY COVER
  POSSIBLE SUNSHINE  MM
  AVERAGE SKY COVER 0.6


WEATHER CONDITIONS
 THE FOLLOWING WEATHER WAS RECORDED YESTERDAY.
  LIGHT RAIN


RELATIVE HUMIDITY (PERCENT)
 HIGHEST   100          1200 AM
 LOWEST     61           500 PM
 AVERAGE    81

..........................................................


THE PALMDALE AIRPORT CA CLIMATE NORMALS FOR TODAY
                         NORMAL    RECORD    YEAR
 MAXIMUM TEMPERATURE (F)   62        80      1981
 MINIMUM TEMPERATURE (F)   36        21      1955


SUNRISE AND SUNSET
FEBRUARY 19 2017......SUNRISE   633 AM PST   SUNSET   540 PM PST
FEBRUARY 20 2017......SUNRISE   632 AM PST   SUNSET   541 PM PST


-  INDICATES NEGATIVE NUMBERS.
R  INDICATES RECORD WAS SET OR TIED.
MM INDICATES DATA IS MISSING.
T  INDICATES TRACE AMOUNT.




$$
