000
CDUS44 KMOB 270645
CLIPNS


CLIMATE REPORT
NATIONAL WEATHER SERVICE MOBILE AL
145 AM CDT FRI MAR 27 2015


...................................

...THE PENSACOLA CLIMATE SUMMARY FOR MARCH 26 2015...

CLIMATE NORMAL PERIOD 1981 TO 2010
CLIMATE RECORD PERIOD 1879 TO 2015


WEATHER ITEM   OBSERVED TIME   RECORD YEAR NORMAL DEPARTURE LAST
                VALUE   (LST)  VALUE       VALUE  FROM      YEAR
                                                  NORMAL
..................................................................
TEMPERATURE (F)
 YESTERDAY
  MAXIMUM         71    314 PM  83    2012  72     -1       60
  MINIMUM         65   1159 PM  30    1894  53     12       40
  AVERAGE         68                        62      6       50

PRECIPITATION (IN)
  YESTERDAY        0.30          3.21 1888   0.18   0.12     0.00
  MONTH TO DATE    2.38                      4.91  -2.53     4.24
  SINCE MAR 1      2.38                      4.91  -2.53     4.24
  SINCE JAN 1     12.79                     14.60  -1.81    15.57

SNOWFALL (IN)
  YESTERDAY        0.0          MM      MM   0.0    0.0      0.0
  MONTH TO DATE    0.0                       0.0    0.0      0.0
  SINCE MAR 1      0.0                       0.0    0.0      0.0
  SINCE JUL 1      0.0                       0.0    0.0      1.0
  SNOW DEPTH       0

DEGREE DAYS
 HEATING
  YESTERDAY        0                         4     -4       15
  MONTH TO DATE   72                       158    -86      185
  SINCE MAR 1     72                       158    -86      185
  SINCE JUL 1   1515                      1466     49     1522

 COOLING
  YESTERDAY        3                         1      2        0
  MONTH TO DATE   86                        25     61        6
  SINCE MAR 1     86                        25     61        6
  SINCE JAN 1     93                        39     54       21
..................................................................


WIND (MPH)
  HIGHEST WIND SPEED    24   HIGHEST WIND DIRECTION     S (170)
  HIGHEST GUST SPEED    29   HIGHEST GUST DIRECTION     S (170)
  AVERAGE WIND SPEED     6.2


SKY COVER
  POSSIBLE SUNSHINE  MM
  AVERAGE SKY COVER 0.7


WEATHER CONDITIONS
 THE FOLLOWING WEATHER WAS RECORDED YESTERDAY.
  THUNDERSTORM
  RAIN
  LIGHT RAIN
  FOG


RELATIVE HUMIDITY (PERCENT)
 HIGHEST    97           700 AM
 LOWEST     81           500 PM
 AVERAGE    89

..........................................................


THE PENSACOLA CLIMATE NORMALS FOR TODAY
                         NORMAL    RECORD    YEAR
 MAXIMUM TEMPERATURE (F)   72        87      1910
 MINIMUM TEMPERATURE (F)   53        28      1955


SUNRISE AND SUNSET
MARCH 27 2015.........SUNRISE   644 AM CDT   SUNSET   705 PM CDT
MARCH 28 2015.........SUNRISE   643 AM CDT   SUNSET   705 PM CDT


-  INDICATES NEGATIVE NUMBERS.
R  INDICATES RECORD WAS SET OR TIED.
MM INDICATES DATA IS MISSING.
T  INDICATES TRACE AMOUNT.




$$
