000
CDUS44 KMOB 240638
CLIPNS


CLIMATE REPORT
NATIONAL WEATHER SERVICE MOBILE AL
128 AM CDT TUE MAY 24 2016


...................................

...THE PENSACOLA CLIMATE SUMMARY FOR MAY 23 2016...

CLIMATE NORMAL PERIOD 1981 TO 2010
CLIMATE RECORD PERIOD 1879 TO 2016


WEATHER ITEM   OBSERVED TIME   RECORD YEAR NORMAL DEPARTURE LAST
                VALUE   (LST)  VALUE       VALUE  FROM      YEAR
                                                  NORMAL
..................................................................
TEMPERATURE (F)
 YESTERDAY
  MAXIMUM         84    253 PM  98    1996  85     -1       83
  MINIMUM         59    500 AM  47    1883  68     -9       67
  AVERAGE         72                        76     -4       75

PRECIPITATION (IN)
  YESTERDAY        0.00          2.39 1979   0.14  -0.14     0.00
  MONTH TO DATE    1.88                      3.04  -1.16     2.46
  SINCE MAR 1     15.53                     13.17   2.36    14.82
  SINCE JAN 1     24.18                     22.86   1.32    25.23

DEGREE DAYS
 COOLING
  YESTERDAY        7                        11     -4       10
  MONTH TO DATE  237                       198     39      248
  SINCE MAR 1    464                       332    132      549
  SINCE JAN 1    482                       346    136      556
..................................................................


WIND (MPH)
  HIGHEST WIND SPEED    15   HIGHEST WIND DIRECTION     S (170)
  HIGHEST GUST SPEED    20   HIGHEST GUST DIRECTION    SW (210)
  AVERAGE WIND SPEED     5.4


SKY COVER
  POSSIBLE SUNSHINE  MM
  AVERAGE SKY COVER 0.0


WEATHER CONDITIONS
 THE FOLLOWING WEATHER WAS RECORDED YESTERDAY.
  NO SIGNIFICANT WEATHER WAS OBSERVED.


RELATIVE HUMIDITY (PERCENT)
 HIGHEST    84           400 AM
 LOWEST     32           300 PM
 AVERAGE    58

..........................................................


THE PENSACOLA CLIMATE NORMALS FOR TODAY
                         NORMAL    RECORD    YEAR
 MAXIMUM TEMPERATURE (F)   85        97      2005
 MINIMUM TEMPERATURE (F)   68        54      1967
                                             1883


SUNRISE AND SUNSET
MAY 24 2016...........SUNRISE   550 AM CDT   SUNSET   742 PM CDT
MAY 25 2016...........SUNRISE   549 AM CDT   SUNSET   743 PM CDT


-  INDICATES NEGATIVE NUMBERS.
R  INDICATES RECORD WAS SET OR TIED.
MM INDICATES DATA IS MISSING.
T  INDICATES TRACE AMOUNT.




$$
