000
CDUS44 KMOB 262226
CLIPNS


CLIMATE REPORT
NATIONAL WEATHER SERVICE MOBILE AL
525 PM CDT WED APR 26 2017


...................................

...THE PENSACOLA CLIMATE SUMMARY FOR APRIL 26 2017...
VALID TODAY AS OF 0500 PM LOCAL TIME.

CLIMATE NORMAL PERIOD 1981 TO 2010
CLIMATE RECORD PERIOD 1879 TO 2017


WEATHER ITEM   OBSERVED TIME   RECORD YEAR NORMAL DEPARTURE LAST
                VALUE   (LST)  VALUE       VALUE  FROM      YEAR
                                                  NORMAL
..................................................................
TEMPERATURE (F)
 TODAY
  MAXIMUM         80    233 PM  88    1988  78      2       81
                                      1945
  MINIMUM         66    104 AM  48    1983  60      6       69
                                      1977
                                      1910
  AVERAGE         73                        69      4       75

PRECIPITATION (IN)
  TODAY            0.00          5.86 1964   0.14  -0.14     0.00
  MONTH TO DATE    3.28                      3.80  -0.52     5.94
  SINCE MAR 1      5.64                      9.61  -3.97    13.59
  SINCE JAN 1     20.99                     19.30   1.69    22.24

DEGREE DAYS
 HEATING
  TODAY            0                         1     -1        0
  MONTH TO DATE    9                        50    -41       11
  SINCE MAR 1    101                       226   -125       83
  SINCE JUL 1    634                      1534   -900      965

 COOLING
  TODAY            8                         5      3       10
  MONTH TO DATE  151                        80     71       97
  SINCE MAR 1    279                       113    166      183
  SINCE JAN 1    389                       127    262      201
..................................................................


WIND (MPH)
  HIGHEST WIND SPEED    21   HIGHEST WIND DIRECTION    SE (150)
  HIGHEST GUST SPEED    27   HIGHEST GUST DIRECTION    SE (140)
  AVERAGE WIND SPEED    13.2


SKY COVER
  POSSIBLE SUNSHINE  MM
  AVERAGE SKY COVER 0.3


WEATHER CONDITIONS
 THE FOLLOWING WEATHER WAS RECORDED TODAY.
  NO SIGNIFICANT WEATHER WAS OBSERVED.


RELATIVE HUMIDITY (PERCENT)
 HIGHEST    73          1200 AM
 LOWEST     52           900 AM
 AVERAGE    63

..........................................................


THE PENSACOLA CLIMATE NORMALS FOR TOMORROW
                         NORMAL    RECORD    YEAR
 MAXIMUM TEMPERATURE (F)   78        86      1970
                                             1944
 MINIMUM TEMPERATURE (F)   61        47      1992
                                             1977


SUNRISE AND SUNSET
APRIL 26 2017.........SUNRISE   610 AM CDT   SUNSET   724 PM CDT
APRIL 27 2017.........SUNRISE   609 AM CDT   SUNSET   724 PM CDT


-  INDICATES NEGATIVE NUMBERS.
R  INDICATES RECORD WAS SET OR TIED.
MM INDICATES DATA IS MISSING.
T  INDICATES TRACE AMOUNT.




$$
