000
CDUS44 KMOB 260645
CLIPNS


CLIMATE REPORT
NATIONAL WEATHER SERVICE MOBILE AL
145 AM CDT TUE JUL 26 2016


...................................

...THE PENSACOLA CLIMATE SUMMARY FOR JULY 25 2016...

CLIMATE NORMAL PERIOD 1981 TO 2010
CLIMATE RECORD PERIOD 1879 TO 2016


WEATHER ITEM   OBSERVED TIME   RECORD YEAR NORMAL DEPARTURE LAST
                VALUE   (LST)  VALUE       VALUE  FROM      YEAR
                                                  NORMAL
..................................................................
TEMPERATURE (F)
 YESTERDAY
  MAXIMUM         91   1204 PM  98    1952  90      1       96
  MINIMUM         79    529 AM  70    1963  74      5       74
                                      1931
                                      1924
  AVERAGE         85                        82      3       85

PRECIPITATION (IN)
  YESTERDAY        0.02          2.42 1991   0.24  -0.22     1.62
  MONTH TO DATE    6.29                      5.94   0.35     5.35
  SINCE MAR 1     29.55                     26.85   2.70    26.94
  SINCE JAN 1     38.20                     36.54   1.66    37.35

DEGREE DAYS
 COOLING
  YESTERDAY       20                        17      3       20
  MONTH TO DATE  493                       425     68      489
  SINCE JUN 1   1014                       890    124      972
  SINCE JAN 1   1610                      1338    272     1625
..................................................................


WIND (MPH)
  HIGHEST WIND SPEED    22   HIGHEST WIND DIRECTION    SE (130)
  HIGHEST GUST SPEED    26   HIGHEST GUST DIRECTION    SE (120)
  AVERAGE WIND SPEED    11.5


SKY COVER
  POSSIBLE SUNSHINE  MM
  AVERAGE SKY COVER 0.4


WEATHER CONDITIONS
 THE FOLLOWING WEATHER WAS RECORDED YESTERDAY.
  LIGHT RAIN
  FOG


RELATIVE HUMIDITY (PERCENT)
 HIGHEST    85           100 AM
 LOWEST     59           400 PM
 AVERAGE    72

..........................................................


THE PENSACOLA CLIMATE NORMALS FOR TODAY
                         NORMAL    RECORD    YEAR
 MAXIMUM TEMPERATURE (F)   90        98      1990
 MINIMUM TEMPERATURE (F)   74        68      1927
                                             1911
                                             1890


SUNRISE AND SUNSET
JULY 26 2016..........SUNRISE   604 AM CDT   SUNSET   747 PM CDT
JULY 27 2016..........SUNRISE   604 AM CDT   SUNSET   746 PM CDT


-  INDICATES NEGATIVE NUMBERS.
R  INDICATES RECORD WAS SET OR TIED.
MM INDICATES DATA IS MISSING.
T  INDICATES TRACE AMOUNT.




$$
