000
CDUS44 KMOB 300628
CLIPNS


CLIMATE REPORT
NATIONAL WEATHER SERVICE MOBILE AL
127 AM CDT THU OCT 30 2014


...................................

...THE PENSACOLA CLIMATE SUMMARY FOR OCTOBER 29 2014...

CLIMATE NORMAL PERIOD 1981 TO 2010
CLIMATE RECORD PERIOD 1879 TO 2014


WEATHER ITEM   OBSERVED TIME   RECORD YEAR NORMAL DEPARTURE LAST
                VALUE   (LST)  VALUE       VALUE  FROM      YEAR
                                                  NORMAL
..................................................................
TEMPERATURE (F)
 YESTERDAY
  MAXIMUM         81    254 PM  86    2000  75      6       78
  MINIMUM         66   1159 PM  35    1910  56     10       59
  AVERAGE         74                        66      8       69

PRECIPITATION (IN)
  YESTERDAY        0.75          4.02 1985   0.17   0.58     0.00
  MONTH TO DATE    4.44                      4.91  -0.47     1.89
  SINCE MAR 1     67.14                     45.97  21.17    51.28
  SINCE JAN 1     78.47                     55.66  22.81    65.55

DEGREE DAYS
 HEATING
  YESTERDAY        0                         3     -3        0
  MONTH TO DATE    6                        29    -23       15
  SINCE SEP 1      6                        30    -24       15
  SINCE JUL 1      6                        30    -24       15

 COOLING
  YESTERDAY        9                         3      6        4
  MONTH TO DATE  173                       173      0      211
  SINCE SEP 1    574                       576     -2      687
  SINCE JAN 1   2530                      2543    -13     2669
..................................................................


WIND (MPH)
  HIGHEST WIND SPEED    18   HIGHEST WIND DIRECTION     N (20)
  HIGHEST GUST SPEED    23   HIGHEST GUST DIRECTION    NW (330)
  AVERAGE WIND SPEED     5.5


SKY COVER
  POSSIBLE SUNSHINE  MM
  AVERAGE SKY COVER 0.8


WEATHER CONDITIONS
 THE FOLLOWING WEATHER WAS RECORDED YESTERDAY.
  THUNDERSTORM
  HEAVY RAIN
  LIGHT RAIN
  FOG


RELATIVE HUMIDITY (PERCENT)
 HIGHEST    97          1200 AM
 LOWEST     67          1000 AM
 AVERAGE    82

..........................................................


THE PENSACOLA CLIMATE NORMALS FOR TODAY
                         NORMAL    RECORD    YEAR
 MAXIMUM TEMPERATURE (F)   75        87      1951
 MINIMUM TEMPERATURE (F)   56        38      1963


SUNRISE AND SUNSET
OCTOBER 30 2014.......SUNRISE   702 AM CDT   SUNSET   603 PM CDT
OCTOBER 31 2014.......SUNRISE   702 AM CDT   SUNSET   602 PM CDT


-  INDICATES NEGATIVE NUMBERS.
R  INDICATES RECORD WAS SET OR TIED.
MM INDICATES DATA IS MISSING.
T  INDICATES TRACE AMOUNT.




$$
