000
CDUS44 KMOB 280645
CLIPNS


CLIMATE REPORT
NATIONAL WEATHER SERVICE MOBILE AL
145 AM CDT WED JUN 28 2017


...................................

...THE PENSACOLA CLIMATE SUMMARY FOR JUNE 27 2017...

CLIMATE NORMAL PERIOD 1981 TO 2010
CLIMATE RECORD PERIOD 1879 TO 2017


WEATHER ITEM   OBSERVED TIME   RECORD YEAR NORMAL DEPARTURE LAST
                VALUE   (LST)  VALUE       VALUE  FROM      YEAR
                                                  NORMAL
..................................................................
TEMPERATURE (F)
 YESTERDAY
  MAXIMUM         89   1138 AM 101    1988  90     -1       89
                                      1952
                                      1950
  MINIMUM         75    413 AM  63    1974  74      1       76
  AVERAGE         82                        82      0       83

PRECIPITATION (IN)
  YESTERDAY        0.00          2.89 1888   0.25  -0.25     0.01
  MONTH TO DATE   18.37                      5.86  12.51     5.13
  SINCE MAR 1     31.52                     20.17  11.35    20.74
  SINCE JAN 1     46.87                     29.86  17.01    29.39

DEGREE DAYS
 COOLING
  YESTERDAY       17                        17      0       18
  MONTH TO DATE  418                       414      4      470
  SINCE JUN 1    418                       414      4      470
  SINCE JAN 1   1214                       862    352     1066
..................................................................


WIND (MPH)
  HIGHEST WIND SPEED    12   HIGHEST WIND DIRECTION     N (10)
  HIGHEST GUST SPEED    15   HIGHEST GUST DIRECTION    NE (30)
  AVERAGE WIND SPEED     3.6


SKY COVER
  POSSIBLE SUNSHINE  MM
  AVERAGE SKY COVER 0.0


WEATHER CONDITIONS
 THE FOLLOWING WEATHER WAS RECORDED YESTERDAY.
  NO SIGNIFICANT WEATHER WAS OBSERVED.


RELATIVE HUMIDITY (PERCENT)
 HIGHEST    74           400 AM
 LOWEST     50          1200 PM
 AVERAGE    62

..........................................................


THE PENSACOLA CLIMATE NORMALS FOR TODAY
                         NORMAL    RECORD    YEAR
 MAXIMUM TEMPERATURE (F)   90       101      1954
 MINIMUM TEMPERATURE (F)   74        61      1974


SUNRISE AND SUNSET
JUNE 28 2017..........SUNRISE   549 AM CDT   SUNSET   755 PM CDT
JUNE 29 2017..........SUNRISE   550 AM CDT   SUNSET   755 PM CDT


-  INDICATES NEGATIVE NUMBERS.
R  INDICATES RECORD WAS SET OR TIED.
MM INDICATES DATA IS MISSING.
T  INDICATES TRACE AMOUNT.




$$
