000
CDUS44 KMOB 010628
CLIPNS


CLIMATE REPORT
NATIONAL WEATHER SERVICE MOBILE AL
127 AM CDT WED OCT 1 2014


...................................

...THE PENSACOLA CLIMATE SUMMARY FOR SEPTEMBER 30 2014...

CLIMATE NORMAL PERIOD 1981 TO 2010
CLIMATE RECORD PERIOD 1879 TO 2014


WEATHER ITEM   OBSERVED TIME   RECORD YEAR NORMAL DEPARTURE LAST
                VALUE   (LST)  VALUE       VALUE  FROM      YEAR
                                                  NORMAL
..................................................................
TEMPERATURE (F)
 YESTERDAY
  MAXIMUM         80    230 PM  96    1904  83     -3       85
  MINIMUM         69   1139 PM  46    1967  66      3       70
  AVERAGE         75                        75      0       78

PRECIPITATION (IN)
  YESTERDAY        0.00          5.01 1898   0.18  -0.18     0.01
  MONTH TO DATE    5.28                      5.98  -0.70     7.21
  SINCE MAR 1     62.70                     41.06  21.64    49.39
  SINCE JAN 1     74.03                     50.75  23.28    63.66

DEGREE DAYS
 COOLING
  YESTERDAY       10                        10      0       13
  MONTH TO DATE  401                       403     -2      476
  SINCE SEP 1    401                       403     -2      476
  SINCE JAN 1   2357                      2370    -13     2458
..................................................................


WIND (MPH)
  HIGHEST WIND SPEED    10   HIGHEST WIND DIRECTION    NE (30)
  HIGHEST GUST SPEED    14   HIGHEST GUST DIRECTION    NE (30)
  AVERAGE WIND SPEED     5.0


SKY COVER
  POSSIBLE SUNSHINE  MM
  AVERAGE SKY COVER 0.7


WEATHER CONDITIONS
 THE FOLLOWING WEATHER WAS RECORDED YESTERDAY.
  NO SIGNIFICANT WEATHER WAS OBSERVED.


RELATIVE HUMIDITY (PERCENT)
 HIGHEST    93           200 AM
 LOWEST     62           200 PM
 AVERAGE    78

..........................................................


THE PENSACOLA CLIMATE NORMALS FOR TODAY
                         NORMAL    RECORD    YEAR
 MAXIMUM TEMPERATURE (F)   83        94      1904
 MINIMUM TEMPERATURE (F)   66        46      1920


SUNRISE AND SUNSET
OCTOBER  1 2014.......SUNRISE   642 AM CDT   SUNSET   634 PM CDT
OCTOBER  2 2014.......SUNRISE   643 AM CDT   SUNSET   633 PM CDT


-  INDICATES NEGATIVE NUMBERS.
R  INDICATES RECORD WAS SET OR TIED.
MM INDICATES DATA IS MISSING.
T  INDICATES TRACE AMOUNT.




$$
