000
CDUS44 KMOB 060645
CLIPNS


CLIMATE REPORT
NATIONAL WEATHER SERVICE MOBILE AL
1245 AM CST SAT FEB 6 2016


...................................

...THE PENSACOLA CLIMATE SUMMARY FOR FEBRUARY 5 2016...

CLIMATE NORMAL PERIOD 1981 TO 2010
CLIMATE RECORD PERIOD 1879 TO 2016


WEATHER ITEM   OBSERVED TIME   RECORD YEAR NORMAL DEPARTURE LAST
                VALUE   (LST)  VALUE       VALUE  FROM      YEAR
                                                  NORMAL
..................................................................
TEMPERATURE (F)
 YESTERDAY
  MAXIMUM         56    359 PM  77    1975  62     -6       61
  MINIMUM         35    637 AM  15    1996  44     -9       41
  AVERAGE         46                        53     -7       51

PRECIPITATION (IN)
  YESTERDAY        0.00          5.75 1955   0.18  -0.18      T
  MONTH TO DATE    1.59                      0.88   0.71     1.45
  SINCE MAR 1     70.80                     61.09   9.71    79.76
  SINCE JAN 1      5.53                      5.51   0.02     7.92

SNOWFALL (IN)
  YESTERDAY        0.0          MM      MM   0.0    0.0      0.0
  MONTH TO DATE    0.0                       0.0    0.0      0.0
  SINCE MAR 1      0.0                       0.0    0.0      0.0
  SINCE JUL 1      0.0                       0.0    0.0      0.0
  SNOW DEPTH       0

DEGREE DAYS
 HEATING
  YESTERDAY       19                        12      7       14
  MONTH TO DATE   35                        63    -28       77
  SINCE DEC 1    587                       862   -275      775
  SINCE JUL 1    664                      1074   -410     1102

 COOLING
  YESTERDAY        0                         0      0        0
  MONTH TO DATE    8                         0      8        0
  SINCE DEC 1     83                        19     64       16
  SINCE JAN 1      8                         6      2        3
..................................................................


WIND (MPH)
  HIGHEST WIND SPEED    16   HIGHEST WIND DIRECTION     N (10)
  HIGHEST GUST SPEED    23   HIGHEST GUST DIRECTION     N (20)
  AVERAGE WIND SPEED     8.5


SKY COVER
  POSSIBLE SUNSHINE  MM
  AVERAGE SKY COVER 0.0


WEATHER CONDITIONS
 THE FOLLOWING WEATHER WAS RECORDED YESTERDAY.
  NO SIGNIFICANT WEATHER WAS OBSERVED.


RELATIVE HUMIDITY (PERCENT)
 HIGHEST    70           500 AM
 LOWEST     22           200 PM
 AVERAGE    46

..........................................................


THE PENSACOLA CLIMATE NORMALS FOR TODAY
                         NORMAL    RECORD    YEAR
 MAXIMUM TEMPERATURE (F)   62        77      1948
 MINIMUM TEMPERATURE (F)   44        25      1984


SUNRISE AND SUNSET
FEBRUARY  6 2016......SUNRISE   637 AM CST   SUNSET   529 PM CST
FEBRUARY  7 2016......SUNRISE   636 AM CST   SUNSET   530 PM CST


-  INDICATES NEGATIVE NUMBERS.
R  INDICATES RECORD WAS SET OR TIED.
MM INDICATES DATA IS MISSING.
T  INDICATES TRACE AMOUNT.




$$
