000
CDUS41 KALY 310624
CLIPOU


CLIMATE REPORT
NATIONAL WEATHER SERVICE ALBANY NY
223 AM EDT WED AUG 31 2016


...................................

...THE POUGHKEEPSIE NY CLIMATE SUMMARY FOR AUGUST 30 2016...

CLIMATE NORMAL PERIOD 1981 TO 2010
CLIMATE RECORD PERIOD 1949 TO 2016


WEATHER ITEM   OBSERVED TIME   RECORD YEAR NORMAL DEPARTURE LAST
                VALUE   (LST)  VALUE       VALUE  FROM      YEAR
                                                  NORMAL
..................................................................
TEMPERATURE (F)
 YESTERDAY
  MAXIMUM         83    345 PM  98    1953  80      3       88
  MINIMUM         54    558 AM  38    1986  57     -3       61
  AVERAGE         69                        69      0       75

PRECIPITATION (IN)
  YESTERDAY        0.00          0.79 1970   0.12  -0.12     0.09
  MONTH TO DATE    2.20                      4.09  -1.89     2.21
  SINCE JUN 1     10.16                     13.17  -3.01     8.29
  SINCE JAN 1     22.32                     30.67  -8.35    18.96

DEGREE DAYS
 HEATING
  YESTERDAY        0                         1     -1        0
  MONTH TO DATE    2                         8     -6        0
  SINCE JUN 1     10                        62    -52       46
  SINCE JUL 1      2                        13    -11        0

 COOLING
  YESTERDAY        4                         5     -1       10
  MONTH TO DATE  321                       198    123      261
  SINCE JUN 1    856                       565    291      679
  SINCE JAN 1    937                       601    336      792
..................................................................


WIND (MPH)
  HIGHEST WIND SPEED    12   HIGHEST WIND DIRECTION     W (250)
  HIGHEST GUST SPEED    15   HIGHEST GUST DIRECTION    SW (240)
  AVERAGE WIND SPEED     2.3


SKY COVER
  AVERAGE SKY COVER 0.0



RELATIVE HUMIDITY (PERCENT)
 HIGHEST    93           100 AM
 LOWEST     43           400 PM
 AVERAGE    68

..........................................................


THE POUGHKEEPSIE NY CLIMATE NORMALS FOR TODAY
                         NORMAL    RECORD    YEAR
 MAXIMUM TEMPERATURE (F)   80       100      1953
 MINIMUM TEMPERATURE (F)   57        38      1965


SUNRISE AND SUNSET
AUGUST 31 2016........SUNRISE   621 AM EDT   SUNSET   730 PM EDT
SEPTEMBER  1 2016.....SUNRISE   622 AM EDT   SUNSET   728 PM EDT


-  INDICATES NEGATIVE NUMBERS.
R  INDICATES RECORD WAS SET OR TIED.
MM INDICATES DATA IS MISSING.
T  INDICATES TRACE AMOUNT.




RECORDS FOR KPOU DATE BACK TO 1949...
HOWEVER...DATA IS MISSING FROM JANUARY 1993 - JULY 2000.
$$
