000
CDUS41 KALY 260623
CLIPOU


CLIMATE REPORT
NATIONAL WEATHER SERVICE ALBANY NY
222 AM EDT SUN OCT 26 2014


...................................

...THE POUGHKEEPSIE NY CLIMATE SUMMARY FOR OCTOBER 25 2014...

CLIMATE NORMAL PERIOD 1981 TO 2010
CLIMATE RECORD PERIOD 1949 TO 2014


WEATHER ITEM   OBSERVED TIME   RECORD YEAR NORMAL DEPARTURE LAST
                VALUE   (LST)  VALUE       VALUE  FROM      YEAR
                                                  NORMAL
..................................................................
TEMPERATURE (F)
 YESTERDAY
  MAXIMUM         66    329 PM  80    1963  60      6       52
  MINIMUM         34    643 AM  24    1952  36     -2       33
  AVERAGE         50                        48      2       43

PRECIPITATION (IN)
  YESTERDAY        0.00          1.38 2008   0.13  -0.13     0.00
  MONTH TO DATE    3.67                      3.67   0.00     1.37
  SINCE SEP 1      4.19                      7.95  -3.76     3.69
  SINCE JAN 1     28.86                     38.73  -9.87    33.91

DEGREE DAYS
 HEATING
  YESTERDAY       15                        17     -2       22
  MONTH TO DATE  230                       329    -99      222
  SINCE SEP 1    319                       452   -133      362
  SINCE JUL 1    324                       469   -145      365

 COOLING
  YESTERDAY        0                         0      0        0
  MONTH TO DATE   13                         0     13        8
  SINCE SEP 1     99                        64     35       72
  SINCE JAN 1    696                       668     28      829
..................................................................


WIND (MPH)
  HIGHEST WIND SPEED    17   HIGHEST WIND DIRECTION    SW (240)
  HIGHEST GUST SPEED    22   HIGHEST GUST DIRECTION    SW (240)
  AVERAGE WIND SPEED     3.6


SKY COVER
  AVERAGE SKY COVER 0.2



RELATIVE HUMIDITY (PERCENT)
 HIGHEST    93          1200 AM
 LOWEST     44          1200 PM
 AVERAGE    69

..........................................................


THE POUGHKEEPSIE NY CLIMATE NORMALS FOR TODAY
                         NORMAL    RECORD    YEAR
 MAXIMUM TEMPERATURE (F)   60        81      1963
 MINIMUM TEMPERATURE (F)   36        19      1987


SUNRISE AND SUNSET
OCTOBER 26 2014.......SUNRISE   720 AM EDT   SUNSET   558 PM EDT
OCTOBER 27 2014.......SUNRISE   721 AM EDT   SUNSET   557 PM EDT


-  INDICATES NEGATIVE NUMBERS.
R  INDICATES RECORD WAS SET OR TIED.
MM INDICATES DATA IS MISSING.
T  INDICATES TRACE AMOUNT.





RECORDS FOR KPOU DATE BACK TO 1949...
HOWEVER...DATA IS MISSING FROM JANUARY 1993 - JULY 2000.
$$
