000
CDUS41 KALY 230624
CLIPOU


CLIMATE REPORT
NATIONAL WEATHER SERVICE ALBANY NY
123 AM EST TUE JAN 23 2018


...................................

...THE POUGHKEEPSIE NY CLIMATE SUMMARY FOR JANUARY 22 2018...

CLIMATE NORMAL PERIOD 1981 TO 2010
CLIMATE RECORD PERIOD 1949 TO 2018


WEATHER ITEM   OBSERVED TIME   RECORD YEAR NORMAL DEPARTURE LAST
                VALUE   (LST)  VALUE       VALUE  FROM      YEAR
                                                  NORMAL
..................................................................
TEMPERATURE (F)
 YESTERDAY
  MAXIMUM         40    827 PM  60    1959  35      5       51
  MINIMUM         34    837 AM -29    1961  15     19       38
  AVERAGE         37                        25     12       45

PRECIPITATION (IN)
  YESTERDAY        T             0.71 1987   0.10  -0.10     0.00
  MONTH TO DATE    2.12                      2.21  -0.09     1.52
  SINCE DEC 1      3.68                      5.74  -2.06     4.12
  SINCE JAN 1      2.12                      2.21  -0.09     1.52

DEGREE DAYS
 HEATING
  YESTERDAY       28                        40    -12       20
  MONTH TO DATE  937                       872     65      731
  SINCE DEC 1   2083                      1923    160     1771
  SINCE JUL 1   3166                      3201    -35     2917

 COOLING
  YESTERDAY        0                         0      0        0
  MONTH TO DATE    0                         0      0        0
  SINCE DEC 1      0                         0      0        0
  SINCE JAN 1      0                         0      0        0
..................................................................


WIND (MPH)
  HIGHEST WIND SPEED     9   HIGHEST WIND DIRECTION    SE (130)
  HIGHEST GUST SPEED    12   HIGHEST GUST DIRECTION    SE (130)
  AVERAGE WIND SPEED     1.2


SKY COVER
  AVERAGE SKY COVER 1.0



RELATIVE HUMIDITY (PERCENT)
 HIGHEST   100           200 AM
 LOWEST     79           200 PM
 AVERAGE    90

..........................................................


THE POUGHKEEPSIE NY CLIMATE NORMALS FOR TODAY
                         NORMAL    RECORD    YEAR
 MAXIMUM TEMPERATURE (F)   36        60      1957
                                             1933
 MINIMUM TEMPERATURE (F)   15       -16      1961


SUNRISE AND SUNSET
JANUARY 23 2018.......SUNRISE   715 AM EST   SUNSET   500 PM EST
JANUARY 24 2018.......SUNRISE   715 AM EST   SUNSET   501 PM EST


-  INDICATES NEGATIVE NUMBERS.
R  INDICATES RECORD WAS SET OR TIED.
MM INDICATES DATA IS MISSING.
T  INDICATES TRACE AMOUNT.




RECORDS FOR KPOU DATE BACK TO 1949...
HOWEVER...DATA IS MISSING FROM JANUARY 1993 - JULY 2000.
$$
