000
CDUS46 KLOX 150914
CLIPRB


CLIMATE REPORT
NATIONAL WEATHER SERVICE LOS ANGELES/OXNARD CA
114 AM PST FRI DEC 15 2017


...................................

...THE PASO ROBLES AIRPORT CA CLIMATE SUMMARY FOR DECEMBER 14 2017...

CLIMATE NORMAL PERIOD 1981 TO 2010
CLIMATE RECORD PERIOD 1948 TO 2017


WEATHER ITEM   OBSERVED TIME   RECORD YEAR NORMAL DEPARTURE LAST
                VALUE   (LST)  VALUE       VALUE  FROM      YEAR
                                                  NORMAL
..................................................................
TEMPERATURE (F)
 YESTERDAY
  MAXIMUM         72    349 PM  80    1958  59     13       63
  MINIMUM         26    723 AM  17    1967  34     -8       42
  AVERAGE         49                        46      3       53

PRECIPITATION (IN)
  YESTERDAY        0.00          0.99 1968   0.06  -0.06     0.00
  MONTH TO DATE    0.00                      0.74  -0.74     0.03
  SINCE OCT 1      0.25                      2.39  -2.14     2.68
  SINCE JAN 1     12.74                     11.51   1.23     8.68

SNOWFALL (IN)
  YESTERDAY        0.0
  MONTH TO DATE    0.0
  SINCE DEC 1      0.0
  SINCE JUL 1      0.0

DEGREE DAYS
 HEATING
  YESTERDAY       16                        19     -3       12
  MONTH TO DATE  229                       253    -24      186
  SINCE DEC 1    229                       253    -24      186
  SINCE JUL 1    606                       802   -196      570

 COOLING
  YESTERDAY        0                         0      0        0
  MONTH TO DATE    0                         0      0        0
  SINCE DEC 1      0                         0      0        0
  SINCE JAN 1   1370                       927    443     1073
..................................................................


WIND (MPH)
  HIGHEST WIND SPEED    MM   HIGHEST WIND DIRECTION    MM
  HIGHEST GUST SPEED    MM   HIGHEST GUST DIRECTION    MM
  AVERAGE WIND SPEED     4.1


SKY COVER
  POSSIBLE SUNSHINE  MM
  AVERAGE SKY COVER 0.0


WEATHER CONDITIONS
 THE FOLLOWING WEATHER WAS RECORDED YESTERDAY.
  NO SIGNIFICANT WEATHER WAS OBSERVED.


RELATIVE HUMIDITY (PERCENT)
 HIGHEST    75           700 AM
 LOWEST     15           300 PM
 AVERAGE    45

..........................................................


THE PASO ROBLES AIRPORT CA CLIMATE NORMALS FOR TODAY
                         NORMAL    RECORD    YEAR
 MAXIMUM TEMPERATURE (F)   59        73      1958
 MINIMUM TEMPERATURE (F)   33        18      1975


SUNRISE AND SUNSET
DECEMBER 15 2017......SUNRISE   705 AM PST   SUNSET   451 PM PST
DECEMBER 16 2017......SUNRISE   706 AM PST   SUNSET   451 PM PST


-  INDICATES NEGATIVE NUMBERS.
R  INDICATES RECORD WAS SET OR TIED.
MM INDICATES DATA IS MISSING.
T  INDICATES TRACE AMOUNT.




$$
