000
CDUS46 KLOX 220906
CLIPRB


CLIMATE REPORT
NATIONAL WEATHER SERVICE LOS ANGELES/OXNARD CA
206 AM PDT MON MAY 22 2017


...................................

...THE PASO ROBLES AIRPORT CA CLIMATE SUMMARY FOR MAY 21 2017...

CLIMATE NORMAL PERIOD 1981 TO 2010
CLIMATE RECORD PERIOD 1948 TO 2017


WEATHER ITEM   OBSERVED TIME   RECORD YEAR NORMAL DEPARTURE LAST
                VALUE   (LST)  VALUE       VALUE  FROM      YEAR
                                                  NORMAL
..................................................................
TEMPERATURE (F)
 YESTERDAY
  MAXIMUM         98    204 PM 106    2000  82     16       70
  MINIMUM         51    513 AM  36    1975  47      4       39
  AVERAGE         75                        64     11       55

PRECIPITATION (IN)
  YESTERDAY        0.00          0.96 2006   0.01  -0.01     0.00
  MONTH TO DATE    0.18                      0.22  -0.04      T
  SINCE OCT 1     16.14                     12.39   3.75     8.06
  SINCE JAN 1     12.46                      8.73   3.73     6.00

SNOWFALL (IN)
  YESTERDAY        0.0
  MONTH TO DATE    0.0
  SINCE MAR 1      0.0
  SINCE JUL 1      0.0

DEGREE DAYS
 HEATING
  YESTERDAY        0                         3     -3       10
  MONTH TO DATE   61                        85    -24       52
  SINCE MAR 1    512                       704   -192      454
  SINCE JUL 1   2313                      2797   -484     2241

 COOLING
  YESTERDAY       10                         2      8        0
  MONTH TO DATE   51                        32     19       28
  SINCE MAR 1     52                        41     11       33
  SINCE JAN 1     52                        41     11       33
..................................................................


WIND (MPH)
  HIGHEST WIND SPEED    18   HIGHEST WIND DIRECTION    SW (240)
  HIGHEST GUST SPEED    26   HIGHEST GUST DIRECTION    SW (230)
  AVERAGE WIND SPEED     5.4


SKY COVER
  POSSIBLE SUNSHINE  MM
  AVERAGE SKY COVER 0.0


WEATHER CONDITIONS
 THE FOLLOWING WEATHER WAS RECORDED YESTERDAY.
  NO SIGNIFICANT WEATHER WAS OBSERVED.


RELATIVE HUMIDITY (PERCENT)
 HIGHEST    66           600 AM
 LOWEST     13           100 PM
 AVERAGE    40

..........................................................


THE PASO ROBLES AIRPORT CA CLIMATE NORMALS FOR TODAY
                         NORMAL    RECORD    YEAR
 MAXIMUM TEMPERATURE (F)   82       108      2000
 MINIMUM TEMPERATURE (F)   47        37      1989


SUNRISE AND SUNSET
MAY 22 2017...........SUNRISE   552 AM PDT   SUNSET   806 PM PDT
MAY 23 2017...........SUNRISE   552 AM PDT   SUNSET   807 PM PDT


-  INDICATES NEGATIVE NUMBERS.
R  INDICATES RECORD WAS SET OR TIED.
MM INDICATES DATA IS MISSING.
T  INDICATES TRACE AMOUNT.




$$
