000
CDUS45 KFGZ 220802
CLIPRC
CLIMATE REPORT
NATIONAL WEATHER SERVICE FLAGSTAFF, AZ
100 AM MST WED OCT 22 2014


...................................

...THE PRESCOTT AZ AIRPORT CLIMATE SUMMARY FOR OCTOBER 21 2014...

CLIMATE NORMAL PERIOD 1981 TO 2010
CLIMATE RECORD PERIOD 1948 TO 2014


WEATHER ITEM   OBSERVED TIME   RECORD YEAR NORMAL DEPARTURE LAST
                VALUE   (LST)  VALUE       VALUE  FROM      YEAR
                                                  NORMAL
..................................................................
TEMPERATURE (F)
 YESTERDAY
  MAXIMUM         75    228 PM  88    2003  70      5       74
  MINIMUM         45    659 AM  22    1949  40      5       37
  AVERAGE         60                        55      5

PRECIPITATION (IN)
  YESTERDAY        0.00          1.28 1969   0.03  -0.03     0.00
  MONTH TO DATE    0.14                      0.65  -0.51     0.23
  SINCE SEP 1      2.73                      2.16   0.57     2.71
  SINCE JAN 1     10.20                     11.82  -1.62    10.93

DEGREE DAYS
 HEATING
  YESTERDAY        5                               -5
  MONTH TO DATE   72                              -75
  SINCE JUL 1     97                              -88

 COOLING
  YESTERDAY        0                                0
  MONTH TO DATE    0                               -5
  SINCE JAN 1   1039                               99
..................................................................


WIND (MPH)
  HIGHEST WIND SPEED    14   HIGHEST WIND DIRECTION    SW (230)
  HIGHEST GUST SPEED    17   HIGHEST GUST DIRECTION    SW (230)
  AVERAGE WIND SPEED     6.0


SKY COVER
  AVERAGE SKY COVER 0.2


WEATHER CONDITIONS
 THE FOLLOWING WEATHER WAS RECORDED YESTERDAY.
  HAZE


RELATIVE HUMIDITY (PERCENT)
 HIGHEST    83
 LOWEST     29

..........................................................


THE PRESCOTT AZ AIRPORT CLIMATE NORMALS FOR TODAY
                         NORMAL    RECORD    YEAR
 MAXIMUM TEMPERATURE (F)   70        86      2003
 MINIMUM TEMPERATURE (F)   39        18      1996


SUNRISE AND SUNSET
OCTOBER 22 2014.......SUNRISE   641 AM MST   SUNSET   547 PM MST
OCTOBER 23 2014.......SUNRISE   642 AM MST   SUNSET   545 PM MST


-  INDICATES NEGATIVE NUMBERS.
R  INDICATES RECORD WAS SET OR TIED.
MM INDICATES DATA IS MISSING.
T  INDICATES TRACE AMOUNT.




$$
