000
CDUS45 KFGZ 190735
CLIPRC
CLIMATE REPORT
NATIONAL WEATHER SERVICE FLAGSTAFF, AZ
1234 AM MST FRI JAN 19 2018


...................................

...THE PRESCOTT AZ AIRPORT CLIMATE SUMMARY FOR JANUARY 18 2018...

CLIMATE NORMAL PERIOD 1981 TO 2010
CLIMATE RECORD PERIOD 1948 TO 2018


WEATHER ITEM   OBSERVED TIME   RECORD YEAR NORMAL DEPARTURE LAST
                VALUE   (LST)  VALUE       VALUE  FROM      YEAR
                                                  NORMAL
..................................................................
TEMPERATURE (F)
 YESTERDAY
  MAXIMUM         62    440 PM  74    1971  52     10       53
  MINIMUM         28    752 AM   6    1960  26      2       27
  AVERAGE         45                        39      6

PRECIPITATION (IN)
  YESTERDAY        0.00          0.72 1993   0.03  -0.03     0.00
  MONTH TO DATE    0.63                      0.69  -0.06     0.65
  SINCE SEP 1      1.16                      5.00  -3.84     7.40
  SINCE JAN 1      0.63                      0.69  -0.06     0.65

DEGREE DAYS
 HEATING
  YESTERDAY       20                               -6
  MONTH TO DATE  342                             -138
  SINCE JUL 1   1541                             -642

 COOLING
  YESTERDAY        0                                0
  MONTH TO DATE    0                                0
  SINCE JAN 1      0                                0
..................................................................


WIND (MPH)
  HIGHEST WIND SPEED    10   HIGHEST WIND DIRECTION     S (200)
  HIGHEST GUST SPEED    11   HIGHEST GUST DIRECTION     S (200)
  AVERAGE WIND SPEED     3.3


SKY COVER
  AVERAGE SKY COVER 0.0


WEATHER CONDITIONS
 THE FOLLOWING WEATHER WAS RECORDED YESTERDAY.
  NO SIGNIFICANT WEATHER WAS OBSERVED.


RELATIVE HUMIDITY (PERCENT)
 HIGHEST    75
 LOWEST     12

..........................................................


THE PRESCOTT AZ AIRPORT CLIMATE NORMALS FOR TODAY
                         NORMAL    RECORD    YEAR
 MAXIMUM TEMPERATURE (F)   52        71      1971
 MINIMUM TEMPERATURE (F)   26        13      1990


SUNRISE AND SUNSET
JANUARY 19 2018.......SUNRISE   735 AM MST   SUNSET   546 PM MST
JANUARY 20 2018.......SUNRISE   735 AM MST   SUNSET   547 PM MST


-  INDICATES NEGATIVE NUMBERS.
R  INDICATES RECORD WAS SET OR TIED.
MM INDICATES DATA IS MISSING.
T  INDICATES TRACE AMOUNT.




$$
