000
CDUS45 KFGZ 250742
CLIPRC
CLIMATE REPORT
NATIONAL WEATHER SERVICE FLAGSTAFF, AZ
1241 AM MST SUN SEP 25 2016


...................................

...THE PRESCOTT AZ AIRPORT CLIMATE SUMMARY FOR SEPTEMBER 24 2016...

CLIMATE NORMAL PERIOD 1981 TO 2010
CLIMATE RECORD PERIOD 1948 TO 2016


WEATHER ITEM   OBSERVED TIME   RECORD YEAR NORMAL DEPARTURE LAST
                VALUE   (LST)  VALUE       VALUE  FROM      YEAR
                                                  NORMAL
..................................................................
TEMPERATURE (F)
 YESTERDAY
  MAXIMUM         73    417 PM  91    2015  79     -6       91
  MINIMUM         41    645 AM  36    1986  50     -9       56
  AVERAGE         57                        65     -8

PRECIPITATION (IN)
  YESTERDAY        0.00          0.61 1983   0.04  -0.04     0.00
  MONTH TO DATE    2.06                      1.26   0.80     0.34
  SINCE SEP 1      2.06                      1.26   0.80     0.34
  SINCE JAN 1     12.82                     10.92   1.90    12.68

DEGREE DAYS
 HEATING
  YESTERDAY        8                                6
  MONTH TO DATE   23                                6
  SINCE JUL 1     23                                5

 COOLING
  YESTERDAY        0                               -2
  MONTH TO DATE   81                              -25
  SINCE JAN 1   1090                              163
..................................................................


WIND (MPH)
  HIGHEST WIND SPEED    17   HIGHEST WIND DIRECTION     N (340)
  HIGHEST GUST SPEED    25   HIGHEST GUST DIRECTION    NW (330)
  AVERAGE WIND SPEED     5.9


SKY COVER
  AVERAGE SKY COVER 0.0


WEATHER CONDITIONS
 THE FOLLOWING WEATHER WAS RECORDED YESTERDAY.
  NO SIGNIFICANT WEATHER WAS OBSERVED.


RELATIVE HUMIDITY (PERCENT)
 HIGHEST    76
 LOWEST     22

..........................................................


THE PRESCOTT AZ AIRPORT CLIMATE NORMALS FOR TODAY
                         NORMAL    RECORD    YEAR
 MAXIMUM TEMPERATURE (F)   79        90      2015
 MINIMUM TEMPERATURE (F)   50        37      2000


SUNRISE AND SUNSET
SEPTEMBER 25 2016.....SUNRISE   620 AM MST   SUNSET   621 PM MST
SEPTEMBER 26 2016.....SUNRISE   621 AM MST   SUNSET   620 PM MST


-  INDICATES NEGATIVE NUMBERS.
R  INDICATES RECORD WAS SET OR TIED.
MM INDICATES DATA IS MISSING.
T  INDICATES TRACE AMOUNT.




$$
