000
CDUS45 KFGZ 210756
CLIPRC
CLIMATE REPORT
NATIONAL WEATHER SERVICE FLAGSTAFF, AZ
1253 AM MST TUE FEB 21 2017


...................................

...THE PRESCOTT AZ AIRPORT CLIMATE SUMMARY FOR FEBRUARY 20 2017...

CLIMATE NORMAL PERIOD 1981 TO 2010
CLIMATE RECORD PERIOD 1948 TO 2017


WEATHER ITEM   OBSERVED TIME   RECORD YEAR NORMAL DEPARTURE LAST
                VALUE   (LST)  VALUE       VALUE  FROM      YEAR
                                                  NORMAL
..................................................................
TEMPERATURE (F)
 YESTERDAY
  MAXIMUM         57    439 PM  72    1981  56      1       71
  MINIMUM         38   1153 PM   8    1955  29      9       34
  AVERAGE         48                        42      6

PRECIPITATION (IN)
  YESTERDAY        0.00          0.60 1993   0.05  -0.05     0.00
  MONTH TO DATE    0.48                      0.96  -0.48     0.09
  SINCE SEP 1      9.16                      6.39   2.77     4.97
  SINCE JAN 1      2.41                      2.08   0.33     1.48

DEGREE DAYS
 HEATING
  YESTERDAY       17                               -6
  MONTH TO DATE  337                             -143
  SINCE JUL 1   2520                             -477

 COOLING
  YESTERDAY        0                                0
  MONTH TO DATE    0                                0
  SINCE JAN 1      0                                0
..................................................................


WIND (MPH)
  HIGHEST WIND SPEED    12   HIGHEST WIND DIRECTION    NW (310)
  HIGHEST GUST SPEED    16   HIGHEST GUST DIRECTION    NW (300)
  AVERAGE WIND SPEED     3.0


SKY COVER
  AVERAGE SKY COVER 0.6


WEATHER CONDITIONS
 THE FOLLOWING WEATHER WAS RECORDED YESTERDAY.
  NO SIGNIFICANT WEATHER WAS OBSERVED.


RELATIVE HUMIDITY (PERCENT)
 HIGHEST   100
 LOWEST     55

..........................................................


THE PRESCOTT AZ AIRPORT CLIMATE NORMALS FOR TODAY
                         NORMAL    RECORD    YEAR
 MAXIMUM TEMPERATURE (F)   56        73      2016
 MINIMUM TEMPERATURE (F)   29         7      1955


SUNRISE AND SUNSET
FEBRUARY 21 2017......SUNRISE   708 AM MST   SUNSET   619 PM MST
FEBRUARY 22 2017......SUNRISE   707 AM MST   SUNSET   620 PM MST


-  INDICATES NEGATIVE NUMBERS.
R  INDICATES RECORD WAS SET OR TIED.
MM INDICATES DATA IS MISSING.
T  INDICATES TRACE AMOUNT.




$$
