094
CDUS45 KFGZ 200812
CLIPRC
CLIMATE REPORT
NATIONAL WEATHER SERVICE FLAGSTAFF, AZ
111 AM MST WED SEP 20 2017


...................................

...THE PRESCOTT AZ AIRPORT CLIMATE SUMMARY FOR SEPTEMBER 19 2017...

CLIMATE NORMAL PERIOD 1981 TO 2010
CLIMATE RECORD PERIOD 1948 TO 2017


WEATHER ITEM   OBSERVED TIME   RECORD YEAR NORMAL DEPARTURE LAST
                VALUE   (LST)  VALUE       VALUE  FROM      YEAR
                                                  NORMAL
..................................................................
TEMPERATURE (F)
 YESTERDAY
  MAXIMUM         79    251 PM  94    2010  81     -2       87
  MINIMUM         50    531 AM  33    1971  52     -2       50
  AVERAGE         65                        67     -2

PRECIPITATION (IN)
  YESTERDAY        0.00          0.46 2004   0.05  -0.05     0.00
  MONTH TO DATE    0.53                      1.02  -0.49     0.93
  SINCE SEP 1      0.53                      1.02  -0.49     0.93
  SINCE JAN 1     12.38                     10.68   1.70    11.69

DEGREE DAYS
 HEATING
  YESTERDAY        0                               -1
  MONTH TO DATE    1                               -7
  SINCE JUL 1      1                               -8

 COOLING
  YESTERDAY        0                               -3
  MONTH TO DATE  123                               29
  SINCE JAN 1   1141                              226
..................................................................


WIND (MPH)
  HIGHEST WIND SPEED    22   HIGHEST WIND DIRECTION    SW (210)
  HIGHEST GUST SPEED    31   HIGHEST GUST DIRECTION     S (200)
  AVERAGE WIND SPEED     9.6


SKY COVER
  AVERAGE SKY COVER 0.0


WEATHER CONDITIONS
 THE FOLLOWING WEATHER WAS RECORDED YESTERDAY.
  NO SIGNIFICANT WEATHER WAS OBSERVED.


RELATIVE HUMIDITY (PERCENT)
 HIGHEST    54
 LOWEST     12

..........................................................


THE PRESCOTT AZ AIRPORT CLIMATE NORMALS FOR TODAY
                         NORMAL    RECORD    YEAR
 MAXIMUM TEMPERATURE (F)   81        90      2015
                                             2010
 MINIMUM TEMPERATURE (F)   52        32      1978


SUNRISE AND SUNSET
SEPTEMBER 20 2017.....SUNRISE   617 AM MST   SUNSET   629 PM MST
SEPTEMBER 21 2017.....SUNRISE   617 AM MST   SUNSET   627 PM MST


-  INDICATES NEGATIVE NUMBERS.
R  INDICATES RECORD WAS SET OR TIED.
MM INDICATES DATA IS MISSING.
T  INDICATES TRACE AMOUNT.




$$
